
--
-- Table structure for table `customer_address_entity`
--

CREATE TABLE `customer_address_entity` (
  `entity_id` int(10) unsigned NOT NULL AUTO_INCREMENT COMMENT 'Entity Id',
  `increment_id` varchar(50) DEFAULT NULL COMMENT 'Increment Id',
  `parent_id` int(10) unsigned DEFAULT NULL COMMENT 'Parent Id',
  `created_at` timestamp NOT NULL DEFAULT CURRENT_TIMESTAMP COMMENT 'Created At',
  `updated_at` timestamp NOT NULL DEFAULT CURRENT_TIMESTAMP ON UPDATE CURRENT_TIMESTAMP COMMENT 'Updated At',
  `is_active` smallint(5) unsigned NOT NULL DEFAULT '1' COMMENT 'Is Active',
  `city` varchar(255) NOT NULL COMMENT 'City',
  `company` varchar(255) DEFAULT NULL COMMENT 'Company',
  `country_id` varchar(255) NOT NULL COMMENT 'Country',
  `fax` varchar(255) DEFAULT NULL COMMENT 'Fax',
  `firstname` varchar(255) NOT NULL COMMENT 'First Name',
  `lastname` varchar(255) NOT NULL COMMENT 'Last Name',
  `middlename` varchar(255) DEFAULT NULL COMMENT 'Middle Name',
  `postcode` varchar(255) DEFAULT NULL COMMENT 'Zip/Postal Code',
  `prefix` varchar(40) DEFAULT NULL COMMENT 'Name Prefix',
  `region` varchar(255) DEFAULT NULL COMMENT 'State/Province',
  `region_id` int(10) unsigned DEFAULT NULL COMMENT 'State/Province',
  `street` text NOT NULL COMMENT 'Street Address',
  `suffix` varchar(40) DEFAULT NULL COMMENT 'Name Suffix',
  `telephone` varchar(255) NOT NULL COMMENT 'Phone Number',
  `vat_id` varchar(255) DEFAULT NULL COMMENT 'VAT number',
  `vat_is_valid` int(10) unsigned DEFAULT NULL COMMENT 'VAT number validity',
  `vat_request_date` varchar(255) DEFAULT NULL COMMENT 'VAT number validation request date',
  `vat_request_id` varchar(255) DEFAULT NULL COMMENT 'VAT number validation request ID',
  `vat_request_success` int(10) unsigned DEFAULT NULL COMMENT 'VAT number validation request success',
  PRIMARY KEY (`entity_id`),
  KEY `CUSTOMER_ADDRESS_ENTITY_PARENT_ID` (`parent_id`),
  CONSTRAINT `CUSTOMER_ADDRESS_ENTITY_PARENT_ID_CUSTOMER_ENTITY_ENTITY_ID` FOREIGN KEY (`parent_id`) REFERENCES `customer_entity` (`entity_id`) ON DELETE CASCADE
) ENGINE=InnoDB AUTO_INCREMENT=3 DEFAULT CHARSET=utf8 COMMENT='Customer Address Entity';

--
-- Dumping data for table `customer_address_entity`
--

INSERT INTO `customer_address_entity` VALUES (1,NULL,5,'2018-03-26 13:22:49','2018-03-26 13:22:49',1,'Amersfoort','Flirt Creativity','NL',NULL,'Frank','Uyt den Bogaard',NULL,'3818DV',NULL,NULL,0,'Graaf Willemlaan 146',NULL,'+31641104068',NULL,NULL,NULL,NULL,NULL),(2,NULL,5,'2018-03-26 13:23:34','2018-03-26 13:23:34',1,'Amersfoort','Flirt Creativity','NL',NULL,'Frank','Uyt den Bogaard',NULL,'3811CD',NULL,NULL,0,'Krommestraat 70',NULL,'+31641104068',NULL,NULL,NULL,NULL,NULL);

--
-- Table structure for table `customer_address_entity_datetime`
--

CREATE TABLE `customer_address_entity_datetime` (
  `value_id` int(11) NOT NULL AUTO_INCREMENT COMMENT 'Value Id',
  `attribute_id` smallint(5) unsigned NOT NULL DEFAULT '0' COMMENT 'Attribute Id',
  `entity_id` int(10) unsigned NOT NULL DEFAULT '0' COMMENT 'Entity Id',
  `value` datetime DEFAULT NULL COMMENT 'Value',
  PRIMARY KEY (`value_id`),
  UNIQUE KEY `CUSTOMER_ADDRESS_ENTITY_DATETIME_ENTITY_ID_ATTRIBUTE_ID` (`entity_id`,`attribute_id`),
  KEY `CUSTOMER_ADDRESS_ENTITY_DATETIME_ATTRIBUTE_ID` (`attribute_id`),
  KEY `CUSTOMER_ADDRESS_ENTITY_DATETIME_ENTITY_ID_ATTRIBUTE_ID_VALUE` (`entity_id`,`attribute_id`,`value`),
  CONSTRAINT `CSTR_ADDR_ENTT_DTIME_ATTR_ID_EAV_ATTR_ATTR_ID` FOREIGN KEY (`attribute_id`) REFERENCES `eav_attribute` (`attribute_id`) ON DELETE CASCADE,
  CONSTRAINT `CSTR_ADDR_ENTT_DTIME_ENTT_ID_CSTR_ADDR_ENTT_ENTT_ID` FOREIGN KEY (`entity_id`) REFERENCES `customer_address_entity` (`entity_id`) ON DELETE CASCADE
) ENGINE=InnoDB DEFAULT CHARSET=utf8 COMMENT='Customer Address Entity Datetime';

--
-- Dumping data for table `customer_address_entity_datetime`
--


--
-- Table structure for table `customer_address_entity_decimal`
--

CREATE TABLE `customer_address_entity_decimal` (
  `value_id` int(11) NOT NULL AUTO_INCREMENT COMMENT 'Value Id',
  `attribute_id` smallint(5) unsigned NOT NULL DEFAULT '0' COMMENT 'Attribute Id',
  `entity_id` int(10) unsigned NOT NULL DEFAULT '0' COMMENT 'Entity Id',
  `value` decimal(12,4) NOT NULL DEFAULT '0.0000' COMMENT 'Value',
  PRIMARY KEY (`value_id`),
  UNIQUE KEY `CUSTOMER_ADDRESS_ENTITY_DECIMAL_ENTITY_ID_ATTRIBUTE_ID` (`entity_id`,`attribute_id`),
  KEY `CUSTOMER_ADDRESS_ENTITY_DECIMAL_ATTRIBUTE_ID` (`attribute_id`),
  KEY `CUSTOMER_ADDRESS_ENTITY_DECIMAL_ENTITY_ID_ATTRIBUTE_ID_VALUE` (`entity_id`,`attribute_id`,`value`),
  CONSTRAINT `CSTR_ADDR_ENTT_DEC_ATTR_ID_EAV_ATTR_ATTR_ID` FOREIGN KEY (`attribute_id`) REFERENCES `eav_attribute` (`attribute_id`) ON DELETE CASCADE,
  CONSTRAINT `CSTR_ADDR_ENTT_DEC_ENTT_ID_CSTR_ADDR_ENTT_ENTT_ID` FOREIGN KEY (`entity_id`) REFERENCES `customer_address_entity` (`entity_id`) ON DELETE CASCADE
) ENGINE=InnoDB DEFAULT CHARSET=utf8 COMMENT='Customer Address Entity Decimal';

--
-- Dumping data for table `customer_address_entity_decimal`
--


--
-- Table structure for table `customer_address_entity_int`
--

CREATE TABLE `customer_address_entity_int` (
  `value_id` int(11) NOT NULL AUTO_INCREMENT COMMENT 'Value Id',
  `attribute_id` smallint(5) unsigned NOT NULL DEFAULT '0' COMMENT 'Attribute Id',
  `entity_id` int(10) unsigned NOT NULL DEFAULT '0' COMMENT 'Entity Id',
  `value` int(11) NOT NULL DEFAULT '0' COMMENT 'Value',
  PRIMARY KEY (`value_id`),
  UNIQUE KEY `CUSTOMER_ADDRESS_ENTITY_INT_ENTITY_ID_ATTRIBUTE_ID` (`entity_id`,`attribute_id`),
  KEY `CUSTOMER_ADDRESS_ENTITY_INT_ATTRIBUTE_ID` (`attribute_id`),
  KEY `CUSTOMER_ADDRESS_ENTITY_INT_ENTITY_ID_ATTRIBUTE_ID_VALUE` (`entity_id`,`attribute_id`,`value`),
  CONSTRAINT `CSTR_ADDR_ENTT_INT_ATTR_ID_EAV_ATTR_ATTR_ID` FOREIGN KEY (`attribute_id`) REFERENCES `eav_attribute` (`attribute_id`) ON DELETE CASCADE,
  CONSTRAINT `CSTR_ADDR_ENTT_INT_ENTT_ID_CSTR_ADDR_ENTT_ENTT_ID` FOREIGN KEY (`entity_id`) REFERENCES `customer_address_entity` (`entity_id`) ON DELETE CASCADE
) ENGINE=InnoDB DEFAULT CHARSET=utf8 COMMENT='Customer Address Entity Int';

--
-- Dumping data for table `customer_address_entity_int`
--


--
-- Table structure for table `customer_address_entity_text`
--

CREATE TABLE `customer_address_entity_text` (
  `value_id` int(11) NOT NULL AUTO_INCREMENT COMMENT 'Value Id',
  `attribute_id` smallint(5) unsigned NOT NULL DEFAULT '0' COMMENT 'Attribute Id',
  `entity_id` int(10) unsigned NOT NULL DEFAULT '0' COMMENT 'Entity Id',
  `value` text NOT NULL COMMENT 'Value',
  PRIMARY KEY (`value_id`),
  UNIQUE KEY `CUSTOMER_ADDRESS_ENTITY_TEXT_ENTITY_ID_ATTRIBUTE_ID` (`entity_id`,`attribute_id`),
  KEY `CUSTOMER_ADDRESS_ENTITY_TEXT_ATTRIBUTE_ID` (`attribute_id`),
  CONSTRAINT `CSTR_ADDR_ENTT_TEXT_ATTR_ID_EAV_ATTR_ATTR_ID` FOREIGN KEY (`attribute_id`) REFERENCES `eav_attribute` (`attribute_id`) ON DELETE CASCADE,
  CONSTRAINT `CSTR_ADDR_ENTT_TEXT_ENTT_ID_CSTR_ADDR_ENTT_ENTT_ID` FOREIGN KEY (`entity_id`) REFERENCES `customer_address_entity` (`entity_id`) ON DELETE CASCADE
) ENGINE=InnoDB DEFAULT CHARSET=utf8 COMMENT='Customer Address Entity Text';

--
-- Dumping data for table `customer_address_entity_text`
--


--
-- Table structure for table `customer_address_entity_varchar`
--

CREATE TABLE `customer_address_entity_varchar` (
  `value_id` int(11) NOT NULL AUTO_INCREMENT COMMENT 'Value Id',
  `attribute_id` smallint(5) unsigned NOT NULL DEFAULT '0' COMMENT 'Attribute Id',
  `entity_id` int(10) unsigned NOT NULL DEFAULT '0' COMMENT 'Entity Id',
  `value` varchar(255) DEFAULT NULL COMMENT 'Value',
  PRIMARY KEY (`value_id`),
  UNIQUE KEY `CUSTOMER_ADDRESS_ENTITY_VARCHAR_ENTITY_ID_ATTRIBUTE_ID` (`entity_id`,`attribute_id`),
  KEY `CUSTOMER_ADDRESS_ENTITY_VARCHAR_ATTRIBUTE_ID` (`attribute_id`),
  KEY `CUSTOMER_ADDRESS_ENTITY_VARCHAR_ENTITY_ID_ATTRIBUTE_ID_VALUE` (`entity_id`,`attribute_id`,`value`),
  CONSTRAINT `CSTR_ADDR_ENTT_VCHR_ATTR_ID_EAV_ATTR_ATTR_ID` FOREIGN KEY (`attribute_id`) REFERENCES `eav_attribute` (`attribute_id`) ON DELETE CASCADE,
  CONSTRAINT `CSTR_ADDR_ENTT_VCHR_ENTT_ID_CSTR_ADDR_ENTT_ENTT_ID` FOREIGN KEY (`entity_id`) REFERENCES `customer_address_entity` (`entity_id`) ON DELETE CASCADE
) ENGINE=InnoDB DEFAULT CHARSET=utf8 COMMENT='Customer Address Entity Varchar';

--
-- Dumping data for table `customer_address_entity_varchar`
--


--
-- Table structure for table `customer_eav_attribute`
--

CREATE TABLE `customer_eav_attribute` (
  `attribute_id` smallint(5) unsigned NOT NULL COMMENT 'Attribute Id',
  `is_visible` smallint(5) unsigned NOT NULL DEFAULT '1' COMMENT 'Is Visible',
  `input_filter` varchar(255) DEFAULT NULL COMMENT 'Input Filter',
  `multiline_count` smallint(5) unsigned NOT NULL DEFAULT '1' COMMENT 'Multiline Count',
  `validate_rules` text COMMENT 'Validate Rules',
  `is_system` smallint(5) unsigned NOT NULL DEFAULT '0' COMMENT 'Is System',
  `sort_order` int(10) unsigned NOT NULL DEFAULT '0' COMMENT 'Sort Order',
  `data_model` varchar(255) DEFAULT NULL COMMENT 'Data Model',
  `is_used_in_grid` smallint(5) unsigned NOT NULL DEFAULT '0' COMMENT 'Is Used in Grid',
  `is_visible_in_grid` smallint(5) unsigned NOT NULL DEFAULT '0' COMMENT 'Is Visible in Grid',
  `is_filterable_in_grid` smallint(5) unsigned NOT NULL DEFAULT '0' COMMENT 'Is Filterable in Grid',
  `is_searchable_in_grid` smallint(5) unsigned NOT NULL DEFAULT '0' COMMENT 'Is Searchable in Grid',
  PRIMARY KEY (`attribute_id`),
  CONSTRAINT `CUSTOMER_EAV_ATTRIBUTE_ATTRIBUTE_ID_EAV_ATTRIBUTE_ATTRIBUTE_ID` FOREIGN KEY (`attribute_id`) REFERENCES `eav_attribute` (`attribute_id`) ON DELETE CASCADE
) ENGINE=InnoDB DEFAULT CHARSET=utf8 COMMENT='Customer Eav Attribute';

--
-- Dumping data for table `customer_eav_attribute`
--

INSERT INTO `customer_eav_attribute` VALUES (1,1,NULL,0,NULL,1,10,NULL,1,1,1,0),(2,0,NULL,0,NULL,1,0,NULL,0,0,0,0),(3,1,NULL,0,NULL,1,20,NULL,1,1,0,1),(4,0,NULL,0,NULL,0,30,NULL,0,0,0,0),(5,1,NULL,0,'{\"max_text_length\":255,\"min_text_length\":1}',1,40,NULL,0,0,0,0),(6,0,NULL,0,NULL,0,50,NULL,0,0,0,0),(7,1,NULL,0,'{\"max_text_length\":255,\"min_text_length\":1}',1,60,NULL,0,0,0,0),(8,0,NULL,0,NULL,0,70,NULL,0,0,0,0),(9,1,NULL,0,'{\"input_validation\":\"email\"}',1,80,NULL,1,1,1,1),(10,1,NULL,0,NULL,1,25,NULL,1,1,1,0),(11,0,'date',0,'{\"input_validation\":\"date\"}',0,90,NULL,1,1,1,0),(12,0,NULL,0,NULL,1,0,NULL,0,0,0,0),(13,0,NULL,0,NULL,1,0,NULL,0,0,0,0),(14,0,NULL,0,'{\"input_validation\":\"date\"}',1,0,NULL,0,0,0,0),(15,0,NULL,0,NULL,1,0,NULL,0,0,0,0),(16,0,NULL,0,NULL,1,0,NULL,0,0,0,0),(17,0,NULL,0,'{\"max_text_length\":255}',0,100,NULL,1,1,0,1),(18,0,NULL,0,NULL,1,0,NULL,1,1,1,0),(19,0,NULL,0,NULL,0,0,NULL,1,1,1,0),(20,0,NULL,0,'[]',0,110,NULL,1,1,1,0),(21,1,NULL,0,NULL,1,28,NULL,0,0,0,0),(22,0,NULL,0,NULL,0,10,NULL,0,0,0,0),(23,1,NULL,0,'{\"max_text_length\":255,\"min_text_length\":1}',1,20,NULL,1,0,0,1),(24,0,NULL,0,NULL,0,30,NULL,0,0,0,0),(25,1,NULL,0,'{\"max_text_length\":255,\"min_text_length\":1}',1,40,NULL,1,0,0,1),(26,0,NULL,0,NULL,0,50,NULL,0,0,0,0),(27,1,NULL,0,'{\"max_text_length\":255,\"min_text_length\":1}',1,60,NULL,1,0,0,1),(28,1,NULL,1,'{\"max_text_length\":255,\"min_text_length\":1}',1,70,NULL,1,0,0,1),(29,1,NULL,0,'{\"max_text_length\":255,\"min_text_length\":1}',1,80,NULL,1,0,0,1),(30,1,NULL,0,NULL,1,90,NULL,1,1,1,0),(31,1,NULL,0,NULL,1,100,NULL,1,1,0,1),(32,1,NULL,0,NULL,1,100,NULL,0,0,0,0),(33,1,NULL,0,'[]',1,110,'Magento\\Customer\\Model\\Attribute\\Data\\Postcode',1,1,1,1),(34,1,NULL,0,'{\"max_text_length\":255,\"min_text_length\":1}',1,120,NULL,1,1,1,1),(35,0,NULL,0,'{\"max_text_length\":255,\"min_text_length\":1}',0,130,NULL,1,0,0,1),(36,1,NULL,0,NULL,1,140,NULL,0,0,0,0),(37,0,NULL,0,NULL,1,0,NULL,0,0,0,0),(38,0,NULL,0,NULL,1,0,NULL,0,0,0,0),(39,0,NULL,0,NULL,1,0,NULL,0,0,0,0),(40,0,NULL,0,NULL,1,0,NULL,0,0,0,0),(41,0,NULL,0,NULL,0,0,NULL,0,0,0,0),(42,0,NULL,0,NULL,1,0,NULL,0,0,0,0),(43,0,NULL,0,NULL,1,0,NULL,0,0,0,0),(44,0,NULL,0,NULL,1,0,NULL,0,0,0,0);

--
-- Table structure for table `customer_eav_attribute_website`
--

CREATE TABLE `customer_eav_attribute_website` (
  `attribute_id` smallint(5) unsigned NOT NULL COMMENT 'Attribute Id',
  `website_id` smallint(5) unsigned NOT NULL COMMENT 'Website Id',
  `is_visible` smallint(5) unsigned DEFAULT NULL COMMENT 'Is Visible',
  `is_required` smallint(5) unsigned DEFAULT NULL COMMENT 'Is Required',
  `default_value` text COMMENT 'Default Value',
  `multiline_count` smallint(5) unsigned DEFAULT NULL COMMENT 'Multiline Count',
  PRIMARY KEY (`attribute_id`,`website_id`),
  KEY `CUSTOMER_EAV_ATTRIBUTE_WEBSITE_WEBSITE_ID` (`website_id`),
  CONSTRAINT `CSTR_EAV_ATTR_WS_ATTR_ID_EAV_ATTR_ATTR_ID` FOREIGN KEY (`attribute_id`) REFERENCES `eav_attribute` (`attribute_id`) ON DELETE CASCADE,
  CONSTRAINT `CSTR_EAV_ATTR_WS_WS_ID_STORE_WS_WS_ID` FOREIGN KEY (`website_id`) REFERENCES `store_website` (`website_id`) ON DELETE CASCADE
) ENGINE=InnoDB DEFAULT CHARSET=utf8 COMMENT='Customer Eav Attribute Website';

--
-- Dumping data for table `customer_eav_attribute_website`
--

INSERT INTO `customer_eav_attribute_website` VALUES (1,1,NULL,NULL,NULL,NULL),(3,1,NULL,NULL,NULL,NULL),(9,1,NULL,NULL,NULL,NULL),(10,1,NULL,NULL,NULL,NULL),(11,1,NULL,NULL,NULL,NULL),(17,1,NULL,NULL,NULL,NULL),(18,1,NULL,NULL,NULL,NULL),(19,1,NULL,NULL,NULL,NULL),(20,1,NULL,NULL,NULL,NULL),(21,1,NULL,NULL,NULL,NULL),(23,1,NULL,NULL,NULL,NULL),(25,1,NULL,NULL,NULL,NULL),(27,1,NULL,NULL,NULL,NULL),(28,1,NULL,NULL,NULL,NULL),(29,1,NULL,NULL,NULL,NULL),(30,1,NULL,NULL,NULL,NULL),(31,1,NULL,NULL,NULL,NULL),(32,1,NULL,NULL,NULL,NULL),(33,1,NULL,NULL,NULL,NULL),(34,1,NULL,NULL,NULL,NULL),(35,1,NULL,NULL,NULL,NULL),(36,1,NULL,NULL,NULL,NULL);

--
-- Table structure for table `customer_entity_datetime`
--

CREATE TABLE `customer_entity_datetime` (
  `value_id` int(11) NOT NULL AUTO_INCREMENT COMMENT 'Value Id',
  `attribute_id` smallint(5) unsigned NOT NULL DEFAULT '0' COMMENT 'Attribute Id',
  `entity_id` int(10) unsigned NOT NULL DEFAULT '0' COMMENT 'Entity Id',
  `value` datetime DEFAULT NULL COMMENT 'Value',
  PRIMARY KEY (`value_id`),
  UNIQUE KEY `CUSTOMER_ENTITY_DATETIME_ENTITY_ID_ATTRIBUTE_ID` (`entity_id`,`attribute_id`),
  KEY `CUSTOMER_ENTITY_DATETIME_ATTRIBUTE_ID` (`attribute_id`),
  KEY `CUSTOMER_ENTITY_DATETIME_ENTITY_ID_ATTRIBUTE_ID_VALUE` (`entity_id`,`attribute_id`,`value`),
  CONSTRAINT `CUSTOMER_ENTITY_DATETIME_ATTRIBUTE_ID_EAV_ATTRIBUTE_ATTRIBUTE_ID` FOREIGN KEY (`attribute_id`) REFERENCES `eav_attribute` (`attribute_id`) ON DELETE CASCADE,
  CONSTRAINT `CUSTOMER_ENTITY_DATETIME_ENTITY_ID_CUSTOMER_ENTITY_ENTITY_ID` FOREIGN KEY (`entity_id`) REFERENCES `customer_entity` (`entity_id`) ON DELETE CASCADE
) ENGINE=InnoDB DEFAULT CHARSET=utf8 COMMENT='Customer Entity Datetime';

--
-- Dumping data for table `customer_entity_datetime`
--


--
-- Table structure for table `customer_entity_decimal`
--

CREATE TABLE `customer_entity_decimal` (
  `value_id` int(11) NOT NULL AUTO_INCREMENT COMMENT 'Value Id',
  `attribute_id` smallint(5) unsigned NOT NULL DEFAULT '0' COMMENT 'Attribute Id',
  `entity_id` int(10) unsigned NOT NULL DEFAULT '0' COMMENT 'Entity Id',
  `value` decimal(12,4) NOT NULL DEFAULT '0.0000' COMMENT 'Value',
  PRIMARY KEY (`value_id`),
  UNIQUE KEY `CUSTOMER_ENTITY_DECIMAL_ENTITY_ID_ATTRIBUTE_ID` (`entity_id`,`attribute_id`),
  KEY `CUSTOMER_ENTITY_DECIMAL_ATTRIBUTE_ID` (`attribute_id`),
  KEY `CUSTOMER_ENTITY_DECIMAL_ENTITY_ID_ATTRIBUTE_ID_VALUE` (`entity_id`,`attribute_id`,`value`),
  CONSTRAINT `CUSTOMER_ENTITY_DECIMAL_ATTRIBUTE_ID_EAV_ATTRIBUTE_ATTRIBUTE_ID` FOREIGN KEY (`attribute_id`) REFERENCES `eav_attribute` (`attribute_id`) ON DELETE CASCADE,
  CONSTRAINT `CUSTOMER_ENTITY_DECIMAL_ENTITY_ID_CUSTOMER_ENTITY_ENTITY_ID` FOREIGN KEY (`entity_id`) REFERENCES `customer_entity` (`entity_id`) ON DELETE CASCADE
) ENGINE=InnoDB DEFAULT CHARSET=utf8 COMMENT='Customer Entity Decimal';

--
-- Dumping data for table `customer_entity_decimal`
--


--
-- Table structure for table `customer_entity_int`
--

CREATE TABLE `customer_entity_int` (
  `value_id` int(11) NOT NULL AUTO_INCREMENT COMMENT 'Value Id',
  `attribute_id` smallint(5) unsigned NOT NULL DEFAULT '0' COMMENT 'Attribute Id',
  `entity_id` int(10) unsigned NOT NULL DEFAULT '0' COMMENT 'Entity Id',
  `value` int(11) NOT NULL DEFAULT '0' COMMENT 'Value',
  PRIMARY KEY (`value_id`),
  UNIQUE KEY `CUSTOMER_ENTITY_INT_ENTITY_ID_ATTRIBUTE_ID` (`entity_id`,`attribute_id`),
  KEY `CUSTOMER_ENTITY_INT_ATTRIBUTE_ID` (`attribute_id`),
  KEY `CUSTOMER_ENTITY_INT_ENTITY_ID_ATTRIBUTE_ID_VALUE` (`entity_id`,`attribute_id`,`value`),
  CONSTRAINT `CUSTOMER_ENTITY_INT_ATTRIBUTE_ID_EAV_ATTRIBUTE_ATTRIBUTE_ID` FOREIGN KEY (`attribute_id`) REFERENCES `eav_attribute` (`attribute_id`) ON DELETE CASCADE,
  CONSTRAINT `CUSTOMER_ENTITY_INT_ENTITY_ID_CUSTOMER_ENTITY_ENTITY_ID` FOREIGN KEY (`entity_id`) REFERENCES `customer_entity` (`entity_id`) ON DELETE CASCADE
) ENGINE=InnoDB DEFAULT CHARSET=utf8 COMMENT='Customer Entity Int';

--
-- Dumping data for table `customer_entity_int`
--


--
-- Table structure for table `customer_entity_text`
--

CREATE TABLE `customer_entity_text` (
  `value_id` int(11) NOT NULL AUTO_INCREMENT COMMENT 'Value Id',
  `attribute_id` smallint(5) unsigned NOT NULL DEFAULT '0' COMMENT 'Attribute Id',
  `entity_id` int(10) unsigned NOT NULL DEFAULT '0' COMMENT 'Entity Id',
  `value` text NOT NULL COMMENT 'Value',
  PRIMARY KEY (`value_id`),
  UNIQUE KEY `CUSTOMER_ENTITY_TEXT_ENTITY_ID_ATTRIBUTE_ID` (`entity_id`,`attribute_id`),
  KEY `CUSTOMER_ENTITY_TEXT_ATTRIBUTE_ID` (`attribute_id`),
  CONSTRAINT `CUSTOMER_ENTITY_TEXT_ATTRIBUTE_ID_EAV_ATTRIBUTE_ATTRIBUTE_ID` FOREIGN KEY (`attribute_id`) REFERENCES `eav_attribute` (`attribute_id`) ON DELETE CASCADE,
  CONSTRAINT `CUSTOMER_ENTITY_TEXT_ENTITY_ID_CUSTOMER_ENTITY_ENTITY_ID` FOREIGN KEY (`entity_id`) REFERENCES `customer_entity` (`entity_id`) ON DELETE CASCADE
) ENGINE=InnoDB DEFAULT CHARSET=utf8 COMMENT='Customer Entity Text';

--
-- Dumping data for table `customer_entity_text`
--


--
-- Table structure for table `customer_entity_varchar`
--

CREATE TABLE `customer_entity_varchar` (
  `value_id` int(11) NOT NULL AUTO_INCREMENT COMMENT 'Value Id',
  `attribute_id` smallint(5) unsigned NOT NULL DEFAULT '0' COMMENT 'Attribute Id',
  `entity_id` int(10) unsigned NOT NULL DEFAULT '0' COMMENT 'Entity Id',
  `value` varchar(255) DEFAULT NULL COMMENT 'Value',
  PRIMARY KEY (`value_id`),
  UNIQUE KEY `CUSTOMER_ENTITY_VARCHAR_ENTITY_ID_ATTRIBUTE_ID` (`entity_id`,`attribute_id`),
  KEY `CUSTOMER_ENTITY_VARCHAR_ATTRIBUTE_ID` (`attribute_id`),
  KEY `CUSTOMER_ENTITY_VARCHAR_ENTITY_ID_ATTRIBUTE_ID_VALUE` (`entity_id`,`attribute_id`,`value`),
  CONSTRAINT `CUSTOMER_ENTITY_VARCHAR_ATTRIBUTE_ID_EAV_ATTRIBUTE_ATTRIBUTE_ID` FOREIGN KEY (`attribute_id`) REFERENCES `eav_attribute` (`attribute_id`) ON DELETE CASCADE,
  CONSTRAINT `CUSTOMER_ENTITY_VARCHAR_ENTITY_ID_CUSTOMER_ENTITY_ENTITY_ID` FOREIGN KEY (`entity_id`) REFERENCES `customer_entity` (`entity_id`) ON DELETE CASCADE
) ENGINE=InnoDB DEFAULT CHARSET=utf8 COMMENT='Customer Entity Varchar';

--
-- Dumping data for table `customer_entity_varchar`
--


--
-- Table structure for table `customer_form_attribute`
--

CREATE TABLE `customer_form_attribute` (
  `form_code` varchar(32) NOT NULL COMMENT 'Form Code',
  `attribute_id` smallint(5) unsigned NOT NULL COMMENT 'Attribute Id',
  PRIMARY KEY (`form_code`,`attribute_id`),
  KEY `CUSTOMER_FORM_ATTRIBUTE_ATTRIBUTE_ID` (`attribute_id`),
  CONSTRAINT `CUSTOMER_FORM_ATTRIBUTE_ATTRIBUTE_ID_EAV_ATTRIBUTE_ATTRIBUTE_ID` FOREIGN KEY (`attribute_id`) REFERENCES `eav_attribute` (`attribute_id`) ON DELETE CASCADE
) ENGINE=InnoDB DEFAULT CHARSET=utf8 COMMENT='Customer Form Attribute';

--
-- Dumping data for table `customer_form_attribute`
--

INSERT INTO `customer_form_attribute` VALUES ('adminhtml_customer',1),('adminhtml_customer',3),('adminhtml_customer',4),('customer_account_create',4),('customer_account_edit',4),('adminhtml_customer',5),('customer_account_create',5),('customer_account_edit',5),('adminhtml_customer',6),('customer_account_create',6),('customer_account_edit',6),('adminhtml_customer',7),('customer_account_create',7),('customer_account_edit',7),('adminhtml_customer',8),('customer_account_create',8),('customer_account_edit',8),('adminhtml_checkout',9),('adminhtml_customer',9),('customer_account_create',9),('customer_account_edit',9),('adminhtml_checkout',10),('adminhtml_customer',10),('adminhtml_checkout',11),('adminhtml_customer',11),('customer_account_create',11),('customer_account_edit',11),('adminhtml_checkout',17),('adminhtml_customer',17),('customer_account_create',17),('customer_account_edit',17),('adminhtml_customer',19),('customer_account_create',19),('customer_account_edit',19),('adminhtml_checkout',20),('adminhtml_customer',20),('customer_account_create',20),('customer_account_edit',20),('adminhtml_customer',21),('adminhtml_customer_address',22),('customer_address_edit',22),('customer_register_address',22),('adminhtml_customer_address',23),('customer_address_edit',23),('customer_register_address',23),('adminhtml_customer_address',24),('customer_address_edit',24),('customer_register_address',24),('adminhtml_customer_address',25),('customer_address_edit',25),('customer_register_address',25),('adminhtml_customer_address',26),('customer_address_edit',26),('customer_register_address',26),('adminhtml_customer_address',27),('customer_address_edit',27),('customer_register_address',27),('adminhtml_customer_address',28),('customer_address_edit',28),('customer_register_address',28),('adminhtml_customer_address',29),('customer_address_edit',29),('customer_register_address',29),('adminhtml_customer_address',30),('customer_address_edit',30),('customer_register_address',30),('adminhtml_customer_address',31),('customer_address_edit',31),('customer_register_address',31),('adminhtml_customer_address',32),('customer_address_edit',32),('customer_register_address',32),('adminhtml_customer_address',33),('customer_address_edit',33),('customer_register_address',33),('adminhtml_customer_address',34),('customer_address_edit',34),('customer_register_address',34),('adminhtml_customer_address',35),('customer_address_edit',35),('customer_register_address',35),('adminhtml_customer_address',36),('customer_address_edit',36),('customer_register_address',36);

--
-- Table structure for table `customer_grid_flat`
--

CREATE TABLE `customer_grid_flat` (
  `entity_id` int(10) unsigned NOT NULL COMMENT 'Entity ID',
  `name` text COMMENT 'Name',
  `email` varchar(255) DEFAULT NULL COMMENT 'Email',
  `group_id` int(11) DEFAULT NULL COMMENT 'Group_id',
  `created_at` timestamp NULL DEFAULT NULL COMMENT 'Created_at',
  `website_id` int(11) DEFAULT NULL COMMENT 'Website_id',
  `confirmation` varchar(255) DEFAULT NULL COMMENT 'Confirmation',
  `created_in` text COMMENT 'Created_in',
  `dob` date DEFAULT NULL COMMENT 'Dob',
  `gender` int(11) DEFAULT NULL COMMENT 'Gender',
  `taxvat` varchar(255) DEFAULT NULL COMMENT 'Taxvat',
  `lock_expires` timestamp NULL DEFAULT NULL COMMENT 'Lock_expires',
  `shipping_full` text COMMENT 'Shipping_full',
  `billing_full` text COMMENT 'Billing_full',
  `billing_firstname` varchar(255) DEFAULT NULL COMMENT 'Billing_firstname',
  `billing_lastname` varchar(255) DEFAULT NULL COMMENT 'Billing_lastname',
  `billing_telephone` varchar(255) DEFAULT NULL COMMENT 'Billing_telephone',
  `billing_postcode` varchar(255) DEFAULT NULL COMMENT 'Billing_postcode',
  `billing_country_id` varchar(255) DEFAULT NULL COMMENT 'Billing_country_id',
  `billing_region` varchar(255) DEFAULT NULL COMMENT 'Billing_region',
  `billing_street` varchar(255) DEFAULT NULL COMMENT 'Billing_street',
  `billing_city` varchar(255) DEFAULT NULL COMMENT 'Billing_city',
  `billing_fax` varchar(255) DEFAULT NULL COMMENT 'Billing_fax',
  `billing_vat_id` varchar(255) DEFAULT NULL COMMENT 'Billing_vat_id',
  `billing_company` varchar(255) DEFAULT NULL COMMENT 'Billing_company',
  PRIMARY KEY (`entity_id`),
  KEY `CUSTOMER_GRID_FLAT_GROUP_ID` (`group_id`),
  KEY `CUSTOMER_GRID_FLAT_CREATED_AT` (`created_at`),
  KEY `CUSTOMER_GRID_FLAT_WEBSITE_ID` (`website_id`),
  KEY `CUSTOMER_GRID_FLAT_CONFIRMATION` (`confirmation`),
  KEY `CUSTOMER_GRID_FLAT_DOB` (`dob`),
  KEY `CUSTOMER_GRID_FLAT_GENDER` (`gender`),
  KEY `CUSTOMER_GRID_FLAT_BILLING_COUNTRY_ID` (`billing_country_id`),
  FULLTEXT KEY `FTI_8746F705702DD5F6D45B8C7CE7FE9F2F` (`name`,`email`,`created_in`,`taxvat`,`shipping_full`,`billing_full`,`billing_firstname`,`billing_lastname`,`billing_telephone`,`billing_postcode`,`billing_region`,`billing_city`,`billing_fax`,`billing_company`)
) ENGINE=InnoDB DEFAULT CHARSET=utf8 COMMENT='customer_grid_flat';

--
-- Dumping data for table `customer_grid_flat`
--

INSERT INTO `customer_grid_flat` VALUES (1,'Dennis van Tol','dennis@flirtcreativity.com',1,'2018-03-13 20:43:26',1,NULL,'Default Store View',NULL,NULL,NULL,NULL,'','',NULL,NULL,NULL,NULL,NULL,NULL,NULL,NULL,NULL,NULL,NULL),(2,'Josina Van den Bosch','josina_van_den_bosch@hotmail.com',1,'2018-03-21 08:36:31',1,NULL,'Default Store View',NULL,NULL,NULL,NULL,'','',NULL,NULL,NULL,NULL,NULL,NULL,NULL,NULL,NULL,NULL,NULL),(3,'Joey van Leen','jmvanleen@live.nl',1,'2018-03-21 13:35:13',1,NULL,'Default Store View',NULL,NULL,NULL,NULL,'','',NULL,NULL,NULL,NULL,NULL,NULL,NULL,NULL,NULL,NULL,NULL),(4,'Dennis van tol','denvantol@gmail.com',1,'2018-03-23 18:13:13',1,NULL,'Default Store View',NULL,NULL,NULL,NULL,'','',NULL,NULL,NULL,NULL,NULL,NULL,NULL,NULL,NULL,NULL,NULL),(5,'Frank Uyt den Bogaard','frank@flirtcreativity.com',1,'2018-03-26 13:21:44',1,NULL,'Default Store View',NULL,NULL,NULL,NULL,'Graaf Willemlaan 146 Amersfoort 3818DV','Graaf Willemlaan 146 Amersfoort 3818DV','Frank','Uyt den Bogaard','+31641104068','3818DV','NL',NULL,'Graaf Willemlaan 146','Amersfoort',NULL,NULL,'Flirt Creativity');

--
-- Table structure for table `customer_group`
--

CREATE TABLE `customer_group` (
  `customer_group_id` int(10) unsigned NOT NULL AUTO_INCREMENT,
  `customer_group_code` varchar(32) NOT NULL COMMENT 'Customer Group Code',
  `tax_class_id` int(10) unsigned NOT NULL DEFAULT '0' COMMENT 'Tax Class Id',
  PRIMARY KEY (`customer_group_id`)
) ENGINE=InnoDB AUTO_INCREMENT=4 DEFAULT CHARSET=utf8 COMMENT='Customer Group';

--
-- Dumping data for table `customer_group`
--

INSERT INTO `customer_group` VALUES (0,'NOT LOGGED IN',3),(1,'General',3),(2,'Wholesale',3),(3,'Retailer',3);

--
-- Table structure for table `customer_log`
--

CREATE TABLE `customer_log` (
  `log_id` int(11) NOT NULL AUTO_INCREMENT COMMENT 'Log ID',
  `customer_id` int(11) NOT NULL COMMENT 'Customer ID',
  `last_login_at` timestamp NULL DEFAULT NULL COMMENT 'Last Login Time',
  `last_logout_at` timestamp NULL DEFAULT NULL COMMENT 'Last Logout Time',
  PRIMARY KEY (`log_id`),
  UNIQUE KEY `CUSTOMER_LOG_CUSTOMER_ID` (`customer_id`)
) ENGINE=InnoDB AUTO_INCREMENT=7 DEFAULT CHARSET=utf8 COMMENT='Customer Log Table';

--
-- Dumping data for table `customer_log`
--

INSERT INTO `customer_log` VALUES (1,1,'2018-03-16 13:01:52','2018-03-13 21:34:58'),(2,2,'2018-03-21 08:36:33',NULL),(3,3,'2018-03-21 13:35:15',NULL),(4,4,'2018-03-23 18:13:14',NULL),(5,5,'2018-03-26 14:15:55',NULL);

--
-- Table structure for table `design_change`
--

CREATE TABLE `design_change` (
  `design_change_id` int(11) NOT NULL AUTO_INCREMENT COMMENT 'Design Change Id',
  `store_id` smallint(5) unsigned NOT NULL DEFAULT '0' COMMENT 'Store Id',
  `design` varchar(255) DEFAULT NULL COMMENT 'Design',
  `date_from` date DEFAULT NULL COMMENT 'First Date of Design Activity',
  `date_to` date DEFAULT NULL COMMENT 'Last Date of Design Activity',
  PRIMARY KEY (`design_change_id`),
  KEY `DESIGN_CHANGE_STORE_ID` (`store_id`),
  CONSTRAINT `DESIGN_CHANGE_STORE_ID_STORE_STORE_ID` FOREIGN KEY (`store_id`) REFERENCES `store` (`store_id`) ON DELETE CASCADE
) ENGINE=InnoDB DEFAULT CHARSET=utf8 COMMENT='Design Changes';

--
-- Dumping data for table `design_change`
--


--
-- Table structure for table `design_config_grid_flat`
--

CREATE TABLE `design_config_grid_flat` (
  `entity_id` int(10) unsigned NOT NULL COMMENT 'Entity ID',
  `store_website_id` int(11) DEFAULT NULL COMMENT 'Store_website_id',
  `store_group_id` int(11) DEFAULT NULL COMMENT 'Store_group_id',
  `store_id` int(11) DEFAULT NULL COMMENT 'Store_id',
  `theme_theme_id` varchar(255) DEFAULT NULL COMMENT 'Theme_theme_id',
  PRIMARY KEY (`entity_id`),
  KEY `DESIGN_CONFIG_GRID_FLAT_STORE_WEBSITE_ID` (`store_website_id`),
  KEY `DESIGN_CONFIG_GRID_FLAT_STORE_GROUP_ID` (`store_group_id`),
  KEY `DESIGN_CONFIG_GRID_FLAT_STORE_ID` (`store_id`),
  FULLTEXT KEY `DESIGN_CONFIG_GRID_FLAT_THEME_THEME_ID` (`theme_theme_id`)
) ENGINE=InnoDB DEFAULT CHARSET=utf8 COMMENT='design_config_grid_flat';

--
-- Dumping data for table `design_config_grid_flat`
--

INSERT INTO `design_config_grid_flat` VALUES (0,NULL,NULL,NULL,''),(1,1,NULL,NULL,''),(2,1,1,1,'4');

--
-- Table structure for table `directory_country`
--

CREATE TABLE `directory_country` (
  `country_id` varchar(2) NOT NULL COMMENT 'Country Id in ISO-2',
  `iso2_code` varchar(2) DEFAULT NULL COMMENT 'Country ISO-2 format',
  `iso3_code` varchar(3) DEFAULT NULL COMMENT 'Country ISO-3',
  PRIMARY KEY (`country_id`)
) ENGINE=InnoDB DEFAULT CHARSET=utf8 COMMENT='Directory Country';

--
-- Dumping data for table `directory_country`
--

INSERT INTO `directory_country` VALUES ('AD','AD','AND'),('AE','AE','ARE'),('AF','AF','AFG'),('AG','AG','ATG'),('AI','AI','AIA'),('AL','AL','ALB'),('AM','AM','ARM'),('AN','AN','ANT'),('AO','AO','AGO'),('AQ','AQ','ATA'),('AR','AR','ARG'),('AS','AS','ASM'),('AT','AT','AUT'),('AU','AU','AUS'),('AW','AW','ABW'),('AX','AX','ALA'),('AZ','AZ','AZE'),('BA','BA','BIH'),('BB','BB','BRB'),('BD','BD','BGD'),('BE','BE','BEL'),('BF','BF','BFA'),('BG','BG','BGR'),('BH','BH','BHR'),('BI','BI','BDI'),('BJ','BJ','BEN'),('BL','BL','BLM'),('BM','BM','BMU'),('BN','BN','BRN'),('BO','BO','BOL'),('BR','BR','BRA'),('BS','BS','BHS'),('BT','BT','BTN'),('BV','BV','BVT'),('BW','BW','BWA'),('BY','BY','BLR'),('BZ','BZ','BLZ'),('CA','CA','CAN'),('CC','CC','CCK'),('CD','CD','COD'),('CF','CF','CAF'),('CG','CG','COG'),('CH','CH','CHE'),('CI','CI','CIV'),('CK','CK','COK'),('CL','CL','CHL'),('CM','CM','CMR'),('CN','CN','CHN'),('CO','CO','COL'),('CR','CR','CRI'),('CU','CU','CUB'),('CV','CV','CPV'),('CX','CX','CXR'),('CY','CY','CYP'),('CZ','CZ','CZE'),('DE','DE','DEU'),('DJ','DJ','DJI'),('DK','DK','DNK'),('DM','DM','DMA'),('DO','DO','DOM'),('DZ','DZ','DZA'),('EC','EC','ECU'),('EE','EE','EST'),('EG','EG','EGY'),('EH','EH','ESH'),('ER','ER','ERI'),('ES','ES','ESP'),('ET','ET','ETH'),('FI','FI','FIN'),('FJ','FJ','FJI'),('FK','FK','FLK'),('FM','FM','FSM'),('FO','FO','FRO'),('FR','FR','FRA'),('GA','GA','GAB'),('GB','GB','GBR'),('GD','GD','GRD'),('GE','GE','GEO'),('GF','GF','GUF'),('GG','GG','GGY'),('GH','GH','GHA'),('GI','GI','GIB'),('GL','GL','GRL'),('GM','GM','GMB'),('GN','GN','GIN'),('GP','GP','GLP'),('GQ','GQ','GNQ'),('GR','GR','GRC'),('GS','GS','SGS'),('GT','GT','GTM'),('GU','GU','GUM'),('GW','GW','GNB'),('GY','GY','GUY'),('HK','HK','HKG'),('HM','HM','HMD'),('HN','HN','HND'),('HR','HR','HRV'),('HT','HT','HTI'),('HU','HU','HUN'),('ID','ID','IDN'),('IE','IE','IRL'),('IL','IL','ISR'),('IM','IM','IMN'),('IN','IN','IND'),('IO','IO','IOT'),('IQ','IQ','IRQ'),('IR','IR','IRN'),('IS','IS','ISL'),('IT','IT','ITA'),('JE','JE','JEY'),('JM','JM','JAM'),('JO','JO','JOR'),('JP','JP','JPN'),('KE','KE','KEN'),('KG','KG','KGZ'),('KH','KH','KHM'),('KI','KI','KIR'),('KM','KM','COM'),('KN','KN','KNA'),('KP','KP','PRK'),('KR','KR','KOR'),('KW','KW','KWT'),('KY','KY','CYM'),('KZ','KZ','KAZ'),('LA','LA','LAO'),('LB','LB','LBN'),('LC','LC','LCA'),('LI','LI','LIE'),('LK','LK','LKA'),('LR','LR','LBR'),('LS','LS','LSO'),('LT','LT','LTU'),('LU','LU','LUX'),('LV','LV','LVA'),('LY','LY','LBY'),('MA','MA','MAR'),('MC','MC','MCO'),('MD','MD','MDA'),('ME','ME','MNE'),('MF','MF','MAF'),('MG','MG','MDG'),('MH','MH','MHL'),('MK','MK','MKD'),('ML','ML','MLI'),('MM','MM','MMR'),('MN','MN','MNG'),('MO','MO','MAC'),('MP','MP','MNP'),('MQ','MQ','MTQ'),('MR','MR','MRT'),('MS','MS','MSR'),('MT','MT','MLT'),('MU','MU','MUS'),('MV','MV','MDV'),('MW','MW','MWI'),('MX','MX','MEX'),('MY','MY','MYS'),('MZ','MZ','MOZ'),('NA','NA','NAM'),('NC','NC','NCL'),('NE','NE','NER'),('NF','NF','NFK'),('NG','NG','NGA'),('NI','NI','NIC'),('NL','NL','NLD'),('NO','NO','NOR'),('NP','NP','NPL'),('NR','NR','NRU'),('NU','NU','NIU'),('NZ','NZ','NZL'),('OM','OM','OMN'),('PA','PA','PAN'),('PE','PE','PER'),('PF','PF','PYF'),('PG','PG','PNG'),('PH','PH','PHL'),('PK','PK','PAK'),('PL','PL','POL'),('PM','PM','SPM'),('PN','PN','PCN'),('PS','PS','PSE'),('PT','PT','PRT'),('PW','PW','PLW'),('PY','PY','PRY'),('QA','QA','QAT'),('RE','RE','REU'),('RO','RO','ROU'),('RS','RS','SRB'),('RU','RU','RUS'),('RW','RW','RWA'),('SA','SA','SAU'),('SB','SB','SLB'),('SC','SC','SYC'),('SD','SD','SDN'),('SE','SE','SWE'),('SG','SG','SGP'),('SH','SH','SHN'),('SI','SI','SVN'),('SJ','SJ','SJM'),('SK','SK','SVK'),('SL','SL','SLE'),('SM','SM','SMR'),('SN','SN','SEN'),('SO','SO','SOM'),('SR','SR','SUR'),('ST','ST','STP'),('SV','SV','SLV'),('SY','SY','SYR'),('SZ','SZ','SWZ'),('TC','TC','TCA'),('TD','TD','TCD'),('TF','TF','ATF'),('TG','TG','TGO'),('TH','TH','THA'),('TJ','TJ','TJK'),('TK','TK','TKL'),('TL','TL','TLS'),('TM','TM','TKM'),('TN','TN','TUN'),('TO','TO','TON'),('TR','TR','TUR'),('TT','TT','TTO'),('TV','TV','TUV'),('TW','TW','TWN'),('TZ','TZ','TZA'),('UA','UA','UKR'),('UG','UG','UGA'),('UM','UM','UMI'),('US','US','USA'),('UY','UY','URY'),('UZ','UZ','UZB'),('VA','VA','VAT'),('VC','VC','VCT'),('VE','VE','VEN'),('VG','VG','VGB'),('VI','VI','VIR'),('VN','VN','VNM'),('VU','VU','VUT'),('WF','WF','WLF'),('WS','WS','WSM'),('YE','YE','YEM'),('YT','YT','MYT'),('ZA','ZA','ZAF'),('ZM','ZM','ZMB'),('ZW','ZW','ZWE');

--
-- Table structure for table `directory_country_format`
--

CREATE TABLE `directory_country_format` (
  `country_format_id` int(10) unsigned NOT NULL AUTO_INCREMENT COMMENT 'Country Format Id',
  `country_id` varchar(2) DEFAULT NULL COMMENT 'Country Id in ISO-2',
  `type` varchar(30) DEFAULT NULL COMMENT 'Country Format Type',
  `format` text NOT NULL COMMENT 'Country Format',
  PRIMARY KEY (`country_format_id`),
  UNIQUE KEY `DIRECTORY_COUNTRY_FORMAT_COUNTRY_ID_TYPE` (`country_id`,`type`)
) ENGINE=InnoDB DEFAULT CHARSET=utf8 COMMENT='Directory Country Format';

--
-- Dumping data for table `directory_country_format`
--


--
-- Table structure for table `directory_country_region`
--

CREATE TABLE `directory_country_region` (
  `region_id` int(10) unsigned NOT NULL AUTO_INCREMENT COMMENT 'Region Id',
  `country_id` varchar(4) NOT NULL DEFAULT '0' COMMENT 'Country Id in ISO-2',
  `code` varchar(32) DEFAULT NULL COMMENT 'Region code',
  `default_name` varchar(255) DEFAULT NULL COMMENT 'Region Name',
  PRIMARY KEY (`region_id`),
  KEY `DIRECTORY_COUNTRY_REGION_COUNTRY_ID` (`country_id`)
) ENGINE=InnoDB AUTO_INCREMENT=533 DEFAULT CHARSET=utf8 COMMENT='Directory Country Region';

--
-- Dumping data for table `directory_country_region`
--

INSERT INTO `directory_country_region` VALUES (1,'US','AL','Alabama'),(2,'US','AK','Alaska'),(3,'US','AS','American Samoa'),(4,'US','AZ','Arizona'),(5,'US','AR','Arkansas'),(6,'US','AE','Armed Forces Africa'),(7,'US','AA','Armed Forces Americas'),(8,'US','AE','Armed Forces Canada'),(9,'US','AE','Armed Forces Europe'),(10,'US','AE','Armed Forces Middle East'),(11,'US','AP','Armed Forces Pacific'),(12,'US','CA','California'),(13,'US','CO','Colorado'),(14,'US','CT','Connecticut'),(15,'US','DE','Delaware'),(16,'US','DC','District of Columbia'),(17,'US','FM','Federated States Of Micronesia'),(18,'US','FL','Florida'),(19,'US','GA','Georgia'),(20,'US','GU','Guam'),(21,'US','HI','Hawaii'),(22,'US','ID','Idaho'),(23,'US','IL','Illinois'),(24,'US','IN','Indiana'),(25,'US','IA','Iowa'),(26,'US','KS','Kansas'),(27,'US','KY','Kentucky'),(28,'US','LA','Louisiana'),(29,'US','ME','Maine'),(30,'US','MH','Marshall Islands'),(31,'US','MD','Maryland'),(32,'US','MA','Massachusetts'),(33,'US','MI','Michigan'),(34,'US','MN','Minnesota'),(35,'US','MS','Mississippi'),(36,'US','MO','Missouri'),(37,'US','MT','Montana'),(38,'US','NE','Nebraska'),(39,'US','NV','Nevada'),(40,'US','NH','New Hampshire'),(41,'US','NJ','New Jersey'),(42,'US','NM','New Mexico'),(43,'US','NY','New York'),(44,'US','NC','North Carolina'),(45,'US','ND','North Dakota'),(46,'US','MP','Northern Mariana Islands'),(47,'US','OH','Ohio'),(48,'US','OK','Oklahoma'),(49,'US','OR','Oregon'),(50,'US','PW','Palau'),(51,'US','PA','Pennsylvania'),(52,'US','PR','Puerto Rico'),(53,'US','RI','Rhode Island'),(54,'US','SC','South Carolina'),(55,'US','SD','South Dakota'),(56,'US','TN','Tennessee'),(57,'US','TX','Texas'),(58,'US','UT','Utah'),(59,'US','VT','Vermont'),(60,'US','VI','Virgin Islands'),(61,'US','VA','Virginia'),(62,'US','WA','Washington'),(63,'US','WV','West Virginia'),(64,'US','WI','Wisconsin'),(65,'US','WY','Wyoming'),(66,'CA','AB','Alberta'),(67,'CA','BC','British Columbia'),(68,'CA','MB','Manitoba'),(69,'CA','NL','Newfoundland and Labrador'),(70,'CA','NB','New Brunswick'),(71,'CA','NS','Nova Scotia'),(72,'CA','NT','Northwest Territories'),(73,'CA','NU','Nunavut'),(74,'CA','ON','Ontario'),(75,'CA','PE','Prince Edward Island'),(76,'CA','QC','Quebec'),(77,'CA','SK','Saskatchewan'),(78,'CA','YT','Yukon Territory'),(79,'DE','NDS','Niedersachsen'),(80,'DE','BAW','Baden-Württemberg'),(81,'DE','BAY','Bayern'),(82,'DE','BER','Berlin'),(83,'DE','BRG','Brandenburg'),(84,'DE','BRE','Bremen'),(85,'DE','HAM','Hamburg'),(86,'DE','HES','Hessen'),(87,'DE','MEC','Mecklenburg-Vorpommern'),(88,'DE','NRW','Nordrhein-Westfalen'),(89,'DE','RHE','Rheinland-Pfalz'),(90,'DE','SAR','Saarland'),(91,'DE','SAS','Sachsen'),(92,'DE','SAC','Sachsen-Anhalt'),(93,'DE','SCN','Schleswig-Holstein'),(94,'DE','THE','Thüringen'),(95,'AT','WI','Wien'),(96,'AT','NO','Niederösterreich'),(97,'AT','OO','Oberösterreich'),(98,'AT','SB','Salzburg'),(99,'AT','KN','Kärnten'),(100,'AT','ST','Steiermark'),(101,'AT','TI','Tirol'),(102,'AT','BL','Burgenland'),(103,'AT','VB','Vorarlberg'),(104,'CH','AG','Aargau'),(105,'CH','AI','Appenzell Innerrhoden'),(106,'CH','AR','Appenzell Ausserrhoden'),(107,'CH','BE','Bern'),(108,'CH','BL','Basel-Landschaft'),(109,'CH','BS','Basel-Stadt'),(110,'CH','FR','Freiburg'),(111,'CH','GE','Genf'),(112,'CH','GL','Glarus'),(113,'CH','GR','Graubünden'),(114,'CH','JU','Jura'),(115,'CH','LU','Luzern'),(116,'CH','NE','Neuenburg'),(117,'CH','NW','Nidwalden'),(118,'CH','OW','Obwalden'),(119,'CH','SG','St. Gallen'),(120,'CH','SH','Schaffhausen'),(121,'CH','SO','Solothurn'),(122,'CH','SZ','Schwyz'),(123,'CH','TG','Thurgau'),(124,'CH','TI','Tessin'),(125,'CH','UR','Uri'),(126,'CH','VD','Waadt'),(127,'CH','VS','Wallis'),(128,'CH','ZG','Zug'),(129,'CH','ZH','Zürich'),(130,'ES','A Coruсa','A Coruña'),(131,'ES','Alava','Alava'),(132,'ES','Albacete','Albacete'),(133,'ES','Alicante','Alicante'),(134,'ES','Almeria','Almeria'),(135,'ES','Asturias','Asturias'),(136,'ES','Avila','Avila'),(137,'ES','Badajoz','Badajoz'),(138,'ES','Baleares','Baleares'),(139,'ES','Barcelona','Barcelona'),(140,'ES','Burgos','Burgos'),(141,'ES','Caceres','Caceres'),(142,'ES','Cadiz','Cadiz'),(143,'ES','Cantabria','Cantabria'),(144,'ES','Castellon','Castellon'),(145,'ES','Ceuta','Ceuta'),(146,'ES','Ciudad Real','Ciudad Real'),(147,'ES','Cordoba','Cordoba'),(148,'ES','Cuenca','Cuenca'),(149,'ES','Girona','Girona'),(150,'ES','Granada','Granada'),(151,'ES','Guadalajara','Guadalajara'),(152,'ES','Guipuzcoa','Guipuzcoa'),(153,'ES','Huelva','Huelva'),(154,'ES','Huesca','Huesca'),(155,'ES','Jaen','Jaen'),(156,'ES','La Rioja','La Rioja'),(157,'ES','Las Palmas','Las Palmas'),(158,'ES','Leon','Leon'),(159,'ES','Lleida','Lleida'),(160,'ES','Lugo','Lugo'),(161,'ES','Madrid','Madrid'),(162,'ES','Malaga','Malaga'),(163,'ES','Melilla','Melilla'),(164,'ES','Murcia','Murcia'),(165,'ES','Navarra','Navarra'),(166,'ES','Ourense','Ourense'),(167,'ES','Palencia','Palencia'),(168,'ES','Pontevedra','Pontevedra'),(169,'ES','Salamanca','Salamanca'),(170,'ES','Santa Cruz de Tenerife','Santa Cruz de Tenerife'),(171,'ES','Segovia','Segovia'),(172,'ES','Sevilla','Sevilla'),(173,'ES','Soria','Soria'),(174,'ES','Tarragona','Tarragona'),(175,'ES','Teruel','Teruel'),(176,'ES','Toledo','Toledo'),(177,'ES','Valencia','Valencia'),(178,'ES','Valladolid','Valladolid'),(179,'ES','Vizcaya','Vizcaya'),(180,'ES','Zamora','Zamora'),(181,'ES','Zaragoza','Zaragoza'),(182,'FR','1','Ain'),(183,'FR','2','Aisne'),(184,'FR','3','Allier'),(185,'FR','4','Alpes-de-Haute-Provence'),(186,'FR','5','Hautes-Alpes'),(187,'FR','6','Alpes-Maritimes'),(188,'FR','7','Ardèche'),(189,'FR','8','Ardennes'),(190,'FR','9','Ariège'),(191,'FR','10','Aube'),(192,'FR','11','Aude'),(193,'FR','12','Aveyron'),(194,'FR','13','Bouches-du-Rhône'),(195,'FR','14','Calvados'),(196,'FR','15','Cantal'),(197,'FR','16','Charente'),(198,'FR','17','Charente-Maritime'),(199,'FR','18','Cher'),(200,'FR','19','Corrèze'),(201,'FR','2A','Corse-du-Sud'),(202,'FR','2B','Haute-Corse'),(203,'FR','21','Côte-d\'Or'),(204,'FR','22','Côtes-d\'Armor'),(205,'FR','23','Creuse'),(206,'FR','24','Dordogne'),(207,'FR','25','Doubs'),(208,'FR','26','Drôme'),(209,'FR','27','Eure'),(210,'FR','28','Eure-et-Loir'),(211,'FR','29','Finistère'),(212,'FR','30','Gard'),(213,'FR','31','Haute-Garonne'),(214,'FR','32','Gers'),(215,'FR','33','Gironde'),(216,'FR','34','Hérault'),(217,'FR','35','Ille-et-Vilaine'),(218,'FR','36','Indre'),(219,'FR','37','Indre-et-Loire'),(220,'FR','38','Isère'),(221,'FR','39','Jura'),(222,'FR','40','Landes'),(223,'FR','41','Loir-et-Cher'),(224,'FR','42','Loire'),(225,'FR','43','Haute-Loire'),(226,'FR','44','Loire-Atlantique'),(227,'FR','45','Loiret'),(228,'FR','46','Lot'),(229,'FR','47','Lot-et-Garonne'),(230,'FR','48','Lozère'),(231,'FR','49','Maine-et-Loire'),(232,'FR','50','Manche'),(233,'FR','51','Marne'),(234,'FR','52','Haute-Marne'),(235,'FR','53','Mayenne'),(236,'FR','54','Meurthe-et-Moselle'),(237,'FR','55','Meuse'),(238,'FR','56','Morbihan'),(239,'FR','57','Moselle'),(240,'FR','58','Nièvre'),(241,'FR','59','Nord'),(242,'FR','60','Oise'),(243,'FR','61','Orne'),(244,'FR','62','Pas-de-Calais'),(245,'FR','63','Puy-de-Dôme'),(246,'FR','64','Pyrénées-Atlantiques'),(247,'FR','65','Hautes-Pyrénées'),(248,'FR','66','Pyrénées-Orientales'),(249,'FR','67','Bas-Rhin'),(250,'FR','68','Haut-Rhin'),(251,'FR','69','Rhône'),(252,'FR','70','Haute-Saône'),(253,'FR','71','Saône-et-Loire'),(254,'FR','72','Sarthe'),(255,'FR','73','Savoie'),(256,'FR','74','Haute-Savoie'),(257,'FR','75','Paris'),(258,'FR','76','Seine-Maritime'),(259,'FR','77','Seine-et-Marne'),(260,'FR','78','Yvelines'),(261,'FR','79','Deux-Sèvres'),(262,'FR','80','Somme'),(263,'FR','81','Tarn'),(264,'FR','82','Tarn-et-Garonne'),(265,'FR','83','Var'),(266,'FR','84','Vaucluse'),(267,'FR','85','Vendée'),(268,'FR','86','Vienne'),(269,'FR','87','Haute-Vienne'),(270,'FR','88','Vosges'),(271,'FR','89','Yonne'),(272,'FR','90','Territoire-de-Belfort'),(273,'FR','91','Essonne'),(274,'FR','92','Hauts-de-Seine'),(275,'FR','93','Seine-Saint-Denis'),(276,'FR','94','Val-de-Marne'),(277,'FR','95','Val-d\'Oise'),(278,'RO','AB','Alba'),(279,'RO','AR','Arad'),(280,'RO','AG','Argeş'),(281,'RO','BC','Bacău'),(282,'RO','BH','Bihor'),(283,'RO','BN','Bistriţa-Năsăud'),(284,'RO','BT','Botoşani'),(285,'RO','BV','Braşov'),(286,'RO','BR','Brăila'),(287,'RO','B','Bucureşti'),(288,'RO','BZ','Buzău'),(289,'RO','CS','Caraş-Severin'),(290,'RO','CL','Călăraşi'),(291,'RO','CJ','Cluj'),(292,'RO','CT','Constanţa'),(293,'RO','CV','Covasna'),(294,'RO','DB','Dâmboviţa'),(295,'RO','DJ','Dolj'),(296,'RO','GL','Galaţi'),(297,'RO','GR','Giurgiu'),(298,'RO','GJ','Gorj'),(299,'RO','HR','Harghita'),(300,'RO','HD','Hunedoara'),(301,'RO','IL','Ialomiţa'),(302,'RO','IS','Iaşi'),(303,'RO','IF','Ilfov'),(304,'RO','MM','Maramureş'),(305,'RO','MH','Mehedinţi'),(306,'RO','MS','Mureş'),(307,'RO','NT','Neamţ'),(308,'RO','OT','Olt'),(309,'RO','PH','Prahova'),(310,'RO','SM','Satu-Mare'),(311,'RO','SJ','Sălaj'),(312,'RO','SB','Sibiu'),(313,'RO','SV','Suceava'),(314,'RO','TR','Teleorman'),(315,'RO','TM','Timiş'),(316,'RO','TL','Tulcea'),(317,'RO','VS','Vaslui'),(318,'RO','VL','Vâlcea'),(319,'RO','VN','Vrancea'),(320,'FI','Lappi','Lappi'),(321,'FI','Pohjois-Pohjanmaa','Pohjois-Pohjanmaa'),(322,'FI','Kainuu','Kainuu'),(323,'FI','Pohjois-Karjala','Pohjois-Karjala'),(324,'FI','Pohjois-Savo','Pohjois-Savo'),(325,'FI','Etelä-Savo','Etelä-Savo'),(326,'FI','Etelä-Pohjanmaa','Etelä-Pohjanmaa'),(327,'FI','Pohjanmaa','Pohjanmaa'),(328,'FI','Pirkanmaa','Pirkanmaa'),(329,'FI','Satakunta','Satakunta'),(330,'FI','Keski-Pohjanmaa','Keski-Pohjanmaa'),(331,'FI','Keski-Suomi','Keski-Suomi'),(332,'FI','Varsinais-Suomi','Varsinais-Suomi'),(333,'FI','Etelä-Karjala','Etelä-Karjala'),(334,'FI','Päijät-Häme','Päijät-Häme'),(335,'FI','Kanta-Häme','Kanta-Häme'),(336,'FI','Uusimaa','Uusimaa'),(337,'FI','Itä-Uusimaa','Itä-Uusimaa'),(338,'FI','Kymenlaakso','Kymenlaakso'),(339,'FI','Ahvenanmaa','Ahvenanmaa'),(340,'EE','EE-37','Harjumaa'),(341,'EE','EE-39','Hiiumaa'),(342,'EE','EE-44','Ida-Virumaa'),(343,'EE','EE-49','Jõgevamaa'),(344,'EE','EE-51','Järvamaa'),(345,'EE','EE-57','Läänemaa'),(346,'EE','EE-59','Lääne-Virumaa'),(347,'EE','EE-65','Põlvamaa'),(348,'EE','EE-67','Pärnumaa'),(349,'EE','EE-70','Raplamaa'),(350,'EE','EE-74','Saaremaa'),(351,'EE','EE-78','Tartumaa'),(352,'EE','EE-82','Valgamaa'),(353,'EE','EE-84','Viljandimaa'),(354,'EE','EE-86','Võrumaa'),(355,'LV','LV-DGV','Daugavpils'),(356,'LV','LV-JEL','Jelgava'),(357,'LV','Jēkabpils','Jēkabpils'),(358,'LV','LV-JUR','Jūrmala'),(359,'LV','LV-LPX','Liepāja'),(360,'LV','LV-LE','Liepājas novads'),(361,'LV','LV-REZ','Rēzekne'),(362,'LV','LV-RIX','Rīga'),(363,'LV','LV-RI','Rīgas novads'),(364,'LV','Valmiera','Valmiera'),(365,'LV','LV-VEN','Ventspils'),(366,'LV','Aglonas novads','Aglonas novads'),(367,'LV','LV-AI','Aizkraukles novads'),(368,'LV','Aizputes novads','Aizputes novads'),(369,'LV','Aknīstes novads','Aknīstes novads'),(370,'LV','Alojas novads','Alojas novads'),(371,'LV','Alsungas novads','Alsungas novads'),(372,'LV','LV-AL','Alūksnes novads'),(373,'LV','Amatas novads','Amatas novads'),(374,'LV','Apes novads','Apes novads'),(375,'LV','Auces novads','Auces novads'),(376,'LV','Babītes novads','Babītes novads'),(377,'LV','Baldones novads','Baldones novads'),(378,'LV','Baltinavas novads','Baltinavas novads'),(379,'LV','LV-BL','Balvu novads'),(380,'LV','LV-BU','Bauskas novads'),(381,'LV','Beverīnas novads','Beverīnas novads'),(382,'LV','Brocēnu novads','Brocēnu novads'),(383,'LV','Burtnieku novads','Burtnieku novads'),(384,'LV','Carnikavas novads','Carnikavas novads'),(385,'LV','Cesvaines novads','Cesvaines novads'),(386,'LV','Ciblas novads','Ciblas novads'),(387,'LV','LV-CE','Cēsu novads'),(388,'LV','Dagdas novads','Dagdas novads'),(389,'LV','LV-DA','Daugavpils novads'),(390,'LV','LV-DO','Dobeles novads'),(391,'LV','Dundagas novads','Dundagas novads'),(392,'LV','Durbes novads','Durbes novads'),(393,'LV','Engures novads','Engures novads'),(394,'LV','Garkalnes novads','Garkalnes novads'),(395,'LV','Grobiņas novads','Grobiņas novads'),(396,'LV','LV-GU','Gulbenes novads'),(397,'LV','Iecavas novads','Iecavas novads'),(398,'LV','Ikšķiles novads','Ikšķiles novads'),(399,'LV','Ilūkstes novads','Ilūkstes novads'),(400,'LV','Inčukalna novads','Inčukalna novads'),(401,'LV','Jaunjelgavas novads','Jaunjelgavas novads'),(402,'LV','Jaunpiebalgas novads','Jaunpiebalgas novads'),(403,'LV','Jaunpils novads','Jaunpils novads'),(404,'LV','LV-JL','Jelgavas novads'),(405,'LV','LV-JK','Jēkabpils novads'),(406,'LV','Kandavas novads','Kandavas novads'),(407,'LV','Kokneses novads','Kokneses novads'),(408,'LV','Krimuldas novads','Krimuldas novads'),(409,'LV','Krustpils novads','Krustpils novads'),(410,'LV','LV-KR','Krāslavas novads'),(411,'LV','LV-KU','Kuldīgas novads'),(412,'LV','Kārsavas novads','Kārsavas novads'),(413,'LV','Lielvārdes novads','Lielvārdes novads'),(414,'LV','LV-LM','Limbažu novads'),(415,'LV','Lubānas novads','Lubānas novads'),(416,'LV','LV-LU','Ludzas novads'),(417,'LV','Līgatnes novads','Līgatnes novads'),(418,'LV','Līvānu novads','Līvānu novads'),(419,'LV','LV-MA','Madonas novads'),(420,'LV','Mazsalacas novads','Mazsalacas novads'),(421,'LV','Mālpils novads','Mālpils novads'),(422,'LV','Mārupes novads','Mārupes novads'),(423,'LV','Naukšēnu novads','Naukšēnu novads'),(424,'LV','Neretas novads','Neretas novads'),(425,'LV','Nīcas novads','Nīcas novads'),(426,'LV','LV-OG','Ogres novads'),(427,'LV','Olaines novads','Olaines novads'),(428,'LV','Ozolnieku novads','Ozolnieku novads'),(429,'LV','LV-PR','Preiļu novads'),(430,'LV','Priekules novads','Priekules novads'),(431,'LV','Priekuļu novads','Priekuļu novads'),(432,'LV','Pārgaujas novads','Pārgaujas novads'),(433,'LV','Pāvilostas novads','Pāvilostas novads'),(434,'LV','Pļaviņu novads','Pļaviņu novads'),(435,'LV','Raunas novads','Raunas novads'),(436,'LV','Riebiņu novads','Riebiņu novads'),(437,'LV','Rojas novads','Rojas novads'),(438,'LV','Ropažu novads','Ropažu novads'),(439,'LV','Rucavas novads','Rucavas novads'),(440,'LV','Rugāju novads','Rugāju novads'),(441,'LV','Rundāles novads','Rundāles novads'),(442,'LV','LV-RE','Rēzeknes novads'),(443,'LV','Rūjienas novads','Rūjienas novads'),(444,'LV','Salacgrīvas novads','Salacgrīvas novads'),(445,'LV','Salas novads','Salas novads'),(446,'LV','Salaspils novads','Salaspils novads'),(447,'LV','LV-SA','Saldus novads'),(448,'LV','Saulkrastu novads','Saulkrastu novads'),(449,'LV','Siguldas novads','Siguldas novads'),(450,'LV','Skrundas novads','Skrundas novads'),(451,'LV','Skrīveru novads','Skrīveru novads'),(452,'LV','Smiltenes novads','Smiltenes novads'),(453,'LV','Stopiņu novads','Stopiņu novads'),(454,'LV','Strenču novads','Strenču novads'),(455,'LV','Sējas novads','Sējas novads'),(456,'LV','LV-TA','Talsu novads'),(457,'LV','LV-TU','Tukuma novads'),(458,'LV','Tērvetes novads','Tērvetes novads'),(459,'LV','Vaiņodes novads','Vaiņodes novads'),(460,'LV','LV-VK','Valkas novads'),(461,'LV','LV-VM','Valmieras novads'),(462,'LV','Varakļānu novads','Varakļānu novads'),(463,'LV','Vecpiebalgas novads','Vecpiebalgas novads'),(464,'LV','Vecumnieku novads','Vecumnieku novads'),(465,'LV','LV-VE','Ventspils novads'),(466,'LV','Viesītes novads','Viesītes novads'),(467,'LV','Viļakas novads','Viļakas novads'),(468,'LV','Viļānu novads','Viļānu novads'),(469,'LV','Vārkavas novads','Vārkavas novads'),(470,'LV','Zilupes novads','Zilupes novads'),(471,'LV','Ādažu novads','Ādažu novads'),(472,'LV','Ērgļu novads','Ērgļu novads'),(473,'LV','Ķeguma novads','Ķeguma novads'),(474,'LV','Ķekavas novads','Ķekavas novads'),(475,'LT','LT-AL','Alytaus Apskritis'),(476,'LT','LT-KU','Kauno Apskritis'),(477,'LT','LT-KL','Klaipėdos Apskritis'),(478,'LT','LT-MR','Marijampolės Apskritis'),(479,'LT','LT-PN','Panevėžio Apskritis'),(480,'LT','LT-SA','Šiaulių Apskritis'),(481,'LT','LT-TA','Tauragės Apskritis'),(482,'LT','LT-TE','Telšių Apskritis'),(483,'LT','LT-UT','Utenos Apskritis'),(484,'LT','LT-VL','Vilniaus Apskritis'),(485,'BR','AC','Acre'),(486,'BR','AL','Alagoas'),(487,'BR','AP','Amapá'),(488,'BR','AM','Amazonas'),(489,'BR','BA','Bahia'),(490,'BR','CE','Ceará'),(491,'BR','ES','Espírito Santo'),(492,'BR','GO','Goiás'),(493,'BR','MA','Maranhão'),(494,'BR','MT','Mato Grosso'),(495,'BR','MS','Mato Grosso do Sul'),(496,'BR','MG','Minas Gerais'),(497,'BR','PA','Pará'),(498,'BR','PB','Paraíba'),(499,'BR','PR','Paraná'),(500,'BR','PE','Pernambuco'),(501,'BR','PI','Piauí'),(502,'BR','RJ','Rio de Janeiro'),(503,'BR','RN','Rio Grande do Norte'),(504,'BR','RS','Rio Grande do Sul'),(505,'BR','RO','Rondônia'),(506,'BR','RR','Roraima'),(507,'BR','SC','Santa Catarina'),(508,'BR','SP','São Paulo'),(509,'BR','SE','Sergipe'),(510,'BR','TO','Tocantins'),(511,'BR','DF','Distrito Federal'),(512,'HR','HR-01','Zagrebačka županija'),(513,'HR','HR-02','Krapinsko-zagorska županija'),(514,'HR','HR-03','Sisačko-moslavačka županija'),(515,'HR','HR-04','Karlovačka županija'),(516,'HR','HR-05','Varaždinska županija'),(517,'HR','HR-06','Koprivničko-križevačka županija'),(518,'HR','HR-07','Bjelovarsko-bilogorska županija'),(519,'HR','HR-08','Primorsko-goranska županija'),(520,'HR','HR-09','Ličko-senjska županija'),(521,'HR','HR-10','Virovitičko-podravska županija'),(522,'HR','HR-11','Požeško-slavonska županija'),(523,'HR','HR-12','Brodsko-posavska županija'),(524,'HR','HR-13','Zadarska županija'),(525,'HR','HR-14','Osječko-baranjska županija'),(526,'HR','HR-15','Šibensko-kninska županija'),(527,'HR','HR-16','Vukovarsko-srijemska županija'),(528,'HR','HR-17','Splitsko-dalmatinska županija'),(529,'HR','HR-18','Istarska županija'),(530,'HR','HR-19','Dubrovačko-neretvanska županija'),(531,'HR','HR-20','Međimurska županija'),(532,'HR','HR-21','Grad Zagreb');

--
-- Table structure for table `directory_country_region_name`
--

CREATE TABLE `directory_country_region_name` (
  `locale` varchar(8) NOT NULL COMMENT 'Locale',
  `region_id` int(10) unsigned NOT NULL DEFAULT '0' COMMENT 'Region Id',
  `name` varchar(255) DEFAULT NULL COMMENT 'Region Name',
  PRIMARY KEY (`locale`,`region_id`),
  KEY `DIRECTORY_COUNTRY_REGION_NAME_REGION_ID` (`region_id`),
  CONSTRAINT `DIR_COUNTRY_REGION_NAME_REGION_ID_DIR_COUNTRY_REGION_REGION_ID` FOREIGN KEY (`region_id`) REFERENCES `directory_country_region` (`region_id`) ON DELETE CASCADE
) ENGINE=InnoDB DEFAULT CHARSET=utf8 COMMENT='Directory Country Region Name';

--
-- Dumping data for table `directory_country_region_name`
--

INSERT INTO `directory_country_region_name` VALUES ('en_US',1,'Alabama'),('en_US',2,'Alaska'),('en_US',3,'American Samoa'),('en_US',4,'Arizona'),('en_US',5,'Arkansas'),('en_US',6,'Armed Forces Africa'),('en_US',7,'Armed Forces Americas'),('en_US',8,'Armed Forces Canada'),('en_US',9,'Armed Forces Europe'),('en_US',10,'Armed Forces Middle East'),('en_US',11,'Armed Forces Pacific'),('en_US',12,'California'),('en_US',13,'Colorado'),('en_US',14,'Connecticut'),('en_US',15,'Delaware'),('en_US',16,'District of Columbia'),('en_US',17,'Federated States Of Micronesia'),('en_US',18,'Florida'),('en_US',19,'Georgia'),('en_US',20,'Guam'),('en_US',21,'Hawaii'),('en_US',22,'Idaho'),('en_US',23,'Illinois'),('en_US',24,'Indiana'),('en_US',25,'Iowa'),('en_US',26,'Kansas'),('en_US',27,'Kentucky'),('en_US',28,'Louisiana'),('en_US',29,'Maine'),('en_US',30,'Marshall Islands'),('en_US',31,'Maryland'),('en_US',32,'Massachusetts'),('en_US',33,'Michigan'),('en_US',34,'Minnesota'),('en_US',35,'Mississippi'),('en_US',36,'Missouri'),('en_US',37,'Montana'),('en_US',38,'Nebraska'),('en_US',39,'Nevada'),('en_US',40,'New Hampshire'),('en_US',41,'New Jersey'),('en_US',42,'New Mexico'),('en_US',43,'New York'),('en_US',44,'North Carolina'),('en_US',45,'North Dakota'),('en_US',46,'Northern Mariana Islands'),('en_US',47,'Ohio'),('en_US',48,'Oklahoma'),('en_US',49,'Oregon'),('en_US',50,'Palau'),('en_US',51,'Pennsylvania'),('en_US',52,'Puerto Rico'),('en_US',53,'Rhode Island'),('en_US',54,'South Carolina'),('en_US',55,'South Dakota'),('en_US',56,'Tennessee'),('en_US',57,'Texas'),('en_US',58,'Utah'),('en_US',59,'Vermont'),('en_US',60,'Virgin Islands'),('en_US',61,'Virginia'),('en_US',62,'Washington'),('en_US',63,'West Virginia'),('en_US',64,'Wisconsin'),('en_US',65,'Wyoming'),('en_US',66,'Alberta'),('en_US',67,'British Columbia'),('en_US',68,'Manitoba'),('en_US',69,'Newfoundland and Labrador'),('en_US',70,'New Brunswick'),('en_US',71,'Nova Scotia'),('en_US',72,'Northwest Territories'),('en_US',73,'Nunavut'),('en_US',74,'Ontario'),('en_US',75,'Prince Edward Island'),('en_US',76,'Quebec'),('en_US',77,'Saskatchewan'),('en_US',78,'Yukon Territory'),('en_US',79,'Niedersachsen'),('en_US',80,'Baden-Württemberg'),('en_US',81,'Bayern'),('en_US',82,'Berlin'),('en_US',83,'Brandenburg'),('en_US',84,'Bremen'),('en_US',85,'Hamburg'),('en_US',86,'Hessen'),('en_US',87,'Mecklenburg-Vorpommern'),('en_US',88,'Nordrhein-Westfalen'),('en_US',89,'Rheinland-Pfalz'),('en_US',90,'Saarland'),('en_US',91,'Sachsen'),('en_US',92,'Sachsen-Anhalt'),('en_US',93,'Schleswig-Holstein'),('en_US',94,'Thüringen'),('en_US',95,'Wien'),('en_US',96,'Niederösterreich'),('en_US',97,'Oberösterreich'),('en_US',98,'Salzburg'),('en_US',99,'Kärnten'),('en_US',100,'Steiermark'),('en_US',101,'Tirol'),('en_US',102,'Burgenland'),('en_US',103,'Vorarlberg'),('en_US',104,'Aargau'),('en_US',105,'Appenzell Innerrhoden'),('en_US',106,'Appenzell Ausserrhoden'),('en_US',107,'Bern'),('en_US',108,'Basel-Landschaft'),('en_US',109,'Basel-Stadt'),('en_US',110,'Freiburg'),('en_US',111,'Genf'),('en_US',112,'Glarus'),('en_US',113,'Graubünden'),('en_US',114,'Jura'),('en_US',115,'Luzern'),('en_US',116,'Neuenburg'),('en_US',117,'Nidwalden'),('en_US',118,'Obwalden'),('en_US',119,'St. Gallen'),('en_US',120,'Schaffhausen'),('en_US',121,'Solothurn'),('en_US',122,'Schwyz'),('en_US',123,'Thurgau'),('en_US',124,'Tessin'),('en_US',125,'Uri'),('en_US',126,'Waadt'),('en_US',127,'Wallis'),('en_US',128,'Zug'),('en_US',129,'Zürich'),('en_US',130,'A Coruña'),('en_US',131,'Alava'),('en_US',132,'Albacete'),('en_US',133,'Alicante'),('en_US',134,'Almeria'),('en_US',135,'Asturias'),('en_US',136,'Avila'),('en_US',137,'Badajoz'),('en_US',138,'Baleares'),('en_US',139,'Barcelona'),('en_US',140,'Burgos'),('en_US',141,'Caceres'),('en_US',142,'Cadiz'),('en_US',143,'Cantabria'),('en_US',144,'Castellon'),('en_US',145,'Ceuta'),('en_US',146,'Ciudad Real'),('en_US',147,'Cordoba'),('en_US',148,'Cuenca'),('en_US',149,'Girona'),('en_US',150,'Granada'),('en_US',151,'Guadalajara'),('en_US',152,'Guipuzcoa'),('en_US',153,'Huelva'),('en_US',154,'Huesca'),('en_US',155,'Jaen'),('en_US',156,'La Rioja'),('en_US',157,'Las Palmas'),('en_US',158,'Leon'),('en_US',159,'Lleida'),('en_US',160,'Lugo'),('en_US',161,'Madrid'),('en_US',162,'Malaga'),('en_US',163,'Melilla'),('en_US',164,'Murcia'),('en_US',165,'Navarra'),('en_US',166,'Ourense'),('en_US',167,'Palencia'),('en_US',168,'Pontevedra'),('en_US',169,'Salamanca'),('en_US',170,'Santa Cruz de Tenerife'),('en_US',171,'Segovia'),('en_US',172,'Sevilla'),('en_US',173,'Soria'),('en_US',174,'Tarragona'),('en_US',175,'Teruel'),('en_US',176,'Toledo'),('en_US',177,'Valencia'),('en_US',178,'Valladolid'),('en_US',179,'Vizcaya'),('en_US',180,'Zamora'),('en_US',181,'Zaragoza'),('en_US',182,'Ain'),('en_US',183,'Aisne'),('en_US',184,'Allier'),('en_US',185,'Alpes-de-Haute-Provence'),('en_US',186,'Hautes-Alpes'),('en_US',187,'Alpes-Maritimes'),('en_US',188,'Ardèche'),('en_US',189,'Ardennes'),('en_US',190,'Ariège'),('en_US',191,'Aube'),('en_US',192,'Aude'),('en_US',193,'Aveyron'),('en_US',194,'Bouches-du-Rhône'),('en_US',195,'Calvados'),('en_US',196,'Cantal'),('en_US',197,'Charente'),('en_US',198,'Charente-Maritime'),('en_US',199,'Cher'),('en_US',200,'Corrèze'),('en_US',201,'Corse-du-Sud'),('en_US',202,'Haute-Corse'),('en_US',203,'Côte-d\'Or'),('en_US',204,'Côtes-d\'Armor'),('en_US',205,'Creuse'),('en_US',206,'Dordogne'),('en_US',207,'Doubs'),('en_US',208,'Drôme'),('en_US',209,'Eure'),('en_US',210,'Eure-et-Loir'),('en_US',211,'Finistère'),('en_US',212,'Gard'),('en_US',213,'Haute-Garonne'),('en_US',214,'Gers'),('en_US',215,'Gironde'),('en_US',216,'Hérault'),('en_US',217,'Ille-et-Vilaine'),('en_US',218,'Indre'),('en_US',219,'Indre-et-Loire'),('en_US',220,'Isère'),('en_US',221,'Jura'),('en_US',222,'Landes'),('en_US',223,'Loir-et-Cher'),('en_US',224,'Loire'),('en_US',225,'Haute-Loire'),('en_US',226,'Loire-Atlantique'),('en_US',227,'Loiret'),('en_US',228,'Lot'),('en_US',229,'Lot-et-Garonne'),('en_US',230,'Lozère'),('en_US',231,'Maine-et-Loire'),('en_US',232,'Manche'),('en_US',233,'Marne'),('en_US',234,'Haute-Marne'),('en_US',235,'Mayenne'),('en_US',236,'Meurthe-et-Moselle'),('en_US',237,'Meuse'),('en_US',238,'Morbihan'),('en_US',239,'Moselle'),('en_US',240,'Nièvre'),('en_US',241,'Nord'),('en_US',242,'Oise'),('en_US',243,'Orne'),('en_US',244,'Pas-de-Calais'),('en_US',245,'Puy-de-Dôme'),('en_US',246,'Pyrénées-Atlantiques'),('en_US',247,'Hautes-Pyrénées'),('en_US',248,'Pyrénées-Orientales'),('en_US',249,'Bas-Rhin'),('en_US',250,'Haut-Rhin'),('en_US',251,'Rhône'),('en_US',252,'Haute-Saône'),('en_US',253,'Saône-et-Loire'),('en_US',254,'Sarthe'),('en_US',255,'Savoie'),('en_US',256,'Haute-Savoie'),('en_US',257,'Paris'),('en_US',258,'Seine-Maritime'),('en_US',259,'Seine-et-Marne'),('en_US',260,'Yvelines'),('en_US',261,'Deux-Sèvres'),('en_US',262,'Somme'),('en_US',263,'Tarn'),('en_US',264,'Tarn-et-Garonne'),('en_US',265,'Var'),('en_US',266,'Vaucluse'),('en_US',267,'Vendée'),('en_US',268,'Vienne'),('en_US',269,'Haute-Vienne'),('en_US',270,'Vosges'),('en_US',271,'Yonne'),('en_US',272,'Territoire-de-Belfort'),('en_US',273,'Essonne'),('en_US',274,'Hauts-de-Seine'),('en_US',275,'Seine-Saint-Denis'),('en_US',276,'Val-de-Marne'),('en_US',277,'Val-d\'Oise'),('en_US',278,'Alba'),('en_US',279,'Arad'),('en_US',280,'Argeş'),('en_US',281,'Bacău'),('en_US',282,'Bihor'),('en_US',283,'Bistriţa-Năsăud'),('en_US',284,'Botoşani'),('en_US',285,'Braşov'),('en_US',286,'Brăila'),('en_US',287,'Bucureşti'),('en_US',288,'Buzău'),('en_US',289,'Caraş-Severin'),('en_US',290,'Călăraşi'),('en_US',291,'Cluj'),('en_US',292,'Constanţa'),('en_US',293,'Covasna'),('en_US',294,'Dâmboviţa'),('en_US',295,'Dolj'),('en_US',296,'Galaţi'),('en_US',297,'Giurgiu'),('en_US',298,'Gorj'),('en_US',299,'Harghita'),('en_US',300,'Hunedoara'),('en_US',301,'Ialomiţa'),('en_US',302,'Iaşi'),('en_US',303,'Ilfov'),('en_US',304,'Maramureş'),('en_US',305,'Mehedinţi'),('en_US',306,'Mureş'),('en_US',307,'Neamţ'),('en_US',308,'Olt'),('en_US',309,'Prahova'),('en_US',310,'Satu-Mare'),('en_US',311,'Sălaj'),('en_US',312,'Sibiu'),('en_US',313,'Suceava'),('en_US',314,'Teleorman'),('en_US',315,'Timiş'),('en_US',316,'Tulcea'),('en_US',317,'Vaslui'),('en_US',318,'Vâlcea'),('en_US',319,'Vrancea'),('en_US',320,'Lappi'),('en_US',321,'Pohjois-Pohjanmaa'),('en_US',322,'Kainuu'),('en_US',323,'Pohjois-Karjala'),('en_US',324,'Pohjois-Savo'),('en_US',325,'Etelä-Savo'),('en_US',326,'Etelä-Pohjanmaa'),('en_US',327,'Pohjanmaa'),('en_US',328,'Pirkanmaa'),('en_US',329,'Satakunta'),('en_US',330,'Keski-Pohjanmaa'),('en_US',331,'Keski-Suomi'),('en_US',332,'Varsinais-Suomi'),('en_US',333,'Etelä-Karjala'),('en_US',334,'Päijät-Häme'),('en_US',335,'Kanta-Häme'),('en_US',336,'Uusimaa'),('en_US',337,'Itä-Uusimaa'),('en_US',338,'Kymenlaakso'),('en_US',339,'Ahvenanmaa'),('en_US',340,'Harjumaa'),('en_US',341,'Hiiumaa'),('en_US',342,'Ida-Virumaa'),('en_US',343,'Jõgevamaa'),('en_US',344,'Järvamaa'),('en_US',345,'Läänemaa'),('en_US',346,'Lääne-Virumaa'),('en_US',347,'Põlvamaa'),('en_US',348,'Pärnumaa'),('en_US',349,'Raplamaa'),('en_US',350,'Saaremaa'),('en_US',351,'Tartumaa'),('en_US',352,'Valgamaa'),('en_US',353,'Viljandimaa'),('en_US',354,'Võrumaa'),('en_US',355,'Daugavpils'),('en_US',356,'Jelgava'),('en_US',357,'Jēkabpils'),('en_US',358,'Jūrmala'),('en_US',359,'Liepāja'),('en_US',360,'Liepājas novads'),('en_US',361,'Rēzekne'),('en_US',362,'Rīga'),('en_US',363,'Rīgas novads'),('en_US',364,'Valmiera'),('en_US',365,'Ventspils'),('en_US',366,'Aglonas novads'),('en_US',367,'Aizkraukles novads'),('en_US',368,'Aizputes novads'),('en_US',369,'Aknīstes novads'),('en_US',370,'Alojas novads'),('en_US',371,'Alsungas novads'),('en_US',372,'Alūksnes novads'),('en_US',373,'Amatas novads'),('en_US',374,'Apes novads'),('en_US',375,'Auces novads'),('en_US',376,'Babītes novads'),('en_US',377,'Baldones novads'),('en_US',378,'Baltinavas novads'),('en_US',379,'Balvu novads'),('en_US',380,'Bauskas novads'),('en_US',381,'Beverīnas novads'),('en_US',382,'Brocēnu novads'),('en_US',383,'Burtnieku novads'),('en_US',384,'Carnikavas novads'),('en_US',385,'Cesvaines novads'),('en_US',386,'Ciblas novads'),('en_US',387,'Cēsu novads'),('en_US',388,'Dagdas novads'),('en_US',389,'Daugavpils novads'),('en_US',390,'Dobeles novads'),('en_US',391,'Dundagas novads'),('en_US',392,'Durbes novads'),('en_US',393,'Engures novads'),('en_US',394,'Garkalnes novads'),('en_US',395,'Grobiņas novads'),('en_US',396,'Gulbenes novads'),('en_US',397,'Iecavas novads'),('en_US',398,'Ikšķiles novads'),('en_US',399,'Ilūkstes novads'),('en_US',400,'Inčukalna novads'),('en_US',401,'Jaunjelgavas novads'),('en_US',402,'Jaunpiebalgas novads'),('en_US',403,'Jaunpils novads'),('en_US',404,'Jelgavas novads'),('en_US',405,'Jēkabpils novads'),('en_US',406,'Kandavas novads'),('en_US',407,'Kokneses novads'),('en_US',408,'Krimuldas novads'),('en_US',409,'Krustpils novads'),('en_US',410,'Krāslavas novads'),('en_US',411,'Kuldīgas novads'),('en_US',412,'Kārsavas novads'),('en_US',413,'Lielvārdes novads'),('en_US',414,'Limbažu novads'),('en_US',415,'Lubānas novads'),('en_US',416,'Ludzas novads'),('en_US',417,'Līgatnes novads'),('en_US',418,'Līvānu novads'),('en_US',419,'Madonas novads'),('en_US',420,'Mazsalacas novads'),('en_US',421,'Mālpils novads'),('en_US',422,'Mārupes novads'),('en_US',423,'Naukšēnu novads'),('en_US',424,'Neretas novads'),('en_US',425,'Nīcas novads'),('en_US',426,'Ogres novads'),('en_US',427,'Olaines novads'),('en_US',428,'Ozolnieku novads'),('en_US',429,'Preiļu novads'),('en_US',430,'Priekules novads'),('en_US',431,'Priekuļu novads'),('en_US',432,'Pārgaujas novads'),('en_US',433,'Pāvilostas novads'),('en_US',434,'Pļaviņu novads'),('en_US',435,'Raunas novads'),('en_US',436,'Riebiņu novads'),('en_US',437,'Rojas novads'),('en_US',438,'Ropažu novads'),('en_US',439,'Rucavas novads'),('en_US',440,'Rugāju novads'),('en_US',441,'Rundāles novads'),('en_US',442,'Rēzeknes novads'),('en_US',443,'Rūjienas novads'),('en_US',444,'Salacgrīvas novads'),('en_US',445,'Salas novads'),('en_US',446,'Salaspils novads'),('en_US',447,'Saldus novads'),('en_US',448,'Saulkrastu novads'),('en_US',449,'Siguldas novads'),('en_US',450,'Skrundas novads'),('en_US',451,'Skrīveru novads'),('en_US',452,'Smiltenes novads'),('en_US',453,'Stopiņu novads'),('en_US',454,'Strenču novads'),('en_US',455,'Sējas novads'),('en_US',456,'Talsu novads'),('en_US',457,'Tukuma novads'),('en_US',458,'Tērvetes novads'),('en_US',459,'Vaiņodes novads'),('en_US',460,'Valkas novads'),('en_US',461,'Valmieras novads'),('en_US',462,'Varakļānu novads'),('en_US',463,'Vecpiebalgas novads'),('en_US',464,'Vecumnieku novads'),('en_US',465,'Ventspils novads'),('en_US',466,'Viesītes novads'),('en_US',467,'Viļakas novads'),('en_US',468,'Viļānu novads'),('en_US',469,'Vārkavas novads'),('en_US',470,'Zilupes novads'),('en_US',471,'Ādažu novads'),('en_US',472,'Ērgļu novads'),('en_US',473,'Ķeguma novads'),('en_US',474,'Ķekavas novads'),('en_US',475,'Alytaus Apskritis'),('en_US',476,'Kauno Apskritis'),('en_US',477,'Klaipėdos Apskritis'),('en_US',478,'Marijampolės Apskritis'),('en_US',479,'Panevėžio Apskritis'),('en_US',480,'Šiaulių Apskritis'),('en_US',481,'Tauragės Apskritis'),('en_US',482,'Telšių Apskritis'),('en_US',483,'Utenos Apskritis'),('en_US',484,'Vilniaus Apskritis'),('en_US',485,'Acre'),('en_US',486,'Alagoas'),('en_US',487,'Amapá'),('en_US',488,'Amazonas'),('en_US',489,'Bahia'),('en_US',490,'Ceará'),('en_US',491,'Espírito Santo'),('en_US',492,'Goiás'),('en_US',493,'Maranhão'),('en_US',494,'Mato Grosso'),('en_US',495,'Mato Grosso do Sul'),('en_US',496,'Minas Gerais'),('en_US',497,'Pará'),('en_US',498,'Paraíba'),('en_US',499,'Paraná'),('en_US',500,'Pernambuco'),('en_US',501,'Piauí'),('en_US',502,'Rio de Janeiro'),('en_US',503,'Rio Grande do Norte'),('en_US',504,'Rio Grande do Sul'),('en_US',505,'Rondônia'),('en_US',506,'Roraima'),('en_US',507,'Santa Catarina'),('en_US',508,'São Paulo'),('en_US',509,'Sergipe'),('en_US',510,'Tocantins'),('en_US',511,'Distrito Federal'),('en_US',512,'Zagrebačka županija'),('en_US',513,'Krapinsko-zagorska županija'),('en_US',514,'Sisačko-moslavačka županija'),('en_US',515,'Karlovačka županija'),('en_US',516,'Varaždinska županija'),('en_US',517,'Koprivničko-križevačka županija'),('en_US',518,'Bjelovarsko-bilogorska županija'),('en_US',519,'Primorsko-goranska županija'),('en_US',520,'Ličko-senjska županija'),('en_US',521,'Virovitičko-podravska županija'),('en_US',522,'Požeško-slavonska županija'),('en_US',523,'Brodsko-posavska županija'),('en_US',524,'Zadarska županija'),('en_US',525,'Osječko-baranjska županija'),('en_US',526,'Šibensko-kninska županija'),('en_US',527,'Vukovarsko-srijemska županija'),('en_US',528,'Splitsko-dalmatinska županija'),('en_US',529,'Istarska županija'),('en_US',530,'Dubrovačko-neretvanska županija'),('en_US',531,'Međimurska županija'),('en_US',532,'Grad Zagreb');

--
-- Table structure for table `directory_currency_rate`
--

CREATE TABLE `directory_currency_rate` (
  `currency_from` varchar(3) NOT NULL COMMENT 'Currency Code Convert From',
  `currency_to` varchar(3) NOT NULL COMMENT 'Currency Code Convert To',
  `rate` decimal(24,12) NOT NULL DEFAULT '0.000000000000' COMMENT 'Currency Conversion Rate',
  PRIMARY KEY (`currency_from`,`currency_to`),
  KEY `DIRECTORY_CURRENCY_RATE_CURRENCY_TO` (`currency_to`)
) ENGINE=InnoDB DEFAULT CHARSET=utf8 COMMENT='Directory Currency Rate';

--
-- Dumping data for table `directory_currency_rate`
--

INSERT INTO `directory_currency_rate` VALUES ('EUR','EUR',1.000000000000),('EUR','USD',1.415000000000),('USD','EUR',0.706700000000),('USD','USD',1.000000000000);

--
-- Table structure for table `downloadable_link`
--

CREATE TABLE `downloadable_link` (
  `link_id` int(10) unsigned NOT NULL AUTO_INCREMENT COMMENT 'Link ID',
  `product_id` int(10) unsigned NOT NULL DEFAULT '0' COMMENT 'Product ID',
  `sort_order` int(10) unsigned NOT NULL DEFAULT '0' COMMENT 'Sort order',
  `number_of_downloads` int(11) DEFAULT NULL COMMENT 'Number of downloads',
  `is_shareable` smallint(5) unsigned NOT NULL DEFAULT '0' COMMENT 'Shareable flag',
  `link_url` varchar(255) DEFAULT NULL COMMENT 'Link Url',
  `link_file` varchar(255) DEFAULT NULL COMMENT 'Link File',
  `link_type` varchar(20) DEFAULT NULL COMMENT 'Link Type',
  `sample_url` varchar(255) DEFAULT NULL COMMENT 'Sample Url',
  `sample_file` varchar(255) DEFAULT NULL COMMENT 'Sample File',
  `sample_type` varchar(20) DEFAULT NULL COMMENT 'Sample Type',
  PRIMARY KEY (`link_id`),
  KEY `DOWNLOADABLE_LINK_PRODUCT_ID_SORT_ORDER` (`product_id`,`sort_order`),
  CONSTRAINT `DOWNLOADABLE_LINK_PRODUCT_ID_CATALOG_PRODUCT_ENTITY_ENTITY_ID` FOREIGN KEY (`product_id`) REFERENCES `catalog_product_entity` (`entity_id`) ON DELETE CASCADE
) ENGINE=InnoDB DEFAULT CHARSET=utf8 COMMENT='Downloadable Link Table';

--
-- Dumping data for table `downloadable_link`
--


--
-- Table structure for table `downloadable_link_price`
--

CREATE TABLE `downloadable_link_price` (
  `price_id` int(10) unsigned NOT NULL AUTO_INCREMENT COMMENT 'Price ID',
  `link_id` int(10) unsigned NOT NULL DEFAULT '0' COMMENT 'Link ID',
  `website_id` smallint(5) unsigned NOT NULL DEFAULT '0' COMMENT 'Website ID',
  `price` decimal(12,4) NOT NULL DEFAULT '0.0000' COMMENT 'Price',
  PRIMARY KEY (`price_id`),
  KEY `DOWNLOADABLE_LINK_PRICE_LINK_ID` (`link_id`),
  KEY `DOWNLOADABLE_LINK_PRICE_WEBSITE_ID` (`website_id`),
  CONSTRAINT `DOWNLOADABLE_LINK_PRICE_LINK_ID_DOWNLOADABLE_LINK_LINK_ID` FOREIGN KEY (`link_id`) REFERENCES `downloadable_link` (`link_id`) ON DELETE CASCADE,
  CONSTRAINT `DOWNLOADABLE_LINK_PRICE_WEBSITE_ID_STORE_WEBSITE_WEBSITE_ID` FOREIGN KEY (`website_id`) REFERENCES `store_website` (`website_id`) ON DELETE CASCADE
) ENGINE=InnoDB DEFAULT CHARSET=utf8 COMMENT='Downloadable Link Price Table';

--
-- Dumping data for table `downloadable_link_price`
--


--
-- Table structure for table `downloadable_link_purchased`
--

CREATE TABLE `downloadable_link_purchased` (
  `purchased_id` int(10) unsigned NOT NULL AUTO_INCREMENT COMMENT 'Purchased ID',
  `order_id` int(10) unsigned DEFAULT '0' COMMENT 'Order ID',
  `order_increment_id` varchar(50) DEFAULT NULL COMMENT 'Order Increment ID',
  `order_item_id` int(10) unsigned NOT NULL DEFAULT '0' COMMENT 'Order Item ID',
  `created_at` timestamp NOT NULL DEFAULT CURRENT_TIMESTAMP COMMENT 'Date of creation',
  `updated_at` timestamp NOT NULL DEFAULT CURRENT_TIMESTAMP ON UPDATE CURRENT_TIMESTAMP COMMENT 'Date of modification',
  `customer_id` int(10) unsigned DEFAULT '0' COMMENT 'Customer ID',
  `product_name` varchar(255) DEFAULT NULL COMMENT 'Product name',
  `product_sku` varchar(255) DEFAULT NULL COMMENT 'Product sku',
  `link_section_title` varchar(255) DEFAULT NULL COMMENT 'Link_section_title',
  PRIMARY KEY (`purchased_id`),
  KEY `DOWNLOADABLE_LINK_PURCHASED_ORDER_ID` (`order_id`),
  KEY `DOWNLOADABLE_LINK_PURCHASED_ORDER_ITEM_ID` (`order_item_id`),
  KEY `DOWNLOADABLE_LINK_PURCHASED_CUSTOMER_ID` (`customer_id`),
  CONSTRAINT `DL_LNK_PURCHASED_CSTR_ID_CSTR_ENTT_ENTT_ID` FOREIGN KEY (`customer_id`) REFERENCES `customer_entity` (`entity_id`) ON DELETE SET NULL,
  CONSTRAINT `DOWNLOADABLE_LINK_PURCHASED_ORDER_ID_SALES_ORDER_ENTITY_ID` FOREIGN KEY (`order_id`) REFERENCES `sales_order` (`entity_id`) ON DELETE SET NULL
) ENGINE=InnoDB DEFAULT CHARSET=utf8 COMMENT='Downloadable Link Purchased Table';

--
-- Dumping data for table `downloadable_link_purchased`
--


--
-- Table structure for table `downloadable_link_purchased_item`
--

CREATE TABLE `downloadable_link_purchased_item` (
  `item_id` int(10) unsigned NOT NULL AUTO_INCREMENT COMMENT 'Item ID',
  `purchased_id` int(10) unsigned NOT NULL DEFAULT '0' COMMENT 'Purchased ID',
  `order_item_id` int(10) unsigned DEFAULT '0' COMMENT 'Order Item ID',
  `product_id` int(10) unsigned DEFAULT '0' COMMENT 'Product ID',
  `link_hash` varchar(255) DEFAULT NULL COMMENT 'Link hash',
  `number_of_downloads_bought` int(10) unsigned NOT NULL DEFAULT '0' COMMENT 'Number of downloads bought',
  `number_of_downloads_used` int(10) unsigned NOT NULL DEFAULT '0' COMMENT 'Number of downloads used',
  `link_id` int(10) unsigned NOT NULL DEFAULT '0' COMMENT 'Link ID',
  `link_title` varchar(255) DEFAULT NULL COMMENT 'Link Title',
  `is_shareable` smallint(5) unsigned NOT NULL DEFAULT '0' COMMENT 'Shareable Flag',
  `link_url` varchar(255) DEFAULT NULL COMMENT 'Link Url',
  `link_file` varchar(255) DEFAULT NULL COMMENT 'Link File',
  `link_type` varchar(255) DEFAULT NULL COMMENT 'Link Type',
  `status` varchar(50) DEFAULT NULL COMMENT 'Status',
  `created_at` timestamp NOT NULL DEFAULT CURRENT_TIMESTAMP COMMENT 'Creation Time',
  `updated_at` timestamp NOT NULL DEFAULT CURRENT_TIMESTAMP ON UPDATE CURRENT_TIMESTAMP COMMENT 'Update Time',
  PRIMARY KEY (`item_id`),
  KEY `DOWNLOADABLE_LINK_PURCHASED_ITEM_LINK_HASH` (`link_hash`),
  KEY `DOWNLOADABLE_LINK_PURCHASED_ITEM_ORDER_ITEM_ID` (`order_item_id`),
  KEY `DOWNLOADABLE_LINK_PURCHASED_ITEM_PURCHASED_ID` (`purchased_id`),
  CONSTRAINT `DL_LNK_PURCHASED_ITEM_ORDER_ITEM_ID_SALES_ORDER_ITEM_ITEM_ID` FOREIGN KEY (`order_item_id`) REFERENCES `sales_order_item` (`item_id`) ON DELETE SET NULL,
  CONSTRAINT `DL_LNK_PURCHASED_ITEM_PURCHASED_ID_DL_LNK_PURCHASED_PURCHASED_ID` FOREIGN KEY (`purchased_id`) REFERENCES `downloadable_link_purchased` (`purchased_id`) ON DELETE CASCADE
) ENGINE=InnoDB DEFAULT CHARSET=utf8 COMMENT='Downloadable Link Purchased Item Table';

--
-- Dumping data for table `downloadable_link_purchased_item`
--


--
-- Table structure for table `downloadable_link_title`
--

CREATE TABLE `downloadable_link_title` (
  `title_id` int(10) unsigned NOT NULL AUTO_INCREMENT COMMENT 'Title ID',
  `link_id` int(10) unsigned NOT NULL DEFAULT '0' COMMENT 'Link ID',
  `store_id` smallint(5) unsigned NOT NULL DEFAULT '0' COMMENT 'Store ID',
  `title` varchar(255) DEFAULT NULL COMMENT 'Title',
  PRIMARY KEY (`title_id`),
  UNIQUE KEY `DOWNLOADABLE_LINK_TITLE_LINK_ID_STORE_ID` (`link_id`,`store_id`),
  KEY `DOWNLOADABLE_LINK_TITLE_STORE_ID` (`store_id`),
  CONSTRAINT `DOWNLOADABLE_LINK_TITLE_LINK_ID_DOWNLOADABLE_LINK_LINK_ID` FOREIGN KEY (`link_id`) REFERENCES `downloadable_link` (`link_id`) ON DELETE CASCADE,
  CONSTRAINT `DOWNLOADABLE_LINK_TITLE_STORE_ID_STORE_STORE_ID` FOREIGN KEY (`store_id`) REFERENCES `store` (`store_id`) ON DELETE CASCADE
) ENGINE=InnoDB DEFAULT CHARSET=utf8 COMMENT='Link Title Table';

--
-- Dumping data for table `downloadable_link_title`
--


--
-- Table structure for table `downloadable_sample`
--

CREATE TABLE `downloadable_sample` (
  `sample_id` int(10) unsigned NOT NULL AUTO_INCREMENT COMMENT 'Sample ID',
  `product_id` int(10) unsigned NOT NULL DEFAULT '0' COMMENT 'Product ID',
  `sample_url` varchar(255) DEFAULT NULL COMMENT 'Sample URL',
  `sample_file` varchar(255) DEFAULT NULL COMMENT 'Sample file',
  `sample_type` varchar(20) DEFAULT NULL COMMENT 'Sample Type',
  `sort_order` int(10) unsigned NOT NULL DEFAULT '0' COMMENT 'Sort Order',
  PRIMARY KEY (`sample_id`),
  KEY `DOWNLOADABLE_SAMPLE_PRODUCT_ID` (`product_id`),
  CONSTRAINT `DOWNLOADABLE_SAMPLE_PRODUCT_ID_CATALOG_PRODUCT_ENTITY_ENTITY_ID` FOREIGN KEY (`product_id`) REFERENCES `catalog_product_entity` (`entity_id`) ON DELETE CASCADE
) ENGINE=InnoDB DEFAULT CHARSET=utf8 COMMENT='Downloadable Sample Table';

--
-- Dumping data for table `downloadable_sample`
--


--
-- Table structure for table `downloadable_sample_title`
--

CREATE TABLE `downloadable_sample_title` (
  `title_id` int(10) unsigned NOT NULL AUTO_INCREMENT COMMENT 'Title ID',
  `sample_id` int(10) unsigned NOT NULL DEFAULT '0' COMMENT 'Sample ID',
  `store_id` smallint(5) unsigned NOT NULL DEFAULT '0' COMMENT 'Store ID',
  `title` varchar(255) DEFAULT NULL COMMENT 'Title',
  PRIMARY KEY (`title_id`),
  UNIQUE KEY `DOWNLOADABLE_SAMPLE_TITLE_SAMPLE_ID_STORE_ID` (`sample_id`,`store_id`),
  KEY `DOWNLOADABLE_SAMPLE_TITLE_STORE_ID` (`store_id`),
  CONSTRAINT `DL_SAMPLE_TTL_SAMPLE_ID_DL_SAMPLE_SAMPLE_ID` FOREIGN KEY (`sample_id`) REFERENCES `downloadable_sample` (`sample_id`) ON DELETE CASCADE,
  CONSTRAINT `DOWNLOADABLE_SAMPLE_TITLE_STORE_ID_STORE_STORE_ID` FOREIGN KEY (`store_id`) REFERENCES `store` (`store_id`) ON DELETE CASCADE
) ENGINE=InnoDB DEFAULT CHARSET=utf8 COMMENT='Downloadable Sample Title Table';

--
-- Dumping data for table `downloadable_sample_title`
--


--
-- Table structure for table `eav_attribute`
--

CREATE TABLE `eav_attribute` (
  `attribute_id` smallint(5) unsigned NOT NULL AUTO_INCREMENT COMMENT 'Attribute Id',
  `entity_type_id` smallint(5) unsigned NOT NULL DEFAULT '0' COMMENT 'Entity Type Id',
  `attribute_code` varchar(255) NOT NULL COMMENT 'Attribute Code',
  `attribute_model` varchar(255) DEFAULT NULL COMMENT 'Attribute Model',
  `backend_model` varchar(255) DEFAULT NULL COMMENT 'Backend Model',
  `backend_type` varchar(8) NOT NULL DEFAULT 'static' COMMENT 'Backend Type',
  `backend_table` varchar(255) DEFAULT NULL COMMENT 'Backend Table',
  `frontend_model` varchar(255) DEFAULT NULL COMMENT 'Frontend Model',
  `frontend_input` varchar(50) DEFAULT NULL COMMENT 'Frontend Input',
  `frontend_label` varchar(255) DEFAULT NULL COMMENT 'Frontend Label',
  `frontend_class` varchar(255) DEFAULT NULL COMMENT 'Frontend Class',
  `source_model` varchar(255) DEFAULT NULL COMMENT 'Source Model',
  `is_required` smallint(5) unsigned NOT NULL DEFAULT '0' COMMENT 'Defines Is Required',
  `is_user_defined` smallint(5) unsigned NOT NULL DEFAULT '0' COMMENT 'Defines Is User Defined',
  `default_value` text COMMENT 'Default Value',
  `is_unique` smallint(5) unsigned NOT NULL DEFAULT '0' COMMENT 'Defines Is Unique',
  `note` varchar(255) DEFAULT NULL COMMENT 'Note',
  PRIMARY KEY (`attribute_id`),
  UNIQUE KEY `EAV_ATTRIBUTE_ENTITY_TYPE_ID_ATTRIBUTE_CODE` (`entity_type_id`,`attribute_code`),
  CONSTRAINT `EAV_ATTRIBUTE_ENTITY_TYPE_ID_EAV_ENTITY_TYPE_ENTITY_TYPE_ID` FOREIGN KEY (`entity_type_id`) REFERENCES `eav_entity_type` (`entity_type_id`) ON DELETE CASCADE
) ENGINE=InnoDB AUTO_INCREMENT=141 DEFAULT CHARSET=utf8 COMMENT='Eav Attribute';

--
-- Dumping data for table `eav_attribute`
--



--
-- Table structure for table `eav_attribute_group`
--

CREATE TABLE `eav_attribute_group` (
  `attribute_group_id` smallint(5) unsigned NOT NULL AUTO_INCREMENT COMMENT 'Attribute Group Id',
  `attribute_set_id` smallint(5) unsigned NOT NULL DEFAULT '0' COMMENT 'Attribute Set Id',
  `attribute_group_name` varchar(255) DEFAULT NULL COMMENT 'Attribute Group Name',
  `sort_order` smallint(6) NOT NULL DEFAULT '0' COMMENT 'Sort Order',
  `default_id` smallint(5) unsigned DEFAULT '0' COMMENT 'Default Id',
  `attribute_group_code` varchar(255) NOT NULL COMMENT 'Attribute Group Code',
  `tab_group_code` varchar(255) DEFAULT NULL COMMENT 'Tab Group Code',
  PRIMARY KEY (`attribute_group_id`),
  UNIQUE KEY `CATALOG_CATEGORY_PRODUCT_ATTRIBUTE_SET_ID_ATTRIBUTE_GROUP_CODE` (`attribute_set_id`,`attribute_group_code`),
  UNIQUE KEY `EAV_ATTRIBUTE_GROUP_ATTRIBUTE_SET_ID_ATTRIBUTE_GROUP_NAME` (`attribute_set_id`,`attribute_group_name`),
  KEY `EAV_ATTRIBUTE_GROUP_ATTRIBUTE_SET_ID_SORT_ORDER` (`attribute_set_id`,`sort_order`),
  CONSTRAINT `EAV_ATTR_GROUP_ATTR_SET_ID_EAV_ATTR_SET_ATTR_SET_ID` FOREIGN KEY (`attribute_set_id`) REFERENCES `eav_attribute_set` (`attribute_set_id`) ON DELETE CASCADE
) ENGINE=InnoDB AUTO_INCREMENT=21 DEFAULT CHARSET=utf8 COMMENT='Eav Attribute Group';

--
-- Dumping data for table `eav_attribute_group`
--

INSERT INTO `eav_attribute_group` VALUES (1,1,'General',1,1,'general',NULL),(2,2,'General',1,1,'general',NULL),(3,3,'General',10,1,'general',NULL),(4,3,'General Information',2,0,'general-information',NULL),(5,3,'Display Settings',20,0,'display-settings',NULL),(6,3,'Custom Design',30,0,'custom-design',NULL),(7,4,'Product Details',1,1,'product-details','basic'),(8,4,'Advanced Pricing',6,0,'advanced-pricing','advanced'),(9,4,'Search Engine Optimization',5,0,'search-engine-optimization','basic'),(10,4,'Images',4,0,'image-management','basic'),(11,4,'Design',7,0,'design','advanced'),(12,4,'Autosettings',9,0,'autosettings','advanced'),(13,4,'Content',2,0,'content','basic'),(14,4,'Schedule Design Update',8,0,'schedule-design-update','advanced'),(15,5,'General',1,1,'general',NULL),(16,6,'General',1,1,'general',NULL),(17,7,'General',1,1,'general',NULL),(18,8,'General',1,1,'general',NULL),(19,4,'Bundle Items',3,0,'bundle-items',NULL),(20,4,'Gift Options',10,0,'gift-options',NULL);

--
-- Table structure for table `eav_attribute_label`
--

CREATE TABLE `eav_attribute_label` (
  `attribute_label_id` int(10) unsigned NOT NULL AUTO_INCREMENT COMMENT 'Attribute Label Id',
  `attribute_id` smallint(5) unsigned NOT NULL DEFAULT '0' COMMENT 'Attribute Id',
  `store_id` smallint(5) unsigned NOT NULL DEFAULT '0' COMMENT 'Store Id',
  `value` varchar(255) DEFAULT NULL COMMENT 'Value',
  PRIMARY KEY (`attribute_label_id`),
  KEY `EAV_ATTRIBUTE_LABEL_STORE_ID` (`store_id`),
  KEY `EAV_ATTRIBUTE_LABEL_ATTRIBUTE_ID_STORE_ID` (`attribute_id`,`store_id`),
  CONSTRAINT `EAV_ATTRIBUTE_LABEL_ATTRIBUTE_ID_EAV_ATTRIBUTE_ATTRIBUTE_ID` FOREIGN KEY (`attribute_id`) REFERENCES `eav_attribute` (`attribute_id`) ON DELETE CASCADE,
  CONSTRAINT `EAV_ATTRIBUTE_LABEL_STORE_ID_STORE_STORE_ID` FOREIGN KEY (`store_id`) REFERENCES `store` (`store_id`) ON DELETE CASCADE
) ENGINE=InnoDB DEFAULT CHARSET=utf8 COMMENT='Eav Attribute Label';

--
-- Dumping data for table `eav_attribute_label`
--


--
-- Table structure for table `eav_attribute_option`
--

CREATE TABLE `eav_attribute_option` (
  `option_id` int(10) unsigned NOT NULL AUTO_INCREMENT COMMENT 'Option Id',
  `attribute_id` smallint(5) unsigned NOT NULL DEFAULT '0' COMMENT 'Attribute Id',
  `sort_order` smallint(5) unsigned NOT NULL DEFAULT '0' COMMENT 'Sort Order',
  PRIMARY KEY (`option_id`),
  KEY `EAV_ATTRIBUTE_OPTION_ATTRIBUTE_ID` (`attribute_id`),
  CONSTRAINT `EAV_ATTRIBUTE_OPTION_ATTRIBUTE_ID_EAV_ATTRIBUTE_ATTRIBUTE_ID` FOREIGN KEY (`attribute_id`) REFERENCES `eav_attribute` (`attribute_id`) ON DELETE CASCADE
) ENGINE=InnoDB AUTO_INCREMENT=25 DEFAULT CHARSET=utf8 COMMENT='Eav Attribute Option';

--
-- Dumping data for table `eav_attribute_option`
--

INSERT INTO `eav_attribute_option` VALUES (1,20,0),(2,20,1),(3,20,3),(4,135,4),(5,135,5),(6,135,3),(7,135,2),(8,93,0),(9,93,0),(10,135,1),(11,93,0),(12,93,0),(13,93,0),(14,139,1),(15,140,1),(16,139,0),(17,139,0),(18,139,0),(19,139,0),(20,139,0),(21,139,0),(22,139,0),(23,139,0),(24,140,0);

--
-- Table structure for table `eav_attribute_option_swatch`
--

CREATE TABLE `eav_attribute_option_swatch` (
  `swatch_id` int(10) unsigned NOT NULL AUTO_INCREMENT COMMENT 'Swatch ID',
  `option_id` int(10) unsigned NOT NULL COMMENT 'Option ID',
  `store_id` smallint(5) unsigned NOT NULL COMMENT 'Store ID',
  `type` smallint(5) unsigned NOT NULL COMMENT 'Swatch type: 0 - text, 1 - visual color, 2 - visual image',
  `value` varchar(255) DEFAULT NULL COMMENT 'Swatch Value',
  PRIMARY KEY (`swatch_id`),
  UNIQUE KEY `EAV_ATTRIBUTE_OPTION_SWATCH_STORE_ID_OPTION_ID` (`store_id`,`option_id`),
  KEY `EAV_ATTRIBUTE_OPTION_SWATCH_SWATCH_ID` (`swatch_id`),
  KEY `EAV_ATTR_OPT_SWATCH_OPT_ID_EAV_ATTR_OPT_OPT_ID` (`option_id`),
  CONSTRAINT `EAV_ATTRIBUTE_OPTION_SWATCH_STORE_ID_STORE_STORE_ID` FOREIGN KEY (`store_id`) REFERENCES `store` (`store_id`) ON DELETE CASCADE,
  CONSTRAINT `EAV_ATTR_OPT_SWATCH_OPT_ID_EAV_ATTR_OPT_OPT_ID` FOREIGN KEY (`option_id`) REFERENCES `eav_attribute_option` (`option_id`) ON DELETE CASCADE
) ENGINE=InnoDB AUTO_INCREMENT=11 DEFAULT CHARSET=utf8 COMMENT='Magento Swatches table';

--
-- Dumping data for table `eav_attribute_option_swatch`
--

INSERT INTO `eav_attribute_option_swatch` VALUES (1,4,0,0,'l'),(2,4,1,0,'l'),(3,6,0,0,'m'),(4,6,1,0,'m'),(5,7,0,0,'s'),(6,7,1,0,'s'),(7,5,0,0,'xl'),(8,5,1,0,'xl'),(9,10,0,0,'xs'),(10,10,1,0,'xs');

--
-- Table structure for table `eav_attribute_option_value`
--

CREATE TABLE `eav_attribute_option_value` (
  `value_id` int(10) unsigned NOT NULL AUTO_INCREMENT COMMENT 'Value Id',
  `option_id` int(10) unsigned NOT NULL DEFAULT '0' COMMENT 'Option Id',
  `store_id` smallint(5) unsigned NOT NULL DEFAULT '0' COMMENT 'Store Id',
  `value` varchar(255) DEFAULT NULL COMMENT 'Value',
  PRIMARY KEY (`value_id`),
  KEY `EAV_ATTRIBUTE_OPTION_VALUE_OPTION_ID` (`option_id`),
  KEY `EAV_ATTRIBUTE_OPTION_VALUE_STORE_ID` (`store_id`),
  CONSTRAINT `EAV_ATTRIBUTE_OPTION_VALUE_STORE_ID_STORE_STORE_ID` FOREIGN KEY (`store_id`) REFERENCES `store` (`store_id`) ON DELETE CASCADE,
  CONSTRAINT `EAV_ATTR_OPT_VAL_OPT_ID_EAV_ATTR_OPT_OPT_ID` FOREIGN KEY (`option_id`) REFERENCES `eav_attribute_option` (`option_id`) ON DELETE CASCADE
) ENGINE=InnoDB AUTO_INCREMENT=55 DEFAULT CHARSET=utf8 COMMENT='Eav Attribute Option Value';

--
-- Dumping data for table `eav_attribute_option_value`
--

INSERT INTO `eav_attribute_option_value` VALUES (1,1,0,'Male'),(2,2,0,'Female'),(3,3,0,'Not Specified'),(8,8,0,'black'),(9,9,0,'white'),(11,11,0,'blue'),(12,12,0,'copper'),(33,13,0,'indigo'),(34,14,0,'29'),(35,15,0,'32'),(41,10,0,'xs'),(42,7,0,'s'),(43,6,0,'m'),(44,4,0,'l'),(45,5,0,'xl'),(46,16,0,'26'),(47,17,0,'27'),(48,18,0,'28'),(49,19,0,'30'),(50,20,0,'31'),(51,21,0,'32'),(52,22,0,'33'),(53,23,0,'34'),(54,24,0,'34');

--
-- Table structure for table `eav_attribute_set`
--

CREATE TABLE `eav_attribute_set` (
  `attribute_set_id` smallint(5) unsigned NOT NULL AUTO_INCREMENT COMMENT 'Attribute Set Id',
  `entity_type_id` smallint(5) unsigned NOT NULL DEFAULT '0' COMMENT 'Entity Type Id',
  `attribute_set_name` varchar(255) DEFAULT NULL COMMENT 'Attribute Set Name',
  `sort_order` smallint(6) NOT NULL DEFAULT '0' COMMENT 'Sort Order',
  PRIMARY KEY (`attribute_set_id`),
  UNIQUE KEY `EAV_ATTRIBUTE_SET_ENTITY_TYPE_ID_ATTRIBUTE_SET_NAME` (`entity_type_id`,`attribute_set_name`),
  KEY `EAV_ATTRIBUTE_SET_ENTITY_TYPE_ID_SORT_ORDER` (`entity_type_id`,`sort_order`),
  CONSTRAINT `EAV_ATTRIBUTE_SET_ENTITY_TYPE_ID_EAV_ENTITY_TYPE_ENTITY_TYPE_ID` FOREIGN KEY (`entity_type_id`) REFERENCES `eav_entity_type` (`entity_type_id`) ON DELETE CASCADE
) ENGINE=InnoDB AUTO_INCREMENT=9 DEFAULT CHARSET=utf8 COMMENT='Eav Attribute Set';

--
-- Dumping data for table `eav_attribute_set`
--

INSERT INTO `eav_attribute_set` VALUES (1,1,'Default',2),(2,2,'Default',2),(3,3,'Default',1),(4,4,'Default',1),(5,5,'Default',1),(6,6,'Default',1),(7,7,'Default',1),(8,8,'Default',1);

--
-- Table structure for table `eav_entity`
--

CREATE TABLE `eav_entity` (
  `entity_id` int(10) unsigned NOT NULL AUTO_INCREMENT COMMENT 'Entity Id',
  `entity_type_id` smallint(5) unsigned NOT NULL DEFAULT '0' COMMENT 'Entity Type Id',
  `attribute_set_id` smallint(5) unsigned NOT NULL DEFAULT '0' COMMENT 'Attribute Set Id',
  `increment_id` varchar(50) DEFAULT NULL COMMENT 'Increment Id',
  `parent_id` int(10) unsigned NOT NULL DEFAULT '0' COMMENT 'Parent Id',
  `store_id` smallint(5) unsigned NOT NULL DEFAULT '0' COMMENT 'Store Id',
  `created_at` timestamp NOT NULL DEFAULT CURRENT_TIMESTAMP COMMENT 'Created At',
  `updated_at` timestamp NOT NULL DEFAULT CURRENT_TIMESTAMP ON UPDATE CURRENT_TIMESTAMP COMMENT 'Updated At',
  `is_active` smallint(5) unsigned NOT NULL DEFAULT '1' COMMENT 'Defines Is Entity Active',
  PRIMARY KEY (`entity_id`),
  KEY `EAV_ENTITY_ENTITY_TYPE_ID` (`entity_type_id`),
  KEY `EAV_ENTITY_STORE_ID` (`store_id`),
  CONSTRAINT `EAV_ENTITY_ENTITY_TYPE_ID_EAV_ENTITY_TYPE_ENTITY_TYPE_ID` FOREIGN KEY (`entity_type_id`) REFERENCES `eav_entity_type` (`entity_type_id`) ON DELETE CASCADE,
  CONSTRAINT `EAV_ENTITY_STORE_ID_STORE_STORE_ID` FOREIGN KEY (`store_id`) REFERENCES `store` (`store_id`) ON DELETE CASCADE
) ENGINE=InnoDB DEFAULT CHARSET=utf8 COMMENT='Eav Entity';

--
-- Dumping data for table `eav_entity`
--


--
-- Table structure for table `eav_entity_attribute`
--

CREATE TABLE `eav_entity_attribute` (
  `entity_attribute_id` int(10) unsigned NOT NULL AUTO_INCREMENT COMMENT 'Entity Attribute Id',
  `entity_type_id` smallint(5) unsigned NOT NULL DEFAULT '0' COMMENT 'Entity Type Id',
  `attribute_set_id` smallint(5) unsigned NOT NULL DEFAULT '0' COMMENT 'Attribute Set Id',
  `attribute_group_id` smallint(5) unsigned NOT NULL DEFAULT '0' COMMENT 'Attribute Group Id',
  `attribute_id` smallint(5) unsigned NOT NULL DEFAULT '0' COMMENT 'Attribute Id',
  `sort_order` smallint(6) NOT NULL DEFAULT '0' COMMENT 'Sort Order',
  PRIMARY KEY (`entity_attribute_id`),
  UNIQUE KEY `EAV_ENTITY_ATTRIBUTE_ATTRIBUTE_SET_ID_ATTRIBUTE_ID` (`attribute_set_id`,`attribute_id`),
  UNIQUE KEY `EAV_ENTITY_ATTRIBUTE_ATTRIBUTE_GROUP_ID_ATTRIBUTE_ID` (`attribute_group_id`,`attribute_id`),
  KEY `EAV_ENTITY_ATTRIBUTE_ATTRIBUTE_SET_ID_SORT_ORDER` (`attribute_set_id`,`sort_order`),
  KEY `EAV_ENTITY_ATTRIBUTE_ATTRIBUTE_ID` (`attribute_id`),
  CONSTRAINT `EAV_ENTITY_ATTRIBUTE_ATTRIBUTE_ID_EAV_ATTRIBUTE_ATTRIBUTE_ID` FOREIGN KEY (`attribute_id`) REFERENCES `eav_attribute` (`attribute_id`) ON DELETE CASCADE,
  CONSTRAINT `EAV_ENTT_ATTR_ATTR_GROUP_ID_EAV_ATTR_GROUP_ATTR_GROUP_ID` FOREIGN KEY (`attribute_group_id`) REFERENCES `eav_attribute_group` (`attribute_group_id`) ON DELETE CASCADE
) ENGINE=InnoDB AUTO_INCREMENT=279 DEFAULT CHARSET=utf8 COMMENT='Eav Entity Attributes';

--
-- Dumping data for table `eav_entity_attribute`
--

INSERT INTO `eav_entity_attribute` VALUES (1,1,1,1,1,10),(2,1,1,1,2,20),(3,1,1,1,3,20),(4,1,1,1,4,30),(5,1,1,1,5,40),(6,1,1,1,6,50),(7,1,1,1,7,60),(8,1,1,1,8,70),(9,1,1,1,9,80),(10,1,1,1,10,25),(11,1,1,1,11,90),(12,1,1,1,12,81),(13,1,1,1,13,115),(14,1,1,1,14,120),(15,1,1,1,15,82),(16,1,1,1,16,83),(17,1,1,1,17,100),(18,1,1,1,18,0),(19,1,1,1,19,0),(20,1,1,1,20,110),(21,1,1,1,21,28),(22,2,2,2,22,10),(23,2,2,2,23,20),(24,2,2,2,24,30),(25,2,2,2,25,40),(26,2,2,2,26,50),(27,2,2,2,27,60),(28,2,2,2,28,70),(29,2,2,2,29,80),(30,2,2,2,30,90),(31,2,2,2,31,100),(32,2,2,2,32,100),(33,2,2,2,33,110),(34,2,2,2,34,120),(35,2,2,2,35,130),(36,2,2,2,36,140),(37,2,2,2,37,132),(38,2,2,2,38,133),(39,2,2,2,39,134),(40,2,2,2,40,135),(41,1,1,1,41,87),(42,1,1,1,42,100),(43,1,1,1,43,110),(44,1,1,1,44,120),(45,3,3,4,45,1),(46,3,3,4,46,2),(47,3,3,4,47,4),(48,3,3,4,48,5),(49,3,3,4,49,6),(50,3,3,4,50,7),(51,3,3,4,51,8),(52,3,3,5,52,10),(53,3,3,5,53,20),(54,3,3,5,54,30),(55,3,3,4,55,12),(56,3,3,4,56,13),(57,3,3,4,57,14),(58,3,3,4,58,15),(59,3,3,4,59,16),(60,3,3,6,60,10),(61,3,3,6,61,30),(62,3,3,6,62,40),(63,3,3,6,63,50),(64,3,3,6,64,60),(65,3,3,4,65,24),(66,3,3,4,66,25),(67,3,3,5,67,40),(68,3,3,5,68,50),(69,3,3,4,69,10),(70,3,3,6,70,5),(71,3,3,6,71,6),(72,3,3,5,72,51),(90,4,4,7,91,6),(96,4,4,8,98,8),(105,4,4,7,107,14),(106,4,4,7,108,15),(107,4,4,7,109,16),(108,4,4,7,110,17),(109,4,4,7,111,18),(110,4,4,7,112,19),(111,4,4,7,113,20),(115,3,3,4,117,3),(116,3,3,4,118,17),(118,4,4,7,120,11),(121,4,4,7,123,111),(122,4,4,7,124,112),(123,4,4,7,125,113),(124,4,4,7,126,114),(226,4,4,7,73,2),(227,4,4,7,74,3),(228,4,4,7,77,5),(229,4,4,7,82,9),(230,4,4,7,93,14),(231,4,4,7,94,16),(232,4,4,7,95,18),(233,4,4,7,97,1),(234,4,4,7,99,12),(235,4,4,7,105,11),(236,4,4,7,114,17),(237,4,4,7,115,8),(238,4,4,7,127,6),(239,4,4,7,128,4),(240,4,4,7,129,10),(241,4,4,7,134,7),(242,4,4,7,135,15),(243,4,4,7,136,13),(244,4,4,13,75,1),(245,4,4,13,76,2),(246,4,4,13,137,3),(247,4,4,13,138,4),(248,4,4,19,131,1),(249,4,4,10,87,1),(250,4,4,10,88,2),(251,4,4,10,89,3),(252,4,4,10,90,5),(253,4,4,10,96,6),(254,4,4,10,133,4),(255,4,4,9,84,2),(256,4,4,9,85,3),(257,4,4,9,86,4),(258,4,4,9,119,1),(259,4,4,8,78,1),(260,4,4,8,79,2),(261,4,4,8,80,3),(262,4,4,8,81,4),(263,4,4,8,92,5),(264,4,4,8,121,6),(265,4,4,8,122,7),(266,4,4,8,130,8),(267,4,4,11,103,3),(268,4,4,11,104,1),(269,4,4,11,106,2),(270,4,4,14,100,3),(271,4,4,14,101,1),(272,4,4,14,102,2),(273,4,4,14,116,4),(274,4,4,20,132,1),(276,4,4,7,139,116),(278,4,4,7,140,118);

--
-- Table structure for table `eav_entity_datetime`
--

CREATE TABLE `eav_entity_datetime` (
  `value_id` int(11) NOT NULL AUTO_INCREMENT COMMENT 'Value Id',
  `entity_type_id` smallint(5) unsigned NOT NULL DEFAULT '0' COMMENT 'Entity Type Id',
  `attribute_id` smallint(5) unsigned NOT NULL DEFAULT '0' COMMENT 'Attribute Id',
  `store_id` smallint(5) unsigned NOT NULL DEFAULT '0' COMMENT 'Store Id',
  `entity_id` int(10) unsigned NOT NULL DEFAULT '0' COMMENT 'Entity Id',
  `value` datetime DEFAULT NULL COMMENT 'Attribute Value',
  PRIMARY KEY (`value_id`),
  UNIQUE KEY `EAV_ENTITY_DATETIME_ENTITY_ID_ATTRIBUTE_ID_STORE_ID` (`entity_id`,`attribute_id`,`store_id`),
  KEY `EAV_ENTITY_DATETIME_STORE_ID` (`store_id`),
  KEY `EAV_ENTITY_DATETIME_ATTRIBUTE_ID_VALUE` (`attribute_id`,`value`),
  KEY `EAV_ENTITY_DATETIME_ENTITY_TYPE_ID_VALUE` (`entity_type_id`,`value`),
  CONSTRAINT `EAV_ENTITY_DATETIME_ENTITY_ID_EAV_ENTITY_ENTITY_ID` FOREIGN KEY (`entity_id`) REFERENCES `eav_entity` (`entity_id`) ON DELETE CASCADE,
  CONSTRAINT `EAV_ENTITY_DATETIME_STORE_ID_STORE_STORE_ID` FOREIGN KEY (`store_id`) REFERENCES `store` (`store_id`) ON DELETE CASCADE,
  CONSTRAINT `EAV_ENTT_DTIME_ENTT_TYPE_ID_EAV_ENTT_TYPE_ENTT_TYPE_ID` FOREIGN KEY (`entity_type_id`) REFERENCES `eav_entity_type` (`entity_type_id`) ON DELETE CASCADE
) ENGINE=InnoDB DEFAULT CHARSET=utf8 COMMENT='Eav Entity Value Prefix';

--
-- Dumping data for table `eav_entity_datetime`
--


--
-- Table structure for table `eav_entity_decimal`
--

CREATE TABLE `eav_entity_decimal` (
  `value_id` int(11) NOT NULL AUTO_INCREMENT COMMENT 'Value Id',
  `entity_type_id` smallint(5) unsigned NOT NULL DEFAULT '0' COMMENT 'Entity Type Id',
  `attribute_id` smallint(5) unsigned NOT NULL DEFAULT '0' COMMENT 'Attribute Id',
  `store_id` smallint(5) unsigned NOT NULL DEFAULT '0' COMMENT 'Store Id',
  `entity_id` int(10) unsigned NOT NULL DEFAULT '0' COMMENT 'Entity Id',
  `value` decimal(12,4) NOT NULL DEFAULT '0.0000' COMMENT 'Attribute Value',
  PRIMARY KEY (`value_id`),
  UNIQUE KEY `EAV_ENTITY_DECIMAL_ENTITY_ID_ATTRIBUTE_ID_STORE_ID` (`entity_id`,`attribute_id`,`store_id`),
  KEY `EAV_ENTITY_DECIMAL_STORE_ID` (`store_id`),
  KEY `EAV_ENTITY_DECIMAL_ATTRIBUTE_ID_VALUE` (`attribute_id`,`value`),
  KEY `EAV_ENTITY_DECIMAL_ENTITY_TYPE_ID_VALUE` (`entity_type_id`,`value`),
  CONSTRAINT `EAV_ENTITY_DECIMAL_ENTITY_ID_EAV_ENTITY_ENTITY_ID` FOREIGN KEY (`entity_id`) REFERENCES `eav_entity` (`entity_id`) ON DELETE CASCADE,
  CONSTRAINT `EAV_ENTITY_DECIMAL_ENTITY_TYPE_ID_EAV_ENTITY_TYPE_ENTITY_TYPE_ID` FOREIGN KEY (`entity_type_id`) REFERENCES `eav_entity_type` (`entity_type_id`) ON DELETE CASCADE,
  CONSTRAINT `EAV_ENTITY_DECIMAL_STORE_ID_STORE_STORE_ID` FOREIGN KEY (`store_id`) REFERENCES `store` (`store_id`) ON DELETE CASCADE
) ENGINE=InnoDB DEFAULT CHARSET=utf8 COMMENT='Eav Entity Value Prefix';

--
-- Dumping data for table `eav_entity_decimal`
--


--
-- Table structure for table `eav_entity_int`
--

CREATE TABLE `eav_entity_int` (
  `value_id` int(11) NOT NULL AUTO_INCREMENT COMMENT 'Value Id',
  `entity_type_id` smallint(5) unsigned NOT NULL DEFAULT '0' COMMENT 'Entity Type Id',
  `attribute_id` smallint(5) unsigned NOT NULL DEFAULT '0' COMMENT 'Attribute Id',
  `store_id` smallint(5) unsigned NOT NULL DEFAULT '0' COMMENT 'Store Id',
  `entity_id` int(10) unsigned NOT NULL DEFAULT '0' COMMENT 'Entity Id',
  `value` int(11) NOT NULL DEFAULT '0' COMMENT 'Attribute Value',
  PRIMARY KEY (`value_id`),
  UNIQUE KEY `EAV_ENTITY_INT_ENTITY_ID_ATTRIBUTE_ID_STORE_ID` (`entity_id`,`attribute_id`,`store_id`),
  KEY `EAV_ENTITY_INT_STORE_ID` (`store_id`),
  KEY `EAV_ENTITY_INT_ATTRIBUTE_ID_VALUE` (`attribute_id`,`value`),
  KEY `EAV_ENTITY_INT_ENTITY_TYPE_ID_VALUE` (`entity_type_id`,`value`),
  CONSTRAINT `EAV_ENTITY_INT_ENTITY_ID_EAV_ENTITY_ENTITY_ID` FOREIGN KEY (`entity_id`) REFERENCES `eav_entity` (`entity_id`) ON DELETE CASCADE,
  CONSTRAINT `EAV_ENTITY_INT_ENTITY_TYPE_ID_EAV_ENTITY_TYPE_ENTITY_TYPE_ID` FOREIGN KEY (`entity_type_id`) REFERENCES `eav_entity_type` (`entity_type_id`) ON DELETE CASCADE,
  CONSTRAINT `EAV_ENTITY_INT_STORE_ID_STORE_STORE_ID` FOREIGN KEY (`store_id`) REFERENCES `store` (`store_id`) ON DELETE CASCADE
) ENGINE=InnoDB DEFAULT CHARSET=utf8 COMMENT='Eav Entity Value Prefix';

--
-- Dumping data for table `eav_entity_int`
--


--
-- Table structure for table `eav_entity_store`
--

CREATE TABLE `eav_entity_store` (
  `entity_store_id` int(10) unsigned NOT NULL AUTO_INCREMENT COMMENT 'Entity Store Id',
  `entity_type_id` smallint(5) unsigned NOT NULL DEFAULT '0' COMMENT 'Entity Type Id',
  `store_id` smallint(5) unsigned NOT NULL DEFAULT '0' COMMENT 'Store Id',
  `increment_prefix` varchar(20) DEFAULT NULL COMMENT 'Increment Prefix',
  `increment_last_id` varchar(50) DEFAULT NULL COMMENT 'Last Incremented Id',
  PRIMARY KEY (`entity_store_id`),
  KEY `EAV_ENTITY_STORE_ENTITY_TYPE_ID` (`entity_type_id`),
  KEY `EAV_ENTITY_STORE_STORE_ID` (`store_id`),
  CONSTRAINT `EAV_ENTITY_STORE_ENTITY_TYPE_ID_EAV_ENTITY_TYPE_ENTITY_TYPE_ID` FOREIGN KEY (`entity_type_id`) REFERENCES `eav_entity_type` (`entity_type_id`) ON DELETE CASCADE,
  CONSTRAINT `EAV_ENTITY_STORE_STORE_ID_STORE_STORE_ID` FOREIGN KEY (`store_id`) REFERENCES `store` (`store_id`) ON DELETE CASCADE
) ENGINE=InnoDB DEFAULT CHARSET=utf8 COMMENT='Eav Entity Store';

--
-- Dumping data for table `eav_entity_store`
--


--
-- Table structure for table `eav_entity_text`
--

CREATE TABLE `eav_entity_text` (
  `value_id` int(11) NOT NULL AUTO_INCREMENT COMMENT 'Value Id',
  `entity_type_id` smallint(5) unsigned NOT NULL DEFAULT '0' COMMENT 'Entity Type Id',
  `attribute_id` smallint(5) unsigned NOT NULL DEFAULT '0' COMMENT 'Attribute Id',
  `store_id` smallint(5) unsigned NOT NULL DEFAULT '0' COMMENT 'Store Id',
  `entity_id` int(10) unsigned NOT NULL DEFAULT '0' COMMENT 'Entity Id',
  `value` text NOT NULL COMMENT 'Attribute Value',
  PRIMARY KEY (`value_id`),
  UNIQUE KEY `EAV_ENTITY_TEXT_ENTITY_ID_ATTRIBUTE_ID_STORE_ID` (`entity_id`,`attribute_id`,`store_id`),
  KEY `EAV_ENTITY_TEXT_ENTITY_TYPE_ID` (`entity_type_id`),
  KEY `EAV_ENTITY_TEXT_ATTRIBUTE_ID` (`attribute_id`),
  KEY `EAV_ENTITY_TEXT_STORE_ID` (`store_id`),
  CONSTRAINT `EAV_ENTITY_TEXT_ENTITY_ID_EAV_ENTITY_ENTITY_ID` FOREIGN KEY (`entity_id`) REFERENCES `eav_entity` (`entity_id`) ON DELETE CASCADE,
  CONSTRAINT `EAV_ENTITY_TEXT_ENTITY_TYPE_ID_EAV_ENTITY_TYPE_ENTITY_TYPE_ID` FOREIGN KEY (`entity_type_id`) REFERENCES `eav_entity_type` (`entity_type_id`) ON DELETE CASCADE,
  CONSTRAINT `EAV_ENTITY_TEXT_STORE_ID_STORE_STORE_ID` FOREIGN KEY (`store_id`) REFERENCES `store` (`store_id`) ON DELETE CASCADE
) ENGINE=InnoDB DEFAULT CHARSET=utf8 COMMENT='Eav Entity Value Prefix';

--
-- Dumping data for table `eav_entity_text`
--


--
-- Table structure for table `eav_entity_type`
--

CREATE TABLE `eav_entity_type` (
  `entity_type_id` smallint(5) unsigned NOT NULL AUTO_INCREMENT COMMENT 'Entity Type Id',
  `entity_type_code` varchar(50) NOT NULL COMMENT 'Entity Type Code',
  `entity_model` varchar(255) NOT NULL COMMENT 'Entity Model',
  `attribute_model` varchar(255) DEFAULT NULL COMMENT 'Attribute Model',
  `entity_table` varchar(255) DEFAULT NULL COMMENT 'Entity Table',
  `value_table_prefix` varchar(255) DEFAULT NULL COMMENT 'Value Table Prefix',
  `entity_id_field` varchar(255) DEFAULT NULL COMMENT 'Entity Id Field',
  `is_data_sharing` smallint(5) unsigned NOT NULL DEFAULT '1' COMMENT 'Defines Is Data Sharing',
  `data_sharing_key` varchar(100) DEFAULT 'default' COMMENT 'Data Sharing Key',
  `default_attribute_set_id` smallint(5) unsigned NOT NULL DEFAULT '0' COMMENT 'Default Attribute Set Id',
  `increment_model` varchar(255) DEFAULT NULL COMMENT 'Increment Model',
  `increment_per_store` smallint(5) unsigned NOT NULL DEFAULT '0' COMMENT 'Increment Per Store',
  `increment_pad_length` smallint(5) unsigned NOT NULL DEFAULT '8' COMMENT 'Increment Pad Length',
  `increment_pad_char` varchar(1) NOT NULL DEFAULT '0' COMMENT 'Increment Pad Char',
  `additional_attribute_table` varchar(255) DEFAULT NULL COMMENT 'Additional Attribute Table',
  `entity_attribute_collection` varchar(255) DEFAULT NULL COMMENT 'Entity Attribute Collection',
  PRIMARY KEY (`entity_type_id`),
  KEY `EAV_ENTITY_TYPE_ENTITY_TYPE_CODE` (`entity_type_code`)
) ENGINE=InnoDB AUTO_INCREMENT=9 DEFAULT CHARSET=utf8 COMMENT='Eav Entity Type';

--
-- Dumping data for table `eav_entity_type`
--

INSERT INTO `eav_entity_type` VALUES (1,'customer','Magento\\Customer\\Model\\ResourceModel\\Customer','Magento\\Customer\\Model\\Attribute','customer_entity',NULL,NULL,1,'default',1,'Magento\\Eav\\Model\\Entity\\Increment\\NumericValue',0,8,'0','customer_eav_attribute','Magento\\Customer\\Model\\ResourceModel\\Attribute\\Collection'),(2,'customer_address','Magento\\Customer\\Model\\ResourceModel\\Address','Magento\\Customer\\Model\\Attribute','customer_address_entity',NULL,NULL,1,'default',2,NULL,0,8,'0','customer_eav_attribute','Magento\\Customer\\Model\\ResourceModel\\Address\\Attribute\\Collection'),(3,'catalog_category','Magento\\Catalog\\Model\\ResourceModel\\Category','Magento\\Catalog\\Model\\ResourceModel\\Eav\\Attribute','catalog_category_entity',NULL,NULL,1,'default',3,NULL,0,8,'0','catalog_eav_attribute','Magento\\Catalog\\Model\\ResourceModel\\Category\\Attribute\\Collection'),(4,'catalog_product','Magento\\Catalog\\Model\\ResourceModel\\Product','Magento\\Catalog\\Model\\ResourceModel\\Eav\\Attribute','catalog_product_entity',NULL,NULL,1,'default',4,NULL,0,8,'0','catalog_eav_attribute','Magento\\Catalog\\Model\\ResourceModel\\Product\\Attribute\\Collection'),(5,'order','Magento\\Sales\\Model\\ResourceModel\\Order',NULL,'sales_order',NULL,NULL,1,'default',5,'Magento\\Eav\\Model\\Entity\\Increment\\NumericValue',1,8,'0',NULL,NULL),(6,'invoice','Magento\\Sales\\Model\\ResourceModel\\Order',NULL,'sales_invoice',NULL,NULL,1,'default',6,'Magento\\Eav\\Model\\Entity\\Increment\\NumericValue',1,8,'0',NULL,NULL),(7,'creditmemo','Magento\\Sales\\Model\\ResourceModel\\Order\\Creditmemo',NULL,'sales_creditmemo',NULL,NULL,1,'default',7,'Magento\\Eav\\Model\\Entity\\Increment\\NumericValue',1,8,'0',NULL,NULL),(8,'shipment','Magento\\Sales\\Model\\ResourceModel\\Order\\Shipment',NULL,'sales_shipment',NULL,NULL,1,'default',8,'Magento\\Eav\\Model\\Entity\\Increment\\NumericValue',1,8,'0',NULL,NULL);

--
-- Table structure for table `eav_entity_varchar`
--

CREATE TABLE `eav_entity_varchar` (
  `value_id` int(11) NOT NULL AUTO_INCREMENT COMMENT 'Value Id',
  `entity_type_id` smallint(5) unsigned NOT NULL DEFAULT '0' COMMENT 'Entity Type Id',
  `attribute_id` smallint(5) unsigned NOT NULL DEFAULT '0' COMMENT 'Attribute Id',
  `store_id` smallint(5) unsigned NOT NULL DEFAULT '0' COMMENT 'Store Id',
  `entity_id` int(10) unsigned NOT NULL DEFAULT '0' COMMENT 'Entity Id',
  `value` varchar(255) DEFAULT NULL COMMENT 'Attribute Value',
  PRIMARY KEY (`value_id`),
  UNIQUE KEY `EAV_ENTITY_VARCHAR_ENTITY_ID_ATTRIBUTE_ID_STORE_ID` (`entity_id`,`attribute_id`,`store_id`),
  KEY `EAV_ENTITY_VARCHAR_STORE_ID` (`store_id`),
  KEY `EAV_ENTITY_VARCHAR_ATTRIBUTE_ID_VALUE` (`attribute_id`,`value`),
  KEY `EAV_ENTITY_VARCHAR_ENTITY_TYPE_ID_VALUE` (`entity_type_id`,`value`),
  CONSTRAINT `EAV_ENTITY_VARCHAR_ENTITY_ID_EAV_ENTITY_ENTITY_ID` FOREIGN KEY (`entity_id`) REFERENCES `eav_entity` (`entity_id`) ON DELETE CASCADE,
  CONSTRAINT `EAV_ENTITY_VARCHAR_ENTITY_TYPE_ID_EAV_ENTITY_TYPE_ENTITY_TYPE_ID` FOREIGN KEY (`entity_type_id`) REFERENCES `eav_entity_type` (`entity_type_id`) ON DELETE CASCADE,
  CONSTRAINT `EAV_ENTITY_VARCHAR_STORE_ID_STORE_STORE_ID` FOREIGN KEY (`store_id`) REFERENCES `store` (`store_id`) ON DELETE CASCADE
) ENGINE=InnoDB DEFAULT CHARSET=utf8 COMMENT='Eav Entity Value Prefix';

--
-- Dumping data for table `eav_entity_varchar`
--


--
-- Table structure for table `eav_form_element`
--

CREATE TABLE `eav_form_element` (
  `element_id` int(10) unsigned NOT NULL AUTO_INCREMENT COMMENT 'Element Id',
  `type_id` smallint(5) unsigned NOT NULL COMMENT 'Type Id',
  `fieldset_id` smallint(5) unsigned DEFAULT NULL COMMENT 'Fieldset Id',
  `attribute_id` smallint(5) unsigned NOT NULL COMMENT 'Attribute Id',
  `sort_order` int(11) NOT NULL DEFAULT '0' COMMENT 'Sort Order',
  PRIMARY KEY (`element_id`),
  UNIQUE KEY `EAV_FORM_ELEMENT_TYPE_ID_ATTRIBUTE_ID` (`type_id`,`attribute_id`),
  KEY `EAV_FORM_ELEMENT_FIELDSET_ID` (`fieldset_id`),
  KEY `EAV_FORM_ELEMENT_ATTRIBUTE_ID` (`attribute_id`),
  CONSTRAINT `EAV_FORM_ELEMENT_ATTRIBUTE_ID_EAV_ATTRIBUTE_ATTRIBUTE_ID` FOREIGN KEY (`attribute_id`) REFERENCES `eav_attribute` (`attribute_id`) ON DELETE CASCADE,
  CONSTRAINT `EAV_FORM_ELEMENT_FIELDSET_ID_EAV_FORM_FIELDSET_FIELDSET_ID` FOREIGN KEY (`fieldset_id`) REFERENCES `eav_form_fieldset` (`fieldset_id`) ON DELETE SET NULL,
  CONSTRAINT `EAV_FORM_ELEMENT_TYPE_ID_EAV_FORM_TYPE_TYPE_ID` FOREIGN KEY (`type_id`) REFERENCES `eav_form_type` (`type_id`) ON DELETE CASCADE
) ENGINE=InnoDB AUTO_INCREMENT=43 DEFAULT CHARSET=utf8 COMMENT='Eav Form Element';

--
-- Dumping data for table `eav_form_element`
--

INSERT INTO `eav_form_element` VALUES (1,1,NULL,23,0),(2,1,NULL,25,1),(3,1,NULL,27,2),(4,1,NULL,9,3),(5,1,NULL,28,4),(6,1,NULL,29,5),(7,1,NULL,31,6),(8,1,NULL,33,7),(9,1,NULL,30,8),(10,1,NULL,34,9),(11,1,NULL,35,10),(12,2,NULL,23,0),(13,2,NULL,25,1),(14,2,NULL,27,2),(15,2,NULL,9,3),(16,2,NULL,28,4),(17,2,NULL,29,5),(18,2,NULL,31,6),(19,2,NULL,33,7),(20,2,NULL,30,8),(21,2,NULL,34,9),(22,2,NULL,35,10),(23,3,NULL,23,0),(24,3,NULL,25,1),(25,3,NULL,27,2),(26,3,NULL,28,3),(27,3,NULL,29,4),(28,3,NULL,31,5),(29,3,NULL,33,6),(30,3,NULL,30,7),(31,3,NULL,34,8),(32,3,NULL,35,9),(33,4,NULL,23,0),(34,4,NULL,25,1),(35,4,NULL,27,2),(36,4,NULL,28,3),(37,4,NULL,29,4),(38,4,NULL,31,5),(39,4,NULL,33,6),(40,4,NULL,30,7),(41,4,NULL,34,8),(42,4,NULL,35,9);

--
-- Table structure for table `eav_form_fieldset`
--

CREATE TABLE `eav_form_fieldset` (
  `fieldset_id` smallint(5) unsigned NOT NULL AUTO_INCREMENT COMMENT 'Fieldset Id',
  `type_id` smallint(5) unsigned NOT NULL COMMENT 'Type Id',
  `code` varchar(64) NOT NULL COMMENT 'Code',
  `sort_order` int(11) NOT NULL DEFAULT '0' COMMENT 'Sort Order',
  PRIMARY KEY (`fieldset_id`),
  UNIQUE KEY `EAV_FORM_FIELDSET_TYPE_ID_CODE` (`type_id`,`code`),
  CONSTRAINT `EAV_FORM_FIELDSET_TYPE_ID_EAV_FORM_TYPE_TYPE_ID` FOREIGN KEY (`type_id`) REFERENCES `eav_form_type` (`type_id`) ON DELETE CASCADE
) ENGINE=InnoDB DEFAULT CHARSET=utf8 COMMENT='Eav Form Fieldset';

--
-- Dumping data for table `eav_form_fieldset`
--


--
-- Table structure for table `eav_form_fieldset_label`
--

CREATE TABLE `eav_form_fieldset_label` (
  `fieldset_id` smallint(5) unsigned NOT NULL COMMENT 'Fieldset Id',
  `store_id` smallint(5) unsigned NOT NULL COMMENT 'Store Id',
  `label` varchar(255) NOT NULL COMMENT 'Label',
  PRIMARY KEY (`fieldset_id`,`store_id`),
  KEY `EAV_FORM_FIELDSET_LABEL_STORE_ID` (`store_id`),
  CONSTRAINT `EAV_FORM_FIELDSET_LABEL_STORE_ID_STORE_STORE_ID` FOREIGN KEY (`store_id`) REFERENCES `store` (`store_id`) ON DELETE CASCADE,
  CONSTRAINT `EAV_FORM_FSET_LBL_FSET_ID_EAV_FORM_FSET_FSET_ID` FOREIGN KEY (`fieldset_id`) REFERENCES `eav_form_fieldset` (`fieldset_id`) ON DELETE CASCADE
) ENGINE=InnoDB DEFAULT CHARSET=utf8 COMMENT='Eav Form Fieldset Label';

--
-- Dumping data for table `eav_form_fieldset_label`
--


--
-- Table structure for table `eav_form_type`
--

CREATE TABLE `eav_form_type` (
  `type_id` smallint(5) unsigned NOT NULL AUTO_INCREMENT COMMENT 'Type Id',
  `code` varchar(64) NOT NULL COMMENT 'Code',
  `label` varchar(255) NOT NULL COMMENT 'Label',
  `is_system` smallint(5) unsigned NOT NULL DEFAULT '0' COMMENT 'Is System',
  `theme` varchar(64) DEFAULT NULL COMMENT 'Theme',
  `store_id` smallint(5) unsigned NOT NULL COMMENT 'Store Id',
  PRIMARY KEY (`type_id`),
  UNIQUE KEY `EAV_FORM_TYPE_CODE_THEME_STORE_ID` (`code`,`theme`,`store_id`),
  KEY `EAV_FORM_TYPE_STORE_ID` (`store_id`),
  CONSTRAINT `EAV_FORM_TYPE_STORE_ID_STORE_STORE_ID` FOREIGN KEY (`store_id`) REFERENCES `store` (`store_id`) ON DELETE CASCADE
) ENGINE=InnoDB AUTO_INCREMENT=5 DEFAULT CHARSET=utf8 COMMENT='Eav Form Type';

--
-- Dumping data for table `eav_form_type`
--

INSERT INTO `eav_form_type` VALUES (1,'checkout_onepage_register','checkout_onepage_register',1,'',0),(2,'checkout_onepage_register_guest','checkout_onepage_register_guest',1,'',0),(3,'checkout_onepage_billing_address','checkout_onepage_billing_address',1,'',0),(4,'checkout_onepage_shipping_address','checkout_onepage_shipping_address',1,'',0);

--
-- Table structure for table `eav_form_type_entity`
--

CREATE TABLE `eav_form_type_entity` (
  `type_id` smallint(5) unsigned NOT NULL COMMENT 'Type Id',
  `entity_type_id` smallint(5) unsigned NOT NULL COMMENT 'Entity Type Id',
  PRIMARY KEY (`type_id`,`entity_type_id`),
  KEY `EAV_FORM_TYPE_ENTITY_ENTITY_TYPE_ID` (`entity_type_id`),
  CONSTRAINT `EAV_FORM_TYPE_ENTITY_TYPE_ID_EAV_FORM_TYPE_TYPE_ID` FOREIGN KEY (`type_id`) REFERENCES `eav_form_type` (`type_id`) ON DELETE CASCADE,
  CONSTRAINT `EAV_FORM_TYPE_ENTT_ENTT_TYPE_ID_EAV_ENTT_TYPE_ENTT_TYPE_ID` FOREIGN KEY (`entity_type_id`) REFERENCES `eav_entity_type` (`entity_type_id`) ON DELETE CASCADE
) ENGINE=InnoDB DEFAULT CHARSET=utf8 COMMENT='Eav Form Type Entity';

--
-- Dumping data for table `eav_form_type_entity`
--

INSERT INTO `eav_form_type_entity` VALUES (1,1),(2,1),(1,2),(2,2),(3,2),(4,2);

--
-- Table structure for table `email_automation`
--

CREATE TABLE `email_automation` (
  `id` int(10) unsigned NOT NULL AUTO_INCREMENT COMMENT 'Primary Key',
  `automation_type` varchar(255) DEFAULT NULL COMMENT 'Automation Type',
  `store_name` varchar(255) DEFAULT NULL COMMENT 'Automation Type',
  `enrolment_status` varchar(255) NOT NULL COMMENT 'Entrolment Status',
  `email` varchar(255) DEFAULT NULL COMMENT 'Email',
  `type_id` varchar(255) DEFAULT NULL COMMENT 'Type ID',
  `program_id` varchar(255) DEFAULT NULL COMMENT 'Program ID',
  `website_id` smallint(5) unsigned NOT NULL COMMENT 'Website Id',
  `message` varchar(255) NOT NULL COMMENT 'Message',
  `created_at` timestamp NULL DEFAULT NULL COMMENT 'Creation Time',
  `updated_at` timestamp NULL DEFAULT NULL COMMENT 'Update Time',
  PRIMARY KEY (`id`),
  KEY `EMAIL_AUTOMATION_AUTOMATION_TYPE` (`automation_type`),
  KEY `EMAIL_AUTOMATION_ENROLMENT_STATUS` (`enrolment_status`),
  KEY `EMAIL_AUTOMATION_TYPE_ID` (`type_id`),
  KEY `EMAIL_AUTOMATION_EMAIL` (`email`),
  KEY `EMAIL_AUTOMATION_PROGRAM_ID` (`program_id`),
  KEY `EMAIL_AUTOMATION_CREATED_AT` (`created_at`),
  KEY `EMAIL_AUTOMATION_UPDATED_AT` (`updated_at`),
  KEY `EMAIL_AUTOMATION_WEBSITE_ID` (`website_id`)
) ENGINE=InnoDB DEFAULT CHARSET=utf8 COMMENT='Automation Status';

--
-- Dumping data for table `email_automation`
--


--
-- Table structure for table `email_campaign`
--

CREATE TABLE `email_campaign` (
  `id` int(10) unsigned NOT NULL AUTO_INCREMENT COMMENT 'Primary Key',
  `campaign_id` int(10) unsigned NOT NULL COMMENT 'Campaign ID',
  `email` varchar(255) NOT NULL DEFAULT '' COMMENT 'Contact Email',
  `customer_id` int(10) unsigned NOT NULL COMMENT 'Customer ID',
  `sent_at` timestamp NULL DEFAULT NULL COMMENT 'Send Date',
  `order_increment_id` varchar(50) NOT NULL COMMENT 'Order Increment ID',
  `quote_id` int(10) unsigned NOT NULL COMMENT 'Sales Quote ID',
  `message` varchar(255) NOT NULL DEFAULT '' COMMENT 'Error Message',
  `checkout_method` varchar(255) NOT NULL DEFAULT '' COMMENT 'Checkout Method Used',
  `store_id` smallint(5) unsigned NOT NULL DEFAULT '0' COMMENT 'Store ID',
  `event_name` varchar(255) NOT NULL DEFAULT '' COMMENT 'Event Name',
  `send_id` varchar(255) NOT NULL DEFAULT '' COMMENT 'Send Id',
  `send_status` smallint(6) NOT NULL DEFAULT '0' COMMENT 'Campaign send status',
  `created_at` timestamp NULL DEFAULT NULL COMMENT 'Creation Time',
  `updated_at` timestamp NULL DEFAULT NULL COMMENT 'Update Time',
  PRIMARY KEY (`id`),
  KEY `EMAIL_CAMPAIGN_STORE_ID` (`store_id`),
  KEY `EMAIL_CAMPAIGN_CAMPAIGN_ID` (`campaign_id`),
  KEY `EMAIL_CAMPAIGN_EMAIL` (`email`),
  KEY `EMAIL_CAMPAIGN_SEND_ID` (`send_id`),
  KEY `EMAIL_CAMPAIGN_SEND_STATUS` (`send_status`),
  KEY `EMAIL_CAMPAIGN_CREATED_AT` (`created_at`),
  KEY `EMAIL_CAMPAIGN_UPDATED_AT` (`updated_at`),
  KEY `EMAIL_CAMPAIGN_SENT_AT` (`sent_at`),
  KEY `EMAIL_CAMPAIGN_EVENT_NAME` (`event_name`),
  KEY `EMAIL_CAMPAIGN_MESSAGE` (`message`),
  KEY `EMAIL_CAMPAIGN_QUOTE_ID` (`quote_id`),
  KEY `EMAIL_CAMPAIGN_CUSTOMER_ID` (`customer_id`),
  CONSTRAINT `EMAIL_CAMPAIGN_STORE_ID_CORE/STORE_STORE_ID` FOREIGN KEY (`store_id`) REFERENCES `store` (`store_id`) ON DELETE CASCADE
) ENGINE=InnoDB DEFAULT CHARSET=utf8 COMMENT='Connector Campaigns';

--
-- Dumping data for table `email_campaign`
--


--
-- Table structure for table `email_catalog`
--

CREATE TABLE `email_catalog` (
  `id` int(10) unsigned NOT NULL AUTO_INCREMENT COMMENT 'Primary Key',
  `product_id` int(10) unsigned NOT NULL COMMENT 'Product Id',
  `imported` smallint(5) unsigned DEFAULT NULL COMMENT 'Product Imported',
  `modified` smallint(5) unsigned DEFAULT NULL COMMENT 'Product Modified',
  `created_at` timestamp NULL DEFAULT NULL COMMENT 'Creation Time',
  `updated_at` timestamp NULL DEFAULT NULL COMMENT 'Update Time',
  PRIMARY KEY (`id`),
  KEY `EMAIL_CATALOG_PRODUCT_ID` (`product_id`),
  KEY `EMAIL_CATALOG_IMPORTED` (`imported`),
  KEY `EMAIL_CATALOG_MODIFIED` (`modified`),
  KEY `EMAIL_CATALOG_CREATED_AT` (`created_at`),
  KEY `EMAIL_CATALOG_UPDATED_AT` (`updated_at`),
  CONSTRAINT `EMAIL_CATALOG_PRODUCT_ID_CATALOG_PRODUCT_ENTITY_ENTITY_ID` FOREIGN KEY (`product_id`) REFERENCES `catalog_product_entity` (`entity_id`) ON DELETE CASCADE
) ENGINE=InnoDB AUTO_INCREMENT=48 DEFAULT CHARSET=utf8 COMMENT='Connector Catalog';

--
-- Dumping data for table `email_catalog`
--

INSERT INTO `email_catalog` VALUES (5,517,NULL,NULL,'2018-03-16 09:24:12','2018-03-16 09:24:12'),(6,500,NULL,NULL,'2018-03-16 09:26:30','2018-03-16 09:26:30'),(7,501,NULL,NULL,'2018-03-16 09:31:07','2018-03-16 09:31:07'),(8,504,NULL,NULL,'2018-03-16 09:32:50','2018-03-16 09:32:50'),(9,526,NULL,NULL,'2018-03-16 09:33:48','2018-03-16 09:33:48'),(10,519,NULL,NULL,'2018-03-16 13:24:36','2018-03-16 13:24:36'),(11,522,NULL,NULL,'2018-03-16 13:28:38','2018-03-16 13:28:38'),(12,514,NULL,NULL,'2018-03-16 14:26:13','2018-03-16 14:26:13'),(13,513,NULL,NULL,'2018-03-16 14:49:20','2018-03-16 14:49:20'),(14,527,NULL,NULL,'2018-03-17 11:35:55','2018-03-17 11:35:55'),(15,528,NULL,NULL,'2018-03-17 11:36:08','2018-03-17 11:36:08'),(16,529,NULL,NULL,'2018-03-17 11:36:10','2018-03-17 11:36:10'),(17,525,NULL,NULL,'2018-03-17 11:36:16','2018-03-17 11:36:16'),(18,524,NULL,NULL,'2018-03-17 11:36:22','2018-03-17 11:36:22'),(19,523,NULL,NULL,'2018-03-17 11:36:28','2018-03-17 11:36:28'),(20,533,NULL,NULL,'2018-03-20 10:45:51','2018-03-20 10:45:51'),(21,532,NULL,NULL,'2018-03-20 10:47:23','2018-03-20 10:47:23'),(22,531,NULL,NULL,'2018-03-20 10:47:47','2018-03-20 10:47:47'),(23,530,NULL,NULL,'2018-03-20 10:48:16','2018-03-20 10:48:16'),(24,518,NULL,NULL,'2018-03-20 14:50:14','2018-03-20 14:50:14'),(25,516,NULL,NULL,'2018-03-21 15:22:32','2018-03-21 15:22:32'),(26,508,NULL,NULL,'2018-03-21 15:34:44','2018-03-21 15:34:44'),(27,503,NULL,NULL,'2018-03-23 09:49:22','2018-03-23 09:49:22'),(28,515,NULL,NULL,'2018-03-26 09:55:40','2018-03-26 09:55:40'),(29,506,NULL,NULL,'2018-03-26 14:26:58','2018-03-26 14:26:58'),(30,318,NULL,NULL,'2018-03-26 18:01:50','2018-03-26 18:01:50'),(31,319,NULL,NULL,'2018-03-26 18:02:11','2018-03-26 18:02:11'),(32,320,NULL,NULL,'2018-03-26 18:02:50','2018-03-26 18:02:50'),(33,505,NULL,NULL,'2018-03-26 18:40:00','2018-03-26 18:40:00'),(34,502,NULL,NULL,'2018-03-26 18:41:31','2018-03-26 18:41:31'),(35,507,NULL,NULL,'2018-03-26 18:43:24','2018-03-26 18:43:24'),(36,509,NULL,NULL,'2018-03-26 18:45:40','2018-03-26 18:45:40'),(37,510,NULL,NULL,'2018-03-26 18:46:15','2018-03-26 18:46:15'),(38,512,NULL,NULL,'2018-03-26 18:48:07','2018-03-26 18:48:07'),(39,511,NULL,NULL,'2018-03-26 18:48:57','2018-03-26 18:48:57'),(40,520,NULL,NULL,'2018-03-26 18:52:15','2018-03-26 18:52:15'),(41,521,NULL,NULL,'2018-03-26 18:53:06','2018-03-26 18:53:06'),(42,327,NULL,NULL,'2018-03-27 07:13:40','2018-03-27 07:13:40'),(43,328,NULL,NULL,'2018-03-27 07:13:59','2018-03-27 07:13:59'),(44,333,NULL,NULL,'2018-03-27 07:20:13','2018-03-27 07:20:13'),(45,343,NULL,NULL,'2018-03-27 07:23:31','2018-03-27 07:23:31'),(47,347,NULL,NULL,'2018-04-09 11:23:54','2018-04-09 11:23:54');

--
-- Table structure for table `email_contact`
--

CREATE TABLE `email_contact` (
  `email_contact_id` int(10) unsigned NOT NULL AUTO_INCREMENT COMMENT 'Primary Key',
  `is_guest` smallint(5) unsigned DEFAULT NULL COMMENT 'Is Guest',
  `contact_id` varchar(15) DEFAULT NULL COMMENT 'Connector Contact ID',
  `customer_id` int(10) unsigned NOT NULL COMMENT 'Customer ID',
  `website_id` smallint(5) unsigned NOT NULL DEFAULT '0' COMMENT 'Website ID',
  `store_id` smallint(5) unsigned NOT NULL DEFAULT '0' COMMENT 'Store ID',
  `email` varchar(255) NOT NULL DEFAULT '' COMMENT 'Customer Email',
  `is_subscriber` smallint(5) unsigned DEFAULT NULL COMMENT 'Is Subscriber',
  `subscriber_status` smallint(5) unsigned DEFAULT NULL COMMENT 'Subscriber status',
  `email_imported` smallint(5) unsigned DEFAULT NULL COMMENT 'Is Imported',
  `subscriber_imported` smallint(5) unsigned DEFAULT NULL COMMENT 'Subscriber Imported',
  `suppressed` smallint(5) unsigned DEFAULT NULL COMMENT 'Is Suppressed',
  PRIMARY KEY (`email_contact_id`),
  KEY `EMAIL_CONTACT_EMAIL_CONTACT_ID` (`email_contact_id`),
  KEY `EMAIL_CONTACT_IS_GUEST` (`is_guest`),
  KEY `EMAIL_CONTACT_CUSTOMER_ID` (`customer_id`),
  KEY `EMAIL_CONTACT_WEBSITE_ID` (`website_id`),
  KEY `EMAIL_CONTACT_IS_SUBSCRIBER` (`is_subscriber`),
  KEY `EMAIL_CONTACT_SUBSCRIBER_STATUS` (`subscriber_status`),
  KEY `EMAIL_CONTACT_EMAIL_IMPORTED` (`email_imported`),
  KEY `EMAIL_CONTACT_SUBSCRIBER_IMPORTED` (`subscriber_imported`),
  KEY `EMAIL_CONTACT_SUPPRESSED` (`suppressed`),
  KEY `EMAIL_CONTACT_EMAIL` (`email`),
  KEY `EMAIL_CONTACT_CONTACT_ID` (`contact_id`),
  CONSTRAINT `EMAIL_CONTACT_WEBSITE_ID_STORE_WEBSITE_WEBSITE_ID` FOREIGN KEY (`website_id`) REFERENCES `store_website` (`website_id`) ON DELETE CASCADE
) ENGINE=InnoDB DEFAULT CHARSET=utf8 COMMENT='Connector Contacts';

--
-- Dumping data for table `email_contact`
--


--
-- Table structure for table `email_importer`
--

CREATE TABLE `email_importer` (
  `id` int(10) unsigned NOT NULL AUTO_INCREMENT COMMENT 'Primary Key',
  `import_type` varchar(255) NOT NULL DEFAULT '' COMMENT 'Import Type',
  `website_id` smallint(6) NOT NULL DEFAULT '0' COMMENT 'Website Id',
  `import_status` smallint(6) NOT NULL DEFAULT '0' COMMENT 'Import Status',
  `import_id` varchar(255) NOT NULL DEFAULT '' COMMENT 'Import Id',
  `import_data` mediumblob NOT NULL COMMENT 'Import Data',
  `import_mode` varchar(255) NOT NULL DEFAULT '' COMMENT 'Import Mode',
  `import_file` text NOT NULL COMMENT 'Import File',
  `message` varchar(255) NOT NULL DEFAULT '' COMMENT 'Error Message',
  `created_at` timestamp NULL DEFAULT NULL COMMENT 'Creation Time',
  `updated_at` timestamp NULL DEFAULT NULL COMMENT 'Update Time',
  `import_started` timestamp NULL DEFAULT NULL COMMENT 'Import Started',
  `import_finished` timestamp NULL DEFAULT NULL COMMENT 'Import Finished',
  PRIMARY KEY (`id`),
  KEY `EMAIL_IMPORTER_IMPORT_TYPE` (`import_type`),
  KEY `EMAIL_IMPORTER_WEBSITE_ID` (`website_id`),
  KEY `EMAIL_IMPORTER_IMPORT_STATUS` (`import_status`),
  KEY `EMAIL_IMPORTER_IMPORT_MODE` (`import_mode`),
  KEY `EMAIL_IMPORTER_CREATED_AT` (`created_at`),
  KEY `EMAIL_IMPORTER_UPDATED_AT` (`updated_at`),
  KEY `EMAIL_IMPORTER_IMPORT_ID` (`import_id`),
  KEY `EMAIL_IMPORTER_IMPORT_STARTED` (`import_started`),
  KEY `EMAIL_IMPORTER_IMPORT_FINISHED` (`import_finished`)
) ENGINE=InnoDB DEFAULT CHARSET=utf8 COMMENT='Email Importer';

--
-- Dumping data for table `email_importer`
--


--
-- Table structure for table `email_order`
--

CREATE TABLE `email_order` (
  `email_order_id` int(10) unsigned NOT NULL AUTO_INCREMENT COMMENT 'Primary Key',
  `order_id` int(10) unsigned NOT NULL COMMENT 'Order ID',
  `order_status` varchar(255) NOT NULL COMMENT 'Order Status',
  `quote_id` int(10) unsigned NOT NULL COMMENT 'Sales Quote ID',
  `store_id` smallint(5) unsigned NOT NULL DEFAULT '0' COMMENT 'Store ID',
  `email_imported` smallint(5) unsigned DEFAULT NULL COMMENT 'Is Order Imported',
  `modified` smallint(5) unsigned DEFAULT NULL COMMENT 'Is Order Modified',
  `created_at` timestamp NULL DEFAULT NULL COMMENT 'Creation Time',
  `updated_at` timestamp NULL DEFAULT NULL COMMENT 'Update Time',
  PRIMARY KEY (`email_order_id`),
  KEY `EMAIL_ORDER_STORE_ID` (`store_id`),
  KEY `EMAIL_ORDER_QUOTE_ID` (`quote_id`),
  KEY `EMAIL_ORDER_EMAIL_IMPORTED` (`email_imported`),
  KEY `EMAIL_ORDER_ORDER_STATUS` (`order_status`),
  KEY `EMAIL_ORDER_MODIFIED` (`modified`),
  KEY `EMAIL_ORDER_UPDATED_AT` (`updated_at`),
  KEY `EMAIL_ORDER_CREATED_AT` (`created_at`),
  KEY `EMAIL_ORDER_ORDER_ID_SALES_ORDER_ENTITY_ID` (`order_id`),
  CONSTRAINT `EMAIL_ORDER_ORDER_ID_SALES_ORDER_ENTITY_ID` FOREIGN KEY (`order_id`) REFERENCES `sales_order` (`entity_id`) ON DELETE CASCADE,
  CONSTRAINT `EMAIL_ORDER_STORE_ID_STORE_STORE_ID` FOREIGN KEY (`store_id`) REFERENCES `store` (`store_id`) ON DELETE CASCADE
) ENGINE=InnoDB DEFAULT CHARSET=utf8 COMMENT='Transactional Order Data';

--
-- Dumping data for table `email_order`
--


--
-- Table structure for table `email_review`
--

CREATE TABLE `email_review` (
  `id` int(10) unsigned NOT NULL AUTO_INCREMENT COMMENT 'Primary Key',
  `review_id` int(10) unsigned NOT NULL COMMENT 'Review Id',
  `customer_id` int(10) unsigned NOT NULL COMMENT 'Customer ID',
  `store_id` smallint(5) unsigned NOT NULL COMMENT 'Store Id',
  `review_imported` smallint(5) unsigned DEFAULT NULL COMMENT 'Review Imported',
  `created_at` timestamp NULL DEFAULT NULL COMMENT 'Creation Time',
  `updated_at` timestamp NULL DEFAULT NULL COMMENT 'Update Time',
  PRIMARY KEY (`id`),
  KEY `EMAIL_REVIEW_REVIEW_ID` (`review_id`),
  KEY `EMAIL_REVIEW_CUSTOMER_ID` (`customer_id`),
  KEY `EMAIL_REVIEW_STORE_ID` (`store_id`),
  KEY `EMAIL_REVIEW_REVIEW_IMPORTED` (`review_imported`),
  KEY `EMAIL_REVIEW_CREATED_AT` (`created_at`),
  KEY `EMAIL_REVIEW_UPDATED_AT` (`updated_at`)
) ENGINE=InnoDB DEFAULT CHARSET=utf8 COMMENT='Connector Reviews';

--
-- Dumping data for table `email_review`
--


--
-- Table structure for table `email_rules`
--

CREATE TABLE `email_rules` (
  `id` int(10) unsigned NOT NULL AUTO_INCREMENT COMMENT 'Primary Key',
  `name` varchar(255) NOT NULL DEFAULT '' COMMENT 'Rule Name',
  `website_ids` varchar(255) NOT NULL DEFAULT '0' COMMENT 'Website Id',
  `type` smallint(6) NOT NULL DEFAULT '0' COMMENT 'Rule Type',
  `status` smallint(6) NOT NULL DEFAULT '0' COMMENT 'Status',
  `combination` smallint(6) NOT NULL DEFAULT '1' COMMENT 'Rule Condition',
  `conditions` blob NOT NULL COMMENT 'Rule Conditions',
  `created_at` timestamp NULL DEFAULT NULL COMMENT 'Creation Time',
  `updated_at` timestamp NULL DEFAULT NULL COMMENT 'Update Time',
  PRIMARY KEY (`id`)
) ENGINE=InnoDB DEFAULT CHARSET=utf8 COMMENT='Connector Rules';

--
-- Dumping data for table `email_rules`
--


--
-- Table structure for table `email_template`
--

CREATE TABLE `email_template` (
  `template_id` int(10) unsigned NOT NULL AUTO_INCREMENT COMMENT 'Template ID',
  `template_code` varchar(150) NOT NULL COMMENT 'Template Name',
  `template_text` text NOT NULL COMMENT 'Template Content',
  `template_styles` text COMMENT 'Templste Styles',
  `template_type` int(10) unsigned DEFAULT NULL COMMENT 'Template Type',
  `template_subject` varchar(200) NOT NULL COMMENT 'Template Subject',
  `template_sender_name` varchar(200) DEFAULT NULL COMMENT 'Template Sender Name',
  `template_sender_email` varchar(200) DEFAULT NULL COMMENT 'Template Sender Email',
  `added_at` timestamp NOT NULL DEFAULT CURRENT_TIMESTAMP COMMENT 'Date of Template Creation',
  `modified_at` timestamp NOT NULL DEFAULT CURRENT_TIMESTAMP ON UPDATE CURRENT_TIMESTAMP COMMENT 'Date of Template Modification',
  `orig_template_code` varchar(200) DEFAULT NULL COMMENT 'Original Template Code',
  `orig_template_variables` text COMMENT 'Original Template Variables',
  PRIMARY KEY (`template_id`),
  UNIQUE KEY `EMAIL_TEMPLATE_TEMPLATE_CODE` (`template_code`),
  KEY `EMAIL_TEMPLATE_ADDED_AT` (`added_at`),
  KEY `EMAIL_TEMPLATE_MODIFIED_AT` (`modified_at`)
) ENGINE=InnoDB DEFAULT CHARSET=utf8 COMMENT='Email Templates';

--
-- Dumping data for table `email_template`
--


--
-- Table structure for table `email_wishlist`
--

CREATE TABLE `email_wishlist` (
  `id` int(10) unsigned NOT NULL AUTO_INCREMENT COMMENT 'Primary Key',
  `wishlist_id` int(10) unsigned NOT NULL COMMENT 'Wishlist Id',
  `item_count` int(10) unsigned NOT NULL COMMENT 'Item Count',
  `customer_id` smallint(5) unsigned NOT NULL COMMENT 'Customer ID',
  `store_id` smallint(5) unsigned NOT NULL COMMENT 'Store Id',
  `wishlist_imported` smallint(5) unsigned DEFAULT NULL COMMENT 'Wishlist Imported',
  `wishlist_modified` smallint(5) unsigned DEFAULT NULL COMMENT 'Wishlist Modified',
  `created_at` timestamp NULL DEFAULT NULL COMMENT 'Creation Time',
  `updated_at` timestamp NULL DEFAULT NULL COMMENT 'Update Time',
  PRIMARY KEY (`id`),
  KEY `EMAIL_WISHLIST_WISHLIST_ID` (`wishlist_id`),
  KEY `EMAIL_WISHLIST_ITEM_COUNT` (`item_count`),
  KEY `EMAIL_WISHLIST_CUSTOMER_ID` (`customer_id`),
  KEY `EMAIL_WISHLIST_WISHLIST_MODIFIED` (`wishlist_modified`),
  KEY `EMAIL_WISHLIST_WISHLIST_IMPORTED` (`wishlist_imported`),
  KEY `EMAIL_WISHLIST_CREATED_AT` (`created_at`),
  KEY `EMAIL_WISHLIST_UPDATED_AT` (`updated_at`),
  KEY `EMAIL_WISHLIST_STORE_ID` (`store_id`)
) ENGINE=InnoDB DEFAULT CHARSET=utf8 COMMENT='Connector Wishlist';

--
-- Dumping data for table `email_wishlist`
--


--
-- Table structure for table `flag`
--

CREATE TABLE `flag` (
  `flag_id` int(10) unsigned NOT NULL AUTO_INCREMENT COMMENT 'Flag Id',
  `flag_code` varchar(255) NOT NULL COMMENT 'Flag Code',
  `state` smallint(5) unsigned NOT NULL DEFAULT '0' COMMENT 'Flag State',
  `flag_data` text COMMENT 'Flag Data',
  `last_update` timestamp NOT NULL DEFAULT CURRENT_TIMESTAMP ON UPDATE CURRENT_TIMESTAMP COMMENT 'Date of Last Flag Update',
  PRIMARY KEY (`flag_id`),
  KEY `FLAG_LAST_UPDATE` (`last_update`)
) ENGINE=InnoDB AUTO_INCREMENT=11 DEFAULT CHARSET=utf8 COMMENT='Flag';

--
-- Dumping data for table `flag`
--

INSERT INTO `flag` VALUES (2,'report_order_aggregated',0,NULL,'2018-04-11 00:00:04'),(3,'report_invoiced_aggregated',0,NULL,'2018-04-11 00:00:04'),(4,'report_refunded_aggregated',0,NULL,'2018-04-11 00:00:05'),(5,'report_bestsellers_aggregated',0,NULL,'2018-04-11 00:00:05'),(6,'report_coupons_aggregated',0,NULL,'2018-04-11 00:00:06'),(7,'report_shipping_aggregated',0,NULL,'2018-04-11 00:00:06'),(8,'report_tax_aggregated',0,NULL,'2018-04-11 00:00:07'),(9,'report_product_viewed_aggregated',0,NULL,'2018-03-15 14:12:20'),(10,'config_hash',0,'{\"system\":\"9a18ecbd6d057d5ae015414825760241bfafd115\"}','2018-03-30 08:44:09');

--
-- Table structure for table `gift_message`
--

CREATE TABLE `gift_message` (
  `gift_message_id` int(10) unsigned NOT NULL AUTO_INCREMENT COMMENT 'GiftMessage Id',
  `customer_id` int(10) unsigned NOT NULL DEFAULT '0' COMMENT 'Customer id',
  `sender` varchar(255) DEFAULT NULL COMMENT 'Sender',
  `recipient` varchar(255) DEFAULT NULL COMMENT 'Registrant',
  `message` text COMMENT 'Message',
  PRIMARY KEY (`gift_message_id`)
) ENGINE=InnoDB DEFAULT CHARSET=utf8 COMMENT='Gift Message';

--
-- Dumping data for table `gift_message`
--


--
-- Table structure for table `googleoptimizer_code`
--

CREATE TABLE `googleoptimizer_code` (
  `code_id` int(10) unsigned NOT NULL AUTO_INCREMENT COMMENT 'Google experiment code id',
  `entity_id` int(10) unsigned NOT NULL COMMENT 'Optimized entity id product id or catalog id',
  `entity_type` varchar(50) DEFAULT NULL COMMENT 'Optimized entity type',
  `store_id` smallint(5) unsigned NOT NULL COMMENT 'Store id',
  `experiment_script` text COMMENT 'Google experiment script',
  PRIMARY KEY (`code_id`),
  UNIQUE KEY `GOOGLEOPTIMIZER_CODE_STORE_ID_ENTITY_ID_ENTITY_TYPE` (`store_id`,`entity_id`,`entity_type`),
  CONSTRAINT `GOOGLEOPTIMIZER_CODE_STORE_ID_STORE_STORE_ID` FOREIGN KEY (`store_id`) REFERENCES `store` (`store_id`) ON DELETE CASCADE
) ENGINE=InnoDB DEFAULT CHARSET=utf8 COMMENT='Google Experiment code';

--
-- Dumping data for table `googleoptimizer_code`
--


--
-- Table structure for table `import_history`
--

CREATE TABLE `import_history` (
  `history_id` int(10) unsigned NOT NULL AUTO_INCREMENT COMMENT 'History record Id',
  `started_at` timestamp NOT NULL DEFAULT CURRENT_TIMESTAMP COMMENT 'Started at',
  `user_id` int(10) unsigned NOT NULL DEFAULT '0' COMMENT 'User ID',
  `imported_file` varchar(255) DEFAULT NULL COMMENT 'Imported file',
  `execution_time` varchar(255) DEFAULT NULL COMMENT 'Execution time',
  `summary` varchar(255) DEFAULT NULL COMMENT 'Summary',
  `error_file` varchar(255) NOT NULL COMMENT 'Imported file with errors',
  PRIMARY KEY (`history_id`)
) ENGINE=InnoDB AUTO_INCREMENT=22 DEFAULT CHARSET=utf8 COMMENT='Import history table';

--
-- Dumping data for table `import_history`
--

INSERT INTO `import_history` VALUES (1,'2018-03-12 21:26:50',0,NULL,'00:00:00','Created: 73, Updated: 0, Deleted: 0',''),(2,'2018-03-12 21:27:36',0,NULL,'00:00:00','Created: 0, Updated: 73, Deleted: 0',''),(3,'2018-03-13 20:02:16',0,NULL,'00:00:00','Created: 17, Updated: 58, Deleted: 0',''),(4,'2018-03-13 20:18:04',0,NULL,'00:00:00','Created: 0, Updated: 75, Deleted: 0',''),(5,'2018-03-13 20:24:05',0,NULL,'00:00:00','Created: 0, Updated: 75, Deleted: 0',''),(6,'2018-03-13 20:38:58',0,NULL,'00:00:00','Created: 0, Updated: 75, Deleted: 0',''),(7,'2018-03-14 12:37:59',0,NULL,'In Progress',NULL,''),(8,'2018-03-14 12:38:16',0,NULL,'In Progress',NULL,''),(9,'2018-03-14 12:41:25',0,NULL,'00:00:00','Created: 0, Updated: 93, Deleted: 0',''),(10,'2018-03-14 12:42:04',0,NULL,'00:00:00','Created: 0, Updated: 93, Deleted: 0',''),(11,'2018-03-14 12:48:36',0,NULL,'00:00:00','Created: 0, Updated: 93, Deleted: 0',''),(12,'2018-03-14 12:51:01',0,NULL,'00:00:00','Created: 0, Updated: 85, Deleted: 0',''),(13,'2018-03-14 12:51:39',0,NULL,'00:00:00','Created: 0, Updated: 93, Deleted: 0',''),(14,'2018-03-14 12:58:20',0,NULL,'00:00:00','Created: 93, Updated: 0, Deleted: 0',''),(15,'2018-03-14 16:10:31',0,NULL,'00:00:00','Created: 0, Updated: 4, Deleted: 0',''),(16,'2018-03-14 20:28:57',0,NULL,'00:00:00','Created: 19, Updated: 4, Deleted: 0',''),(17,'2018-03-14 20:32:10',0,NULL,'00:00:00','Created: 103, Updated: 19, Deleted: 0',''),(18,'2018-03-14 20:50:05',0,NULL,'00:00:00','Created: 0, Updated: 122, Deleted: 0',''),(19,'2018-03-15 13:38:48',0,NULL,'00:00:00','Created: 0, Updated: 4, Deleted: 0',''),(20,'2018-03-15 14:17:44',0,NULL,'00:00:00','Created: 215, Updated: 0, Deleted: 0',''),(21,'2018-03-20 10:43:15',0,NULL,'00:00:00','Created: 4, Updated: 75, Deleted: 0','');

--
-- Table structure for table `importexport_importdata`
--

CREATE TABLE `importexport_importdata` (
  `id` int(10) unsigned NOT NULL AUTO_INCREMENT COMMENT 'Id',
  `entity` varchar(50) NOT NULL COMMENT 'Entity',
  `behavior` varchar(10) NOT NULL DEFAULT 'append' COMMENT 'Behavior',
  `data` longtext COMMENT 'Data',
  PRIMARY KEY (`id`)
) ENGINE=InnoDB AUTO_INCREMENT=38 DEFAULT CHARSET=utf8 COMMENT='Import Data Table';

--
-- Dumping data for table `importexport_importdata`
--

INSERT INTO `importexport_importdata` VALUES (37,'catalog_product','append','[{\"attribute_set_code\":\"Default\",\"product_websites\":\"base\",\"product_type\":\"simple\",\"weight\":1,\"sku\":\"ALJ1780100 9900 GOAT NUBUCK BLACK - m\",\"name\":\"PERFECT APE 01 - m\",\"url_key\":\"ALJ17801009900GOATNUBUCKBLACKm-PERFECTAPE01m\",\"price\":\"749\",\"size\":\"m\",\"qty\":\"10\",\"_attribute_set\":\"Default\",\"_product_websites\":\"base\"},{\"attribute_set_code\":\"Default\",\"product_websites\":\"base\",\"product_type\":\"simple\",\"weight\":1,\"sku\":\"ALJ1780100 9900 GOAT NUBUCK BLACK - l\",\"name\":\"PERFECT APE 01 - l\",\"url_key\":\"ALJ17801009900GOATNUBUCKBLACKl-PERFECTAPE01l\",\"price\":\"749\",\"size\":\"l\",\"qty\":\"10\",\"_attribute_set\":\"Default\",\"_product_websites\":\"base\"},{\"attribute_set_code\":\"Default\",\"product_websites\":\"base\",\"product_type\":\"simple\",\"weight\":1,\"sku\":\"ALJ1780100 9900 GOAT NUBUCK BLACK - xl\",\"name\":\"PERFECT APE 01 - xl\",\"url_key\":\"ALJ17801009900GOATNUBUCKBLACKxl-PERFECTAPE01xl\",\"price\":\"749\",\"size\":\"xl\",\"qty\":\"5\",\"_attribute_set\":\"Default\",\"_product_websites\":\"base\"},{\"attribute_set_code\":\"Default\",\"product_websites\":\"base\",\"product_type\":\"simple\",\"weight\":1,\"sku\":\"ALJ1780100 9900 LAMB DD BLACK - m\",\"name\":\"PERFECT APE 01 - m\",\"url_key\":\"ALJ17801009900LAMBDDBLACKm-PERFECTAPE01m\",\"price\":\"749\",\"size\":\"m\",\"qty\":\"10\",\"_attribute_set\":\"Default\",\"_product_websites\":\"base\"},{\"attribute_set_code\":\"Default\",\"product_websites\":\"base\",\"product_type\":\"simple\",\"weight\":1,\"sku\":\"ALJ1780100 9900 LAMB DD BLACK - l\",\"name\":\"PERFECT APE 01 - l\",\"url_key\":\"ALJ17801009900LAMBDDBLACKl-PERFECTAPE01l\",\"price\":\"749\",\"size\":\"l\",\"qty\":\"10\",\"_attribute_set\":\"Default\",\"_product_websites\":\"base\"},{\"attribute_set_code\":\"Default\",\"product_websites\":\"base\",\"product_type\":\"simple\",\"weight\":1,\"sku\":\"ALJ1780100 9900 LAMB DD BLACK - xl\",\"name\":\"PERFECT APE 01 - xl\",\"url_key\":\"ALJ17801009900LAMBDDBLACKxl-PERFECTAPE01xl\",\"price\":\"749\",\"size\":\"xl\",\"qty\":\"5\",\"_attribute_set\":\"Default\",\"_product_websites\":\"base\"},{\"attribute_set_code\":\"Default\",\"product_websites\":\"base\",\"product_type\":\"simple\",\"weight\":1,\"sku\":\"ALJ1780100 9900 BLACK WHITE - m\",\"name\":\"PERFECT APE 01 - m\",\"url_key\":\"ALJ17801009900BLACKWHITEm-PERFECTAPE01m\",\"price\":\"799\",\"size\":\"m\",\"qty\":\"10\",\"_attribute_set\":\"Default\",\"_product_websites\":\"base\"},{\"attribute_set_code\":\"Default\",\"product_websites\":\"base\",\"product_type\":\"simple\",\"weight\":1,\"sku\":\"ALJ1780100 9900 BLACK WHITE - l\",\"name\":\"PERFECT APE 01 - l\",\"url_key\":\"ALJ17801009900BLACKWHITEl-PERFECTAPE01l\",\"price\":\"799\",\"size\":\"l\",\"qty\":\"10\",\"_attribute_set\":\"Default\",\"_product_websites\":\"base\"},{\"attribute_set_code\":\"Default\",\"product_websites\":\"base\",\"product_type\":\"simple\",\"weight\":1,\"sku\":\"ALJ1780100 9900 BLACK WHITE - xl\",\"name\":\"PERFECT APE 01 - xl\",\"url_key\":\"ALJ17801009900BLACKWHITExl-PERFECTAPE01xl\",\"price\":\"799\",\"size\":\"xl\",\"qty\":\"5\",\"_attribute_set\":\"Default\",\"_product_websites\":\"base\"},{\"attribute_set_code\":\"Default\",\"product_websites\":\"base\",\"product_type\":\"simple\",\"weight\":1,\"sku\":\"ALJ1780102 9900 RUBOFF BLACK - m\",\"name\":\"HEAVY APE 01 - m\",\"url_key\":\"ALJ17801029900RUBOFFBLACKm-HEAVYAPE01m\",\"price\":\"649\",\"size\":\"m\",\"qty\":\"10\",\"_attribute_set\":\"Default\",\"_product_websites\":\"base\"},{\"attribute_set_code\":\"Default\",\"product_websites\":\"base\",\"product_type\":\"simple\",\"weight\":1,\"sku\":\"ALJ1780102 9900 RUBOFF BLACK - l\",\"name\":\"HEAVY APE 01 - l\",\"url_key\":\"ALJ17801029900RUBOFFBLACKl-HEAVYAPE01l\",\"price\":\"649\",\"size\":\"l\",\"qty\":\"10\",\"_attribute_set\":\"Default\",\"_product_websites\":\"base\"},{\"attribute_set_code\":\"Default\",\"product_websites\":\"base\",\"product_type\":\"simple\",\"weight\":1,\"sku\":\"ALJ1780102 9900 RUBOFF BLACK - xl\",\"name\":\"HEAVY APE 01 - xl\",\"url_key\":\"ALJ17801029900RUBOFFBLACKxl-HEAVYAPE01xl\",\"price\":\"649\",\"size\":\"xl\",\"qty\":\"5\",\"_attribute_set\":\"Default\",\"_product_websites\":\"base\"},{\"attribute_set_code\":\"Default\",\"product_websites\":\"base\",\"product_type\":\"simple\",\"weight\":1,\"sku\":\"ALJ1780104 9900 BLACK STUDS - m\",\"name\":\"HIDDEN APE 01 - m\",\"url_key\":\"ALJ17801049900BLACKSTUDSm-HIDDENAPE01m\",\"price\":\"849\",\"size\":\"m\",\"qty\":\"10\",\"_attribute_set\":\"Default\",\"_product_websites\":\"base\"},{\"attribute_set_code\":\"Default\",\"product_websites\":\"base\",\"product_type\":\"simple\",\"weight\":1,\"sku\":\"ALJ1780104 9900 BLACK STUDS - l\",\"name\":\"HIDDEN APE 01 - l\",\"url_key\":\"ALJ17801049900BLACKSTUDSl-HIDDENAPE01l\",\"price\":\"849\",\"size\":\"l\",\"qty\":\"10\",\"_attribute_set\":\"Default\",\"_product_websites\":\"base\"},{\"attribute_set_code\":\"Default\",\"product_websites\":\"base\",\"product_type\":\"simple\",\"weight\":1,\"sku\":\"ALJ1780104 9900 BLACK STUDS - xl\",\"name\":\"HIDDEN APE 01 - xl\",\"url_key\":\"ALJ17801049900BLACKSTUDSxl-HIDDENAPE01xl\",\"price\":\"849\",\"size\":\"xl\",\"qty\":\"5\",\"_attribute_set\":\"Default\",\"_product_websites\":\"base\"},{\"attribute_set_code\":\"Default\",\"product_websites\":\"base\",\"product_type\":\"simple\",\"weight\":1,\"sku\":\"AWLJ1780150 9900 NUBUCK BLACK - s\",\"name\":\"PERFECTIOUS APE 01 - s\",\"url_key\":\"AWLJ17801509900NUBUCKBLACKs-PERFECTIOUSAPE01s\",\"price\":\"749\",\"size\":\"s\",\"qty\":\"10\",\"_attribute_set\":\"Default\",\"_product_websites\":\"base\"},{\"attribute_set_code\":\"Default\",\"product_websites\":\"base\",\"product_type\":\"simple\",\"weight\":1,\"sku\":\"AWLJ1780150 9900 NUBUCK BLACK - m\",\"name\":\"PERFECTIOUS APE 01 - m\",\"url_key\":\"AWLJ17801509900NUBUCKBLACKm-PERFECTIOUSAPE01m\",\"price\":\"749\",\"size\":\"m\",\"qty\":\"10\",\"_attribute_set\":\"Default\",\"_product_websites\":\"base\"},{\"attribute_set_code\":\"Default\",\"product_websites\":\"base\",\"product_type\":\"simple\",\"weight\":1,\"sku\":\"AWLJ1780150 9900 NUBUCK BLACK - l\",\"name\":\"PERFECTIOUS APE 01 - l\",\"url_key\":\"AWLJ17801509900NUBUCKBLACKl-PERFECTIOUSAPE01l\",\"price\":\"749\",\"size\":\"l\",\"qty\":\"5\",\"_attribute_set\":\"Default\",\"_product_websites\":\"base\"},{\"attribute_set_code\":\"Default\",\"product_websites\":\"base\",\"product_type\":\"simple\",\"weight\":1,\"sku\":\"AWLJ1780150 9000 WHITE - s\",\"name\":\"PERFECTIOUS APE 01 - s\",\"url_key\":\"AWLJ17801509000WHITEs-PERFECTIOUSAPE01s\",\"price\":\"799\",\"size\":\"s\",\"qty\":\"10\",\"_attribute_set\":\"Default\",\"_product_websites\":\"base\"},{\"attribute_set_code\":\"Default\",\"product_websites\":\"base\",\"product_type\":\"simple\",\"weight\":1,\"sku\":\"AWLJ1780150 9000 WHITE - m\",\"name\":\"PERFECTIOUS APE 01 - m\",\"url_key\":\"AWLJ17801509000WHITEm-PERFECTIOUSAPE01m\",\"price\":\"799\",\"size\":\"m\",\"qty\":\"10\",\"_attribute_set\":\"Default\",\"_product_websites\":\"base\"},{\"attribute_set_code\":\"Default\",\"product_websites\":\"base\",\"product_type\":\"simple\",\"weight\":1,\"sku\":\"AWLJ1780150 9000 WHITE - l\",\"name\":\"PERFECTIOUS APE 01 - l\",\"url_key\":\"AWLJ17801509000WHITEl-PERFECTIOUSAPE01l\",\"price\":\"799\",\"size\":\"l\",\"qty\":\"5\",\"_attribute_set\":\"Default\",\"_product_websites\":\"base\"},{\"attribute_set_code\":\"Default\",\"product_websites\":\"base\",\"product_type\":\"simple\",\"weight\":1,\"sku\":\"AWLJ1780152 9900 RUBOFF BLACK - s\",\"name\":\"BUFFY APE 01 - s\",\"url_key\":\"AWLJ17801529900RUBOFFBLACKs-BUFFYAPE01s\",\"price\":\"599\",\"size\":\"s\",\"qty\":\"10\",\"_attribute_set\":\"Default\",\"_product_websites\":\"base\"},{\"attribute_set_code\":\"Default\",\"product_websites\":\"base\",\"product_type\":\"simple\",\"weight\":1,\"sku\":\"AWLJ1780152 9900 RUBOFF BLACK - m\",\"name\":\"BUFFY APE 01 - m\",\"url_key\":\"AWLJ17801529900RUBOFFBLACKm-BUFFYAPE01m\",\"price\":\"599\",\"size\":\"m\",\"qty\":\"10\",\"_attribute_set\":\"Default\",\"_product_websites\":\"base\"},{\"attribute_set_code\":\"Default\",\"product_websites\":\"base\",\"product_type\":\"simple\",\"weight\":1,\"sku\":\"AWLJ1780152 9900 RUBOFF BLACK - l\",\"name\":\"BUFFY APE 01 - l\",\"url_key\":\"AWLJ17801529900RUBOFFBLACKl-BUFFYAPE01l\",\"price\":\"599\",\"size\":\"l\",\"qty\":\"5\",\"_attribute_set\":\"Default\",\"_product_websites\":\"base\"},{\"attribute_set_code\":\"Default\",\"product_websites\":\"base\",\"product_type\":\"simple\",\"weight\":1,\"sku\":\"AWLJ1780154 9900 BLACK STUDS - s\",\"name\":\"GLAMOROUS APE 01 - s\",\"url_key\":\"AWLJ17801549900BLACKSTUDSs-GLAMOROUSAPE01s\",\"price\":\"799\",\"size\":\"s\",\"qty\":\"5\",\"_attribute_set\":\"Default\",\"_product_websites\":\"base\"},{\"attribute_set_code\":\"Default\",\"product_websites\":\"base\",\"product_type\":\"simple\",\"weight\":1,\"sku\":\"AWLJ1780154 9900 BLACK STUDS - m\",\"name\":\"GLAMOROUS APE 01 - m\",\"url_key\":\"AWLJ17801549900BLACKSTUDSm-GLAMOROUSAPE01m\",\"price\":\"799\",\"size\":\"m\",\"qty\":\"5\",\"_attribute_set\":\"Default\",\"_product_websites\":\"base\"},{\"attribute_set_code\":\"Default\",\"product_websites\":\"base\",\"product_type\":\"simple\",\"weight\":1,\"sku\":\"AWLJ1780154 9900 BLACK STUDS - l\",\"name\":\"GLAMOROUS APE 01 - l\",\"url_key\":\"AWLJ17801549900BLACKSTUDSl-GLAMOROUSAPE01l\",\"price\":\"799\",\"size\":\"l\",\"qty\":\"2\",\"_attribute_set\":\"Default\",\"_product_websites\":\"base\"},{\"attribute_set_code\":\"Default\",\"product_websites\":\"base\",\"product_type\":\"simple\",\"weight\":1,\"sku\":\"AWLJ1780154 9900 BLACK - s\",\"name\":\"GLAMOROUS APE 01 - s\",\"url_key\":\"AWLJ17801549900BLACKs-GLAMOROUSAPE01s\",\"price\":\"749\",\"size\":\"s\",\"qty\":\"5\",\"_attribute_set\":\"Default\",\"_product_websites\":\"base\"},{\"attribute_set_code\":\"Default\",\"product_websites\":\"base\",\"product_type\":\"simple\",\"weight\":1,\"sku\":\"AWLJ1780154 9900 BLACK - m\",\"name\":\"GLAMOROUS APE 01 - m\",\"url_key\":\"AWLJ17801549900BLACKm-GLAMOROUSAPE01m\",\"price\":\"749\",\"size\":\"m\",\"qty\":\"5\",\"_attribute_set\":\"Default\",\"_product_websites\":\"base\"},{\"attribute_set_code\":\"Default\",\"product_websites\":\"base\",\"product_type\":\"simple\",\"weight\":1,\"sku\":\"AWLJ1780154 9900 BLACK - l\",\"name\":\"GLAMOROUS APE 01 - l\",\"url_key\":\"AWLJ17801549900BLACKl-GLAMOROUSAPE01l\",\"price\":\"749\",\"size\":\"l\",\"qty\":\"3\",\"_attribute_set\":\"Default\",\"_product_websites\":\"base\"},{\"attribute_set_code\":\"Default\",\"product_websites\":\"base\",\"product_type\":\"simple\",\"weight\":1,\"sku\":\"ASW1780800 9900 BLACK - s\",\"name\":\"SWEATY APE 01 - s\",\"url_key\":\"ASW17808009900BLACKs-SWEATYAPE01s\",\"price\":\"159\",\"size\":\"s\",\"qty\":\"10\",\"_attribute_set\":\"Default\",\"_product_websites\":\"base\"},{\"attribute_set_code\":\"Default\",\"product_websites\":\"base\",\"product_type\":\"simple\",\"weight\":1,\"sku\":\"ASW1780800 9900 BLACK - m\",\"name\":\"SWEATY APE 01 - m\",\"url_key\":\"ASW17808009900BLACKm-SWEATYAPE01m\",\"price\":\"159\",\"size\":\"m\",\"qty\":\"40\",\"_attribute_set\":\"Default\",\"_product_websites\":\"base\"},{\"attribute_set_code\":\"Default\",\"product_websites\":\"base\",\"product_type\":\"simple\",\"weight\":1,\"sku\":\"ASW1780800 9900 BLACK - l\",\"name\":\"SWEATY APE 01 - l\",\"url_key\":\"ASW17808009900BLACKl-SWEATYAPE01l\",\"price\":\"159\",\"size\":\"l\",\"qty\":\"40\",\"_attribute_set\":\"Default\",\"_product_websites\":\"base\"},{\"attribute_set_code\":\"Default\",\"product_websites\":\"base\",\"product_type\":\"simple\",\"weight\":1,\"sku\":\"ASW1780800 9900 BLACK - xl\",\"name\":\"SWEATY APE 01 - xl\",\"url_key\":\"ASW17808009900BLACKxl-SWEATYAPE01xl\",\"price\":\"159\",\"size\":\"xl\",\"qty\":\"10\",\"_attribute_set\":\"Default\",\"_product_websites\":\"base\"},{\"attribute_set_code\":\"Default\",\"product_websites\":\"base\",\"product_type\":\"simple\",\"weight\":1,\"sku\":\"AWSW1780850 9000 WHITE - xs\",\"name\":\"BOLT APE 01 - xs\",\"url_key\":\"AWSW17808509000WHITExs-BOLTAPE01xs\",\"price\":\"159\",\"size\":\"xs\",\"qty\":\"10\",\"_attribute_set\":\"Default\",\"_product_websites\":\"base\"},{\"attribute_set_code\":\"Default\",\"product_websites\":\"base\",\"product_type\":\"simple\",\"weight\":1,\"sku\":\"AWSW1780850 9000 WHITE - s\",\"name\":\"BOLT APE 01 - s\",\"url_key\":\"AWSW17808509000WHITEs-BOLTAPE01s\",\"price\":\"159\",\"size\":\"s\",\"qty\":\"40\",\"_attribute_set\":\"Default\",\"_product_websites\":\"base\"},{\"attribute_set_code\":\"Default\",\"product_websites\":\"base\",\"product_type\":\"simple\",\"weight\":1,\"sku\":\"AWSW1780850 9000 WHITE - m\",\"name\":\"BOLT APE 01 - m\",\"url_key\":\"AWSW17808509000WHITEm-BOLTAPE01m\",\"price\":\"159\",\"size\":\"m\",\"qty\":\"40\",\"_attribute_set\":\"Default\",\"_product_websites\":\"base\"},{\"attribute_set_code\":\"Default\",\"product_websites\":\"base\",\"product_type\":\"simple\",\"weight\":1,\"sku\":\"AWSW1780850 9000 WHITE - l\",\"name\":\"BOLT APE 01 - l\",\"url_key\":\"AWSW17808509000WHITEl-BOLTAPE01l\",\"price\":\"159\",\"size\":\"l\",\"qty\":\"10\",\"_attribute_set\":\"Default\",\"_product_websites\":\"base\"},{\"attribute_set_code\":\"Default\",\"product_websites\":\"base\",\"product_type\":\"simple\",\"weight\":1,\"sku\":\"ATS1780602 9900 BLACK - s\",\"name\":\"SHY APE 01 - s\",\"url_key\":\"ATS17806029900BLACKs-SHYAPE01s\",\"price\":\"89\",\"size\":\"s\",\"qty\":\"10\",\"_attribute_set\":\"Default\",\"_product_websites\":\"base\"},{\"attribute_set_code\":\"Default\",\"product_websites\":\"base\",\"product_type\":\"simple\",\"weight\":1,\"sku\":\"ATS1780602 9900 BLACK - m\",\"name\":\"SHY APE 01 - m\",\"url_key\":\"ATS17806029900BLACKm-SHYAPE01m\",\"price\":\"89\",\"size\":\"m\",\"qty\":\"40\",\"_attribute_set\":\"Default\",\"_product_websites\":\"base\"},{\"attribute_set_code\":\"Default\",\"product_websites\":\"base\",\"product_type\":\"simple\",\"weight\":1,\"sku\":\"ATS1780602 9900 BLACK - l\",\"name\":\"SHY APE 01 - l\",\"url_key\":\"ATS17806029900BLACKl-SHYAPE01l\",\"price\":\"89\",\"size\":\"l\",\"qty\":\"40\",\"_attribute_set\":\"Default\",\"_product_websites\":\"base\"},{\"attribute_set_code\":\"Default\",\"product_websites\":\"base\",\"product_type\":\"simple\",\"weight\":1,\"sku\":\"ATS1780602 9900 BLACK - xl\",\"name\":\"SHY APE 01 - xl\",\"url_key\":\"ATS17806029900BLACKxl-SHYAPE01xl\",\"price\":\"89\",\"size\":\"xl\",\"qty\":\"10\",\"_attribute_set\":\"Default\",\"_product_websites\":\"base\"},{\"attribute_set_code\":\"Default\",\"product_websites\":\"base\",\"product_type\":\"simple\",\"weight\":1,\"sku\":\"AWTS1780654 9000 WHITE-BLACK - xs\",\"name\":\"ARTY APE 01 - xs\",\"url_key\":\"AWTS17806549000WHITEBLACKxs-ARTYAPE01xs\",\"price\":\"89\",\"size\":\"xs\",\"qty\":\"5\",\"_attribute_set\":\"Default\",\"_product_websites\":\"base\"},{\"attribute_set_code\":\"Default\",\"product_websites\":\"base\",\"product_type\":\"simple\",\"weight\":1,\"sku\":\"AWTS1780654 9000 WHITE-BLACK - s\",\"name\":\"ARTY APE 01 - s\",\"url_key\":\"AWTS17806549000WHITEBLACKs-ARTYAPE01s\",\"price\":\"89\",\"size\":\"s\",\"qty\":\"20\",\"_attribute_set\":\"Default\",\"_product_websites\":\"base\"},{\"attribute_set_code\":\"Default\",\"product_websites\":\"base\",\"product_type\":\"simple\",\"weight\":1,\"sku\":\"AWTS1780654 9000 WHITE-BLACK - m\",\"name\":\"ARTY APE 01 - m\",\"url_key\":\"AWTS17806549000WHITEBLACKm-ARTYAPE01m\",\"price\":\"89\",\"size\":\"m\",\"qty\":\"20\",\"_attribute_set\":\"Default\",\"_product_websites\":\"base\"},{\"attribute_set_code\":\"Default\",\"product_websites\":\"base\",\"product_type\":\"simple\",\"weight\":1,\"sku\":\"AWTS1780654 9000 WHITE-BLACK - l\",\"name\":\"ARTY APE 01 - l\",\"url_key\":\"AWTS17806549000WHITEBLACKl-ARTYAPE01l\",\"price\":\"89\",\"size\":\"l\",\"qty\":\"5\",\"_attribute_set\":\"Default\",\"_product_websites\":\"base\"},{\"attribute_set_code\":\"Default\",\"product_websites\":\"base\",\"product_type\":\"simple\",\"weight\":1,\"sku\":\"AWTS1780654 9000 WHITE-COPPER - xs\",\"name\":\"ARTY APE 01 - xs\",\"url_key\":\"AWTS17806549000WHITECOPPERxs-ARTYAPE01xs\",\"price\":\"89\",\"size\":\"xs\",\"qty\":\"5\",\"_attribute_set\":\"Default\",\"_product_websites\":\"base\"},{\"attribute_set_code\":\"Default\",\"product_websites\":\"base\",\"product_type\":\"simple\",\"weight\":1,\"sku\":\"AWTS1780654 9000 WHITE-COPPER - s\",\"name\":\"ARTY APE 01 - s\",\"url_key\":\"AWTS17806549000WHITECOPPERs-ARTYAPE01s\",\"price\":\"89\",\"size\":\"s\",\"qty\":\"20\",\"_attribute_set\":\"Default\",\"_product_websites\":\"base\"},{\"attribute_set_code\":\"Default\",\"product_websites\":\"base\",\"product_type\":\"simple\",\"weight\":1,\"sku\":\"AWTS1780654 9000 WHITE-COPPER - m\",\"name\":\"ARTY APE 01 - m\",\"url_key\":\"AWTS17806549000WHITECOPPERm-ARTYAPE01m\",\"price\":\"89\",\"size\":\"m\",\"qty\":\"20\",\"_attribute_set\":\"Default\",\"_product_websites\":\"base\"},{\"attribute_set_code\":\"Default\",\"product_websites\":\"base\",\"product_type\":\"simple\",\"weight\":1,\"sku\":\"AWTS1780654 9000 WHITE-COPPER - l\",\"name\":\"ARTY APE 01 - l\",\"url_key\":\"AWTS17806549000WHITECOPPERl-ARTYAPE01l\",\"price\":\"89\",\"size\":\"l\",\"qty\":\"5\",\"_attribute_set\":\"Default\",\"_product_websites\":\"base\"},{\"attribute_set_code\":\"Default\",\"product_websites\":\"base\",\"product_type\":\"simple\",\"weight\":1,\"sku\":\"ASH1780400 9900 BLACK - s\",\"name\":\"DRESSED APE 01 - s\",\"url_key\":\"ASH17804009900BLACKs-DRESSEDAPE01s\",\"price\":\"139\",\"size\":\"s\",\"qty\":\"8\",\"_attribute_set\":\"Default\",\"_product_websites\":\"base\"},{\"attribute_set_code\":\"Default\",\"product_websites\":\"base\",\"product_type\":\"simple\",\"weight\":1,\"sku\":\"ASH1780400 9900 BLACK - m\",\"name\":\"DRESSED APE 01 - m\",\"url_key\":\"ASH17804009900BLACKm-DRESSEDAPE01m\",\"price\":\"139\",\"size\":\"m\",\"qty\":\"12\",\"_attribute_set\":\"Default\",\"_product_websites\":\"base\"},{\"attribute_set_code\":\"Default\",\"product_websites\":\"base\",\"product_type\":\"simple\",\"weight\":1,\"sku\":\"ASH1780400 9900 BLACK - l\",\"name\":\"DRESSED APE 01 - l\",\"url_key\":\"ASH17804009900BLACKl-DRESSEDAPE01l\",\"price\":\"139\",\"size\":\"l\",\"qty\":\"12\",\"_attribute_set\":\"Default\",\"_product_websites\":\"base\"},{\"attribute_set_code\":\"Default\",\"product_websites\":\"base\",\"product_type\":\"simple\",\"weight\":1,\"sku\":\"ASH1780400 9900 BLACK - xl\",\"name\":\"DRESSED APE 01 - xl\",\"url_key\":\"ASH17804009900BLACKxl-DRESSEDAPE01xl\",\"price\":\"139\",\"size\":\"xl\",\"qty\":\"8\",\"_attribute_set\":\"Default\",\"_product_websites\":\"base\"},{\"attribute_set_code\":\"Default\",\"product_websites\":\"base\",\"product_type\":\"simple\",\"weight\":1,\"sku\":\"ASH1780400 9000 WHITE - s\",\"name\":\"DRESSED APE 01 - s\",\"url_key\":\"ASH17804009000WHITEs-DRESSEDAPE01s\",\"price\":\"139\",\"size\":\"s\",\"qty\":\"8\",\"_attribute_set\":\"Default\",\"_product_websites\":\"base\"},{\"attribute_set_code\":\"Default\",\"product_websites\":\"base\",\"product_type\":\"simple\",\"weight\":1,\"sku\":\"ASH1780400 9000 WHITE - m\",\"name\":\"DRESSED APE 01 - m\",\"url_key\":\"ASH17804009000WHITEm-DRESSEDAPE01m\",\"price\":\"139\",\"size\":\"m\",\"qty\":\"12\",\"_attribute_set\":\"Default\",\"_product_websites\":\"base\"},{\"attribute_set_code\":\"Default\",\"product_websites\":\"base\",\"product_type\":\"simple\",\"weight\":1,\"sku\":\"ASH1780400 9000 WHITE - l\",\"name\":\"DRESSED APE 01 - l\",\"url_key\":\"ASH17804009000WHITEl-DRESSEDAPE01l\",\"price\":\"139\",\"size\":\"l\",\"qty\":\"12\",\"_attribute_set\":\"Default\",\"_product_websites\":\"base\"},{\"attribute_set_code\":\"Default\",\"product_websites\":\"base\",\"product_type\":\"simple\",\"weight\":1,\"sku\":\"ASH1780400 9000 WHITE - xl\",\"name\":\"DRESSED APE 01 - xl\",\"url_key\":\"ASH17804009000WHITExl-DRESSEDAPE01xl\",\"price\":\"139\",\"size\":\"xl\",\"qty\":\"8\",\"_attribute_set\":\"Default\",\"_product_websites\":\"base\"},{\"attribute_set_code\":\"Default\",\"product_websites\":\"base\",\"product_type\":\"simple\",\"weight\":1,\"sku\":\"AJA1780206 9900 BRUT NUBBUCK BLACK - m\",\"name\":\"BRUT APE 01 - m\",\"url_key\":\"AJA17802069900BRUTNUBBUCKBLACKm-BRUTAPE01m\",\"price\":\"649\",\"size\":\"m\",\"qty\":\"10\",\"_attribute_set\":\"Default\",\"_product_websites\":\"base\"},{\"attribute_set_code\":\"Default\",\"product_websites\":\"base\",\"product_type\":\"simple\",\"weight\":1,\"sku\":\"AJA1780206 9900 BRUT NUBBUCK BLACK - l\",\"name\":\"BRUT APE 01 - l\",\"url_key\":\"AJA17802069900BRUTNUBBUCKBLACKl-BRUTAPE01l\",\"price\":\"649\",\"size\":\"l\",\"qty\":\"10\",\"_attribute_set\":\"Default\",\"_product_websites\":\"base\"},{\"attribute_set_code\":\"Default\",\"product_websites\":\"base\",\"product_type\":\"simple\",\"weight\":1,\"sku\":\"AJA1780206 9900 BRUT NUBBUCK BLACK - xl\",\"name\":\"BRUT APE 01 - xl\",\"url_key\":\"AJA17802069900BRUTNUBBUCKBLACKxl-BRUTAPE01xl\",\"price\":\"649\",\"size\":\"xl\",\"qty\":\"5\",\"_attribute_set\":\"Default\",\"_product_websites\":\"base\"},{\"attribute_set_code\":\"Default\",\"product_websites\":\"base\",\"product_type\":\"configurable\",\"weight\":\"2\",\"sku\":\"ALJ1780100 9900 GOAT NUBUCK BLACK\",\"base_image\":\"http:\\/\\/shop.saint-ape.com\\/__productimages\\/ALJ1780100-9900-GOAT-NUBUCK-BLACK\\/ALJ1780100-9900-GOAT-NUBUCK-BLACK-front.jpg\",\"small_image\":\"http:\\/\\/shop.saint-ape.com\\/__productimages\\/ALJ1780100-9900-GOAT-NUBUCK-BLACK\\/ALJ1780100-9900-GOAT-NUBUCK-BLACK-front.jpg\",\"thumbnail_image\":\"http:\\/\\/shop.saint-ape.com\\/__productimages\\/ALJ1780100-9900-GOAT-NUBUCK-BLACK\\/ALJ1780100-9900-GOAT-NUBUCK-BLACK-front.jpg\",\"additional_images\":\"http:\\/\\/shop.saint-ape.com\\/__productimages\\/ALJ1780100-9900-GOAT-NUBUCK-BLACK\\/ALJ1780100-9900-GOAT-NUBUCK-BLACK-back.jpg\",\"name\":\"PERFECT APE 01\",\"url_key\":\"ALJ17801009900GOATNUBUCKBLACK-PERFECTAPE01\",\"price\":\"749\",\"description\":\"ST APE Perfecto leather biker jacket is made from a soft, yet heavy goat nubuck leather. Details include clean stitching, and unique branded hardware & trimmings. We have used an unbleached cotton body lining for better breathability, and a nylon sleeve lining for added ease of putting on your jacket.   Only a few are genius.\",\"short_description\":\"Leather biker jacket \",\"country_manufacturer\":\"India\",\"fabric\":\"Goat Nubuck\",\"color\":\"black\",\"categories\":\"Default Category\\/men\\/leather jackets\",\"configurable_variation_labels\":\"SIZE=SIZE\",\"configurable_variations\":\"sku=ALJ1780100 9900 GOAT NUBUCK BLACK - m,size=m|sku=ALJ1780100 9900 GOAT NUBUCK BLACK - l,size=l|sku=ALJ1780100 9900 GOAT NUBUCK BLACK - xl,size=xl\",\"image\":\"http:\\/\\/shop.saint-ape.com\\/__productimages\\/ALJ1780100-9900-GOAT-NUBUCK-BLACK\\/ALJ1780100-9900-GOAT-NUBUCK-BLACK-front.jpg\",\"thumbnail\":\"http:\\/\\/shop.saint-ape.com\\/__productimages\\/ALJ1780100-9900-GOAT-NUBUCK-BLACK\\/ALJ1780100-9900-GOAT-NUBUCK-BLACK-front.jpg\",\"_media_image\":\"http:\\/\\/shop.saint-ape.com\\/__productimages\\/ALJ1780100-9900-GOAT-NUBUCK-BLACK\\/ALJ1780100-9900-GOAT-NUBUCK-BLACK-back.jpg\",\"_attribute_set\":\"Default\",\"_product_websites\":\"base\"},{\"attribute_set_code\":\"Default\",\"product_websites\":\"base\",\"product_type\":\"configurable\",\"weight\":\"2\",\"sku\":\"ALJ1780100 9900 LAMB DD BLACK\",\"base_image\":\"http:\\/\\/shop.saint-ape.com\\/__productimages\\/ALJ1780100-9900-LAMB-DD-BLACK\\/ALJ1780100-9900-LAMB-DD-BLACK-front.jpg\",\"small_image\":\"http:\\/\\/shop.saint-ape.com\\/__productimages\\/ALJ1780100-9900-LAMB-DD-BLACK\\/ALJ1780100-9900-LAMB-DD-BLACK-front.jpg\",\"thumbnail_image\":\"http:\\/\\/shop.saint-ape.com\\/__productimages\\/ALJ1780100-9900-LAMB-DD-BLACK\\/ALJ1780100-9900-LAMB-DD-BLACK-front.jpg\",\"additional_images\":\"http:\\/\\/shop.saint-ape.com\\/__productimages\\/ALJ1780100-9900-LAMB-DD-BLACK\\/ALJ1780100-9900-LAMB-DD-BLACK-back.jpg\",\"name\":\"PERFECT APE 01\",\"url_key\":\"ALJ17801009900LAMBDDBLACK-PERFECTAPE01\",\"price\":\"749\",\"description\":\"ST APE Perfecto leather biker jacket is made from a soft, yet heavy lamb Drum Dyed leather. Details include clean stitching, and unique branded hardware & trimmings. We have used an unbleached cotton body lining for better breathability, and a nylon sleeve lining for added ease of putting on your jacket.   Only a few are genius.\",\"short_description\":\"Leather biker jacket \",\"country_manufacturer\":\"India\",\"fabric\":\"Lamb DD\",\"color\":\"black\",\"categories\":\"Default Category\\/men\\/leather jackets\",\"configurable_variation_labels\":\"SIZE=SIZE\",\"configurable_variations\":\"sku=ALJ1780100 9900 LAMB DD BLACK - m,size=m|sku=ALJ1780100 9900 LAMB DD BLACK - l,size=l|sku=ALJ1780100 9900 LAMB DD BLACK - xl,size=xl\",\"image\":\"http:\\/\\/shop.saint-ape.com\\/__productimages\\/ALJ1780100-9900-LAMB-DD-BLACK\\/ALJ1780100-9900-LAMB-DD-BLACK-front.jpg\",\"thumbnail\":\"http:\\/\\/shop.saint-ape.com\\/__productimages\\/ALJ1780100-9900-LAMB-DD-BLACK\\/ALJ1780100-9900-LAMB-DD-BLACK-front.jpg\",\"_media_image\":\"http:\\/\\/shop.saint-ape.com\\/__productimages\\/ALJ1780100-9900-LAMB-DD-BLACK\\/ALJ1780100-9900-LAMB-DD-BLACK-back.jpg\",\"_attribute_set\":\"Default\",\"_product_websites\":\"base\"},{\"attribute_set_code\":\"Default\",\"product_websites\":\"base\",\"product_type\":\"configurable\",\"weight\":\"2\",\"sku\":\"ALJ1780100 9900 BLACK WHITE\",\"base_image\":\"http:\\/\\/shop.saint-ape.com\\/__productimages\\/ALJ1780100-9900-BLACK-WHITE\\/ALJ1780100-9900-BLACK-WHITE-front.jpg\",\"small_image\":\"http:\\/\\/shop.saint-ape.com\\/__productimages\\/ALJ1780100-9900-BLACK-WHITE\\/ALJ1780100-9900-BLACK-WHITE-front.jpg\",\"thumbnail_image\":\"http:\\/\\/shop.saint-ape.com\\/__productimages\\/ALJ1780100-9900-BLACK-WHITE\\/ALJ1780100-9900-BLACK-WHITE-front.jpg\",\"additional_images\":\"http:\\/\\/shop.saint-ape.com\\/__productimages\\/ALJ1780100-9900-BLACK-WHITE\\/ALJ1780100-9900-BLACK-WHITE-back.jpg\",\"name\":\"PERFECT APE 01\",\"url_key\":\"ALJ17801009900BLACKWHITE-PERFECTAPE01\",\"price\":\"799\",\"description\":\"ST APE Perfecto leather biker jacket is made from a soft, yet heavy lamb Drum Dyed chrome free leather. Details include clean stitching, and unique branded hardware & trimmings. We have  used an unbleached cotton body lining for better breathability, and a nylon sleeve lining for added ease of putting on your jacket.   Only a few are genius.\",\"short_description\":\"Leather biker jacket \",\"country_manufacturer\":\"India\",\"fabric\":\"Lamb DD Chrome Free\",\"color\":\"black\",\"categories\":\"Default Category\\/men\\/leather jackets\",\"configurable_variation_labels\":\"SIZE=SIZE\",\"configurable_variations\":\"sku=ALJ1780100 9900 BLACK WHITE - m,size=m|sku=ALJ1780100 9900 BLACK WHITE - l,size=l|sku=ALJ1780100 9900 BLACK WHITE - xl,size=xl\",\"image\":\"http:\\/\\/shop.saint-ape.com\\/__productimages\\/ALJ1780100-9900-BLACK-WHITE\\/ALJ1780100-9900-BLACK-WHITE-front.jpg\",\"thumbnail\":\"http:\\/\\/shop.saint-ape.com\\/__productimages\\/ALJ1780100-9900-BLACK-WHITE\\/ALJ1780100-9900-BLACK-WHITE-front.jpg\",\"_media_image\":\"http:\\/\\/shop.saint-ape.com\\/__productimages\\/ALJ1780100-9900-BLACK-WHITE\\/ALJ1780100-9900-BLACK-WHITE-back.jpg\",\"_attribute_set\":\"Default\",\"_product_websites\":\"base\"},{\"attribute_set_code\":\"Default\",\"product_websites\":\"base\",\"product_type\":\"configurable\",\"weight\":\"2\",\"sku\":\"ALJ1780102 9900 RUBOFF BLACK\",\"base_image\":\"http:\\/\\/shop.saint-ape.com\\/__productimages\\/ALJ1780102-9900-RUBOFF-BLACK\\/ALJ1780102-9900-RUBOFF-BLACK-front.jpg\",\"small_image\":\"http:\\/\\/shop.saint-ape.com\\/__productimages\\/ALJ1780102-9900-RUBOFF-BLACK\\/ALJ1780102-9900-RUBOFF-BLACK-front.jpg\",\"thumbnail_image\":\"http:\\/\\/shop.saint-ape.com\\/__productimages\\/ALJ1780102-9900-RUBOFF-BLACK\\/ALJ1780102-9900-RUBOFF-BLACK-front.jpg\",\"additional_images\":\"http:\\/\\/shop.saint-ape.com\\/__productimages\\/ALJ1780102-9900-RUBOFF-BLACK\\/ALJ1780102-9900-RUBOFF-BLACK-back.jpg\",\"name\":\"HEAVY APE 01\",\"url_key\":\"ALJ17801029900RUBOFFBLACK-HEAVYAPE01\",\"price\":\"649\",\"description\":\"100% cow leather with rubbed grain effect, washed & tanned in an environmentally friendly way. This piece has been made using the Treasury of Denim way of construction. We have used an unbleached cotton body lining for better breathability, and unique branded hardware & trimmings. \",\"short_description\":\"new age pilot jacket\",\"country_manufacturer\":\"India\",\"fabric\":\"Cow leather in global rub off\",\"color\":\"black\",\"categories\":\"Default Category\\/men\\/leather jackets\",\"configurable_variation_labels\":\"SIZE=SIZE\",\"configurable_variations\":\"sku=ALJ1780102 9900 RUBOFF BLACK - m,size=m|sku=ALJ1780102 9900 RUBOFF BLACK - l,size=l|sku=ALJ1780102 9900 RUBOFF BLACK - xl,size=xl\",\"image\":\"http:\\/\\/shop.saint-ape.com\\/__productimages\\/ALJ1780102-9900-RUBOFF-BLACK\\/ALJ1780102-9900-RUBOFF-BLACK-front.jpg\",\"thumbnail\":\"http:\\/\\/shop.saint-ape.com\\/__productimages\\/ALJ1780102-9900-RUBOFF-BLACK\\/ALJ1780102-9900-RUBOFF-BLACK-front.jpg\",\"_media_image\":\"http:\\/\\/shop.saint-ape.com\\/__productimages\\/ALJ1780102-9900-RUBOFF-BLACK\\/ALJ1780102-9900-RUBOFF-BLACK-back.jpg\",\"_attribute_set\":\"Default\",\"_product_websites\":\"base\"},{\"attribute_set_code\":\"Default\",\"product_websites\":\"base\",\"product_type\":\"configurable\",\"weight\":\"2\",\"sku\":\"ALJ1780104 9900 BLACK STUDS\",\"base_image\":\"http:\\/\\/shop.saint-ape.com\\/__productimages\\/ALJ1780104-9900-BLACK-STUDS\\/ALJ1780104-9900-BLACK-STUDS-front.jpg\",\"small_image\":\"http:\\/\\/shop.saint-ape.com\\/__productimages\\/ALJ1780104-9900-BLACK-STUDS\\/ALJ1780104-9900-BLACK-STUDS-front.jpg\",\"thumbnail_image\":\"http:\\/\\/shop.saint-ape.com\\/__productimages\\/ALJ1780104-9900-BLACK-STUDS\\/ALJ1780104-9900-BLACK-STUDS-front.jpg\",\"additional_images\":\"http:\\/\\/shop.saint-ape.com\\/__productimages\\/ALJ1780104-9900-BLACK-STUDS\\/ALJ1780104-9900-BLACK-STUDS-back.jpg\",\"name\":\"HIDDEN APE 01\",\"url_key\":\"ALJ17801049900BLACKSTUDS-HIDDENAPE01\",\"price\":\"849\",\"description\":\"This is our most iconic jacket with the hidden and then revealed studs on this ST APE Perfecto leather biker jacket. It is made out of a very soft, yet heavy lamb Drum Dyed leather. Details include clean stitching, and unique branded hardware & trimmings. We have used an unbleached cotton body lining for better breathability, and a nylon sleeve lining for added ease of putting on your jacket.   Only a few are genius.\",\"short_description\":\"iconic leater perfecto biker jacket \",\"fabric\":\"Lamb DD Chrome Free\",\"color\":\"black\",\"categories\":\"Default Category\\/men\\/leather jackets\",\"configurable_variation_labels\":\"SIZE=SIZE\",\"configurable_variations\":\"sku=ALJ1780104 9900 BLACK STUDS - m,size=m|sku=ALJ1780104 9900 BLACK STUDS - l,size=l|sku=ALJ1780104 9900 BLACK STUDS - xl,size=xl\",\"image\":\"http:\\/\\/shop.saint-ape.com\\/__productimages\\/ALJ1780104-9900-BLACK-STUDS\\/ALJ1780104-9900-BLACK-STUDS-front.jpg\",\"thumbnail\":\"http:\\/\\/shop.saint-ape.com\\/__productimages\\/ALJ1780104-9900-BLACK-STUDS\\/ALJ1780104-9900-BLACK-STUDS-front.jpg\",\"_media_image\":\"http:\\/\\/shop.saint-ape.com\\/__productimages\\/ALJ1780104-9900-BLACK-STUDS\\/ALJ1780104-9900-BLACK-STUDS-back.jpg\",\"_attribute_set\":\"Default\",\"_product_websites\":\"base\"},{\"attribute_set_code\":\"Default\",\"product_websites\":\"base\",\"product_type\":\"configurable\",\"weight\":\"1.5\",\"sku\":\"AWLJ1780150 9900 NUBUCK BLACK\",\"base_image\":\"http:\\/\\/shop.saint-ape.com\\/__productimages\\/AWLJ1780150-9900-NUBUCK-BLACK\\/AWLJ1780150-9900-NUBUCK-BLACK-front.jpg\",\"small_image\":\"http:\\/\\/shop.saint-ape.com\\/__productimages\\/AWLJ1780150-9900-NUBUCK-BLACK\\/AWLJ1780150-9900-NUBUCK-BLACK-front.jpg\",\"thumbnail_image\":\"http:\\/\\/shop.saint-ape.com\\/__productimages\\/AWLJ1780150-9900-NUBUCK-BLACK\\/AWLJ1780150-9900-NUBUCK-BLACK-front.jpg\",\"additional_images\":\"http:\\/\\/shop.saint-ape.com\\/__productimages\\/AWLJ1780150-9900-NUBUCK-BLACK\\/AWLJ1780150-9900-NUBUCK-BLACK-back.jpg\",\"name\":\"PERFECTIOUS APE 01\",\"url_key\":\"AWLJ17801509900NUBUCKBLACK-PERFECTIOUSAPE01\",\"price\":\"749\",\"description\":\"This soft, yet heavy goat Nubuck leather features quality clean stitchung and unique branded hardware & trimmings. We have used  an unbleached cotton lining for better breathability. Because of the extra light hardware & trimmings, this 100% real leather jacket is extremely comfortable to wear. \",\"short_description\":\"Leather biker jacket \",\"country_manufacturer\":\"India\",\"fabric\":\"Goat Nubuck\",\"color\":\"black\",\"categories\":\"Default Category\\/women\\/leather jackets\",\"configurable_variation_labels\":\"SIZE=SIZE\",\"configurable_variations\":\"sku=AWLJ1780150 9900 NUBUCK BLACK - s,size=s|sku=AWLJ1780150 9900 NUBUCK BLACK - m,size=m|sku=AWLJ1780150 9900 NUBUCK BLACK - l,size=l\",\"image\":\"http:\\/\\/shop.saint-ape.com\\/__productimages\\/AWLJ1780150-9900-NUBUCK-BLACK\\/AWLJ1780150-9900-NUBUCK-BLACK-front.jpg\",\"thumbnail\":\"http:\\/\\/shop.saint-ape.com\\/__productimages\\/AWLJ1780150-9900-NUBUCK-BLACK\\/AWLJ1780150-9900-NUBUCK-BLACK-front.jpg\",\"_media_image\":\"http:\\/\\/shop.saint-ape.com\\/__productimages\\/AWLJ1780150-9900-NUBUCK-BLACK\\/AWLJ1780150-9900-NUBUCK-BLACK-back.jpg\",\"_attribute_set\":\"Default\",\"_product_websites\":\"base\"},{\"attribute_set_code\":\"Default\",\"product_websites\":\"base\",\"product_type\":\"configurable\",\"weight\":\"1.5\",\"sku\":\"AWLJ1780150 9000 WHITE\",\"base_image\":\"http:\\/\\/shop.saint-ape.com\\/__productimages\\/AWLJ1780150-9000-WHITE\\/AWLJ1780150-9000-WHITE-front.jpg\",\"small_image\":\"http:\\/\\/shop.saint-ape.com\\/__productimages\\/AWLJ1780150-9000-WHITE\\/AWLJ1780150-9000-WHITE-front.jpg\",\"thumbnail_image\":\"http:\\/\\/shop.saint-ape.com\\/__productimages\\/AWLJ1780150-9000-WHITE\\/AWLJ1780150-9000-WHITE-front.jpg\",\"additional_images\":\"http:\\/\\/shop.saint-ape.com\\/__productimages\\/AWLJ1780150-9000-WHITE\\/AWLJ1780150-9000-WHITE-back.jpg\",\"name\":\"PERFECTIOUS APE 01\",\"url_key\":\"AWLJ17801509000WHITE-PERFECTIOUSAPE01\",\"price\":\"799\",\"description\":\"A refined combination of two types of leather was used to create this perfect leather jacket. The white leather is chrome free nano lamb quality, and the black is a soft lamb Drum Dyed quality leather. We have used an unbleached cotton lining with quality clean stitching and unique branded hardware & trimmings. \",\"short_description\":\"Leather biker jacket \",\"country_manufacturer\":\"India\",\"fabric\":\"Lamb DD Chrome Free\",\"color\":\"white\",\"categories\":\"Default Category\\/women\\/leather jackets\",\"configurable_variation_labels\":\"SIZE=SIZE\",\"configurable_variations\":\"sku=AWLJ1780150 9000 WHITE - s,size=s|sku=AWLJ1780150 9000 WHITE - m,size=m|sku=AWLJ1780150 9000 WHITE - l,size=l\",\"image\":\"http:\\/\\/shop.saint-ape.com\\/__productimages\\/AWLJ1780150-9000-WHITE\\/AWLJ1780150-9000-WHITE-front.jpg\",\"thumbnail\":\"http:\\/\\/shop.saint-ape.com\\/__productimages\\/AWLJ1780150-9000-WHITE\\/AWLJ1780150-9000-WHITE-front.jpg\",\"_media_image\":\"http:\\/\\/shop.saint-ape.com\\/__productimages\\/AWLJ1780150-9000-WHITE\\/AWLJ1780150-9000-WHITE-back.jpg\",\"_attribute_set\":\"Default\",\"_product_websites\":\"base\"},{\"attribute_set_code\":\"Default\",\"product_websites\":\"base\",\"product_type\":\"configurable\",\"weight\":\"1.5\",\"sku\":\"AWLJ1780152 9900 RUBOFF BLACK\",\"base_image\":\"http:\\/\\/shop.saint-ape.com\\/__productimages\\/AWLJ1780152-9900-RUBOFF-BLACK\\/AWLJ1780152-9900-RUBOFF-BLACK-front.jpg\",\"small_image\":\"http:\\/\\/shop.saint-ape.com\\/__productimages\\/AWLJ1780152-9900-RUBOFF-BLACK\\/AWLJ1780152-9900-RUBOFF-BLACK-front.jpg\",\"thumbnail_image\":\"http:\\/\\/shop.saint-ape.com\\/__productimages\\/AWLJ1780152-9900-RUBOFF-BLACK\\/AWLJ1780152-9900-RUBOFF-BLACK-front.jpg\",\"additional_images\":\"http:\\/\\/shop.saint-ape.com\\/__productimages\\/AWLJ1780152-9900-RUBOFF-BLACK\\/AWLJ1780152-9900-RUBOFF-BLACK-back.jpg\",\"name\":\"BUFFY APE 01\",\"url_key\":\"AWLJ17801529900RUBOFFBLACK-BUFFYAPE01\",\"price\":\"599\",\"description\":\"100% cow leather with rubbed grain effect, washed & tanned in an environmentally friendly way. This piece has been made using the Treasury of Denim way of construction. We have used an unbleached cotton body lining for better breathability, and unique branded hardware & trimmings. \",\"short_description\":\"new age bomber jacket\",\"country_manufacturer\":\"India\",\"fabric\":\"Cow leather in global rub off\",\"color\":\"black\",\"categories\":\"Default Category\\/women\\/leather jackets\",\"configurable_variation_labels\":\"SIZE=SIZE\",\"configurable_variations\":\"sku=AWLJ1780152 9900 RUBOFF BLACK - s,size=s|sku=AWLJ1780152 9900 RUBOFF BLACK - m,size=m|sku=AWLJ1780152 9900 RUBOFF BLACK - l,size=l\",\"image\":\"http:\\/\\/shop.saint-ape.com\\/__productimages\\/AWLJ1780152-9900-RUBOFF-BLACK\\/AWLJ1780152-9900-RUBOFF-BLACK-front.jpg\",\"thumbnail\":\"http:\\/\\/shop.saint-ape.com\\/__productimages\\/AWLJ1780152-9900-RUBOFF-BLACK\\/AWLJ1780152-9900-RUBOFF-BLACK-front.jpg\",\"_media_image\":\"http:\\/\\/shop.saint-ape.com\\/__productimages\\/AWLJ1780152-9900-RUBOFF-BLACK\\/AWLJ1780152-9900-RUBOFF-BLACK-back.jpg\",\"_attribute_set\":\"Default\",\"_product_websites\":\"base\"},{\"attribute_set_code\":\"Default\",\"product_websites\":\"base\",\"product_type\":\"configurable\",\"weight\":\"1.5\",\"sku\":\"AWLJ1780154 9900 BLACK STUDS\",\"base_image\":\"http:\\/\\/shop.saint-ape.com\\/__productimages\\/AWLJ1780154-9900-BLACK-STUDS\\/AWLJ1780154-9900-BLACK-STUDS-front.jpg\",\"small_image\":\"http:\\/\\/shop.saint-ape.com\\/__productimages\\/AWLJ1780154-9900-BLACK-STUDS\\/AWLJ1780154-9900-BLACK-STUDS-front.jpg\",\"thumbnail_image\":\"http:\\/\\/shop.saint-ape.com\\/__productimages\\/AWLJ1780154-9900-BLACK-STUDS\\/AWLJ1780154-9900-BLACK-STUDS-front.jpg\",\"additional_images\":\"http:\\/\\/shop.saint-ape.com\\/__productimages\\/AWLJ1780154-9900-BLACK-STUDS\\/AWLJ1780154-9900-BLACK-STUDS-back.jpg\",\"name\":\"GLAMOROUS APE 01\",\"url_key\":\"AWLJ17801549900BLACKSTUDS-GLAMOROUSAPE01\",\"price\":\"799\",\"description\":\"A soft lamb Drum Dyed leather that demonstrated endurance and the iconic \'Gibbon\' logo, with padded quilting detail on the shoulders and back adding to the style. We have used  an unbleached cotton lining for better breathability. This jacket is also available without artwork.\",\"short_description\":\"Leather biker jacket \",\"country_manufacturer\":\"India\",\"fabric\":\"Lamb DD\",\"color\":\"black\",\"categories\":\"Default Category\\/women\\/leather jackets\",\"configurable_variation_labels\":\"SIZE=SIZE\",\"configurable_variations\":\"sku=AWLJ1780154 9900 BLACK STUDS - s,size=s|sku=AWLJ1780154 9900 BLACK STUDS - m,size=m|sku=AWLJ1780154 9900 BLACK STUDS - l,size=l\",\"image\":\"http:\\/\\/shop.saint-ape.com\\/__productimages\\/AWLJ1780154-9900-BLACK-STUDS\\/AWLJ1780154-9900-BLACK-STUDS-front.jpg\",\"thumbnail\":\"http:\\/\\/shop.saint-ape.com\\/__productimages\\/AWLJ1780154-9900-BLACK-STUDS\\/AWLJ1780154-9900-BLACK-STUDS-front.jpg\",\"_media_image\":\"http:\\/\\/shop.saint-ape.com\\/__productimages\\/AWLJ1780154-9900-BLACK-STUDS\\/AWLJ1780154-9900-BLACK-STUDS-back.jpg\",\"_attribute_set\":\"Default\",\"_product_websites\":\"base\"},{\"attribute_set_code\":\"Default\",\"product_websites\":\"base\",\"product_type\":\"configurable\",\"weight\":\"1.5\",\"sku\":\"AWLJ1780154 9900 BLACK\",\"base_image\":\"http:\\/\\/shop.saint-ape.com\\/__productimages\\/AWLJ1780154-9900-BLACK\\/AWLJ1780154-9900-BLACK-front.jpg\",\"small_image\":\"http:\\/\\/shop.saint-ape.com\\/__productimages\\/AWLJ1780154-9900-BLACK\\/AWLJ1780154-9900-BLACK-front.jpg\",\"thumbnail_image\":\"http:\\/\\/shop.saint-ape.com\\/__productimages\\/AWLJ1780154-9900-BLACK\\/AWLJ1780154-9900-BLACK-front.jpg\",\"additional_images\":\"http:\\/\\/shop.saint-ape.com\\/__productimages\\/AWLJ1780154-9900-BLACK\\/AWLJ1780154-9900-BLACK-back.jpg\",\"name\":\"GLAMOROUS APE 01\",\"url_key\":\"AWLJ17801549900BLACK-GLAMOROUSAPE01\",\"price\":\"749\",\"description\":\"A soft lamb Drum Dyed leather that demonstrated endurance and the iconic \'Gibbon\' logo, with padded quilting detail on the shoulders and back adding to the style. We have used  an unbleached cotton lining for better breathability. This jacket is also available without artwork.\",\"short_description\":\"Leather biker jacket \",\"country_manufacturer\":\"India\",\"fabric\":\"Lamb DD\",\"color\":\"black\",\"categories\":\"Default Category\\/women\\/leather jackets\",\"configurable_variation_labels\":\"SIZE=SIZE\",\"configurable_variations\":\"sku=AWLJ1780154 9900 BLACK - s,size=s|sku=AWLJ1780154 9900 BLACK - m,size=m|sku=AWLJ1780154 9900 BLACK - l,size=l\",\"image\":\"http:\\/\\/shop.saint-ape.com\\/__productimages\\/AWLJ1780154-9900-BLACK\\/AWLJ1780154-9900-BLACK-front.jpg\",\"thumbnail\":\"http:\\/\\/shop.saint-ape.com\\/__productimages\\/AWLJ1780154-9900-BLACK\\/AWLJ1780154-9900-BLACK-front.jpg\",\"_media_image\":\"http:\\/\\/shop.saint-ape.com\\/__productimages\\/AWLJ1780154-9900-BLACK\\/AWLJ1780154-9900-BLACK-back.jpg\",\"_attribute_set\":\"Default\",\"_product_websites\":\"base\"},{\"attribute_set_code\":\"Default\",\"product_websites\":\"base\",\"product_type\":\"configurable\",\"weight\":1,\"sku\":\"ASW1780800 9900 BLACK\",\"base_image\":\"http:\\/\\/shop.saint-ape.com\\/__productimages\\/ASW1780800-9900-BLACK\\/ASW1780800-9900-BLACK-front.jpg\",\"small_image\":\"http:\\/\\/shop.saint-ape.com\\/__productimages\\/ASW1780800-9900-BLACK\\/ASW1780800-9900-BLACK-front.jpg\",\"thumbnail_image\":\"http:\\/\\/shop.saint-ape.com\\/__productimages\\/ASW1780800-9900-BLACK\\/ASW1780800-9900-BLACK-front.jpg\",\"additional_images\":\"http:\\/\\/shop.saint-ape.com\\/__productimages\\/ASW1780800-9900-BLACK\\/ASW1780800-9900-BLACK-back.jpg\",\"name\":\"SWEATY APE 01\",\"url_key\":\"ASW17808009900BLACK-SWEATYAPE01\",\"price\":\"159\",\"description\":\"ST. APE long sleeved sweatshirt with embroided \'Gibbon\' logo, in a heavy weight 320 grams cotton. \",\"short_description\":\"Sweater\",\"country_manufacturer\":\"Portugal\",\"fabric\":\"Felpa, 100% cotton in 320 grams\",\"color\":\"black\",\"categories\":\"Default Category\\/men\\/sweaters\",\"configurable_variation_labels\":\"SIZE=SIZE\",\"configurable_variations\":\"sku=ASW1780800 9900 BLACK - s,size=s|sku=ASW1780800 9900 BLACK - m,size=m|sku=ASW1780800 9900 BLACK - l,size=l|sku=ASW1780800 9900 BLACK - xl,size=xl\",\"image\":\"http:\\/\\/shop.saint-ape.com\\/__productimages\\/ASW1780800-9900-BLACK\\/ASW1780800-9900-BLACK-front.jpg\",\"thumbnail\":\"http:\\/\\/shop.saint-ape.com\\/__productimages\\/ASW1780800-9900-BLACK\\/ASW1780800-9900-BLACK-front.jpg\",\"_media_image\":\"http:\\/\\/shop.saint-ape.com\\/__productimages\\/ASW1780800-9900-BLACK\\/ASW1780800-9900-BLACK-back.jpg\",\"_attribute_set\":\"Default\",\"_product_websites\":\"base\"},{\"attribute_set_code\":\"Default\",\"product_websites\":\"base\",\"product_type\":\"configurable\",\"weight\":1,\"sku\":\"AWSW1780850 9000 WHITE\",\"base_image\":\"http:\\/\\/shop.saint-ape.com\\/__productimages\\/AWSW1780850-9000-WHITE\\/AWSW1780850-9000-WHITE-front.jpg\",\"small_image\":\"http:\\/\\/shop.saint-ape.com\\/__productimages\\/AWSW1780850-9000-WHITE\\/AWSW1780850-9000-WHITE-front.jpg\",\"thumbnail_image\":\"http:\\/\\/shop.saint-ape.com\\/__productimages\\/AWSW1780850-9000-WHITE\\/AWSW1780850-9000-WHITE-front.jpg\",\"additional_images\":\"http:\\/\\/shop.saint-ape.com\\/__productimages\\/AWSW1780850-9000-WHITE\\/AWSW1780850-9000-WHITE-back.jpg\",\"name\":\"BOLT APE 01\",\"url_key\":\"AWSW17808509000WHITE-BOLTAPE01\",\"price\":\"159\",\"description\":\"ST. APE long sleeved sweatshirt with metal effect artwork, in a heavy weight 320 grams cotton. \",\"short_description\":\"Sweater\",\"country_manufacturer\":\"Portugal\",\"fabric\":\"Felpa, 100% cotton in 320 grams\",\"color\":\"white\",\"categories\":\"Default Category\\/women\\/sweaters\",\"configurable_variation_labels\":\"SIZE=SIZE\",\"configurable_variations\":\"sku=AWSW1780850 9000 WHITE - xs,size=xs|sku=AWSW1780850 9000 WHITE - s,size=s|sku=AWSW1780850 9000 WHITE - m,size=m|sku=AWSW1780850 9000 WHITE - l,size=l\",\"image\":\"http:\\/\\/shop.saint-ape.com\\/__productimages\\/AWSW1780850-9000-WHITE\\/AWSW1780850-9000-WHITE-front.jpg\",\"thumbnail\":\"http:\\/\\/shop.saint-ape.com\\/__productimages\\/AWSW1780850-9000-WHITE\\/AWSW1780850-9000-WHITE-front.jpg\",\"_media_image\":\"http:\\/\\/shop.saint-ape.com\\/__productimages\\/AWSW1780850-9000-WHITE\\/AWSW1780850-9000-WHITE-back.jpg\",\"_attribute_set\":\"Default\",\"_product_websites\":\"base\"},{\"attribute_set_code\":\"Default\",\"product_websites\":\"base\",\"product_type\":\"configurable\",\"weight\":1,\"sku\":\"ATS1780602 9900 BLACK\",\"base_image\":\"http:\\/\\/shop.saint-ape.com\\/__productimages\\/ATS1780602-9900-BLACK\\/ATS1780602-9900-BLACK-front.jpg\",\"small_image\":\"http:\\/\\/shop.saint-ape.com\\/__productimages\\/ATS1780602-9900-BLACK\\/ATS1780602-9900-BLACK-front.jpg\",\"thumbnail_image\":\"http:\\/\\/shop.saint-ape.com\\/__productimages\\/ATS1780602-9900-BLACK\\/ATS1780602-9900-BLACK-front.jpg\",\"additional_images\":\"http:\\/\\/shop.saint-ape.com\\/__productimages\\/ATS1780602-9900-BLACK\\/ATS1780602-9900-BLACK-back.jpg\",\"name\":\"SHY APE 01\",\"url_key\":\"ATS17806029900BLACK-SHYAPE01\",\"price\":\"89\",\"description\":\"ST.APE short sleeved t-shirt made from a heavy yet soft handfeld jersey, featuring subtle 3D handcrafted embroidery. \",\"short_description\":\"T-shirt\",\"country_manufacturer\":\"Portugal\",\"fabric\":\"Jersey, 100% cotton in 160 grs\",\"color\":\"black\",\"categories\":\"Default Category\\/men\\/t-shirts\",\"configurable_variation_labels\":\"SIZE=SIZE\",\"configurable_variations\":\"sku=ATS1780602 9900 BLACK - s,size=s|sku=ATS1780602 9900 BLACK - m,size=m|sku=ATS1780602 9900 BLACK - l,size=l|sku=ATS1780602 9900 BLACK - xl,size=xl\",\"image\":\"http:\\/\\/shop.saint-ape.com\\/__productimages\\/ATS1780602-9900-BLACK\\/ATS1780602-9900-BLACK-front.jpg\",\"thumbnail\":\"http:\\/\\/shop.saint-ape.com\\/__productimages\\/ATS1780602-9900-BLACK\\/ATS1780602-9900-BLACK-front.jpg\",\"_media_image\":\"http:\\/\\/shop.saint-ape.com\\/__productimages\\/ATS1780602-9900-BLACK\\/ATS1780602-9900-BLACK-back.jpg\",\"_attribute_set\":\"Default\",\"_product_websites\":\"base\"},{\"attribute_set_code\":\"Default\",\"product_websites\":\"base\",\"product_type\":\"configurable\",\"weight\":1,\"sku\":\"AWTS1780654 9000 WHITE-BLACK\",\"base_image\":\"http:\\/\\/shop.saint-ape.com\\/__productimages\\/AWTS1780654-9000-WHITE-BLACK\\/AWTS1780654-9000-WHITE-BLACK-front.jpg\",\"small_image\":\"http:\\/\\/shop.saint-ape.com\\/__productimages\\/AWTS1780654-9000-WHITE-BLACK\\/AWTS1780654-9000-WHITE-BLACK-front.jpg\",\"thumbnail_image\":\"http:\\/\\/shop.saint-ape.com\\/__productimages\\/AWTS1780654-9000-WHITE-BLACK\\/AWTS1780654-9000-WHITE-BLACK-front.jpg\",\"additional_images\":\"http:\\/\\/shop.saint-ape.com\\/__productimages\\/AWTS1780654-9000-WHITE-BLACK\\/AWTS1780654-9000-WHITE-BLACK-back.jpg\",\"name\":\"ARTY APE 01\",\"url_key\":\"AWTS17806549000WHITEBLACK-ARTYAPE01\",\"price\":\"89\",\"description\":\"ST.APE short sleeved t-shirt made from a heavy yet soft handfeld jersey, featuring subtle 3D handcrafted embroidery. \",\"short_description\":\"T-shirt\",\"country_manufacturer\":\"Portugal\",\"fabric\":\"Jersey, 100% cotton in 160 grs\",\"color\":\"white\",\"categories\":\"Default Category\\/women\\/t-shirts\",\"configurable_variation_labels\":\"SIZE=SIZE\",\"configurable_variations\":\"sku=AWTS1780654 9000 WHITE-BLACK - xs,size=xs|sku=AWTS1780654 9000 WHITE-BLACK - s,size=s|sku=AWTS1780654 9000 WHITE-BLACK - m,size=m|sku=AWTS1780654 9000 WHITE-BLACK - l,size=l\",\"image\":\"http:\\/\\/shop.saint-ape.com\\/__productimages\\/AWTS1780654-9000-WHITE-BLACK\\/AWTS1780654-9000-WHITE-BLACK-front.jpg\",\"thumbnail\":\"http:\\/\\/shop.saint-ape.com\\/__productimages\\/AWTS1780654-9000-WHITE-BLACK\\/AWTS1780654-9000-WHITE-BLACK-front.jpg\",\"_media_image\":\"http:\\/\\/shop.saint-ape.com\\/__productimages\\/AWTS1780654-9000-WHITE-BLACK\\/AWTS1780654-9000-WHITE-BLACK-back.jpg\",\"_attribute_set\":\"Default\",\"_product_websites\":\"base\"},{\"attribute_set_code\":\"Default\",\"product_websites\":\"base\",\"product_type\":\"configurable\",\"weight\":1,\"sku\":\"AWTS1780654 9000 WHITE-COPPER\",\"base_image\":\"http:\\/\\/shop.saint-ape.com\\/__productimages\\/AWTS1780654-9000-WHITE-COPPER\\/AWTS1780654-9000-WHITE-COPPER-front.jpg\",\"small_image\":\"http:\\/\\/shop.saint-ape.com\\/__productimages\\/AWTS1780654-9000-WHITE-COPPER\\/AWTS1780654-9000-WHITE-COPPER-front.jpg\",\"thumbnail_image\":\"http:\\/\\/shop.saint-ape.com\\/__productimages\\/AWTS1780654-9000-WHITE-COPPER\\/AWTS1780654-9000-WHITE-COPPER-front.jpg\",\"additional_images\":\"http:\\/\\/shop.saint-ape.com\\/__productimages\\/AWTS1780654-9000-WHITE-COPPER\\/AWTS1780654-9000-WHITE-COPPER-back.jpg\",\"name\":\"ARTY APE 01\",\"url_key\":\"AWTS17806549000WHITECOPPER-ARTYAPE01\",\"price\":\"89\",\"description\":\"ST.APE short sleeved t-shirt made from a heavy yet soft handfeld jersey, featuring subtle 3D handcrafted embroidery. \",\"short_description\":\"T-shirt\",\"country_manufacturer\":\"Portugal\",\"fabric\":\"Jersey, 100% cotton in 160 grs\",\"color\":\"white\",\"categories\":\"Default Category\\/women\\/t-shirts\",\"configurable_variation_labels\":\"SIZE=SIZE\",\"configurable_variations\":\"sku=AWTS1780654 9000 WHITE-COPPER - xs,size=xs|sku=AWTS1780654 9000 WHITE-COPPER - s,size=s|sku=AWTS1780654 9000 WHITE-COPPER - m,size=m|sku=AWTS1780654 9000 WHITE-COPPER - l,size=l\",\"image\":\"http:\\/\\/shop.saint-ape.com\\/__productimages\\/AWTS1780654-9000-WHITE-COPPER\\/AWTS1780654-9000-WHITE-COPPER-front.jpg\",\"thumbnail\":\"http:\\/\\/shop.saint-ape.com\\/__productimages\\/AWTS1780654-9000-WHITE-COPPER\\/AWTS1780654-9000-WHITE-COPPER-front.jpg\",\"_media_image\":\"http:\\/\\/shop.saint-ape.com\\/__productimages\\/AWTS1780654-9000-WHITE-COPPER\\/AWTS1780654-9000-WHITE-COPPER-back.jpg\",\"_attribute_set\":\"Default\",\"_product_websites\":\"base\"},{\"attribute_set_code\":\"Default\",\"product_websites\":\"base\",\"product_type\":\"configurable\",\"weight\":1,\"sku\":\"ASH1780400 9900 BLACK\",\"name\":\"DRESSED APE 01\",\"url_key\":\"ASH17804009900BLACK-DRESSEDAPE01\",\"price\":\"139\",\"description\":\"A slim fit 2 ply cotton dressed shirt by ST.Ape, adjustable cuffs, closes with sophisitcated horn buttons on the front.\",\"short_description\":\"shirt\",\"country_manufacturer\":\"italy\",\"fabric\":\"100% 2-ply cotton\",\"color\":\"black\",\"categories\":\"Default Category\\/men\\/shirts\",\"configurable_variation_labels\":\"SIZE=SIZE\",\"configurable_variations\":\"sku=ASH1780400 9900 BLACK - s,size=s|sku=ASH1780400 9900 BLACK - m,size=m|sku=ASH1780400 9900 BLACK - l,size=l|sku=ASH1780400 9900 BLACK - xl,size=xl\",\"_attribute_set\":\"Default\",\"_product_websites\":\"base\"},{\"attribute_set_code\":\"Default\",\"product_websites\":\"base\",\"product_type\":\"configurable\",\"weight\":1,\"sku\":\"ASH1780400 9000 WHITE\",\"name\":\"DRESSED APE 01\",\"url_key\":\"ASH17804009000WHITE-DRESSEDAPE01\",\"price\":\"139\",\"description\":\"A slim fit 2 ply cotton dressed shirt by ST.Ape, adjustable cuffs, closes with sophisitcated horn buttons on the front.\",\"short_description\":\"shirt\",\"country_manufacturer\":\"Italy\",\"fabric\":\"100% 2-ply cotton\",\"color\":\"white\",\"categories\":\"Default Category\\/men\\/shirts\",\"configurable_variation_labels\":\"SIZE=SIZE\",\"configurable_variations\":\"sku=ASH1780400 9000 WHITE - s,size=s|sku=ASH1780400 9000 WHITE - m,size=m|sku=ASH1780400 9000 WHITE - l,size=l|sku=ASH1780400 9000 WHITE - xl,size=xl\",\"_attribute_set\":\"Default\",\"_product_websites\":\"base\"},{\"attribute_set_code\":\"Default\",\"product_websites\":\"base\",\"product_type\":\"configurable\",\"weight\":1,\"sku\":\"AJA1780206 9900 BRUT NUBBUCK BLACK\",\"name\":\"BRUT APE 01\",\"url_key\":\"AJA17802069900BRUTNUBBUCKBLACK-BRUTAPE01\",\"price\":\"649\",\"description\":\"ST.APE\'s nubuck leather denim jacket is made from a very soft, yet heavy goat nubuck leather. Details include clean stitching, and unique branded hardware & trimmings. Only a few are genius.\",\"short_description\":\"jacket\",\"country_manufacturer\":\"India\",\"fabric\":\"100%leather\",\"color\":\"black\",\"categories\":\"Default Category\\/men\\/jackets\",\"configurable_variation_labels\":\"SIZE=SIZE\",\"configurable_variations\":\"sku=AJA1780206 9900 BRUT NUBBUCK BLACK - m,size=m|sku=AJA1780206 9900 BRUT NUBBUCK BLACK - l,size=l|sku=AJA1780206 9900 BRUT NUBBUCK BLACK - xl,size=xl\",\"_attribute_set\":\"Default\",\"_product_websites\":\"base\"}]');

--
-- Table structure for table `indexer_state`
--

CREATE TABLE `indexer_state` (
  `state_id` int(10) unsigned NOT NULL AUTO_INCREMENT COMMENT 'Indexer State Id',
  `indexer_id` varchar(255) DEFAULT NULL COMMENT 'Indexer Id',
  `status` varchar(16) DEFAULT 'invalid' COMMENT 'Indexer Status',
  `updated` datetime DEFAULT NULL COMMENT 'Indexer Status',
  `hash_config` varchar(32) NOT NULL COMMENT 'Hash of indexer config',
  PRIMARY KEY (`state_id`),
  KEY `INDEXER_STATE_INDEXER_ID` (`indexer_id`)
) ENGINE=InnoDB AUTO_INCREMENT=11 DEFAULT CHARSET=utf8 COMMENT='Indexer State';

--
-- Dumping data for table `indexer_state`
--

INSERT INTO `indexer_state` VALUES (1,'design_config_grid','valid','2018-04-05 14:59:39','34ec592bfa6c952bed4d0a1d58c98770'),(2,'customer_grid','valid','2018-04-05 14:59:39','b9632e06cf957d6e8103eb236ca38cc1'),(3,'catalog_category_product','valid','2018-04-05 14:59:39','2124d5bfcd83b609c67eee94a0e4708c'),(4,'catalog_product_category','valid','2018-03-20 10:44:04','77b6356629f3259568a68ea64c773238'),(5,'catalog_product_price','valid','2018-04-05 14:59:40','2c3434338353a47cb4c5783800c0bdbe'),(6,'catalog_product_attribute','valid','2018-04-05 14:59:40','f73cae77ec4dee3b587a60a2f38dd26a'),(7,'cataloginventory_stock','valid','2018-04-05 14:59:40','1bf66e64558a5171e523b32f25cb99ca'),(8,'catalogrule_rule','valid','2018-04-11 01:01:04','c4f8344a2e6a7d8ebc065631454a4724'),(9,'catalogrule_product','valid','2018-03-15 14:42:03','667205576ee3764b1ee81c4a076d10ae'),(10,'catalogsearch_fulltext','valid','2018-04-05 14:59:40','cc2d2701487ee835df4e72b15254852b');

--
-- Table structure for table `integration`
--

CREATE TABLE `integration` (
  `integration_id` int(10) unsigned NOT NULL AUTO_INCREMENT COMMENT 'Integration ID',
  `name` varchar(255) NOT NULL COMMENT 'Integration name is displayed in the admin interface',
  `email` varchar(255) NOT NULL COMMENT 'Email address of the contact person',
  `endpoint` varchar(255) DEFAULT NULL COMMENT 'Endpoint for posting consumer credentials',
  `status` smallint(5) unsigned NOT NULL COMMENT 'Integration status',
  `consumer_id` int(10) unsigned DEFAULT NULL COMMENT 'Oauth consumer',
  `created_at` timestamp NOT NULL DEFAULT CURRENT_TIMESTAMP COMMENT 'Creation Time',
  `updated_at` timestamp NOT NULL DEFAULT '0000-00-00 00:00:00' ON UPDATE CURRENT_TIMESTAMP COMMENT 'Update Time',
  `setup_type` smallint(5) unsigned NOT NULL DEFAULT '0' COMMENT 'Integration type - manual or config file',
  `identity_link_url` varchar(255) DEFAULT NULL COMMENT 'Identity linking Url',
  PRIMARY KEY (`integration_id`),
  UNIQUE KEY `INTEGRATION_NAME` (`name`),
  UNIQUE KEY `INTEGRATION_CONSUMER_ID` (`consumer_id`),
  CONSTRAINT `INTEGRATION_CONSUMER_ID_OAUTH_CONSUMER_ENTITY_ID` FOREIGN KEY (`consumer_id`) REFERENCES `oauth_consumer` (`entity_id`) ON DELETE CASCADE
) ENGINE=InnoDB AUTO_INCREMENT=13 DEFAULT CHARSET=utf8 COMMENT='integration';

--
-- Dumping data for table `integration`
--

INSERT INTO `integration` VALUES (8,'Magento Analytics user','',NULL,1,8,'2018-03-13 14:00:03','2018-03-13 14:00:03',0,NULL),(12,'Magento Social','social-support@magento.com','https://fbapp.ezsocialshop.com/facebook/index.php/magento_auth',2,12,'2018-04-05 14:58:55','2018-04-05 14:58:55',1,'https://fbapp.ezsocialshop.com/facebook/index.php/magento2/show_magento_success_popup');

--
-- Table structure for table `layout_link`
--

CREATE TABLE `layout_link` (
  `layout_link_id` int(10) unsigned NOT NULL AUTO_INCREMENT COMMENT 'Link Id',
  `store_id` smallint(5) unsigned NOT NULL DEFAULT '0' COMMENT 'Store Id',
  `theme_id` int(10) unsigned NOT NULL COMMENT 'Theme id',
  `layout_update_id` int(10) unsigned NOT NULL DEFAULT '0' COMMENT 'Layout Update Id',
  `is_temporary` tinyint(1) NOT NULL DEFAULT '0' COMMENT 'Defines whether Layout Update is Temporary',
  PRIMARY KEY (`layout_link_id`),
  KEY `LAYOUT_LINK_LAYOUT_UPDATE_ID` (`layout_update_id`),
  KEY `LAYOUT_LINK_STORE_ID_THEME_ID_LAYOUT_UPDATE_ID_IS_TEMPORARY` (`store_id`,`theme_id`,`layout_update_id`,`is_temporary`),
  KEY `LAYOUT_LINK_THEME_ID_THEME_THEME_ID` (`theme_id`),
  CONSTRAINT `LAYOUT_LINK_LAYOUT_UPDATE_ID_LAYOUT_UPDATE_LAYOUT_UPDATE_ID` FOREIGN KEY (`layout_update_id`) REFERENCES `layout_update` (`layout_update_id`) ON DELETE CASCADE,
  CONSTRAINT `LAYOUT_LINK_STORE_ID_STORE_STORE_ID` FOREIGN KEY (`store_id`) REFERENCES `store` (`store_id`) ON DELETE CASCADE,
  CONSTRAINT `LAYOUT_LINK_THEME_ID_THEME_THEME_ID` FOREIGN KEY (`theme_id`) REFERENCES `theme` (`theme_id`) ON DELETE CASCADE
) ENGINE=InnoDB DEFAULT CHARSET=utf8 COMMENT='Layout Link';

--
-- Dumping data for table `layout_link`
--


--
-- Table structure for table `layout_update`
--

CREATE TABLE `layout_update` (
  `layout_update_id` int(10) unsigned NOT NULL AUTO_INCREMENT COMMENT 'Layout Update Id',
  `handle` varchar(255) DEFAULT NULL COMMENT 'Handle',
  `xml` text COMMENT 'Xml',
  `sort_order` smallint(6) NOT NULL DEFAULT '0' COMMENT 'Sort Order',
  `updated_at` timestamp NULL DEFAULT '0000-00-00 00:00:00' ON UPDATE CURRENT_TIMESTAMP COMMENT 'Last Update Timestamp',
  PRIMARY KEY (`layout_update_id`),
  KEY `LAYOUT_UPDATE_HANDLE` (`handle`)
) ENGINE=InnoDB DEFAULT CHARSET=utf8 COMMENT='Layout Updates';

--
-- Dumping data for table `layout_update`
--


--
-- Table structure for table `mview_state`
--

CREATE TABLE `mview_state` (
  `state_id` int(10) unsigned NOT NULL AUTO_INCREMENT COMMENT 'View State Id',
  `view_id` varchar(255) DEFAULT NULL COMMENT 'View Id',
  `mode` varchar(16) DEFAULT 'disabled' COMMENT 'View Mode',
  `status` varchar(16) DEFAULT 'idle' COMMENT 'View Status',
  `updated` datetime DEFAULT NULL COMMENT 'View updated time',
  `version_id` int(10) unsigned DEFAULT NULL COMMENT 'View Version Id',
  PRIMARY KEY (`state_id`),
  KEY `MVIEW_STATE_VIEW_ID` (`view_id`),
  KEY `MVIEW_STATE_MODE` (`mode`)
) ENGINE=InnoDB DEFAULT CHARSET=utf8 COMMENT='View State';

--
-- Dumping data for table `mview_state`
--


--
-- Table structure for table `newsletter_problem`
--

CREATE TABLE `newsletter_problem` (
  `problem_id` int(10) unsigned NOT NULL AUTO_INCREMENT COMMENT 'Problem Id',
  `subscriber_id` int(10) unsigned DEFAULT NULL COMMENT 'Subscriber Id',
  `queue_id` int(10) unsigned NOT NULL DEFAULT '0' COMMENT 'Queue Id',
  `problem_error_code` int(10) unsigned DEFAULT '0' COMMENT 'Problem Error Code',
  `problem_error_text` varchar(200) DEFAULT NULL COMMENT 'Problem Error Text',
  PRIMARY KEY (`problem_id`),
  KEY `NEWSLETTER_PROBLEM_SUBSCRIBER_ID` (`subscriber_id`),
  KEY `NEWSLETTER_PROBLEM_QUEUE_ID` (`queue_id`),
  CONSTRAINT `NEWSLETTER_PROBLEM_QUEUE_ID_NEWSLETTER_QUEUE_QUEUE_ID` FOREIGN KEY (`queue_id`) REFERENCES `newsletter_queue` (`queue_id`) ON DELETE CASCADE,
  CONSTRAINT `NLTTR_PROBLEM_SUBSCRIBER_ID_NLTTR_SUBSCRIBER_SUBSCRIBER_ID` FOREIGN KEY (`subscriber_id`) REFERENCES `newsletter_subscriber` (`subscriber_id`) ON DELETE CASCADE
) ENGINE=InnoDB DEFAULT CHARSET=utf8 COMMENT='Newsletter Problems';

--
-- Dumping data for table `newsletter_problem`
--


--
-- Table structure for table `newsletter_queue`
--

CREATE TABLE `newsletter_queue` (
  `queue_id` int(10) unsigned NOT NULL AUTO_INCREMENT COMMENT 'Queue Id',
  `template_id` int(10) unsigned NOT NULL DEFAULT '0' COMMENT 'Template ID',
  `newsletter_type` int(11) DEFAULT NULL COMMENT 'Newsletter Type',
  `newsletter_text` text COMMENT 'Newsletter Text',
  `newsletter_styles` text COMMENT 'Newsletter Styles',
  `newsletter_subject` varchar(200) DEFAULT NULL COMMENT 'Newsletter Subject',
  `newsletter_sender_name` varchar(200) DEFAULT NULL COMMENT 'Newsletter Sender Name',
  `newsletter_sender_email` varchar(200) DEFAULT NULL COMMENT 'Newsletter Sender Email',
  `queue_status` int(10) unsigned NOT NULL DEFAULT '0' COMMENT 'Queue Status',
  `queue_start_at` timestamp NULL DEFAULT NULL COMMENT 'Queue Start At',
  `queue_finish_at` timestamp NULL DEFAULT NULL COMMENT 'Queue Finish At',
  PRIMARY KEY (`queue_id`),
  KEY `NEWSLETTER_QUEUE_TEMPLATE_ID` (`template_id`),
  CONSTRAINT `NEWSLETTER_QUEUE_TEMPLATE_ID_NEWSLETTER_TEMPLATE_TEMPLATE_ID` FOREIGN KEY (`template_id`) REFERENCES `newsletter_template` (`template_id`) ON DELETE CASCADE
) ENGINE=InnoDB DEFAULT CHARSET=utf8 COMMENT='Newsletter Queue';

--
-- Dumping data for table `newsletter_queue`
--


--
-- Table structure for table `newsletter_queue_link`
--

CREATE TABLE `newsletter_queue_link` (
  `queue_link_id` int(10) unsigned NOT NULL AUTO_INCREMENT COMMENT 'Queue Link Id',
  `queue_id` int(10) unsigned NOT NULL DEFAULT '0' COMMENT 'Queue Id',
  `subscriber_id` int(10) unsigned NOT NULL DEFAULT '0' COMMENT 'Subscriber Id',
  `letter_sent_at` timestamp NULL DEFAULT NULL COMMENT 'Letter Sent At',
  PRIMARY KEY (`queue_link_id`),
  KEY `NEWSLETTER_QUEUE_LINK_SUBSCRIBER_ID` (`subscriber_id`),
  KEY `NEWSLETTER_QUEUE_LINK_QUEUE_ID_LETTER_SENT_AT` (`queue_id`,`letter_sent_at`),
  CONSTRAINT `NEWSLETTER_QUEUE_LINK_QUEUE_ID_NEWSLETTER_QUEUE_QUEUE_ID` FOREIGN KEY (`queue_id`) REFERENCES `newsletter_queue` (`queue_id`) ON DELETE CASCADE,
  CONSTRAINT `NLTTR_QUEUE_LNK_SUBSCRIBER_ID_NLTTR_SUBSCRIBER_SUBSCRIBER_ID` FOREIGN KEY (`subscriber_id`) REFERENCES `newsletter_subscriber` (`subscriber_id`) ON DELETE CASCADE
) ENGINE=InnoDB DEFAULT CHARSET=utf8 COMMENT='Newsletter Queue Link';

--
-- Dumping data for table `newsletter_queue_link`
--


--
-- Table structure for table `newsletter_queue_store_link`
--

CREATE TABLE `newsletter_queue_store_link` (
  `queue_id` int(10) unsigned NOT NULL DEFAULT '0' COMMENT 'Queue Id',
  `store_id` smallint(5) unsigned NOT NULL DEFAULT '0' COMMENT 'Store Id',
  PRIMARY KEY (`queue_id`,`store_id`),
  KEY `NEWSLETTER_QUEUE_STORE_LINK_STORE_ID` (`store_id`),
  CONSTRAINT `NEWSLETTER_QUEUE_STORE_LINK_QUEUE_ID_NEWSLETTER_QUEUE_QUEUE_ID` FOREIGN KEY (`queue_id`) REFERENCES `newsletter_queue` (`queue_id`) ON DELETE CASCADE,
  CONSTRAINT `NEWSLETTER_QUEUE_STORE_LINK_STORE_ID_STORE_STORE_ID` FOREIGN KEY (`store_id`) REFERENCES `store` (`store_id`) ON DELETE CASCADE
) ENGINE=InnoDB DEFAULT CHARSET=utf8 COMMENT='Newsletter Queue Store Link';

--
-- Dumping data for table `newsletter_queue_store_link`
--


--
-- Table structure for table `newsletter_template`
--

CREATE TABLE `newsletter_template` (
  `template_id` int(10) unsigned NOT NULL AUTO_INCREMENT COMMENT 'Template ID',
  `template_code` varchar(150) DEFAULT NULL COMMENT 'Template Code',
  `template_text` text COMMENT 'Template Text',
  `template_styles` text COMMENT 'Template Styles',
  `template_type` int(10) unsigned DEFAULT NULL COMMENT 'Template Type',
  `template_subject` varchar(200) DEFAULT NULL COMMENT 'Template Subject',
  `template_sender_name` varchar(200) DEFAULT NULL COMMENT 'Template Sender Name',
  `template_sender_email` varchar(200) DEFAULT NULL COMMENT 'Template Sender Email',
  `template_actual` smallint(5) unsigned DEFAULT '1' COMMENT 'Template Actual',
  `added_at` timestamp NULL DEFAULT NULL COMMENT 'Added At',
  `modified_at` timestamp NULL DEFAULT NULL COMMENT 'Modified At',
  PRIMARY KEY (`template_id`),
  KEY `NEWSLETTER_TEMPLATE_TEMPLATE_ACTUAL` (`template_actual`),
  KEY `NEWSLETTER_TEMPLATE_ADDED_AT` (`added_at`),
  KEY `NEWSLETTER_TEMPLATE_MODIFIED_AT` (`modified_at`)
) ENGINE=InnoDB DEFAULT CHARSET=utf8 COMMENT='Newsletter Template';

--
-- Dumping data for table `newsletter_template`
--


--
-- Table structure for table `oauth_nonce`
--

CREATE TABLE `oauth_nonce` (
  `nonce` varchar(32) NOT NULL COMMENT 'Nonce String',
  `timestamp` int(10) unsigned NOT NULL COMMENT 'Nonce Timestamp',
  `consumer_id` int(10) unsigned NOT NULL COMMENT 'Consumer ID',
  UNIQUE KEY `OAUTH_NONCE_NONCE_CONSUMER_ID` (`nonce`,`consumer_id`),
  KEY `OAUTH_NONCE_CONSUMER_ID_OAUTH_CONSUMER_ENTITY_ID` (`consumer_id`),
  CONSTRAINT `OAUTH_NONCE_CONSUMER_ID_OAUTH_CONSUMER_ENTITY_ID` FOREIGN KEY (`consumer_id`) REFERENCES `oauth_consumer` (`entity_id`) ON DELETE CASCADE
) ENGINE=InnoDB DEFAULT CHARSET=utf8 COMMENT='OAuth Nonce';

--
-- Dumping data for table `oauth_nonce`
--


--
-- Table structure for table `oauth_token_request_log`
--

CREATE TABLE `oauth_token_request_log` (
  `log_id` int(10) unsigned NOT NULL AUTO_INCREMENT COMMENT 'Log Id',
  `user_name` varchar(255) NOT NULL COMMENT 'Customer email or admin login',
  `user_type` smallint(5) unsigned NOT NULL COMMENT 'User type (admin or customer)',
  `failures_count` smallint(5) unsigned DEFAULT '0' COMMENT 'Number of failed authentication attempts in a row',
  `lock_expires_at` timestamp NOT NULL DEFAULT CURRENT_TIMESTAMP ON UPDATE CURRENT_TIMESTAMP COMMENT 'Lock expiration time',
  PRIMARY KEY (`log_id`),
  UNIQUE KEY `OAUTH_TOKEN_REQUEST_LOG_USER_NAME_USER_TYPE` (`user_name`,`user_type`)
) ENGINE=InnoDB DEFAULT CHARSET=utf8 COMMENT='Log of token request authentication failures.';

--
-- Dumping data for table `oauth_token_request_log`
--


--
-- Table structure for table `password_reset_request_event`
--

CREATE TABLE `password_reset_request_event` (
  `id` int(10) unsigned NOT NULL AUTO_INCREMENT COMMENT 'Entity ID',
  `request_type` smallint(5) unsigned NOT NULL COMMENT 'Type of the event under a security control',
  `account_reference` varchar(255) DEFAULT NULL COMMENT 'An identifier for existing account or another target',
  `created_at` timestamp NOT NULL DEFAULT CURRENT_TIMESTAMP COMMENT 'Timestamp when the event occurs',
  `ip` varchar(15) NOT NULL COMMENT 'Remote user IP',
  PRIMARY KEY (`id`),
  KEY `PASSWORD_RESET_REQUEST_EVENT_ACCOUNT_REFERENCE` (`account_reference`),
  KEY `PASSWORD_RESET_REQUEST_EVENT_CREATED_AT` (`created_at`)
) ENGINE=InnoDB DEFAULT CHARSET=utf8 COMMENT='Password Reset Request Event under a security control';

--
-- Dumping data for table `password_reset_request_event`
--


--
-- Table structure for table `paypal_billing_agreement`
--

CREATE TABLE `paypal_billing_agreement` (
  `agreement_id` int(10) unsigned NOT NULL AUTO_INCREMENT COMMENT 'Agreement Id',
  `customer_id` int(10) unsigned NOT NULL COMMENT 'Customer Id',
  `method_code` varchar(32) NOT NULL COMMENT 'Method Code',
  `reference_id` varchar(32) NOT NULL COMMENT 'Reference Id',
  `status` varchar(20) NOT NULL COMMENT 'Status',
  `created_at` timestamp NOT NULL DEFAULT CURRENT_TIMESTAMP COMMENT 'Created At',
  `updated_at` timestamp NULL DEFAULT NULL COMMENT 'Updated At',
  `store_id` smallint(5) unsigned DEFAULT NULL COMMENT 'Store Id',
  `agreement_label` varchar(255) DEFAULT NULL COMMENT 'Agreement Label',
  PRIMARY KEY (`agreement_id`),
  KEY `PAYPAL_BILLING_AGREEMENT_CUSTOMER_ID` (`customer_id`),
  KEY `PAYPAL_BILLING_AGREEMENT_STORE_ID` (`store_id`),
  CONSTRAINT `PAYPAL_BILLING_AGREEMENT_CUSTOMER_ID_CUSTOMER_ENTITY_ENTITY_ID` FOREIGN KEY (`customer_id`) REFERENCES `customer_entity` (`entity_id`) ON DELETE CASCADE,
  CONSTRAINT `PAYPAL_BILLING_AGREEMENT_STORE_ID_STORE_STORE_ID` FOREIGN KEY (`store_id`) REFERENCES `store` (`store_id`) ON DELETE SET NULL
) ENGINE=InnoDB DEFAULT CHARSET=utf8 COMMENT='Sales Billing Agreement';

--
-- Dumping data for table `paypal_billing_agreement`
--


--
-- Table structure for table `paypal_billing_agreement_order`
--

CREATE TABLE `paypal_billing_agreement_order` (
  `agreement_id` int(10) unsigned NOT NULL COMMENT 'Agreement Id',
  `order_id` int(10) unsigned NOT NULL COMMENT 'Order Id',
  PRIMARY KEY (`agreement_id`,`order_id`),
  KEY `PAYPAL_BILLING_AGREEMENT_ORDER_ORDER_ID` (`order_id`),
  CONSTRAINT `PAYPAL_BILLING_AGREEMENT_ORDER_ORDER_ID_SALES_ORDER_ENTITY_ID` FOREIGN KEY (`order_id`) REFERENCES `sales_order` (`entity_id`) ON DELETE CASCADE,
  CONSTRAINT `PAYPAL_BILLING_AGRT_ORDER_AGRT_ID_PAYPAL_BILLING_AGRT_AGRT_ID` FOREIGN KEY (`agreement_id`) REFERENCES `paypal_billing_agreement` (`agreement_id`) ON DELETE CASCADE
) ENGINE=InnoDB DEFAULT CHARSET=utf8 COMMENT='Sales Billing Agreement Order';

--
-- Dumping data for table `paypal_billing_agreement_order`
--


--
-- Table structure for table `paypal_cert`
--

CREATE TABLE `paypal_cert` (
  `cert_id` smallint(5) unsigned NOT NULL AUTO_INCREMENT COMMENT 'Cert Id',
  `website_id` smallint(5) unsigned NOT NULL DEFAULT '0' COMMENT 'Website Id',
  `content` text COMMENT 'Content',
  `updated_at` timestamp NULL DEFAULT NULL COMMENT 'Updated At',
  PRIMARY KEY (`cert_id`),
  KEY `PAYPAL_CERT_WEBSITE_ID` (`website_id`),
  CONSTRAINT `PAYPAL_CERT_WEBSITE_ID_STORE_WEBSITE_WEBSITE_ID` FOREIGN KEY (`website_id`) REFERENCES `store_website` (`website_id`) ON DELETE CASCADE
) ENGINE=InnoDB DEFAULT CHARSET=utf8 COMMENT='Paypal Certificate Table';

--
-- Dumping data for table `paypal_cert`
--


--
-- Table structure for table `paypal_payment_transaction`
--

CREATE TABLE `paypal_payment_transaction` (
  `transaction_id` int(10) unsigned NOT NULL AUTO_INCREMENT COMMENT 'Entity Id',
  `txn_id` varchar(100) DEFAULT NULL COMMENT 'Txn Id',
  `additional_information` blob COMMENT 'Additional Information',
  `created_at` timestamp NULL DEFAULT NULL COMMENT 'Created At',
  PRIMARY KEY (`transaction_id`),
  UNIQUE KEY `PAYPAL_PAYMENT_TRANSACTION_TXN_ID` (`txn_id`)
) ENGINE=InnoDB DEFAULT CHARSET=utf8 COMMENT='PayPal Payflow Link Payment Transaction';

--
-- Dumping data for table `paypal_payment_transaction`
--


--
-- Table structure for table `paypal_settlement_report`
--

CREATE TABLE `paypal_settlement_report` (
  `report_id` int(10) unsigned NOT NULL AUTO_INCREMENT COMMENT 'Report Id',
  `report_date` date DEFAULT NULL COMMENT 'Report Date',
  `account_id` varchar(64) DEFAULT NULL COMMENT 'Account Id',
  `filename` varchar(24) DEFAULT NULL COMMENT 'Filename',
  `last_modified` timestamp NULL DEFAULT NULL COMMENT 'Last Modified',
  PRIMARY KEY (`report_id`),
  UNIQUE KEY `PAYPAL_SETTLEMENT_REPORT_REPORT_DATE_ACCOUNT_ID` (`report_date`,`account_id`)
) ENGINE=InnoDB DEFAULT CHARSET=utf8 COMMENT='Paypal Settlement Report Table';

--
-- Dumping data for table `paypal_settlement_report`
--


--
-- Table structure for table `paypal_settlement_report_row`
--

CREATE TABLE `paypal_settlement_report_row` (
  `row_id` int(10) unsigned NOT NULL AUTO_INCREMENT COMMENT 'Row Id',
  `report_id` int(10) unsigned NOT NULL COMMENT 'Report Id',
  `transaction_id` varchar(19) DEFAULT NULL COMMENT 'Transaction Id',
  `invoice_id` varchar(127) DEFAULT NULL COMMENT 'Invoice Id',
  `paypal_reference_id` varchar(19) DEFAULT NULL COMMENT 'Paypal Reference Id',
  `paypal_reference_id_type` varchar(3) DEFAULT NULL COMMENT 'Paypal Reference Id Type',
  `transaction_event_code` varchar(5) DEFAULT NULL COMMENT 'Transaction Event Code',
  `transaction_initiation_date` timestamp NULL DEFAULT NULL COMMENT 'Transaction Initiation Date',
  `transaction_completion_date` timestamp NULL DEFAULT NULL COMMENT 'Transaction Completion Date',
  `transaction_debit_or_credit` varchar(2) NOT NULL DEFAULT 'CR' COMMENT 'Transaction Debit Or Credit',
  `gross_transaction_amount` decimal(20,6) NOT NULL DEFAULT '0.000000' COMMENT 'Gross Transaction Amount',
  `gross_transaction_currency` varchar(3) DEFAULT NULL COMMENT 'Gross Transaction Currency',
  `fee_debit_or_credit` varchar(2) DEFAULT NULL COMMENT 'Fee Debit Or Credit',
  `fee_amount` decimal(20,6) NOT NULL DEFAULT '0.000000' COMMENT 'Fee Amount',
  `fee_currency` varchar(3) DEFAULT NULL COMMENT 'Fee Currency',
  `custom_field` varchar(255) DEFAULT NULL COMMENT 'Custom Field',
  `consumer_id` varchar(127) DEFAULT NULL COMMENT 'Consumer Id',
  `payment_tracking_id` varchar(255) DEFAULT NULL COMMENT 'Payment Tracking ID',
  `store_id` varchar(50) DEFAULT NULL COMMENT 'Store ID',
  PRIMARY KEY (`row_id`),
  KEY `PAYPAL_SETTLEMENT_REPORT_ROW_REPORT_ID` (`report_id`),
  CONSTRAINT `FK_E183E488F593E0DE10C6EBFFEBAC9B55` FOREIGN KEY (`report_id`) REFERENCES `paypal_settlement_report` (`report_id`) ON DELETE CASCADE
) ENGINE=InnoDB DEFAULT CHARSET=utf8 COMMENT='Paypal Settlement Report Row Table';

--
-- Dumping data for table `paypal_settlement_report_row`
--


--
-- Table structure for table `persistent_session`
--

CREATE TABLE `persistent_session` (
  `persistent_id` int(10) unsigned NOT NULL AUTO_INCREMENT COMMENT 'Session id',
  `key` varchar(50) NOT NULL COMMENT 'Unique cookie key',
  `customer_id` int(10) unsigned DEFAULT NULL COMMENT 'Customer id',
  `website_id` smallint(5) unsigned NOT NULL DEFAULT '0' COMMENT 'Website ID',
  `info` text COMMENT 'Session Data',
  `updated_at` timestamp NOT NULL DEFAULT CURRENT_TIMESTAMP ON UPDATE CURRENT_TIMESTAMP COMMENT 'Updated At',
  PRIMARY KEY (`persistent_id`),
  UNIQUE KEY `PERSISTENT_SESSION_KEY` (`key`),
  UNIQUE KEY `PERSISTENT_SESSION_CUSTOMER_ID` (`customer_id`),
  KEY `PERSISTENT_SESSION_UPDATED_AT` (`updated_at`),
  KEY `PERSISTENT_SESSION_WEBSITE_ID_STORE_WEBSITE_WEBSITE_ID` (`website_id`),
  CONSTRAINT `PERSISTENT_SESSION_CUSTOMER_ID_CUSTOMER_ENTITY_ENTITY_ID` FOREIGN KEY (`customer_id`) REFERENCES `customer_entity` (`entity_id`) ON DELETE CASCADE,
  CONSTRAINT `PERSISTENT_SESSION_WEBSITE_ID_STORE_WEBSITE_WEBSITE_ID` FOREIGN KEY (`website_id`) REFERENCES `store_website` (`website_id`) ON DELETE CASCADE
) ENGINE=InnoDB DEFAULT CHARSET=utf8 COMMENT='Persistent Session';

--
-- Dumping data for table `persistent_session`
--


--
-- Table structure for table `product_alert_price`
--

CREATE TABLE `product_alert_price` (
  `alert_price_id` int(10) unsigned NOT NULL AUTO_INCREMENT COMMENT 'Product alert price id',
  `customer_id` int(10) unsigned NOT NULL DEFAULT '0' COMMENT 'Customer id',
  `product_id` int(10) unsigned NOT NULL DEFAULT '0' COMMENT 'Product id',
  `price` decimal(12,4) NOT NULL DEFAULT '0.0000' COMMENT 'Price amount',
  `website_id` smallint(5) unsigned NOT NULL DEFAULT '0' COMMENT 'Website id',
  `add_date` timestamp NOT NULL DEFAULT CURRENT_TIMESTAMP COMMENT 'Product alert add date',
  `last_send_date` timestamp NULL DEFAULT NULL COMMENT 'Product alert last send date',
  `send_count` smallint(5) unsigned NOT NULL DEFAULT '0' COMMENT 'Product alert send count',
  `status` smallint(5) unsigned NOT NULL DEFAULT '0' COMMENT 'Product alert status',
  PRIMARY KEY (`alert_price_id`),
  KEY `PRODUCT_ALERT_PRICE_CUSTOMER_ID` (`customer_id`),
  KEY `PRODUCT_ALERT_PRICE_PRODUCT_ID` (`product_id`),
  KEY `PRODUCT_ALERT_PRICE_WEBSITE_ID` (`website_id`),
  CONSTRAINT `PRODUCT_ALERT_PRICE_CUSTOMER_ID_CUSTOMER_ENTITY_ENTITY_ID` FOREIGN KEY (`customer_id`) REFERENCES `customer_entity` (`entity_id`) ON DELETE CASCADE,
  CONSTRAINT `PRODUCT_ALERT_PRICE_PRODUCT_ID_CATALOG_PRODUCT_ENTITY_ENTITY_ID` FOREIGN KEY (`product_id`) REFERENCES `catalog_product_entity` (`entity_id`) ON DELETE CASCADE,
  CONSTRAINT `PRODUCT_ALERT_PRICE_WEBSITE_ID_STORE_WEBSITE_WEBSITE_ID` FOREIGN KEY (`website_id`) REFERENCES `store_website` (`website_id`) ON DELETE CASCADE
) ENGINE=InnoDB DEFAULT CHARSET=utf8 COMMENT='Product Alert Price';

--
-- Dumping data for table `product_alert_price`
--


--
-- Table structure for table `product_alert_stock`
--

CREATE TABLE `product_alert_stock` (
  `alert_stock_id` int(10) unsigned NOT NULL AUTO_INCREMENT COMMENT 'Product alert stock id',
  `customer_id` int(10) unsigned NOT NULL DEFAULT '0' COMMENT 'Customer id',
  `product_id` int(10) unsigned NOT NULL DEFAULT '0' COMMENT 'Product id',
  `website_id` smallint(5) unsigned NOT NULL DEFAULT '0' COMMENT 'Website id',
  `add_date` timestamp NOT NULL DEFAULT CURRENT_TIMESTAMP COMMENT 'Product alert add date',
  `send_date` timestamp NULL DEFAULT NULL COMMENT 'Product alert send date',
  `send_count` smallint(5) unsigned NOT NULL DEFAULT '0' COMMENT 'Send Count',
  `status` smallint(5) unsigned NOT NULL DEFAULT '0' COMMENT 'Product alert status',
  PRIMARY KEY (`alert_stock_id`),
  KEY `PRODUCT_ALERT_STOCK_CUSTOMER_ID` (`customer_id`),
  KEY `PRODUCT_ALERT_STOCK_PRODUCT_ID` (`product_id`),
  KEY `PRODUCT_ALERT_STOCK_WEBSITE_ID` (`website_id`),
  CONSTRAINT `PRODUCT_ALERT_STOCK_CUSTOMER_ID_CUSTOMER_ENTITY_ENTITY_ID` FOREIGN KEY (`customer_id`) REFERENCES `customer_entity` (`entity_id`) ON DELETE CASCADE,
  CONSTRAINT `PRODUCT_ALERT_STOCK_PRODUCT_ID_CATALOG_PRODUCT_ENTITY_ENTITY_ID` FOREIGN KEY (`product_id`) REFERENCES `catalog_product_entity` (`entity_id`) ON DELETE CASCADE,
  CONSTRAINT `PRODUCT_ALERT_STOCK_WEBSITE_ID_STORE_WEBSITE_WEBSITE_ID` FOREIGN KEY (`website_id`) REFERENCES `store_website` (`website_id`) ON DELETE CASCADE
) ENGINE=InnoDB DEFAULT CHARSET=utf8 COMMENT='Product Alert Stock';

--
-- Dumping data for table `product_alert_stock`
--


--
-- Table structure for table `quote_address`
--

CREATE TABLE `quote_address` (
  `address_id` int(10) unsigned NOT NULL AUTO_INCREMENT COMMENT 'Address Id',
  `quote_id` int(10) unsigned NOT NULL DEFAULT '0' COMMENT 'Quote Id',
  `created_at` timestamp NOT NULL DEFAULT CURRENT_TIMESTAMP COMMENT 'Created At',
  `updated_at` timestamp NOT NULL DEFAULT '0000-00-00 00:00:00' ON UPDATE CURRENT_TIMESTAMP COMMENT 'Updated At',
  `customer_id` int(10) unsigned DEFAULT NULL COMMENT 'Customer Id',
  `save_in_address_book` smallint(6) DEFAULT '0' COMMENT 'Save In Address Book',
  `customer_address_id` int(10) unsigned DEFAULT NULL COMMENT 'Customer Address Id',
  `address_type` varchar(10) DEFAULT NULL COMMENT 'Address Type',
  `email` varchar(255) DEFAULT NULL COMMENT 'Email',
  `prefix` varchar(40) DEFAULT NULL COMMENT 'Prefix',
  `firstname` varchar(255) DEFAULT NULL,
  `middlename` varchar(40) DEFAULT NULL,
  `lastname` varchar(255) DEFAULT NULL,
  `suffix` varchar(40) DEFAULT NULL COMMENT 'Suffix',
  `company` varchar(255) DEFAULT NULL COMMENT 'Company',
  `street` varchar(255) DEFAULT NULL COMMENT 'Street',
  `city` varchar(40) DEFAULT NULL COMMENT 'City',
  `region` varchar(40) DEFAULT NULL COMMENT 'Region',
  `region_id` int(10) unsigned DEFAULT NULL COMMENT 'Region Id',
  `postcode` varchar(20) DEFAULT NULL COMMENT 'Postcode',
  `country_id` varchar(30) DEFAULT NULL COMMENT 'Country Id',
  `telephone` varchar(20) DEFAULT NULL COMMENT 'Phone Number',
  `fax` varchar(20) DEFAULT NULL COMMENT 'Fax',
  `same_as_billing` smallint(5) unsigned NOT NULL DEFAULT '0' COMMENT 'Same As Billing',
  `collect_shipping_rates` smallint(5) unsigned NOT NULL DEFAULT '0' COMMENT 'Collect Shipping Rates',
  `shipping_method` varchar(120) DEFAULT NULL,
  `shipping_description` varchar(255) DEFAULT NULL COMMENT 'Shipping Description',
  `weight` decimal(12,4) NOT NULL DEFAULT '0.0000' COMMENT 'Weight',
  `subtotal` decimal(12,4) NOT NULL DEFAULT '0.0000' COMMENT 'Subtotal',
  `base_subtotal` decimal(12,4) NOT NULL DEFAULT '0.0000' COMMENT 'Base Subtotal',
  `subtotal_with_discount` decimal(12,4) NOT NULL DEFAULT '0.0000' COMMENT 'Subtotal With Discount',
  `base_subtotal_with_discount` decimal(12,4) NOT NULL DEFAULT '0.0000' COMMENT 'Base Subtotal With Discount',
  `tax_amount` decimal(12,4) NOT NULL DEFAULT '0.0000' COMMENT 'Tax Amount',
  `base_tax_amount` decimal(12,4) NOT NULL DEFAULT '0.0000' COMMENT 'Base Tax Amount',
  `shipping_amount` decimal(12,4) NOT NULL DEFAULT '0.0000' COMMENT 'Shipping Amount',
  `base_shipping_amount` decimal(12,4) NOT NULL DEFAULT '0.0000' COMMENT 'Base Shipping Amount',
  `shipping_tax_amount` decimal(12,4) DEFAULT NULL COMMENT 'Shipping Tax Amount',
  `base_shipping_tax_amount` decimal(12,4) DEFAULT NULL COMMENT 'Base Shipping Tax Amount',
  `discount_amount` decimal(12,4) NOT NULL DEFAULT '0.0000' COMMENT 'Discount Amount',
  `base_discount_amount` decimal(12,4) NOT NULL DEFAULT '0.0000' COMMENT 'Base Discount Amount',
  `grand_total` decimal(12,4) NOT NULL DEFAULT '0.0000' COMMENT 'Grand Total',
  `base_grand_total` decimal(12,4) NOT NULL DEFAULT '0.0000' COMMENT 'Base Grand Total',
  `customer_notes` text COMMENT 'Customer Notes',
  `applied_taxes` text COMMENT 'Applied Taxes',
  `discount_description` varchar(255) DEFAULT NULL COMMENT 'Discount Description',
  `shipping_discount_amount` decimal(12,4) DEFAULT NULL COMMENT 'Shipping Discount Amount',
  `base_shipping_discount_amount` decimal(12,4) DEFAULT NULL COMMENT 'Base Shipping Discount Amount',
  `subtotal_incl_tax` decimal(12,4) DEFAULT NULL COMMENT 'Subtotal Incl Tax',
  `base_subtotal_total_incl_tax` decimal(12,4) DEFAULT NULL COMMENT 'Base Subtotal Total Incl Tax',
  `discount_tax_compensation_amount` decimal(12,4) DEFAULT NULL COMMENT 'Discount Tax Compensation Amount',
  `base_discount_tax_compensation_amount` decimal(12,4) DEFAULT NULL COMMENT 'Base Discount Tax Compensation Amount',
  `shipping_discount_tax_compensation_amount` decimal(12,4) DEFAULT NULL COMMENT 'Shipping Discount Tax Compensation Amount',
  `base_shipping_discount_tax_compensation_amnt` decimal(12,4) DEFAULT NULL COMMENT 'Base Shipping Discount Tax Compensation Amount',
  `shipping_incl_tax` decimal(12,4) DEFAULT NULL COMMENT 'Shipping Incl Tax',
  `base_shipping_incl_tax` decimal(12,4) DEFAULT NULL COMMENT 'Base Shipping Incl Tax',
  `free_shipping` smallint(5) unsigned NOT NULL DEFAULT '0' COMMENT 'Free Shipping',
  `vat_id` text COMMENT 'Vat Id',
  `vat_is_valid` smallint(6) DEFAULT NULL COMMENT 'Vat Is Valid',
  `vat_request_id` text COMMENT 'Vat Request Id',
  `vat_request_date` text COMMENT 'Vat Request Date',
  `vat_request_success` smallint(6) DEFAULT NULL COMMENT 'Vat Request Success',
  `gift_message_id` int(11) DEFAULT NULL COMMENT 'Gift Message Id',
  PRIMARY KEY (`address_id`),
  KEY `QUOTE_ADDRESS_QUOTE_ID` (`quote_id`),
  CONSTRAINT `QUOTE_ADDRESS_QUOTE_ID_QUOTE_ENTITY_ID` FOREIGN KEY (`quote_id`) REFERENCES `quote` (`entity_id`) ON DELETE CASCADE
) ENGINE=InnoDB AUTO_INCREMENT=140 DEFAULT CHARSET=utf8 COMMENT='Sales Flat Quote Address';

--
-- Dumping data for table `quote_address`
--

INSERT INTO `quote_address` VALUES (1,1,'2018-03-12 21:32:06','0000-00-00 00:00:00',NULL,0,NULL,'billing',NULL,NULL,NULL,NULL,NULL,NULL,NULL,NULL,NULL,NULL,NULL,NULL,NULL,NULL,NULL,0,0,NULL,NULL,0.0000,0.0000,0.0000,0.0000,0.0000,0.0000,0.0000,0.0000,0.0000,NULL,NULL,0.0000,0.0000,0.0000,0.0000,NULL,'null',NULL,NULL,NULL,0.0000,NULL,0.0000,0.0000,0.0000,NULL,NULL,NULL,0,NULL,NULL,NULL,NULL,NULL,NULL),(2,1,'2018-03-12 21:32:06','0000-00-00 00:00:00',NULL,0,NULL,'shipping',NULL,NULL,NULL,NULL,NULL,NULL,NULL,NULL,NULL,NULL,NULL,NULL,NULL,NULL,NULL,1,0,NULL,NULL,1.0000,749.0000,749.0000,749.0000,749.0000,0.0000,0.0000,0.0000,0.0000,0.0000,0.0000,0.0000,0.0000,749.0000,749.0000,NULL,'[]',NULL,0.0000,0.0000,749.0000,749.0000,0.0000,0.0000,0.0000,NULL,0.0000,0.0000,0,NULL,NULL,NULL,NULL,NULL,NULL),(3,2,'2018-03-12 21:33:46','0000-00-00 00:00:00',NULL,0,NULL,'billing',NULL,NULL,'Dennis',NULL,'Van tol',NULL,NULL,'Hogeweg 103','Amersfoort',NULL,NULL,'3816 bn','NL','0337079933',NULL,0,0,NULL,NULL,0.0000,0.0000,0.0000,0.0000,0.0000,0.0000,0.0000,0.0000,0.0000,NULL,NULL,0.0000,0.0000,0.0000,0.0000,NULL,'null',NULL,NULL,NULL,0.0000,NULL,0.0000,0.0000,0.0000,NULL,NULL,NULL,0,NULL,NULL,NULL,NULL,NULL,NULL),(4,2,'2018-03-12 21:33:46','2018-03-12 21:35:57',NULL,0,NULL,'shipping',NULL,NULL,'Dennis',NULL,'Van tol',NULL,NULL,'Hogeweg 103','Amersfoort',NULL,NULL,'3816 bn','NL','0337079933',NULL,0,0,'flatrate_flatrate','Flat Rate - Fixed',1.0000,749.0000,749.0000,749.0000,749.0000,0.0000,0.0000,5.0000,5.0000,0.0000,0.0000,0.0000,0.0000,754.0000,754.0000,NULL,'[]',NULL,0.0000,0.0000,749.0000,749.0000,0.0000,0.0000,0.0000,NULL,5.0000,5.0000,0,NULL,NULL,NULL,NULL,NULL,NULL),(5,3,'2018-03-12 22:24:05','0000-00-00 00:00:00',NULL,0,NULL,'billing',NULL,NULL,NULL,NULL,NULL,NULL,NULL,NULL,NULL,NULL,NULL,NULL,NULL,NULL,NULL,0,0,NULL,NULL,0.0000,0.0000,0.0000,0.0000,0.0000,0.0000,0.0000,0.0000,0.0000,NULL,NULL,0.0000,0.0000,0.0000,0.0000,NULL,'null',NULL,NULL,NULL,0.0000,NULL,0.0000,0.0000,0.0000,NULL,NULL,NULL,0,NULL,NULL,NULL,NULL,NULL,NULL),(6,3,'2018-03-12 22:24:05','0000-00-00 00:00:00',NULL,0,NULL,'shipping',NULL,NULL,NULL,NULL,NULL,NULL,NULL,NULL,NULL,NULL,NULL,NULL,NULL,NULL,NULL,1,1,NULL,NULL,2.0000,1398.0000,1398.0000,1398.0000,1398.0000,0.0000,0.0000,0.0000,0.0000,0.0000,0.0000,0.0000,0.0000,1398.0000,1398.0000,NULL,'[]',NULL,0.0000,0.0000,1398.0000,1398.0000,0.0000,0.0000,0.0000,NULL,0.0000,0.0000,0,NULL,NULL,NULL,NULL,NULL,NULL),(7,4,'2018-03-13 09:05:15','0000-00-00 00:00:00',NULL,0,NULL,'billing',NULL,NULL,NULL,NULL,NULL,NULL,NULL,NULL,NULL,NULL,NULL,NULL,NULL,NULL,NULL,0,0,NULL,NULL,0.0000,0.0000,0.0000,0.0000,0.0000,0.0000,0.0000,0.0000,0.0000,NULL,NULL,0.0000,0.0000,0.0000,0.0000,NULL,'null',NULL,NULL,NULL,0.0000,NULL,0.0000,0.0000,0.0000,NULL,NULL,NULL,0,NULL,NULL,NULL,NULL,NULL,NULL),(8,4,'2018-03-13 09:05:15','0000-00-00 00:00:00',NULL,0,NULL,'shipping',NULL,NULL,NULL,NULL,NULL,NULL,NULL,NULL,NULL,NULL,NULL,NULL,NULL,NULL,NULL,1,0,NULL,NULL,1.0000,799.0000,799.0000,799.0000,799.0000,0.0000,0.0000,0.0000,0.0000,0.0000,0.0000,0.0000,0.0000,799.0000,799.0000,NULL,'[]',NULL,0.0000,0.0000,799.0000,799.0000,0.0000,0.0000,0.0000,NULL,0.0000,0.0000,0,NULL,NULL,NULL,NULL,NULL,NULL),(10,5,'2018-03-13 11:59:09','2018-03-13 12:21:17',NULL,0,NULL,'shipping','dennis@flirtcreativity.com',NULL,'Dennis',NULL,'van Tol',NULL,NULL,'Randenbroekerweg 2','Amersfoort','Utrecht',NULL,'3816BN','NL','0337079933',NULL,0,0,'flatrate_flatrate','Flat Rate - Fixed',1.0000,139.0000,139.0000,139.0000,139.0000,0.0000,0.0000,5.0000,5.0000,0.0000,0.0000,0.0000,0.0000,144.0000,144.0000,NULL,'[]',NULL,0.0000,0.0000,139.0000,139.0000,0.0000,0.0000,0.0000,NULL,5.0000,5.0000,0,NULL,NULL,NULL,NULL,NULL,NULL),(11,6,'2018-03-13 12:00:19','0000-00-00 00:00:00',NULL,0,NULL,'billing',NULL,NULL,NULL,NULL,NULL,NULL,NULL,NULL,NULL,NULL,NULL,NULL,NULL,NULL,NULL,0,0,NULL,NULL,0.0000,0.0000,0.0000,0.0000,0.0000,0.0000,0.0000,0.0000,0.0000,NULL,NULL,0.0000,0.0000,0.0000,0.0000,NULL,'null',NULL,NULL,NULL,0.0000,NULL,0.0000,0.0000,0.0000,NULL,NULL,NULL,0,NULL,NULL,NULL,NULL,NULL,NULL),(12,6,'2018-03-13 12:00:19','0000-00-00 00:00:00',NULL,0,NULL,'shipping',NULL,NULL,NULL,NULL,NULL,NULL,NULL,NULL,NULL,NULL,NULL,NULL,NULL,NULL,NULL,1,0,NULL,NULL,1.0000,799.0000,799.0000,799.0000,799.0000,0.0000,0.0000,0.0000,0.0000,0.0000,0.0000,0.0000,0.0000,799.0000,799.0000,NULL,'[]',NULL,0.0000,0.0000,799.0000,799.0000,0.0000,0.0000,0.0000,NULL,0.0000,0.0000,0,NULL,NULL,NULL,NULL,NULL,NULL),(13,5,'2018-03-13 12:21:17','0000-00-00 00:00:00',NULL,0,NULL,'billing','dennis@flirtcreativity.com',NULL,'Dennis',NULL,'van Tol',NULL,NULL,'Randenbroekerweg 2','Amersfoort','Utrecht',NULL,'3816BN','NL','0337079933',NULL,0,0,NULL,NULL,0.0000,0.0000,0.0000,0.0000,0.0000,0.0000,0.0000,0.0000,0.0000,NULL,NULL,0.0000,0.0000,0.0000,0.0000,NULL,'null',NULL,NULL,NULL,0.0000,NULL,0.0000,0.0000,0.0000,NULL,NULL,NULL,0,NULL,NULL,NULL,NULL,NULL,NULL),(15,7,'2018-03-13 12:29:54','2018-03-13 12:30:58',NULL,0,NULL,'shipping','dennis@flirtcreativity.com',NULL,'Dennis',NULL,'van Tol',NULL,NULL,'Randenbroekerweg 2','Amersfoort',NULL,NULL,'3816BN','NL','0337079933',NULL,0,0,'flatrate_flatrate','Flat Rate - Fixed',1.0000,849.0000,849.0000,849.0000,849.0000,0.0000,0.0000,5.0000,5.0000,0.0000,0.0000,0.0000,0.0000,854.0000,854.0000,NULL,'[]',NULL,0.0000,0.0000,849.0000,849.0000,0.0000,0.0000,0.0000,NULL,5.0000,5.0000,0,NULL,NULL,NULL,NULL,NULL,NULL),(16,7,'2018-03-13 12:30:58','0000-00-00 00:00:00',NULL,0,NULL,'billing','dennis@flirtcreativity.com',NULL,'Dennis',NULL,'van Tol',NULL,NULL,'Randenbroekerweg 2','Amersfoort',NULL,NULL,'3816BN','NL','0337079933',NULL,0,0,NULL,NULL,0.0000,0.0000,0.0000,0.0000,0.0000,0.0000,0.0000,0.0000,0.0000,NULL,NULL,0.0000,0.0000,0.0000,0.0000,NULL,'null',NULL,NULL,NULL,0.0000,NULL,0.0000,0.0000,0.0000,NULL,NULL,NULL,0,NULL,NULL,NULL,NULL,NULL,NULL),(18,8,'2018-03-13 12:35:36','2018-03-13 12:37:20',NULL,0,NULL,'shipping','denvantol@gmail.com',NULL,'Dennis',NULL,'van tol',NULL,NULL,'Hogeweg 103','Amersfoort',NULL,NULL,'3811ER','NL','0337079933',NULL,0,0,'flatrate_flatrate','Flat Rate - Fixed',1.0000,849.0000,849.0000,849.0000,849.0000,0.0000,0.0000,5.0000,5.0000,0.0000,0.0000,0.0000,0.0000,854.0000,854.0000,NULL,'[]',NULL,0.0000,0.0000,849.0000,849.0000,0.0000,0.0000,0.0000,NULL,5.0000,5.0000,0,NULL,NULL,NULL,NULL,NULL,NULL),(19,8,'2018-03-13 12:36:11','0000-00-00 00:00:00',NULL,0,NULL,'billing','denvantol@gmail.com',NULL,'Dennis',NULL,'van tol',NULL,NULL,'Hogeweg 103','Amersfoort',NULL,NULL,'3811ER','NL','0337079933',NULL,0,0,NULL,NULL,0.0000,0.0000,0.0000,0.0000,0.0000,0.0000,0.0000,0.0000,0.0000,NULL,NULL,0.0000,0.0000,0.0000,0.0000,NULL,'null',NULL,NULL,NULL,0.0000,NULL,0.0000,0.0000,0.0000,NULL,NULL,NULL,0,NULL,NULL,NULL,NULL,NULL,NULL),(20,9,'2018-03-13 12:46:09','0000-00-00 00:00:00',NULL,0,NULL,'billing',NULL,NULL,NULL,NULL,NULL,NULL,NULL,NULL,NULL,NULL,NULL,NULL,NULL,NULL,NULL,0,0,NULL,NULL,0.0000,0.0000,0.0000,0.0000,0.0000,0.0000,0.0000,0.0000,0.0000,NULL,NULL,0.0000,0.0000,0.0000,0.0000,NULL,'null',NULL,NULL,NULL,0.0000,NULL,0.0000,0.0000,0.0000,NULL,NULL,NULL,0,NULL,NULL,NULL,NULL,NULL,NULL),(21,9,'2018-03-13 12:46:09','0000-00-00 00:00:00',NULL,0,NULL,'shipping',NULL,NULL,NULL,NULL,NULL,NULL,NULL,NULL,NULL,NULL,NULL,NULL,'NL',NULL,NULL,1,0,'flatrate_flatrate','Flat Rate - Fixed',1.0000,749.0000,749.0000,749.0000,749.0000,0.0000,0.0000,5.0000,5.0000,0.0000,0.0000,0.0000,0.0000,754.0000,754.0000,NULL,'[]',NULL,0.0000,0.0000,749.0000,749.0000,0.0000,0.0000,0.0000,NULL,5.0000,5.0000,0,NULL,NULL,NULL,NULL,NULL,NULL),(22,10,'2018-03-13 12:47:50','0000-00-00 00:00:00',NULL,0,NULL,'billing',NULL,NULL,'A',NULL,'B',NULL,NULL,'123 fadsf','324234',NULL,NULL,'23423','NL','234234234',NULL,0,0,NULL,NULL,0.0000,0.0000,0.0000,0.0000,0.0000,0.0000,0.0000,0.0000,0.0000,NULL,NULL,0.0000,0.0000,0.0000,0.0000,NULL,'null',NULL,NULL,NULL,0.0000,NULL,0.0000,0.0000,0.0000,NULL,NULL,NULL,0,NULL,NULL,NULL,NULL,NULL,NULL),(23,10,'2018-03-13 12:47:50','2018-03-13 12:50:14',NULL,0,NULL,'shipping',NULL,NULL,'A',NULL,'B',NULL,NULL,'123 fadsf','324234',NULL,NULL,'23423','NL','234234234',NULL,0,0,'flatrate_flatrate','Flat Rate - Fixed',1.0000,749.0000,749.0000,749.0000,749.0000,0.0000,0.0000,5.0000,5.0000,0.0000,0.0000,0.0000,0.0000,754.0000,754.0000,NULL,'[]',NULL,0.0000,0.0000,749.0000,749.0000,0.0000,0.0000,0.0000,NULL,5.0000,5.0000,0,NULL,NULL,NULL,NULL,NULL,NULL),(24,11,'2018-03-13 13:21:13','0000-00-00 00:00:00',NULL,0,NULL,'billing',NULL,NULL,'Dennis',NULL,'van tol',NULL,NULL,'Hogeweg 103','Amersfoort',NULL,NULL,'3811ER','NL','0337079933',NULL,0,0,NULL,NULL,0.0000,0.0000,0.0000,0.0000,0.0000,0.0000,0.0000,0.0000,0.0000,NULL,NULL,0.0000,0.0000,0.0000,0.0000,NULL,'null',NULL,NULL,NULL,0.0000,NULL,0.0000,0.0000,0.0000,NULL,NULL,NULL,0,NULL,NULL,NULL,NULL,NULL,NULL),(25,11,'2018-03-13 13:21:13','2018-03-13 14:39:16',NULL,0,NULL,'shipping',NULL,NULL,'Dennis',NULL,'van tol',NULL,NULL,'Hogeweg 103','Amersfoort',NULL,NULL,'3811ER','NL','0337079933',NULL,0,0,'flatrate_flatrate','Flat Rate - Fixed',1.0000,649.0000,649.0000,649.0000,649.0000,0.0000,0.0000,5.0000,5.0000,0.0000,0.0000,0.0000,0.0000,654.0000,654.0000,NULL,'[]',NULL,0.0000,0.0000,649.0000,649.0000,0.0000,0.0000,0.0000,NULL,5.0000,5.0000,0,NULL,NULL,NULL,NULL,NULL,NULL),(27,12,'2018-03-13 14:57:45','2018-03-13 17:21:20',NULL,0,NULL,'shipping','dennis@flirtcreativity.com',NULL,'Dennis',NULL,'van tol',NULL,NULL,'Hogeweg 103','Amersfoort',NULL,NULL,'3811ER','NL','0337079933',NULL,0,0,'flatrate_flatrate','Flat Rate - Fixed',2.0000,958.0000,958.0000,958.0000,958.0000,0.0000,0.0000,10.0000,10.0000,0.0000,0.0000,0.0000,0.0000,968.0000,968.0000,NULL,'[]',NULL,0.0000,0.0000,958.0000,958.0000,0.0000,0.0000,0.0000,NULL,10.0000,10.0000,0,NULL,NULL,NULL,NULL,NULL,NULL),(28,13,'2018-03-13 15:45:56','0000-00-00 00:00:00',NULL,0,NULL,'billing',NULL,NULL,NULL,NULL,NULL,NULL,NULL,NULL,NULL,NULL,NULL,NULL,NULL,NULL,NULL,0,0,NULL,NULL,0.0000,0.0000,0.0000,0.0000,0.0000,0.0000,0.0000,0.0000,0.0000,NULL,NULL,0.0000,0.0000,0.0000,0.0000,NULL,'null',NULL,NULL,NULL,0.0000,NULL,0.0000,0.0000,0.0000,NULL,NULL,NULL,0,NULL,NULL,NULL,NULL,NULL,NULL),(29,13,'2018-03-13 15:45:56','0000-00-00 00:00:00',NULL,0,NULL,'shipping',NULL,NULL,NULL,NULL,NULL,NULL,NULL,NULL,NULL,NULL,NULL,NULL,'NL',NULL,NULL,1,0,'flatrate_flatrate','Flat Rate - Fixed',1.0000,749.0000,749.0000,749.0000,749.0000,0.0000,0.0000,5.0000,5.0000,0.0000,0.0000,0.0000,0.0000,754.0000,754.0000,NULL,'[]',NULL,0.0000,0.0000,749.0000,749.0000,0.0000,0.0000,0.0000,NULL,5.0000,5.0000,0,NULL,NULL,NULL,NULL,NULL,NULL),(30,12,'2018-03-13 17:21:20','0000-00-00 00:00:00',NULL,0,NULL,'billing','dennis@flirtcreativity.com',NULL,'Dennis',NULL,'van tol',NULL,NULL,'Hogeweg 103','Amersfoort',NULL,NULL,'3811ER','NL','0337079933',NULL,0,0,NULL,NULL,0.0000,0.0000,0.0000,0.0000,0.0000,0.0000,0.0000,0.0000,0.0000,NULL,NULL,0.0000,0.0000,0.0000,0.0000,NULL,'null',NULL,NULL,NULL,0.0000,NULL,0.0000,0.0000,0.0000,NULL,NULL,NULL,0,NULL,NULL,NULL,NULL,NULL,NULL),(31,14,'2018-03-13 17:42:43','0000-00-00 00:00:00',1,0,NULL,'billing','dennis@flirtcreativity.com',NULL,'Dennis',NULL,'van Tol',NULL,NULL,'Hogeweg 103','Amersfoort',NULL,NULL,'3811 CD','NL','0337079933',NULL,0,0,NULL,NULL,0.0000,0.0000,0.0000,0.0000,0.0000,0.0000,0.0000,0.0000,0.0000,NULL,NULL,0.0000,0.0000,0.0000,0.0000,NULL,'null',NULL,NULL,NULL,0.0000,NULL,0.0000,0.0000,0.0000,NULL,NULL,NULL,0,NULL,NULL,NULL,NULL,NULL,NULL),(32,14,'2018-03-13 17:42:43','2018-03-15 23:09:54',1,1,NULL,'shipping','dennis@flirtcreativity.com',NULL,'Dennis',NULL,'van Tol',NULL,NULL,'Hogeweg 103','Amersfoort',NULL,NULL,'3811 CD','NL','0337079933',NULL,0,1,'flatrate_flatrate','Flat Rate - Fixed',0.0000,0.0000,0.0000,1298.0000,1298.0000,0.0000,0.0000,0.0000,0.0000,0.0000,0.0000,0.0000,0.0000,0.0000,0.0000,NULL,'null',NULL,0.0000,0.0000,0.0000,1298.0000,0.0000,0.0000,0.0000,NULL,10.0000,10.0000,0,NULL,NULL,NULL,NULL,NULL,NULL),(33,15,'2018-03-13 20:45:37','0000-00-00 00:00:00',NULL,0,NULL,'billing',NULL,NULL,NULL,NULL,NULL,NULL,NULL,NULL,NULL,NULL,NULL,NULL,NULL,NULL,NULL,0,0,NULL,NULL,0.0000,0.0000,0.0000,0.0000,0.0000,0.0000,0.0000,0.0000,0.0000,NULL,NULL,0.0000,0.0000,0.0000,0.0000,NULL,'null',NULL,NULL,NULL,0.0000,NULL,0.0000,0.0000,0.0000,NULL,NULL,NULL,0,NULL,NULL,NULL,NULL,NULL,NULL),(34,15,'2018-03-13 20:45:37','0000-00-00 00:00:00',NULL,0,NULL,'shipping',NULL,NULL,NULL,NULL,NULL,NULL,NULL,NULL,NULL,NULL,NULL,NULL,'NL',NULL,NULL,1,0,'flatrate_flatrate','Flat Rate - Fixed',1.0000,749.0000,749.0000,749.0000,749.0000,0.0000,0.0000,5.0000,5.0000,0.0000,0.0000,0.0000,0.0000,754.0000,754.0000,NULL,'[]',NULL,0.0000,0.0000,749.0000,749.0000,0.0000,0.0000,0.0000,NULL,5.0000,5.0000,0,NULL,NULL,NULL,NULL,NULL,NULL),(35,16,'2018-03-13 21:35:34','0000-00-00 00:00:00',NULL,0,NULL,'billing',NULL,NULL,NULL,NULL,NULL,NULL,NULL,NULL,NULL,NULL,NULL,NULL,NULL,NULL,NULL,0,0,NULL,NULL,0.0000,0.0000,0.0000,0.0000,0.0000,0.0000,0.0000,0.0000,0.0000,NULL,NULL,0.0000,0.0000,0.0000,0.0000,NULL,'null',NULL,NULL,NULL,0.0000,NULL,0.0000,0.0000,0.0000,NULL,NULL,NULL,0,NULL,NULL,NULL,NULL,NULL,NULL),(36,16,'2018-03-13 21:35:34','0000-00-00 00:00:00',NULL,0,NULL,'shipping',NULL,NULL,NULL,NULL,NULL,NULL,NULL,NULL,NULL,NULL,NULL,NULL,'NL',NULL,NULL,1,0,'flatrate_flatrate','Flat Rate - Fixed',1.0000,649.0000,649.0000,649.0000,649.0000,0.0000,0.0000,5.0000,5.0000,0.0000,0.0000,0.0000,0.0000,654.0000,654.0000,NULL,'[]',NULL,0.0000,0.0000,649.0000,649.0000,0.0000,0.0000,0.0000,NULL,5.0000,5.0000,0,NULL,NULL,NULL,NULL,NULL,NULL),(37,17,'2018-03-13 21:53:53','0000-00-00 00:00:00',NULL,0,NULL,'billing',NULL,NULL,NULL,NULL,NULL,NULL,NULL,NULL,NULL,NULL,NULL,NULL,NULL,NULL,NULL,0,0,NULL,NULL,0.0000,0.0000,0.0000,0.0000,0.0000,0.0000,0.0000,0.0000,0.0000,NULL,NULL,0.0000,0.0000,0.0000,0.0000,NULL,'null',NULL,NULL,NULL,0.0000,NULL,0.0000,0.0000,0.0000,NULL,NULL,NULL,0,NULL,NULL,NULL,NULL,NULL,NULL),(38,17,'2018-03-13 21:53:53','0000-00-00 00:00:00',NULL,0,NULL,'shipping',NULL,NULL,NULL,NULL,NULL,NULL,NULL,NULL,NULL,NULL,NULL,NULL,'NL',NULL,NULL,1,0,'flatrate_flatrate','Flat Rate - Fixed',1.0000,799.0000,799.0000,799.0000,799.0000,0.0000,0.0000,5.0000,5.0000,0.0000,0.0000,0.0000,0.0000,804.0000,804.0000,NULL,'[]',NULL,0.0000,0.0000,799.0000,799.0000,0.0000,0.0000,0.0000,NULL,5.0000,5.0000,0,NULL,NULL,NULL,NULL,NULL,NULL),(39,18,'2018-03-13 22:10:42','0000-00-00 00:00:00',NULL,0,NULL,'billing',NULL,NULL,NULL,NULL,NULL,NULL,NULL,NULL,NULL,NULL,NULL,NULL,NULL,NULL,NULL,0,0,NULL,NULL,0.0000,0.0000,0.0000,0.0000,0.0000,0.0000,0.0000,0.0000,0.0000,NULL,NULL,0.0000,0.0000,0.0000,0.0000,NULL,'null',NULL,NULL,NULL,0.0000,NULL,0.0000,0.0000,0.0000,NULL,NULL,NULL,0,NULL,NULL,NULL,NULL,NULL,NULL),(40,18,'2018-03-13 22:10:42','0000-00-00 00:00:00',NULL,0,NULL,'shipping',NULL,NULL,NULL,NULL,NULL,NULL,NULL,NULL,NULL,NULL,NULL,NULL,'NL',NULL,NULL,1,0,'flatrate_flatrate','Flat Rate - Fixed',1.0000,849.0000,849.0000,849.0000,849.0000,0.0000,0.0000,5.0000,5.0000,0.0000,0.0000,0.0000,0.0000,854.0000,854.0000,NULL,'[]',NULL,0.0000,0.0000,849.0000,849.0000,0.0000,0.0000,0.0000,NULL,5.0000,5.0000,0,NULL,NULL,NULL,NULL,NULL,NULL),(41,19,'2018-03-14 07:33:19','0000-00-00 00:00:00',NULL,0,NULL,'billing',NULL,NULL,NULL,NULL,NULL,NULL,NULL,NULL,NULL,NULL,NULL,NULL,NULL,NULL,NULL,0,0,NULL,NULL,0.0000,0.0000,0.0000,0.0000,0.0000,0.0000,0.0000,0.0000,0.0000,NULL,NULL,0.0000,0.0000,0.0000,0.0000,NULL,'null',NULL,NULL,NULL,0.0000,NULL,0.0000,0.0000,0.0000,NULL,NULL,NULL,0,NULL,NULL,NULL,NULL,NULL,NULL),(42,19,'2018-03-14 07:33:19','0000-00-00 00:00:00',NULL,0,NULL,'shipping',NULL,NULL,NULL,NULL,NULL,NULL,NULL,NULL,NULL,NULL,NULL,NULL,'NL',NULL,NULL,1,0,'flatrate_flatrate','Flat Rate - Fixed',1.0000,849.0000,849.0000,849.0000,849.0000,0.0000,0.0000,5.0000,5.0000,0.0000,0.0000,0.0000,0.0000,854.0000,854.0000,NULL,'[]',NULL,0.0000,0.0000,849.0000,849.0000,0.0000,0.0000,0.0000,NULL,5.0000,5.0000,0,NULL,NULL,NULL,NULL,NULL,NULL),(43,20,'2018-03-14 09:54:09','0000-00-00 00:00:00',NULL,0,NULL,'billing',NULL,NULL,NULL,NULL,NULL,NULL,NULL,NULL,NULL,NULL,NULL,NULL,NULL,NULL,NULL,0,0,NULL,NULL,0.0000,0.0000,0.0000,0.0000,0.0000,0.0000,0.0000,0.0000,0.0000,NULL,NULL,0.0000,0.0000,0.0000,0.0000,NULL,'null',NULL,NULL,NULL,0.0000,NULL,0.0000,0.0000,0.0000,NULL,NULL,NULL,0,NULL,NULL,NULL,NULL,NULL,NULL),(44,20,'2018-03-14 09:54:09','0000-00-00 00:00:00',NULL,0,NULL,'shipping',NULL,NULL,NULL,NULL,NULL,NULL,NULL,NULL,NULL,NULL,NULL,NULL,'NL',NULL,NULL,1,0,'flatrate_flatrate','Flat Rate - Fixed',1.0000,849.0000,849.0000,849.0000,849.0000,0.0000,0.0000,5.0000,5.0000,0.0000,0.0000,0.0000,0.0000,854.0000,854.0000,NULL,'[]',NULL,0.0000,0.0000,849.0000,849.0000,0.0000,0.0000,0.0000,NULL,5.0000,5.0000,0,NULL,NULL,NULL,NULL,NULL,NULL),(45,21,'2018-03-14 10:03:17','0000-00-00 00:00:00',NULL,0,NULL,'billing',NULL,NULL,NULL,NULL,NULL,NULL,NULL,NULL,NULL,NULL,NULL,NULL,NULL,NULL,NULL,0,0,NULL,NULL,0.0000,0.0000,0.0000,0.0000,0.0000,0.0000,0.0000,0.0000,0.0000,NULL,NULL,0.0000,0.0000,0.0000,0.0000,NULL,'null',NULL,NULL,NULL,0.0000,NULL,0.0000,0.0000,0.0000,NULL,NULL,NULL,0,NULL,NULL,NULL,NULL,NULL,NULL),(46,21,'2018-03-14 10:03:17','0000-00-00 00:00:00',NULL,0,NULL,'shipping',NULL,NULL,NULL,NULL,NULL,NULL,NULL,NULL,NULL,NULL,NULL,NULL,'NL',NULL,NULL,1,0,'flatrate_flatrate','Flat Rate - Fixed',1.0000,799.0000,799.0000,799.0000,799.0000,0.0000,0.0000,5.0000,5.0000,0.0000,0.0000,0.0000,0.0000,804.0000,804.0000,NULL,'[]',NULL,0.0000,0.0000,799.0000,799.0000,0.0000,0.0000,0.0000,NULL,5.0000,5.0000,0,NULL,NULL,NULL,NULL,NULL,NULL),(47,22,'2018-03-14 13:00:48','0000-00-00 00:00:00',NULL,0,NULL,'billing',NULL,NULL,NULL,NULL,NULL,NULL,NULL,NULL,NULL,NULL,NULL,NULL,NULL,NULL,NULL,0,0,NULL,NULL,0.0000,0.0000,0.0000,0.0000,0.0000,0.0000,0.0000,0.0000,0.0000,NULL,NULL,0.0000,0.0000,0.0000,0.0000,NULL,'null',NULL,NULL,NULL,0.0000,NULL,0.0000,0.0000,0.0000,NULL,NULL,NULL,0,NULL,NULL,NULL,NULL,NULL,NULL),(48,22,'2018-03-14 13:00:48','0000-00-00 00:00:00',NULL,0,NULL,'shipping',NULL,NULL,NULL,NULL,NULL,NULL,NULL,NULL,NULL,NULL,NULL,NULL,'NL',NULL,NULL,1,0,'flatrate_flatrate','Flat Rate - Fixed',1.0000,799.0000,799.0000,799.0000,799.0000,0.0000,0.0000,5.0000,5.0000,0.0000,0.0000,0.0000,0.0000,804.0000,804.0000,NULL,'[]',NULL,0.0000,0.0000,799.0000,799.0000,0.0000,0.0000,0.0000,NULL,5.0000,5.0000,0,NULL,NULL,NULL,NULL,NULL,NULL),(49,23,'2018-03-14 14:19:04','0000-00-00 00:00:00',NULL,0,NULL,'billing',NULL,NULL,NULL,NULL,NULL,NULL,NULL,NULL,NULL,NULL,NULL,NULL,NULL,NULL,NULL,0,0,NULL,NULL,0.0000,0.0000,0.0000,0.0000,0.0000,0.0000,0.0000,0.0000,0.0000,NULL,NULL,0.0000,0.0000,0.0000,0.0000,NULL,'null',NULL,NULL,NULL,0.0000,NULL,0.0000,0.0000,0.0000,NULL,NULL,NULL,0,NULL,NULL,NULL,NULL,NULL,NULL),(50,23,'2018-03-14 14:19:04','0000-00-00 00:00:00',NULL,0,NULL,'shipping',NULL,NULL,NULL,NULL,NULL,NULL,NULL,NULL,NULL,NULL,NULL,NULL,'NL',NULL,NULL,1,0,'flatrate_flatrate','Flat Rate - Fixed',1.0000,749.0000,749.0000,749.0000,749.0000,0.0000,0.0000,5.0000,5.0000,0.0000,0.0000,0.0000,0.0000,754.0000,754.0000,NULL,'[]',NULL,0.0000,0.0000,749.0000,749.0000,0.0000,0.0000,0.0000,NULL,5.0000,5.0000,0,NULL,NULL,NULL,NULL,NULL,NULL),(51,24,'2018-03-14 14:50:38','0000-00-00 00:00:00',NULL,0,NULL,'billing',NULL,NULL,NULL,NULL,NULL,NULL,NULL,NULL,NULL,NULL,NULL,NULL,NULL,NULL,NULL,0,0,NULL,NULL,0.0000,0.0000,0.0000,0.0000,0.0000,0.0000,0.0000,0.0000,0.0000,NULL,NULL,0.0000,0.0000,0.0000,0.0000,NULL,'null',NULL,NULL,NULL,0.0000,NULL,0.0000,0.0000,0.0000,NULL,NULL,NULL,0,NULL,NULL,NULL,NULL,NULL,NULL),(52,24,'2018-03-14 14:50:38','0000-00-00 00:00:00',NULL,0,NULL,'shipping',NULL,NULL,NULL,NULL,NULL,NULL,NULL,NULL,NULL,NULL,NULL,NULL,'NL',NULL,NULL,1,0,'flatrate_flatrate','Flat Rate - Fixed',1.0000,749.0000,749.0000,749.0000,749.0000,0.0000,0.0000,5.0000,5.0000,0.0000,0.0000,0.0000,0.0000,754.0000,754.0000,NULL,'[]',NULL,0.0000,0.0000,749.0000,749.0000,0.0000,0.0000,0.0000,NULL,5.0000,5.0000,0,NULL,NULL,NULL,NULL,NULL,NULL),(53,25,'2018-03-14 20:22:21','0000-00-00 00:00:00',NULL,0,NULL,'billing',NULL,NULL,NULL,NULL,NULL,NULL,NULL,NULL,NULL,NULL,NULL,NULL,NULL,NULL,NULL,0,0,NULL,NULL,0.0000,0.0000,0.0000,0.0000,0.0000,0.0000,0.0000,0.0000,0.0000,NULL,NULL,0.0000,0.0000,0.0000,0.0000,NULL,'null',NULL,NULL,NULL,0.0000,NULL,0.0000,0.0000,0.0000,NULL,NULL,NULL,0,NULL,NULL,NULL,NULL,NULL,NULL),(54,25,'2018-03-14 20:22:21','0000-00-00 00:00:00',NULL,0,NULL,'shipping',NULL,NULL,NULL,NULL,NULL,NULL,NULL,NULL,NULL,NULL,NULL,NULL,'NL',NULL,NULL,1,0,'flatrate_flatrate','Flat Rate - Fixed',1.0000,749.0000,749.0000,749.0000,749.0000,0.0000,0.0000,5.0000,5.0000,0.0000,0.0000,0.0000,0.0000,754.0000,754.0000,NULL,'[]',NULL,0.0000,0.0000,749.0000,749.0000,0.0000,0.0000,0.0000,NULL,5.0000,5.0000,0,NULL,NULL,NULL,NULL,NULL,NULL),(55,26,'2018-03-14 22:25:44','0000-00-00 00:00:00',NULL,0,NULL,'billing',NULL,NULL,NULL,NULL,NULL,NULL,NULL,NULL,NULL,NULL,NULL,NULL,NULL,NULL,NULL,0,0,NULL,NULL,0.0000,0.0000,0.0000,0.0000,0.0000,0.0000,0.0000,0.0000,0.0000,NULL,NULL,0.0000,0.0000,0.0000,0.0000,NULL,'null',NULL,NULL,NULL,0.0000,NULL,0.0000,0.0000,0.0000,NULL,NULL,NULL,0,NULL,NULL,NULL,NULL,NULL,NULL),(56,26,'2018-03-14 22:25:44','0000-00-00 00:00:00',NULL,0,NULL,'shipping',NULL,NULL,NULL,NULL,NULL,NULL,NULL,NULL,NULL,NULL,NULL,NULL,'NL',NULL,NULL,1,1,'flatrate_flatrate','Flat Rate - Fixed',0.0000,0.0000,0.0000,749.0000,749.0000,0.0000,0.0000,0.0000,0.0000,0.0000,0.0000,0.0000,0.0000,0.0000,0.0000,NULL,'null',NULL,0.0000,0.0000,0.0000,749.0000,0.0000,0.0000,0.0000,NULL,5.0000,5.0000,0,NULL,NULL,NULL,NULL,NULL,NULL),(58,27,'2018-03-15 14:50:45','2018-03-15 17:37:24',NULL,0,NULL,'shipping','denvantol@gmail.com',NULL,'Dennis',NULL,'van tol',NULL,NULL,'Hogeweg 103','Amersfoort',NULL,NULL,'3811ER','NL','123125415161',NULL,0,0,'flatrate_flatrate','Flat Rate - Fixed',1.0000,89.0000,89.0000,89.0000,89.0000,0.0000,0.0000,5.0000,5.0000,0.0000,0.0000,0.0000,0.0000,94.0000,94.0000,NULL,'[]',NULL,0.0000,0.0000,89.0000,89.0000,0.0000,0.0000,0.0000,NULL,5.0000,5.0000,0,NULL,NULL,NULL,NULL,NULL,NULL),(60,28,'2018-03-15 14:59:02','2018-03-15 15:03:37',NULL,0,NULL,'shipping','denvantol@gmail.com',NULL,'anna',NULL,'smolovyk',NULL,NULL,'25 joannes van siestraat','amersfoort',NULL,NULL,'3817ac','NL','+44 7714267936',NULL,0,0,'flatrate_flatrate','Flat Rate - Fixed',2.0000,1298.0000,1298.0000,1298.0000,1298.0000,0.0000,0.0000,10.0000,10.0000,0.0000,0.0000,0.0000,0.0000,1308.0000,1308.0000,NULL,'[]',NULL,0.0000,0.0000,1298.0000,1298.0000,0.0000,0.0000,0.0000,NULL,10.0000,10.0000,0,NULL,NULL,NULL,NULL,NULL,NULL),(61,28,'2018-03-15 15:03:37','0000-00-00 00:00:00',NULL,0,NULL,'billing','denvantol@gmail.com',NULL,'anna',NULL,'smolovyk',NULL,NULL,'25 joannes van siestraat','amersfoort',NULL,NULL,'3817ac','NL','+44 7714267936',NULL,0,0,NULL,NULL,0.0000,0.0000,0.0000,0.0000,0.0000,0.0000,0.0000,0.0000,0.0000,NULL,NULL,0.0000,0.0000,0.0000,0.0000,NULL,'null',NULL,NULL,NULL,0.0000,NULL,0.0000,0.0000,0.0000,NULL,NULL,NULL,0,NULL,NULL,NULL,NULL,NULL,NULL),(62,27,'2018-03-15 17:37:24','0000-00-00 00:00:00',NULL,0,NULL,'billing','denvantol@gmail.com',NULL,'Dennis',NULL,'van tol',NULL,NULL,'Hogeweg 103','Amersfoort',NULL,NULL,'3811ER','NL','123125415161',NULL,0,0,NULL,NULL,0.0000,0.0000,0.0000,0.0000,0.0000,0.0000,0.0000,0.0000,0.0000,NULL,NULL,0.0000,0.0000,0.0000,0.0000,NULL,'null',NULL,NULL,NULL,0.0000,NULL,0.0000,0.0000,0.0000,NULL,NULL,NULL,0,NULL,NULL,NULL,NULL,NULL,NULL),(63,29,'2018-03-15 17:38:22','0000-00-00 00:00:00',NULL,0,NULL,'billing',NULL,NULL,NULL,NULL,NULL,NULL,NULL,NULL,NULL,NULL,NULL,NULL,NULL,NULL,NULL,0,0,NULL,NULL,0.0000,0.0000,0.0000,0.0000,0.0000,0.0000,0.0000,0.0000,0.0000,NULL,NULL,0.0000,0.0000,0.0000,0.0000,NULL,'null',NULL,NULL,NULL,0.0000,NULL,0.0000,0.0000,0.0000,NULL,NULL,NULL,0,NULL,NULL,NULL,NULL,NULL,NULL),(64,29,'2018-03-15 17:38:22','0000-00-00 00:00:00',NULL,0,NULL,'shipping',NULL,NULL,NULL,NULL,NULL,NULL,NULL,NULL,NULL,NULL,NULL,NULL,'NL',NULL,NULL,1,0,'flatrate_flatrate','Flat Rate - Fixed',1.0000,599.0000,599.0000,599.0000,599.0000,0.0000,0.0000,5.0000,5.0000,0.0000,0.0000,0.0000,0.0000,604.0000,604.0000,NULL,'[]',NULL,0.0000,0.0000,599.0000,599.0000,0.0000,0.0000,0.0000,NULL,5.0000,5.0000,0,NULL,NULL,NULL,NULL,NULL,NULL),(71,33,'2018-03-16 14:32:16','0000-00-00 00:00:00',NULL,0,NULL,'billing',NULL,NULL,NULL,NULL,NULL,NULL,NULL,NULL,NULL,NULL,NULL,NULL,NULL,NULL,NULL,0,0,NULL,NULL,0.0000,0.0000,0.0000,0.0000,0.0000,0.0000,0.0000,0.0000,0.0000,NULL,NULL,0.0000,0.0000,0.0000,0.0000,NULL,'null',NULL,NULL,NULL,0.0000,NULL,0.0000,0.0000,0.0000,NULL,NULL,NULL,0,NULL,NULL,NULL,NULL,NULL,NULL),(72,33,'2018-03-16 14:32:16','0000-00-00 00:00:00',NULL,0,NULL,'shipping',NULL,NULL,NULL,NULL,NULL,NULL,NULL,NULL,NULL,NULL,NULL,NULL,'NL',NULL,NULL,1,1,'flatrate_flatrate','Flat Rate - Fixed',0.0000,0.0000,0.0000,799.0000,799.0000,0.0000,0.0000,0.0000,0.0000,0.0000,0.0000,0.0000,0.0000,0.0000,0.0000,NULL,'null',NULL,0.0000,0.0000,0.0000,799.0000,0.0000,0.0000,0.0000,NULL,5.0000,5.0000,0,NULL,NULL,NULL,NULL,NULL,NULL),(73,34,'2018-03-16 21:54:43','0000-00-00 00:00:00',NULL,0,NULL,'billing',NULL,NULL,NULL,NULL,NULL,NULL,NULL,NULL,NULL,NULL,NULL,NULL,NULL,NULL,NULL,0,0,NULL,NULL,0.0000,0.0000,0.0000,0.0000,0.0000,0.0000,0.0000,0.0000,0.0000,NULL,NULL,0.0000,0.0000,0.0000,0.0000,NULL,'null',NULL,NULL,NULL,0.0000,NULL,0.0000,0.0000,0.0000,NULL,NULL,NULL,0,NULL,NULL,NULL,NULL,NULL,NULL),(74,34,'2018-03-16 21:54:43','0000-00-00 00:00:00',NULL,0,NULL,'shipping',NULL,NULL,NULL,NULL,NULL,NULL,NULL,NULL,NULL,NULL,NULL,NULL,'NL',NULL,NULL,1,0,'flatrate_flatrate','Flat Rate - Fixed',1.0000,599.0000,599.0000,599.0000,599.0000,0.0000,0.0000,5.0000,5.0000,0.0000,0.0000,0.0000,0.0000,604.0000,604.0000,NULL,'[]',NULL,0.0000,0.0000,599.0000,599.0000,0.0000,0.0000,0.0000,NULL,5.0000,5.0000,0,NULL,NULL,NULL,NULL,NULL,NULL),(75,35,'2018-03-17 23:00:36','0000-00-00 00:00:00',NULL,0,NULL,'billing',NULL,NULL,NULL,NULL,NULL,NULL,NULL,NULL,NULL,NULL,NULL,NULL,NULL,NULL,NULL,0,0,NULL,NULL,0.0000,0.0000,0.0000,0.0000,0.0000,0.0000,0.0000,0.0000,0.0000,NULL,NULL,0.0000,0.0000,0.0000,0.0000,NULL,'null',NULL,NULL,NULL,0.0000,NULL,0.0000,0.0000,0.0000,NULL,NULL,NULL,0,NULL,NULL,NULL,NULL,NULL,NULL),(76,35,'2018-03-17 23:00:36','0000-00-00 00:00:00',NULL,0,NULL,'shipping',NULL,NULL,NULL,NULL,NULL,NULL,NULL,NULL,NULL,NULL,NULL,NULL,'NL',NULL,NULL,1,0,'flatrate_flatrate','Flat Rate - Fixed',1.0000,799.0000,799.0000,799.0000,799.0000,0.0000,0.0000,5.0000,5.0000,0.0000,0.0000,0.0000,0.0000,804.0000,804.0000,NULL,'[]',NULL,0.0000,0.0000,799.0000,799.0000,0.0000,0.0000,0.0000,NULL,5.0000,5.0000,0,NULL,NULL,NULL,NULL,NULL,NULL),(77,36,'2018-03-20 12:28:43','0000-00-00 00:00:00',NULL,0,NULL,'billing',NULL,NULL,NULL,NULL,NULL,NULL,NULL,NULL,NULL,NULL,NULL,NULL,NULL,NULL,NULL,0,0,NULL,NULL,0.0000,0.0000,0.0000,0.0000,0.0000,0.0000,0.0000,0.0000,0.0000,NULL,NULL,0.0000,0.0000,0.0000,0.0000,NULL,'null',NULL,NULL,NULL,0.0000,NULL,0.0000,0.0000,0.0000,NULL,NULL,NULL,0,NULL,NULL,NULL,NULL,NULL,NULL),(78,36,'2018-03-20 12:28:43','0000-00-00 00:00:00',NULL,0,NULL,'shipping',NULL,NULL,NULL,NULL,NULL,NULL,NULL,NULL,NULL,NULL,NULL,NULL,'NL',NULL,NULL,1,0,'flatrate_flatrate','Flat Rate - Fixed',1.0000,749.0000,749.0000,749.0000,749.0000,0.0000,0.0000,5.0000,5.0000,0.0000,0.0000,0.0000,0.0000,754.0000,754.0000,NULL,'[]',NULL,0.0000,0.0000,749.0000,749.0000,0.0000,0.0000,0.0000,NULL,5.0000,5.0000,0,NULL,NULL,NULL,NULL,NULL,NULL),(79,37,'2018-03-21 08:36:33','0000-00-00 00:00:00',2,0,NULL,'billing','josina_van_den_bosch@hotmail.com',NULL,NULL,NULL,NULL,NULL,NULL,NULL,NULL,NULL,NULL,NULL,NULL,NULL,NULL,0,0,NULL,NULL,0.0000,0.0000,0.0000,0.0000,0.0000,0.0000,0.0000,0.0000,0.0000,NULL,NULL,0.0000,0.0000,0.0000,0.0000,NULL,'null',NULL,NULL,NULL,0.0000,NULL,0.0000,0.0000,0.0000,NULL,NULL,NULL,0,NULL,NULL,NULL,NULL,NULL,NULL),(80,37,'2018-03-21 08:36:33','0000-00-00 00:00:00',2,0,NULL,'shipping','josina_van_den_bosch@hotmail.com',NULL,NULL,NULL,NULL,NULL,NULL,NULL,NULL,NULL,NULL,NULL,'NL',NULL,NULL,1,1,'flatrate_flatrate',NULL,0.0000,0.0000,0.0000,0.0000,0.0000,0.0000,0.0000,0.0000,0.0000,NULL,NULL,0.0000,0.0000,0.0000,0.0000,NULL,'null',NULL,NULL,NULL,0.0000,NULL,0.0000,0.0000,0.0000,NULL,NULL,NULL,0,NULL,NULL,NULL,NULL,NULL,NULL),(81,38,'2018-03-21 13:35:15','0000-00-00 00:00:00',3,0,NULL,'billing','jmvanleen@live.nl',NULL,NULL,NULL,NULL,NULL,NULL,NULL,NULL,NULL,NULL,NULL,NULL,NULL,NULL,0,0,NULL,NULL,0.0000,0.0000,0.0000,0.0000,0.0000,0.0000,0.0000,0.0000,0.0000,NULL,NULL,0.0000,0.0000,0.0000,0.0000,NULL,'null',NULL,NULL,NULL,0.0000,NULL,0.0000,0.0000,0.0000,NULL,NULL,NULL,0,NULL,NULL,NULL,NULL,NULL,NULL),(82,38,'2018-03-21 13:35:15','0000-00-00 00:00:00',3,0,NULL,'shipping','jmvanleen@live.nl',NULL,NULL,NULL,NULL,NULL,NULL,NULL,NULL,NULL,NULL,NULL,'IL',NULL,NULL,1,1,'flatrate_flatrate',NULL,0.0000,0.0000,0.0000,0.0000,0.0000,0.0000,0.0000,0.0000,0.0000,NULL,NULL,0.0000,0.0000,0.0000,0.0000,NULL,'null',NULL,NULL,NULL,0.0000,NULL,0.0000,0.0000,0.0000,NULL,NULL,NULL,0,NULL,NULL,NULL,NULL,NULL,NULL),(83,39,'2018-03-21 13:48:17','0000-00-00 00:00:00',NULL,0,NULL,'billing',NULL,NULL,NULL,NULL,NULL,NULL,NULL,NULL,NULL,NULL,NULL,NULL,NULL,NULL,NULL,0,0,NULL,NULL,0.0000,0.0000,0.0000,0.0000,0.0000,0.0000,0.0000,0.0000,0.0000,NULL,NULL,0.0000,0.0000,0.0000,0.0000,NULL,'null',NULL,NULL,NULL,0.0000,NULL,0.0000,0.0000,0.0000,NULL,NULL,NULL,0,NULL,NULL,NULL,NULL,NULL,NULL),(84,39,'2018-03-21 13:48:17','0000-00-00 00:00:00',NULL,0,NULL,'shipping',NULL,NULL,NULL,NULL,NULL,NULL,NULL,NULL,NULL,NULL,NULL,NULL,'NL',NULL,NULL,1,0,'flatrate_flatrate','Flat Rate - Fixed',1.0000,749.0000,749.0000,749.0000,749.0000,0.0000,0.0000,5.0000,5.0000,0.0000,0.0000,0.0000,0.0000,754.0000,754.0000,NULL,'[]',NULL,0.0000,0.0000,749.0000,749.0000,0.0000,0.0000,0.0000,NULL,5.0000,5.0000,0,NULL,NULL,NULL,NULL,NULL,NULL),(85,40,'2018-03-22 16:27:38','0000-00-00 00:00:00',NULL,0,NULL,'billing',NULL,NULL,NULL,NULL,NULL,NULL,NULL,NULL,NULL,NULL,NULL,NULL,NULL,NULL,NULL,0,0,NULL,NULL,0.0000,0.0000,0.0000,0.0000,0.0000,0.0000,0.0000,0.0000,0.0000,NULL,NULL,0.0000,0.0000,0.0000,0.0000,NULL,'null',NULL,NULL,NULL,0.0000,NULL,0.0000,0.0000,0.0000,NULL,NULL,NULL,0,NULL,NULL,NULL,NULL,NULL,NULL),(86,40,'2018-03-22 16:27:38','0000-00-00 00:00:00',NULL,0,NULL,'shipping',NULL,NULL,NULL,NULL,NULL,NULL,NULL,NULL,NULL,NULL,NULL,NULL,'NL',NULL,NULL,1,0,'flatrate_flatrate','Flat Rate - Fixed',1.0000,849.0000,849.0000,849.0000,849.0000,0.0000,0.0000,5.0000,5.0000,0.0000,0.0000,0.0000,0.0000,854.0000,854.0000,NULL,'[]',NULL,0.0000,0.0000,849.0000,849.0000,0.0000,0.0000,0.0000,NULL,5.0000,5.0000,0,NULL,NULL,NULL,NULL,NULL,NULL),(87,41,'2018-03-23 09:30:11','0000-00-00 00:00:00',NULL,0,NULL,'billing',NULL,NULL,NULL,NULL,NULL,NULL,NULL,NULL,NULL,NULL,NULL,NULL,NULL,NULL,NULL,0,0,NULL,NULL,0.0000,0.0000,0.0000,0.0000,0.0000,0.0000,0.0000,0.0000,0.0000,NULL,NULL,0.0000,0.0000,0.0000,0.0000,NULL,'null',NULL,NULL,NULL,0.0000,NULL,0.0000,0.0000,0.0000,NULL,NULL,NULL,0,NULL,NULL,NULL,NULL,NULL,NULL),(88,41,'2018-03-23 09:30:11','0000-00-00 00:00:00',NULL,0,NULL,'shipping',NULL,NULL,NULL,NULL,NULL,NULL,NULL,NULL,NULL,NULL,NULL,NULL,'NL',NULL,NULL,1,0,'flatrate_flatrate','Flat Rate - Fixed',1.0000,849.0000,849.0000,849.0000,849.0000,0.0000,0.0000,5.0000,5.0000,0.0000,0.0000,0.0000,0.0000,854.0000,854.0000,NULL,'[]',NULL,0.0000,0.0000,849.0000,849.0000,0.0000,0.0000,0.0000,NULL,5.0000,5.0000,0,NULL,NULL,NULL,NULL,NULL,NULL),(89,42,'2018-03-23 09:30:22','0000-00-00 00:00:00',NULL,0,NULL,'billing',NULL,NULL,'Sacha',NULL,'Metz',NULL,NULL,'Westerlengte 109','Amsterdam',NULL,NULL,'1034 ta','NL','0616390823',NULL,0,0,NULL,NULL,0.0000,0.0000,0.0000,0.0000,0.0000,0.0000,0.0000,0.0000,0.0000,NULL,NULL,0.0000,0.0000,0.0000,0.0000,NULL,'null',NULL,NULL,NULL,0.0000,NULL,0.0000,0.0000,0.0000,NULL,NULL,NULL,0,NULL,NULL,NULL,NULL,NULL,NULL),(90,42,'2018-03-23 09:30:22','2018-03-23 09:31:16',NULL,0,NULL,'shipping',NULL,NULL,'Sacha',NULL,'Metz',NULL,NULL,'Westerlengte 109','Amsterdam',NULL,NULL,'1034 ta','NL','0616390823',NULL,0,0,'flatrate_flatrate','Flat Rate - Fixed',1.0000,849.0000,849.0000,849.0000,849.0000,0.0000,0.0000,5.0000,5.0000,0.0000,0.0000,0.0000,0.0000,854.0000,854.0000,NULL,'[]',NULL,0.0000,0.0000,849.0000,849.0000,0.0000,0.0000,0.0000,NULL,5.0000,5.0000,0,NULL,NULL,NULL,NULL,NULL,NULL),(91,43,'2018-03-23 12:22:42','0000-00-00 00:00:00',NULL,0,NULL,'billing',NULL,NULL,NULL,NULL,NULL,NULL,NULL,NULL,NULL,NULL,NULL,NULL,NULL,NULL,NULL,0,0,NULL,NULL,0.0000,0.0000,0.0000,0.0000,0.0000,0.0000,0.0000,0.0000,0.0000,NULL,NULL,0.0000,0.0000,0.0000,0.0000,NULL,'null',NULL,NULL,NULL,0.0000,NULL,0.0000,0.0000,0.0000,NULL,NULL,NULL,0,NULL,NULL,NULL,NULL,NULL,NULL),(92,43,'2018-03-23 12:22:42','0000-00-00 00:00:00',NULL,0,NULL,'shipping',NULL,NULL,NULL,NULL,NULL,NULL,NULL,NULL,NULL,NULL,NULL,NULL,'NL',NULL,NULL,1,0,'flatrate_flatrate','Flat Rate - Fixed',1.0000,749.0000,749.0000,749.0000,749.0000,0.0000,0.0000,5.0000,5.0000,0.0000,0.0000,0.0000,0.0000,754.0000,754.0000,NULL,'[]',NULL,0.0000,0.0000,749.0000,749.0000,0.0000,0.0000,0.0000,NULL,5.0000,5.0000,0,NULL,NULL,NULL,NULL,NULL,NULL),(93,44,'2018-03-23 18:13:14','0000-00-00 00:00:00',4,0,NULL,'billing','denvantol@gmail.com',NULL,NULL,NULL,NULL,NULL,NULL,NULL,NULL,NULL,NULL,NULL,NULL,NULL,NULL,0,0,NULL,NULL,0.0000,0.0000,0.0000,0.0000,0.0000,0.0000,0.0000,0.0000,0.0000,NULL,NULL,0.0000,0.0000,0.0000,0.0000,NULL,'null',NULL,NULL,NULL,0.0000,NULL,0.0000,0.0000,0.0000,NULL,NULL,NULL,0,NULL,NULL,NULL,NULL,NULL,NULL),(94,44,'2018-03-23 18:13:14','0000-00-00 00:00:00',4,0,NULL,'shipping','denvantol@gmail.com',NULL,NULL,NULL,NULL,NULL,NULL,NULL,NULL,NULL,NULL,NULL,'NL',NULL,NULL,1,1,'flatrate_flatrate',NULL,0.0000,0.0000,0.0000,0.0000,0.0000,0.0000,0.0000,0.0000,0.0000,NULL,NULL,0.0000,0.0000,0.0000,0.0000,NULL,'null',NULL,NULL,NULL,0.0000,NULL,0.0000,0.0000,0.0000,NULL,NULL,NULL,0,NULL,NULL,NULL,NULL,NULL,NULL),(95,45,'2018-03-26 12:54:57','0000-00-00 00:00:00',NULL,0,NULL,'billing',NULL,NULL,NULL,NULL,NULL,NULL,NULL,NULL,NULL,NULL,NULL,NULL,NULL,NULL,NULL,0,0,NULL,NULL,0.0000,0.0000,0.0000,0.0000,0.0000,0.0000,0.0000,0.0000,0.0000,NULL,NULL,0.0000,0.0000,0.0000,0.0000,NULL,'null',NULL,NULL,NULL,0.0000,NULL,0.0000,0.0000,0.0000,NULL,NULL,NULL,0,NULL,NULL,NULL,NULL,NULL,NULL),(96,45,'2018-03-26 12:54:57','0000-00-00 00:00:00',NULL,0,NULL,'shipping',NULL,NULL,NULL,NULL,NULL,NULL,NULL,NULL,NULL,NULL,NULL,NULL,'NL',NULL,NULL,1,0,'flatrate_flatrate','Flat Rate - Fixed',1.0000,849.0000,849.0000,849.0000,849.0000,0.0000,0.0000,5.0000,5.0000,0.0000,0.0000,0.0000,0.0000,854.0000,854.0000,NULL,'[]',NULL,0.0000,0.0000,849.0000,849.0000,0.0000,0.0000,0.0000,NULL,5.0000,5.0000,0,NULL,NULL,NULL,NULL,NULL,NULL),(97,46,'2018-03-26 13:10:23','0000-00-00 00:00:00',5,0,1,'billing','frank@flirtcreativity.com',NULL,'Frank',NULL,'Uyt den Bogaard',NULL,'Flirt Creativity','Graaf Willemlaan 146','Amersfoort',NULL,NULL,'3818DV','NL','+31641104068',NULL,0,0,NULL,NULL,0.0000,0.0000,0.0000,0.0000,0.0000,0.0000,0.0000,0.0000,0.0000,NULL,NULL,0.0000,0.0000,0.0000,0.0000,NULL,'null',NULL,NULL,NULL,0.0000,NULL,0.0000,0.0000,0.0000,NULL,NULL,NULL,0,NULL,NULL,NULL,NULL,NULL,NULL),(98,46,'2018-03-26 13:10:23','2018-03-26 14:17:00',5,0,1,'shipping','frank@flirtcreativity.com',NULL,'Frank',NULL,'Uyt den Bogaard',NULL,'Flirt Creativity','Graaf Willemlaan 146','Amersfoort',NULL,NULL,'3818DV','NL','+31641104068',NULL,0,0,'flatrate_flatrate','Flat Rate - Fixed',2.0000,1498.0000,1498.0000,1498.0000,1498.0000,0.0000,0.0000,10.0000,10.0000,0.0000,0.0000,0.0000,0.0000,1508.0000,1508.0000,NULL,'[]',NULL,0.0000,0.0000,1498.0000,1498.0000,0.0000,0.0000,0.0000,NULL,10.0000,10.0000,0,NULL,NULL,NULL,NULL,NULL,NULL),(101,48,'2018-03-27 15:51:31','0000-00-00 00:00:00',NULL,0,NULL,'billing',NULL,NULL,NULL,NULL,NULL,NULL,NULL,NULL,NULL,NULL,NULL,NULL,NULL,NULL,NULL,0,0,NULL,NULL,0.0000,0.0000,0.0000,0.0000,0.0000,0.0000,0.0000,0.0000,0.0000,NULL,NULL,0.0000,0.0000,0.0000,0.0000,NULL,'null',NULL,NULL,NULL,0.0000,NULL,0.0000,0.0000,0.0000,NULL,NULL,NULL,0,NULL,NULL,NULL,NULL,NULL,NULL),(102,48,'2018-03-27 15:51:31','0000-00-00 00:00:00',NULL,0,NULL,'shipping',NULL,NULL,NULL,NULL,NULL,NULL,NULL,NULL,NULL,NULL,NULL,NULL,'NL',NULL,NULL,1,0,'flatrate_flatrate','Flat Rate - Fixed',1.0000,159.0000,159.0000,159.0000,159.0000,0.0000,0.0000,5.0000,5.0000,0.0000,0.0000,0.0000,0.0000,164.0000,164.0000,NULL,'[]',NULL,0.0000,0.0000,159.0000,159.0000,0.0000,0.0000,0.0000,NULL,5.0000,5.0000,0,NULL,NULL,NULL,NULL,NULL,NULL),(103,49,'2018-03-27 20:11:00','0000-00-00 00:00:00',NULL,0,NULL,'billing',NULL,NULL,NULL,NULL,NULL,NULL,NULL,NULL,NULL,NULL,NULL,NULL,NULL,NULL,NULL,0,0,NULL,NULL,0.0000,0.0000,0.0000,0.0000,0.0000,0.0000,0.0000,0.0000,0.0000,NULL,NULL,0.0000,0.0000,0.0000,0.0000,NULL,'null',NULL,NULL,NULL,0.0000,NULL,0.0000,0.0000,0.0000,NULL,NULL,NULL,0,NULL,NULL,NULL,NULL,NULL,NULL),(104,49,'2018-03-27 20:11:00','0000-00-00 00:00:00',NULL,0,NULL,'shipping',NULL,NULL,NULL,NULL,NULL,NULL,NULL,NULL,NULL,NULL,NULL,NULL,'NL',NULL,NULL,1,1,'flatrate_flatrate','Flat Rate - Fixed',1.0000,89.0000,89.0000,89.0000,89.0000,0.0000,0.0000,5.0000,5.0000,0.0000,0.0000,0.0000,0.0000,94.0000,94.0000,NULL,'[]',NULL,0.0000,0.0000,89.0000,89.0000,0.0000,0.0000,0.0000,NULL,5.0000,5.0000,0,NULL,NULL,NULL,NULL,NULL,NULL),(105,50,'2018-03-28 13:07:44','0000-00-00 00:00:00',NULL,0,NULL,'billing',NULL,NULL,NULL,NULL,NULL,NULL,NULL,NULL,NULL,NULL,NULL,NULL,NULL,NULL,NULL,0,0,NULL,NULL,0.0000,0.0000,0.0000,0.0000,0.0000,0.0000,0.0000,0.0000,0.0000,NULL,NULL,0.0000,0.0000,0.0000,0.0000,NULL,'null',NULL,NULL,NULL,0.0000,NULL,0.0000,0.0000,0.0000,NULL,NULL,NULL,0,NULL,NULL,NULL,NULL,NULL,NULL),(106,50,'2018-03-28 13:07:44','0000-00-00 00:00:00',NULL,0,NULL,'shipping',NULL,NULL,NULL,NULL,NULL,NULL,NULL,NULL,NULL,NULL,NULL,NULL,'NL',NULL,NULL,1,0,'flatrate_flatrate','Flat Rate - Fixed',1.0000,749.0000,749.0000,749.0000,749.0000,0.0000,0.0000,5.0000,5.0000,0.0000,0.0000,0.0000,0.0000,754.0000,754.0000,NULL,'[]',NULL,0.0000,0.0000,749.0000,749.0000,0.0000,0.0000,0.0000,NULL,5.0000,5.0000,0,NULL,NULL,NULL,NULL,NULL,NULL),(107,51,'2018-03-28 13:08:13','0000-00-00 00:00:00',NULL,0,NULL,'billing',NULL,NULL,NULL,NULL,NULL,NULL,NULL,NULL,NULL,NULL,NULL,NULL,NULL,NULL,NULL,0,0,NULL,NULL,0.0000,0.0000,0.0000,0.0000,0.0000,0.0000,0.0000,0.0000,0.0000,NULL,NULL,0.0000,0.0000,0.0000,0.0000,NULL,'null',NULL,NULL,NULL,0.0000,NULL,0.0000,0.0000,0.0000,NULL,NULL,NULL,0,NULL,NULL,NULL,NULL,NULL,NULL),(108,51,'2018-03-28 13:08:13','0000-00-00 00:00:00',NULL,0,NULL,'shipping',NULL,NULL,NULL,NULL,NULL,NULL,NULL,NULL,NULL,NULL,NULL,NULL,'NL',NULL,NULL,1,0,'flatrate_flatrate','Flat Rate - Fixed',1.0000,749.0000,749.0000,749.0000,749.0000,0.0000,0.0000,5.0000,5.0000,0.0000,0.0000,0.0000,0.0000,754.0000,754.0000,NULL,'[]',NULL,0.0000,0.0000,749.0000,749.0000,0.0000,0.0000,0.0000,NULL,5.0000,5.0000,0,NULL,NULL,NULL,NULL,NULL,NULL),(109,52,'2018-03-29 13:50:22','0000-00-00 00:00:00',NULL,0,NULL,'billing',NULL,NULL,'Dennis',NULL,'van tol',NULL,NULL,'Hogeweg 103','Amersfoort',NULL,NULL,'3811ER','NL','12312312312313',NULL,0,0,NULL,NULL,0.0000,0.0000,0.0000,0.0000,0.0000,0.0000,0.0000,0.0000,0.0000,NULL,NULL,0.0000,0.0000,0.0000,0.0000,NULL,'null',NULL,NULL,NULL,0.0000,NULL,0.0000,0.0000,0.0000,NULL,NULL,NULL,0,NULL,NULL,NULL,NULL,NULL,NULL),(110,52,'2018-03-29 13:50:22','2018-03-29 14:36:06',NULL,0,NULL,'shipping',NULL,NULL,'Dennis',NULL,'van tol',NULL,NULL,'Hogeweg 103','Amersfoort',NULL,NULL,'3811ER','NL','12312312312313',NULL,0,0,'flatrate_flatrate','Flat Rate - Fixed',1.0000,749.0000,749.0000,749.0000,749.0000,0.0000,0.0000,5.0000,5.0000,0.0000,0.0000,0.0000,0.0000,754.0000,754.0000,NULL,'[]',NULL,0.0000,0.0000,749.0000,749.0000,0.0000,0.0000,0.0000,NULL,5.0000,5.0000,0,NULL,NULL,NULL,NULL,NULL,NULL),(111,53,'2018-03-29 15:06:03','0000-00-00 00:00:00',NULL,0,NULL,'billing',NULL,NULL,NULL,NULL,NULL,NULL,NULL,NULL,NULL,NULL,NULL,NULL,NULL,NULL,NULL,0,0,NULL,NULL,0.0000,0.0000,0.0000,0.0000,0.0000,0.0000,0.0000,0.0000,0.0000,NULL,NULL,0.0000,0.0000,0.0000,0.0000,NULL,'null',NULL,NULL,NULL,0.0000,NULL,0.0000,0.0000,0.0000,NULL,NULL,NULL,0,NULL,NULL,NULL,NULL,NULL,NULL),(112,53,'2018-03-29 15:06:03','0000-00-00 00:00:00',NULL,0,NULL,'shipping',NULL,NULL,NULL,NULL,NULL,NULL,NULL,NULL,NULL,NULL,NULL,NULL,'NL',NULL,NULL,1,1,'flatrate_flatrate','Flat Rate - Fixed',1.0000,749.0000,749.0000,749.0000,749.0000,0.0000,0.0000,5.0000,5.0000,0.0000,0.0000,0.0000,0.0000,754.0000,754.0000,NULL,'[]',NULL,0.0000,0.0000,749.0000,749.0000,0.0000,0.0000,0.0000,NULL,5.0000,5.0000,0,NULL,NULL,NULL,NULL,NULL,NULL),(113,54,'2018-04-04 08:03:30','0000-00-00 00:00:00',NULL,0,NULL,'billing',NULL,NULL,NULL,NULL,NULL,NULL,NULL,NULL,NULL,NULL,NULL,NULL,NULL,NULL,NULL,0,0,NULL,NULL,0.0000,0.0000,0.0000,0.0000,0.0000,0.0000,0.0000,0.0000,0.0000,NULL,NULL,0.0000,0.0000,0.0000,0.0000,NULL,'null',NULL,NULL,NULL,0.0000,NULL,0.0000,0.0000,0.0000,NULL,NULL,NULL,0,NULL,NULL,NULL,NULL,NULL,NULL),(114,54,'2018-04-04 08:03:30','0000-00-00 00:00:00',NULL,0,NULL,'shipping',NULL,NULL,NULL,NULL,NULL,NULL,NULL,NULL,NULL,NULL,NULL,NULL,'NL',NULL,NULL,1,0,'flatrate_flatrate','Flat Rate - Fixed',1.0000,799.0000,799.0000,799.0000,799.0000,0.0000,0.0000,5.0000,5.0000,0.0000,0.0000,0.0000,0.0000,804.0000,804.0000,NULL,'[]',NULL,0.0000,0.0000,799.0000,799.0000,0.0000,0.0000,0.0000,NULL,5.0000,5.0000,0,NULL,NULL,NULL,NULL,NULL,NULL),(115,55,'2018-04-04 12:30:51','0000-00-00 00:00:00',NULL,0,NULL,'billing',NULL,NULL,NULL,NULL,NULL,NULL,NULL,NULL,NULL,NULL,NULL,NULL,NULL,NULL,NULL,0,0,NULL,NULL,0.0000,0.0000,0.0000,0.0000,0.0000,0.0000,0.0000,0.0000,0.0000,NULL,NULL,0.0000,0.0000,0.0000,0.0000,NULL,'null',NULL,NULL,NULL,0.0000,NULL,0.0000,0.0000,0.0000,NULL,NULL,NULL,0,NULL,NULL,NULL,NULL,NULL,NULL),(116,55,'2018-04-04 12:30:51','0000-00-00 00:00:00',NULL,0,NULL,'shipping',NULL,NULL,NULL,NULL,NULL,NULL,NULL,NULL,NULL,NULL,NULL,NULL,'NL',NULL,NULL,1,0,'flatrate_flatrate','Flat Rate - Fixed',1.0000,159.0000,159.0000,159.0000,159.0000,0.0000,0.0000,5.0000,5.0000,0.0000,0.0000,0.0000,0.0000,164.0000,164.0000,NULL,'[]',NULL,0.0000,0.0000,159.0000,159.0000,0.0000,0.0000,0.0000,NULL,5.0000,5.0000,0,NULL,NULL,NULL,NULL,NULL,NULL),(117,56,'2018-04-05 08:34:02','0000-00-00 00:00:00',NULL,0,NULL,'billing',NULL,NULL,NULL,NULL,NULL,NULL,NULL,NULL,NULL,NULL,NULL,NULL,NULL,NULL,NULL,0,0,NULL,NULL,0.0000,0.0000,0.0000,0.0000,0.0000,0.0000,0.0000,0.0000,0.0000,NULL,NULL,0.0000,0.0000,0.0000,0.0000,NULL,'null',NULL,NULL,NULL,0.0000,NULL,0.0000,0.0000,0.0000,NULL,NULL,NULL,0,NULL,NULL,NULL,NULL,NULL,NULL),(118,56,'2018-04-05 08:34:02','0000-00-00 00:00:00',NULL,0,NULL,'shipping',NULL,NULL,NULL,NULL,NULL,NULL,NULL,NULL,NULL,NULL,NULL,NULL,'NL',NULL,NULL,1,1,'flatrate_flatrate','Flat Rate - Fixed',3.0000,1687.0000,1687.0000,1687.0000,1687.0000,0.0000,0.0000,15.0000,15.0000,0.0000,0.0000,0.0000,0.0000,1702.0000,1702.0000,NULL,'[]',NULL,0.0000,0.0000,1687.0000,1687.0000,0.0000,0.0000,0.0000,NULL,15.0000,15.0000,0,NULL,NULL,NULL,NULL,NULL,NULL),(119,57,'2018-04-05 09:12:37','0000-00-00 00:00:00',NULL,0,NULL,'billing',NULL,NULL,NULL,NULL,NULL,NULL,NULL,NULL,NULL,NULL,NULL,NULL,NULL,NULL,NULL,0,0,NULL,NULL,0.0000,0.0000,0.0000,0.0000,0.0000,0.0000,0.0000,0.0000,0.0000,NULL,NULL,0.0000,0.0000,0.0000,0.0000,NULL,'null',NULL,NULL,NULL,0.0000,NULL,0.0000,0.0000,0.0000,NULL,NULL,NULL,0,NULL,NULL,NULL,NULL,NULL,NULL),(120,57,'2018-04-05 09:12:37','0000-00-00 00:00:00',NULL,0,NULL,'shipping',NULL,NULL,NULL,NULL,NULL,NULL,NULL,NULL,NULL,NULL,NULL,NULL,'NL',NULL,NULL,1,1,'flatrate_flatrate','Flat Rate - Fixed',1.0000,749.0000,749.0000,749.0000,749.0000,0.0000,0.0000,5.0000,5.0000,0.0000,0.0000,0.0000,0.0000,754.0000,754.0000,NULL,'[]',NULL,0.0000,0.0000,749.0000,749.0000,0.0000,0.0000,0.0000,NULL,5.0000,5.0000,0,NULL,NULL,NULL,NULL,NULL,NULL),(121,58,'2018-04-05 09:23:52','0000-00-00 00:00:00',NULL,0,NULL,'billing',NULL,NULL,NULL,NULL,NULL,NULL,NULL,NULL,NULL,NULL,NULL,NULL,NULL,NULL,NULL,0,0,NULL,NULL,0.0000,0.0000,0.0000,0.0000,0.0000,0.0000,0.0000,0.0000,0.0000,NULL,NULL,0.0000,0.0000,0.0000,0.0000,NULL,'null',NULL,NULL,NULL,0.0000,NULL,0.0000,0.0000,0.0000,NULL,NULL,NULL,0,NULL,NULL,NULL,NULL,NULL,NULL),(122,58,'2018-04-05 09:23:52','0000-00-00 00:00:00',NULL,0,NULL,'shipping',NULL,NULL,NULL,NULL,NULL,NULL,NULL,NULL,NULL,NULL,NULL,NULL,'NL',NULL,NULL,1,1,'flatrate_flatrate','Flat Rate - Fixed',3.0000,1587.0000,1587.0000,1587.0000,1587.0000,0.0000,0.0000,15.0000,15.0000,0.0000,0.0000,0.0000,0.0000,1602.0000,1602.0000,NULL,'[]',NULL,0.0000,0.0000,1587.0000,1587.0000,0.0000,0.0000,0.0000,NULL,15.0000,15.0000,0,NULL,NULL,NULL,NULL,NULL,NULL),(123,59,'2018-04-05 10:15:03','0000-00-00 00:00:00',NULL,0,NULL,'billing',NULL,NULL,NULL,NULL,NULL,NULL,NULL,NULL,NULL,NULL,NULL,NULL,NULL,NULL,NULL,0,0,NULL,NULL,0.0000,0.0000,0.0000,0.0000,0.0000,0.0000,0.0000,0.0000,0.0000,NULL,NULL,0.0000,0.0000,0.0000,0.0000,NULL,'null',NULL,NULL,NULL,0.0000,NULL,0.0000,0.0000,0.0000,NULL,NULL,NULL,0,NULL,NULL,NULL,NULL,NULL,NULL),(124,59,'2018-04-05 10:15:03','0000-00-00 00:00:00',NULL,0,NULL,'shipping',NULL,NULL,NULL,NULL,NULL,NULL,NULL,NULL,NULL,NULL,NULL,NULL,'NL',NULL,NULL,1,1,'flatrate_flatrate','Flat Rate - Fixed',2.0000,838.0000,838.0000,838.0000,838.0000,0.0000,0.0000,10.0000,10.0000,0.0000,0.0000,0.0000,0.0000,848.0000,848.0000,NULL,'[]',NULL,0.0000,0.0000,838.0000,838.0000,0.0000,0.0000,0.0000,NULL,10.0000,10.0000,0,NULL,NULL,NULL,NULL,NULL,NULL),(125,60,'2018-04-05 10:19:52','0000-00-00 00:00:00',NULL,0,NULL,'billing',NULL,NULL,NULL,NULL,NULL,NULL,NULL,NULL,NULL,NULL,NULL,NULL,NULL,NULL,NULL,0,0,NULL,NULL,0.0000,0.0000,0.0000,0.0000,0.0000,0.0000,0.0000,0.0000,0.0000,NULL,NULL,0.0000,0.0000,0.0000,0.0000,NULL,'null',NULL,NULL,NULL,0.0000,NULL,0.0000,0.0000,0.0000,NULL,NULL,NULL,0,NULL,NULL,NULL,NULL,NULL,NULL),(126,60,'2018-04-05 10:19:52','0000-00-00 00:00:00',NULL,0,NULL,'shipping',NULL,NULL,NULL,NULL,NULL,NULL,NULL,NULL,NULL,NULL,NULL,NULL,'NL',NULL,NULL,1,1,'flatrate_flatrate','Flat Rate - Fixed',2.0000,298.0000,298.0000,298.0000,298.0000,0.0000,0.0000,10.0000,10.0000,0.0000,0.0000,0.0000,0.0000,308.0000,308.0000,NULL,'[]',NULL,0.0000,0.0000,298.0000,298.0000,0.0000,0.0000,0.0000,NULL,10.0000,10.0000,0,NULL,NULL,NULL,NULL,NULL,NULL),(127,61,'2018-04-05 12:47:37','0000-00-00 00:00:00',NULL,0,NULL,'billing',NULL,NULL,NULL,NULL,NULL,NULL,NULL,NULL,NULL,NULL,NULL,NULL,NULL,NULL,NULL,0,0,NULL,NULL,0.0000,0.0000,0.0000,0.0000,0.0000,0.0000,0.0000,0.0000,0.0000,NULL,NULL,0.0000,0.0000,0.0000,0.0000,NULL,'null',NULL,NULL,NULL,0.0000,NULL,0.0000,0.0000,0.0000,NULL,NULL,NULL,0,NULL,NULL,NULL,NULL,NULL,NULL),(128,61,'2018-04-05 12:47:37','0000-00-00 00:00:00',NULL,0,NULL,'shipping',NULL,NULL,NULL,NULL,NULL,NULL,NULL,NULL,NULL,NULL,NULL,NULL,'NL',NULL,NULL,1,1,'flatrate_flatrate','Flat Rate - Fixed',0.0000,0.0000,0.0000,139.0000,139.0000,0.0000,0.0000,0.0000,0.0000,0.0000,0.0000,0.0000,0.0000,0.0000,0.0000,NULL,'null',NULL,0.0000,0.0000,0.0000,139.0000,0.0000,0.0000,0.0000,NULL,5.0000,5.0000,0,NULL,NULL,NULL,NULL,NULL,NULL),(129,62,'2018-04-05 12:49:30','0000-00-00 00:00:00',NULL,0,NULL,'billing',NULL,NULL,'dennis',NULL,'tens',NULL,NULL,'tes','Amersfoort',NULL,NULL,'3811CD','NL','03337079933',NULL,0,0,NULL,NULL,0.0000,0.0000,0.0000,0.0000,0.0000,0.0000,0.0000,0.0000,0.0000,NULL,NULL,0.0000,0.0000,0.0000,0.0000,NULL,'null',NULL,NULL,NULL,0.0000,NULL,0.0000,0.0000,0.0000,NULL,NULL,NULL,0,NULL,NULL,NULL,NULL,NULL,NULL),(130,62,'2018-04-05 12:49:30','2018-04-05 13:46:26',NULL,0,NULL,'shipping',NULL,NULL,'dennis',NULL,'tens',NULL,NULL,'tes','Amersfoort',NULL,NULL,'3811CD','NL','03337079933',NULL,0,0,'flatrate_flatrate','Flat Rate - Fixed',1.0000,159.0000,159.0000,159.0000,159.0000,0.0000,0.0000,5.0000,5.0000,0.0000,0.0000,0.0000,0.0000,164.0000,164.0000,NULL,'[]',NULL,0.0000,0.0000,159.0000,159.0000,0.0000,0.0000,0.0000,NULL,5.0000,5.0000,0,NULL,NULL,NULL,NULL,NULL,NULL),(131,63,'2018-04-05 13:53:40','0000-00-00 00:00:00',NULL,0,NULL,'billing',NULL,NULL,NULL,NULL,NULL,NULL,NULL,NULL,NULL,NULL,NULL,NULL,NULL,NULL,NULL,0,0,NULL,NULL,0.0000,0.0000,0.0000,0.0000,0.0000,0.0000,0.0000,0.0000,0.0000,NULL,NULL,0.0000,0.0000,0.0000,0.0000,NULL,'null',NULL,NULL,NULL,0.0000,NULL,0.0000,0.0000,0.0000,NULL,NULL,NULL,0,NULL,NULL,NULL,NULL,NULL,NULL),(132,63,'2018-04-05 13:53:40','0000-00-00 00:00:00',NULL,0,NULL,'shipping',NULL,NULL,NULL,NULL,NULL,NULL,NULL,NULL,NULL,NULL,NULL,NULL,'NL',NULL,NULL,1,1,'flatrate_flatrate','Flat Rate - Fixed',2.0000,888.0000,888.0000,888.0000,888.0000,0.0000,0.0000,10.0000,10.0000,0.0000,0.0000,0.0000,0.0000,898.0000,898.0000,NULL,'[]',NULL,0.0000,0.0000,888.0000,888.0000,0.0000,0.0000,0.0000,NULL,10.0000,10.0000,0,NULL,NULL,NULL,NULL,NULL,NULL),(133,64,'2018-04-08 14:37:57','0000-00-00 00:00:00',NULL,0,NULL,'billing',NULL,NULL,NULL,NULL,NULL,NULL,NULL,NULL,NULL,NULL,NULL,NULL,NULL,NULL,NULL,0,0,NULL,NULL,0.0000,0.0000,0.0000,0.0000,0.0000,0.0000,0.0000,0.0000,0.0000,NULL,NULL,0.0000,0.0000,0.0000,0.0000,NULL,'null',NULL,NULL,NULL,0.0000,NULL,0.0000,0.0000,0.0000,NULL,NULL,NULL,0,NULL,NULL,NULL,NULL,NULL,NULL),(134,64,'2018-04-08 14:37:57','0000-00-00 00:00:00',NULL,0,NULL,'shipping',NULL,NULL,NULL,NULL,NULL,NULL,NULL,NULL,NULL,NULL,NULL,NULL,'NL',NULL,NULL,1,0,'flatrate_flatrate','Flat Rate - Fixed',1.0000,749.0000,749.0000,749.0000,749.0000,0.0000,0.0000,5.0000,5.0000,0.0000,0.0000,0.0000,0.0000,754.0000,754.0000,NULL,'[]',NULL,0.0000,0.0000,749.0000,749.0000,0.0000,0.0000,0.0000,NULL,5.0000,5.0000,0,NULL,NULL,NULL,NULL,NULL,NULL),(135,65,'2018-04-09 09:13:49','0000-00-00 00:00:00',NULL,0,NULL,'billing',NULL,NULL,NULL,NULL,NULL,NULL,NULL,NULL,NULL,NULL,NULL,NULL,NULL,NULL,NULL,0,0,NULL,NULL,0.0000,0.0000,0.0000,0.0000,0.0000,0.0000,0.0000,0.0000,0.0000,NULL,NULL,0.0000,0.0000,0.0000,0.0000,NULL,'null',NULL,NULL,NULL,0.0000,NULL,0.0000,0.0000,0.0000,NULL,NULL,NULL,0,NULL,NULL,NULL,NULL,NULL,NULL),(136,65,'2018-04-09 09:13:49','0000-00-00 00:00:00',NULL,0,NULL,'shipping',NULL,NULL,NULL,NULL,NULL,NULL,NULL,NULL,NULL,NULL,NULL,NULL,'NL',NULL,NULL,1,0,'flatrate_flatrate','Flat Rate - Fixed',1.0000,799.0000,799.0000,799.0000,799.0000,0.0000,0.0000,5.0000,5.0000,0.0000,0.0000,0.0000,0.0000,804.0000,804.0000,NULL,'[]',NULL,0.0000,0.0000,799.0000,799.0000,0.0000,0.0000,0.0000,NULL,5.0000,5.0000,0,NULL,NULL,NULL,NULL,NULL,NULL),(138,66,'2018-04-09 11:17:43','2018-04-09 11:19:19',NULL,0,NULL,'shipping','dennis@flirtcreativity.com',NULL,'Dennis',NULL,'van tol',NULL,NULL,'Hogeweg 103','Amersfoort',NULL,NULL,'3811ER','NL','0337709933',NULL,0,0,'flatrate_flatrate','Flat Rate - Fixed',1.0000,159.0000,159.0000,159.0000,159.0000,0.0000,0.0000,5.0000,5.0000,0.0000,0.0000,0.0000,0.0000,164.0000,164.0000,NULL,'[]',NULL,0.0000,0.0000,159.0000,159.0000,0.0000,0.0000,0.0000,NULL,5.0000,5.0000,0,NULL,NULL,NULL,NULL,NULL,NULL),(139,66,'2018-04-09 11:19:19','0000-00-00 00:00:00',NULL,0,NULL,'billing','dennis@flirtcreativity.com',NULL,'Dennis',NULL,'van tol',NULL,NULL,'Hogeweg 103','Amersfoort',NULL,NULL,'3811ER','NL','0337709933',NULL,0,0,NULL,NULL,0.0000,0.0000,0.0000,0.0000,0.0000,0.0000,0.0000,0.0000,0.0000,NULL,NULL,0.0000,0.0000,0.0000,0.0000,NULL,'null',NULL,NULL,NULL,0.0000,NULL,0.0000,0.0000,0.0000,NULL,NULL,NULL,0,NULL,NULL,NULL,NULL,NULL,NULL);

--
