--
-- Host: localhost    Database: saintape_magento
-- ------------------------------------------------------


--
-- Table structure for table `admin_system_messages`
--

CREATE TABLE `admin_system_messages` (
  `identity` varchar(100) NOT NULL COMMENT 'Message id',
  `severity` smallint(5) unsigned NOT NULL DEFAULT '0' COMMENT 'Problem type',
  `created_at` timestamp NOT NULL DEFAULT CURRENT_TIMESTAMP COMMENT 'Create date',
  PRIMARY KEY (`identity`)
) ENGINE=InnoDB DEFAULT CHARSET=utf8 COMMENT='Admin System Messages';

--
-- Dumping data for table `admin_system_messages`
--

INSERT INTO `admin_system_messages` VALUES ('b5b5de0a0651791ec61cdd9636a7e87b',2,'2018-03-26 14:58:02');

--
-- Table structure for table `adminnotification_inbox`
--

CREATE TABLE `adminnotification_inbox` (
  `notification_id` int(10) unsigned NOT NULL AUTO_INCREMENT COMMENT 'Notification id',
  `severity` smallint(5) unsigned NOT NULL DEFAULT '0' COMMENT 'Problem type',
  `date_added` timestamp NOT NULL DEFAULT CURRENT_TIMESTAMP COMMENT 'Create date',
  `title` varchar(255) NOT NULL COMMENT 'Title',
  `description` text COMMENT 'Description',
  `url` varchar(255) DEFAULT NULL COMMENT 'Url',
  `is_read` smallint(5) unsigned NOT NULL DEFAULT '0' COMMENT 'Flag if notification read',
  `is_remove` smallint(5) unsigned NOT NULL DEFAULT '0' COMMENT 'Flag if notification might be removed',
  PRIMARY KEY (`notification_id`),
  KEY `ADMINNOTIFICATION_INBOX_SEVERITY` (`severity`),
  KEY `ADMINNOTIFICATION_INBOX_IS_READ` (`is_read`),
  KEY `ADMINNOTIFICATION_INBOX_IS_REMOVE` (`is_remove`)
) ENGINE=InnoDB AUTO_INCREMENT=2 DEFAULT CHARSET=utf8 COMMENT='Adminnotification Inbox';

--
-- Dumping data for table `adminnotification_inbox`
--

INSERT INTO `adminnotification_inbox` VALUES (1,1,'2018-04-09 05:04:15','Take Steps to Protect Your Site ','Our goal is to help you deliver the highest level of security to your Magento site. \n\nYou now have access to a security scan tool that enables you to regularly monitor your sites and receive updates regarding known security risks, malware, and unauthorized access. It provides over 30 security tests to identify potential vulnerabilities, such as missing Magento patches, configuration issues, and failure to follow security best practices. Please be sure to set your site up for security scanning – activation is quick and easy. Access today in your Magento account.\n\nYou should also visit our Security Center which provides alerts around potential issues as well as best practices to help you protect your site against issues, such as brute force attacks. Brute-force password guessing attacks continue to target Magento Open Source (formerly Community Edition) sites worldwide and we have published an  article that explains multiple actions you can take to protect your site from such attacks. In some cases, these attacks have resulted in unauthorized administrative access, so it is important to implement these recommendations.\n\nTo visit the Magento Security Center:\nwww.magento.com/security\n\nTo view steps you can take to protect against issues like brute force, go to:\nwww.magento.com/security/best-practices/5-immediate-actions-protect-against-brute-force-attacks','https://magento.com/security/best-practices/5-immediate-actions-protect-against-brute-force-attacks',0,0);

--
-- Table structure for table `authorization_role`
--

CREATE TABLE `authorization_role` (
  `role_id` int(10) unsigned NOT NULL AUTO_INCREMENT COMMENT 'Role ID',
  `parent_id` int(10) unsigned NOT NULL DEFAULT '0' COMMENT 'Parent Role ID',
  `tree_level` smallint(5) unsigned NOT NULL DEFAULT '0' COMMENT 'Role Tree Level',
  `sort_order` smallint(5) unsigned NOT NULL DEFAULT '0' COMMENT 'Role Sort Order',
  `role_type` varchar(1) NOT NULL DEFAULT '0' COMMENT 'Role Type',
  `user_id` int(10) unsigned NOT NULL DEFAULT '0' COMMENT 'User ID',
  `user_type` varchar(16) DEFAULT NULL COMMENT 'User Type',
  `role_name` varchar(50) DEFAULT NULL COMMENT 'Role Name',
  PRIMARY KEY (`role_id`),
  KEY `AUTHORIZATION_ROLE_PARENT_ID_SORT_ORDER` (`parent_id`,`sort_order`),
  KEY `AUTHORIZATION_ROLE_TREE_LEVEL` (`tree_level`)
) ENGINE=InnoDB AUTO_INCREMENT=17 DEFAULT CHARSET=utf8 COMMENT='Admin Role Table';

--
-- Dumping data for table `authorization_role`
--

INSERT INTO `authorization_role` VALUES (2,0,1,1,'G',0,'2','Administrators'),(3,2,2,0,'U',1,'2','lpswjc'),(4,2,2,0,'U',2,'2','Erik'),(11,0,1,0,'U',8,'1','18'),(12,2,2,0,'U',3,'2','Frank'),(16,0,1,0,'U',12,'1','112');

--
-- Table structure for table `authorization_rule`
--

CREATE TABLE `authorization_rule` (
  `rule_id` int(10) unsigned NOT NULL AUTO_INCREMENT COMMENT 'Rule ID',
  `role_id` int(10) unsigned NOT NULL DEFAULT '0' COMMENT 'Role ID',
  `resource_id` varchar(255) DEFAULT NULL COMMENT 'Resource ID',
  `privileges` varchar(20) DEFAULT NULL COMMENT 'Privileges',
  `permission` varchar(10) DEFAULT NULL COMMENT 'Permission',
  PRIMARY KEY (`rule_id`),
  KEY `AUTHORIZATION_RULE_RESOURCE_ID_ROLE_ID` (`resource_id`,`role_id`),
  KEY `AUTHORIZATION_RULE_ROLE_ID_RESOURCE_ID` (`role_id`,`resource_id`),
  CONSTRAINT `AUTHORIZATION_RULE_ROLE_ID_AUTHORIZATION_ROLE_ROLE_ID` FOREIGN KEY (`role_id`) REFERENCES `authorization_role` (`role_id`) ON DELETE CASCADE
) ENGINE=InnoDB AUTO_INCREMENT=7860 DEFAULT CHARSET=utf8 COMMENT='Admin Rule Table';

--
-- Dumping data for table `authorization_rule`
--

INSERT INTO `authorization_rule` VALUES (455,2,'Magento_Backend::all',NULL,'allow'),(4845,11,'Magento_Backend::all',NULL,'deny'),(4846,11,'Magento_Backend::admin',NULL,'allow'),(4847,11,'Magento_Backend::dashboard',NULL,'deny'),(4848,11,'Magento_Analytics::analytics',NULL,'allow'),(4849,11,'Magento_Analytics::analytics_api',NULL,'allow'),(4850,11,'Magento_Sales::sales',NULL,'deny'),(4851,11,'Magento_Sales::sales_operation',NULL,'deny'),(4852,11,'Magento_Sales::sales_order',NULL,'deny'),(4853,11,'Magento_Sales::actions',NULL,'deny'),(4854,11,'Magento_Sales::create',NULL,'deny'),(4855,11,'Magento_Sales::actions_view',NULL,'deny'),(4856,11,'Magento_Sales::email',NULL,'deny'),(4857,11,'Magento_Sales::reorder',NULL,'deny'),(4858,11,'Magento_Sales::actions_edit',NULL,'deny'),(4859,11,'Magento_Sales::cancel',NULL,'deny'),(4860,11,'Magento_Sales::review_payment',NULL,'deny'),(4861,11,'Magento_Sales::capture',NULL,'deny'),(4862,11,'Magento_Sales::invoice',NULL,'deny'),(4863,11,'Magento_Sales::creditmemo',NULL,'deny'),(4864,11,'Magento_Sales::hold',NULL,'deny'),(4865,11,'Magento_Sales::unhold',NULL,'deny'),(4866,11,'Magento_Sales::ship',NULL,'deny'),(4867,11,'Magento_Sales::comment',NULL,'deny'),(4868,11,'Magento_Sales::emails',NULL,'deny'),(4869,11,'Magento_Sales::sales_invoice',NULL,'deny'),(4870,11,'Magento_Sales::shipment',NULL,'deny'),(4871,11,'Temando_Shipping::dispatches',NULL,'deny'),(4872,11,'Magento_Sales::sales_creditmemo',NULL,'deny'),(4873,11,'Magento_Paypal::billing_agreement',NULL,'deny'),(4874,11,'Magento_Paypal::billing_agreement_actions',NULL,'deny'),(4875,11,'Magento_Paypal::billing_agreement_actions_view',NULL,'deny'),(4876,11,'Magento_Paypal::actions_manage',NULL,'deny'),(4877,11,'Magento_Paypal::use',NULL,'deny'),(4878,11,'Magento_Sales::transactions',NULL,'deny'),(4879,11,'Magento_Sales::transactions_fetch',NULL,'deny'),(4880,11,'Magento_Catalog::catalog',NULL,'deny'),(4881,11,'Magento_Catalog::catalog_inventory',NULL,'deny'),(4882,11,'Magento_Catalog::products',NULL,'deny'),(4883,11,'Magento_Catalog::categories',NULL,'deny'),(4884,11,'Magento_Customer::customer',NULL,'deny'),(4885,11,'Magento_Customer::manage',NULL,'deny'),(4886,11,'Magento_Customer::online',NULL,'deny'),(4887,11,'Magento_Cart::cart',NULL,'deny'),(4888,11,'Magento_Cart::manage',NULL,'deny'),(4889,11,'Magento_Backend::myaccount',NULL,'deny'),(4890,11,'Magento_Backend::marketing',NULL,'deny'),(4891,11,'Magento_CatalogRule::promo',NULL,'deny'),(4892,11,'Magento_CatalogRule::promo_catalog',NULL,'deny'),(4893,11,'Magento_SalesRule::quote',NULL,'deny'),(4894,11,'Dotdigitalgroup_Email::automation',NULL,'deny'),(4895,11,'Dotdigitalgroup_Email::automation_studio',NULL,'deny'),(4896,11,'Dotdigitalgroup_Email::exclusion_rules',NULL,'deny'),(4897,11,'Magento_Backend::marketing_communications',NULL,'deny'),(4898,11,'Magento_Email::template',NULL,'deny'),(4899,11,'Magento_Newsletter::template',NULL,'deny'),(4900,11,'Magento_Newsletter::queue',NULL,'deny'),(4901,11,'Magento_Newsletter::subscriber',NULL,'deny'),(4902,11,'Magento_Backend::marketing_seo',NULL,'deny'),(4903,11,'Magento_Search::search',NULL,'deny'),(4904,11,'Magento_Search::synonyms',NULL,'deny'),(4905,11,'Magento_UrlRewrite::urlrewrite',NULL,'deny'),(4906,11,'Magento_Sitemap::sitemap',NULL,'deny'),(4907,11,'Magento_Backend::marketing_user_content',NULL,'deny'),(4908,11,'Magento_Review::reviews_all',NULL,'deny'),(4909,11,'Magento_Review::pending',NULL,'deny'),(4910,11,'Magento_Backend::content',NULL,'deny'),(4911,11,'Magento_Backend::content_elements',NULL,'deny'),(4912,11,'Magento_Cms::page',NULL,'deny'),(4913,11,'Magento_Cms::save',NULL,'deny'),(4914,11,'Magento_Cms::page_delete',NULL,'deny'),(4915,11,'Magento_Cms::block',NULL,'deny'),(4916,11,'Magento_Widget::widget_instance',NULL,'deny'),(4917,11,'Magento_Cms::media_gallery',NULL,'deny'),(4918,11,'Magento_Backend::design',NULL,'deny'),(4919,11,'Magento_Theme::theme',NULL,'deny'),(4920,11,'Magento_Backend::schedule',NULL,'deny'),(4921,11,'Magento_Backend::content_translation',NULL,'deny'),(4922,11,'Magento_Reports::report',NULL,'deny'),(4923,11,'Dotdigitalgroup_Email::reports',NULL,'deny'),(4924,11,'Dotdigitalgroup_Email::contact',NULL,'deny'),(4925,11,'Dotdigitalgroup_Email::order',NULL,'deny'),(4926,11,'Dotdigitalgroup_Email::review',NULL,'deny'),(4927,11,'Dotdigitalgroup_Email::wishlist',NULL,'deny'),(4928,11,'Dotdigitalgroup_Email::catalog',NULL,'deny'),(4929,11,'Dotdigitalgroup_Email::importer',NULL,'deny'),(4930,11,'Dotdigitalgroup_Email::campaign',NULL,'deny'),(4931,11,'Dotdigitalgroup_Email::cron',NULL,'deny'),(4932,11,'Dotdigitalgroup_Email::dashboard',NULL,'deny'),(4933,11,'Dotdigitalgroup_Email::automation_enrollment',NULL,'deny'),(4934,11,'Dotdigitalgroup_Email::logviewer',NULL,'deny'),(4935,11,'Magento_Reports::report_marketing',NULL,'deny'),(4936,11,'Magento_Reports::shopcart',NULL,'deny'),(4937,11,'Magento_Reports::product',NULL,'deny'),(4938,11,'Magento_Reports::abandoned',NULL,'deny'),(4939,11,'Magento_Reports::report_search',NULL,'deny'),(4940,11,'Magento_Newsletter::problem',NULL,'deny'),(4941,11,'Magento_Reports::review',NULL,'deny'),(4942,11,'Magento_Reports::review_customer',NULL,'deny'),(4943,11,'Magento_Reports::review_product',NULL,'deny'),(4944,11,'Magento_Reports::salesroot',NULL,'deny'),(4945,11,'Magento_Reports::salesroot_sales',NULL,'deny'),(4946,11,'Magento_Reports::tax',NULL,'deny'),(4947,11,'Magento_Reports::invoiced',NULL,'deny'),(4948,11,'Magento_Reports::shipping',NULL,'deny'),(4949,11,'Magento_Reports::refunded',NULL,'deny'),(4950,11,'Magento_Reports::coupons',NULL,'deny'),(4951,11,'Magento_Paypal::paypal_settlement_reports',NULL,'deny'),(4952,11,'Magento_Paypal::paypal_settlement_reports_view',NULL,'deny'),(4953,11,'Magento_Paypal::fetch',NULL,'deny'),(4954,11,'Magento_Braintree::settlement_report',NULL,'deny'),(4955,11,'Magento_Reports::customers',NULL,'deny'),(4956,11,'Magento_Reports::totals',NULL,'deny'),(4957,11,'Magento_Reports::customers_orders',NULL,'deny'),(4958,11,'Magento_Reports::accounts',NULL,'deny'),(4959,11,'Magento_Reports::report_products',NULL,'deny'),(4960,11,'Magento_Reports::viewed',NULL,'deny'),(4961,11,'Magento_Reports::bestsellers',NULL,'deny'),(4962,11,'Magento_Reports::lowstock',NULL,'deny'),(4963,11,'Magento_Reports::sold',NULL,'deny'),(4964,11,'Magento_Reports::downloads',NULL,'deny'),(4965,11,'Magento_Reports::statistics',NULL,'deny'),(4966,11,'Magento_Reports::statistics_refresh',NULL,'deny'),(4967,11,'Magento_Analytics::business_intelligence',NULL,'deny'),(4968,11,'Magento_Analytics::advanced_reporting',NULL,'deny'),(4969,11,'Magento_Analytics::bi_essentials',NULL,'deny'),(4970,11,'Magento_Backend::stores',NULL,'deny'),(4971,11,'Magento_Backend::stores_settings',NULL,'deny'),(4972,11,'Magento_Backend::store',NULL,'deny'),(4973,11,'Magento_Config::config',NULL,'deny'),(4974,11,'MultiSafepay_Connect::fastcheckout',NULL,'deny'),(4975,11,'Magento_Cms::config_cms',NULL,'deny'),(4976,11,'Magento_GoogleAnalytics::google',NULL,'deny'),(4977,11,'Magento_Downloadable::downloadable',NULL,'deny'),(4978,11,'Magento_Sales::fraud_protection',NULL,'deny'),(4979,11,'Magento_Newsletter::newsletter',NULL,'deny'),(4980,11,'Magento_Contact::contact',NULL,'deny'),(4981,11,'Magento_CatalogInventory::cataloginventory',NULL,'deny'),(4982,11,'Magento_Payment::payment_services',NULL,'deny'),(4983,11,'Magento_Payment::payment',NULL,'deny'),(4984,11,'Magento_Catalog::config_catalog',NULL,'deny'),(4985,11,'Magento_CatalogSearch::config_catalog_search',NULL,'deny'),(4986,11,'Dotdigitalgroup_Email::config',NULL,'deny'),(4987,11,'MultiSafepay_Connect::connect',NULL,'deny'),(4988,11,'MultiSafepay_Connect::gateways',NULL,'deny'),(4989,11,'MultiSafepay_Connect::giftcards',NULL,'deny'),(4990,11,'Magento_Shipping::carriers',NULL,'deny'),(4991,11,'Magento_Shipping::shipping_policy',NULL,'deny'),(4992,11,'Magento_Shipping::config_shipping',NULL,'deny'),(4993,11,'Magento_Multishipping::config_multishipping',NULL,'deny'),(4994,11,'Magento_Config::config_general',NULL,'deny'),(4995,11,'Magento_Config::web',NULL,'deny'),(4996,11,'Magento_Config::config_design',NULL,'deny'),(4997,11,'Magento_Customer::config_customer',NULL,'deny'),(4998,11,'Magento_Paypal::paypal',NULL,'deny'),(4999,11,'Magento_Tax::config_tax',NULL,'deny'),(5000,11,'Magento_Checkout::checkout',NULL,'deny'),(5001,11,'Magento_Persistent::persistent',NULL,'deny'),(5002,11,'Magento_Sales::config_sales',NULL,'deny'),(5003,11,'Magento_Sales::sales_email',NULL,'deny'),(5004,11,'Magento_Sales::sales_pdf',NULL,'deny'),(5005,11,'Magento_Reports::reports',NULL,'deny'),(5006,11,'Magento_Sitemap::config_sitemap',NULL,'deny'),(5007,11,'Magento_Wishlist::config_wishlist',NULL,'deny'),(5008,11,'Magento_Config::config_system',NULL,'deny'),(5009,11,'Magento_Config::advanced',NULL,'deny'),(5010,11,'Magento_SalesRule::config_promo',NULL,'deny'),(5011,11,'Magento_Config::config_admin',NULL,'deny'),(5012,11,'Magento_Config::trans_email',NULL,'deny'),(5013,11,'Magento_Config::dev',NULL,'deny'),(5014,11,'Magento_Config::currency',NULL,'deny'),(5015,11,'Magento_Rss::rss',NULL,'deny'),(5016,11,'Magento_Config::sendfriend',NULL,'deny'),(5017,11,'Magento_Analytics::analytics_settings',NULL,'deny'),(5018,11,'Magento_NewRelicReporting::config_newrelicreporting',NULL,'deny'),(5019,11,'Magento_CheckoutAgreements::checkoutagreement',NULL,'deny'),(5020,11,'Magento_Sales::order_statuses',NULL,'deny'),(5021,11,'Temando_Shipping::shipping',NULL,'deny'),(5022,11,'Temando_Shipping::carriers',NULL,'deny'),(5023,11,'Temando_Shipping::locations',NULL,'deny'),(5024,11,'Temando_Shipping::packaging',NULL,'deny'),(5025,11,'Magento_Tax::manage_tax',NULL,'deny'),(5026,11,'Magento_CurrencySymbol::system_currency',NULL,'deny'),(5027,11,'Magento_CurrencySymbol::currency_rates',NULL,'deny'),(5028,11,'Magento_CurrencySymbol::symbols',NULL,'deny'),(5029,11,'Magento_Backend::stores_attributes',NULL,'deny'),(5030,11,'Magento_Catalog::attributes_attributes',NULL,'deny'),(5031,11,'Magento_Catalog::update_attributes',NULL,'deny'),(5032,11,'Magento_Catalog::sets',NULL,'deny'),(5033,11,'Magento_Review::ratings',NULL,'deny'),(5034,11,'Magento_Swatches::iframe',NULL,'deny'),(5035,11,'Magento_Backend::stores_other_settings',NULL,'deny'),(5036,11,'Magento_Customer::group',NULL,'deny'),(5037,11,'Magento_Backend::system',NULL,'deny'),(5038,11,'Magento_Backend::convert',NULL,'deny'),(5039,11,'Magento_ImportExport::import',NULL,'deny'),(5040,11,'Magento_ImportExport::export',NULL,'deny'),(5041,11,'Magento_TaxImportExport::import_export',NULL,'deny'),(5042,11,'Magento_ImportExport::history',NULL,'deny'),(5043,11,'Magento_Backend::extensions',NULL,'deny'),(5044,11,'Magento_Backend::local',NULL,'deny'),(5045,11,'Magento_Backend::custom',NULL,'deny'),(5046,11,'Magento_Backend::tools',NULL,'deny'),(5047,11,'Magento_Backend::cache',NULL,'deny'),(5048,11,'Magento_Backend::main_actions',NULL,'deny'),(5049,11,'Magento_Backend::flush_cache_storage',NULL,'deny'),(5050,11,'Magento_Backend::flush_magento_cache',NULL,'deny'),(5051,11,'Magento_Backend::mass_actions',NULL,'deny'),(5052,11,'Magento_Backend::toggling_cache_type',NULL,'deny'),(5053,11,'Magento_Backend::refresh_cache_type',NULL,'deny'),(5054,11,'Magento_Backend::additional_cache_management',NULL,'deny'),(5055,11,'Magento_Backend::flush_catalog_images',NULL,'deny'),(5056,11,'Magento_Backend::flush_js_css',NULL,'deny'),(5057,11,'Magento_Backend::flush_static_files',NULL,'deny'),(5058,11,'Magento_Backend::setup_wizard',NULL,'deny'),(5059,11,'Magento_Backup::backup',NULL,'deny'),(5060,11,'Magento_Backup::rollback',NULL,'deny'),(5061,11,'Magento_Indexer::index',NULL,'deny'),(5062,11,'Magento_Indexer::changeMode',NULL,'deny'),(5063,11,'Magento_User::acl',NULL,'deny'),(5064,11,'Magento_User::acl_users',NULL,'deny'),(5065,11,'Magento_User::locks',NULL,'deny'),(5066,11,'Magento_User::acl_roles',NULL,'deny'),(5067,11,'Magento_Backend::system_other_settings',NULL,'deny'),(5068,11,'Magento_AdminNotification::adminnotification',NULL,'deny'),(5069,11,'Magento_AdminNotification::show_toolbar',NULL,'deny'),(5070,11,'Magento_AdminNotification::show_list',NULL,'deny'),(5071,11,'Magento_AdminNotification::mark_as_read',NULL,'deny'),(5072,11,'Magento_AdminNotification::adminnotification_remove',NULL,'deny'),(5073,11,'Magento_Variable::variable',NULL,'deny'),(5074,11,'Magento_EncryptionKey::crypt_key',NULL,'deny'),(5075,11,'Magento_Backend::global_search',NULL,'deny'),(7628,16,'Magento_Backend::all',NULL,'deny'),(7629,16,'Magento_Backend::admin',NULL,'allow'),(7630,16,'Magento_Backend::dashboard',NULL,'deny'),(7631,16,'Magento_Analytics::analytics',NULL,'deny'),(7632,16,'Magento_Analytics::analytics_api',NULL,'deny'),(7633,16,'Magento_Sales::sales',NULL,'deny'),(7634,16,'Magento_Sales::sales_operation',NULL,'deny'),(7635,16,'Magento_Sales::sales_order',NULL,'deny'),(7636,16,'Magento_Sales::actions',NULL,'deny'),(7637,16,'Magento_Sales::create',NULL,'deny'),(7638,16,'Magento_Sales::actions_view',NULL,'deny'),(7639,16,'Magento_Sales::email',NULL,'deny'),(7640,16,'Magento_Sales::reorder',NULL,'deny'),(7641,16,'Magento_Sales::actions_edit',NULL,'deny'),(7642,16,'Magento_Sales::cancel',NULL,'deny'),(7643,16,'Magento_Sales::review_payment',NULL,'deny'),(7644,16,'Magento_Sales::capture',NULL,'deny'),(7645,16,'Magento_Sales::invoice',NULL,'deny'),(7646,16,'Magento_Sales::creditmemo',NULL,'deny'),(7647,16,'Magento_Sales::hold',NULL,'deny'),(7648,16,'Magento_Sales::unhold',NULL,'deny'),(7649,16,'Magento_Sales::ship',NULL,'deny'),(7650,16,'Magento_Sales::comment',NULL,'deny'),(7651,16,'Magento_Sales::emails',NULL,'deny'),(7652,16,'Magento_Sales::sales_invoice',NULL,'deny'),(7653,16,'Magento_Sales::shipment',NULL,'deny'),(7654,16,'Temando_Shipping::dispatches',NULL,'deny'),(7655,16,'Magento_Sales::sales_creditmemo',NULL,'deny'),(7656,16,'Magento_Paypal::billing_agreement',NULL,'deny'),(7657,16,'Magento_Paypal::billing_agreement_actions',NULL,'deny'),(7658,16,'Magento_Paypal::billing_agreement_actions_view',NULL,'deny'),(7659,16,'Magento_Paypal::actions_manage',NULL,'deny'),(7660,16,'Magento_Paypal::use',NULL,'deny'),(7661,16,'Magento_Sales::transactions',NULL,'deny'),(7662,16,'Magento_Sales::transactions_fetch',NULL,'deny'),(7663,16,'Magento_Catalog::catalog',NULL,'allow'),(7664,16,'Magento_Catalog::catalog_inventory',NULL,'allow'),(7665,16,'Magento_Catalog::products',NULL,'allow'),(7666,16,'Magento_Catalog::categories',NULL,'deny'),(7667,16,'Magento_Customer::customer',NULL,'deny'),(7668,16,'Magento_Customer::manage',NULL,'deny'),(7669,16,'Magento_Customer::online',NULL,'deny'),(7670,16,'Magento_Cart::cart',NULL,'deny'),(7671,16,'Magento_Cart::manage',NULL,'deny'),(7672,16,'Magento_Backend::myaccount',NULL,'deny'),(7673,16,'Magento_Backend::marketing',NULL,'deny'),(7674,16,'Magento_CatalogRule::promo',NULL,'deny'),(7675,16,'Magento_CatalogRule::promo_catalog',NULL,'deny'),(7676,16,'Magento_SalesRule::quote',NULL,'deny'),(7677,16,'Dotdigitalgroup_Email::automation',NULL,'deny'),(7678,16,'Dotdigitalgroup_Email::automation_studio',NULL,'deny'),(7679,16,'Dotdigitalgroup_Email::exclusion_rules',NULL,'deny'),(7680,16,'Magento_Backend::marketing_communications',NULL,'deny'),(7681,16,'Magento_Email::template',NULL,'deny'),(7682,16,'Magento_Newsletter::template',NULL,'deny'),(7683,16,'Magento_Newsletter::queue',NULL,'deny'),(7684,16,'Magento_Newsletter::subscriber',NULL,'deny'),(7685,16,'Magento_Backend::marketing_seo',NULL,'deny'),(7686,16,'Magento_Search::search',NULL,'deny'),(7687,16,'Magento_Search::synonyms',NULL,'deny'),(7688,16,'Magento_UrlRewrite::urlrewrite',NULL,'deny'),(7689,16,'Magento_Sitemap::sitemap',NULL,'deny'),(7690,16,'Magento_Backend::marketing_user_content',NULL,'deny'),(7691,16,'Magento_Review::reviews_all',NULL,'deny'),(7692,16,'Magento_Review::pending',NULL,'deny'),(7693,16,'Magento_Backend::content',NULL,'deny'),(7694,16,'Magento_Backend::content_elements',NULL,'deny'),(7695,16,'Magento_Cms::page',NULL,'deny'),(7696,16,'Magento_Cms::save',NULL,'deny'),(7697,16,'Magento_Cms::page_delete',NULL,'deny'),(7698,16,'Magento_Cms::block',NULL,'deny'),(7699,16,'Magento_Widget::widget_instance',NULL,'deny'),(7700,16,'Magento_Cms::media_gallery',NULL,'deny'),(7701,16,'Magento_Backend::design',NULL,'deny'),(7702,16,'Magento_Theme::theme',NULL,'deny'),(7703,16,'Magento_Backend::schedule',NULL,'deny'),(7704,16,'Magento_Backend::content_translation',NULL,'deny'),(7705,16,'Magento_Reports::report',NULL,'deny'),(7706,16,'Dotdigitalgroup_Email::reports',NULL,'deny'),(7707,16,'Dotdigitalgroup_Email::contact',NULL,'deny'),(7708,16,'Dotdigitalgroup_Email::order',NULL,'deny'),(7709,16,'Dotdigitalgroup_Email::review',NULL,'deny'),(7710,16,'Dotdigitalgroup_Email::wishlist',NULL,'deny'),(7711,16,'Dotdigitalgroup_Email::catalog',NULL,'deny'),(7712,16,'Dotdigitalgroup_Email::importer',NULL,'deny'),(7713,16,'Dotdigitalgroup_Email::campaign',NULL,'deny'),(7714,16,'Dotdigitalgroup_Email::cron',NULL,'deny'),(7715,16,'Dotdigitalgroup_Email::dashboard',NULL,'deny'),(7716,16,'Dotdigitalgroup_Email::automation_enrollment',NULL,'deny'),(7717,16,'Dotdigitalgroup_Email::logviewer',NULL,'deny'),(7718,16,'Magento_Reports::report_marketing',NULL,'deny'),(7719,16,'Magento_Reports::shopcart',NULL,'deny'),(7720,16,'Magento_Reports::product',NULL,'deny'),(7721,16,'Magento_Reports::abandoned',NULL,'deny'),(7722,16,'Magento_Reports::report_search',NULL,'deny'),(7723,16,'Magento_Newsletter::problem',NULL,'deny'),(7724,16,'Magento_Reports::review',NULL,'deny'),(7725,16,'Magento_Reports::review_customer',NULL,'deny'),(7726,16,'Magento_Reports::review_product',NULL,'deny'),(7727,16,'Magento_Reports::salesroot',NULL,'deny'),(7728,16,'Magento_Reports::salesroot_sales',NULL,'deny'),(7729,16,'Magento_Reports::tax',NULL,'deny'),(7730,16,'Magento_Reports::invoiced',NULL,'deny'),(7731,16,'Magento_Reports::shipping',NULL,'deny'),(7732,16,'Magento_Reports::refunded',NULL,'deny'),(7733,16,'Magento_Reports::coupons',NULL,'deny'),(7734,16,'Magento_Paypal::paypal_settlement_reports',NULL,'deny'),(7735,16,'Magento_Paypal::paypal_settlement_reports_view',NULL,'deny'),(7736,16,'Magento_Paypal::fetch',NULL,'deny'),(7737,16,'Magento_Braintree::settlement_report',NULL,'deny'),(7738,16,'Magento_Reports::customers',NULL,'deny'),(7739,16,'Magento_Reports::totals',NULL,'deny'),(7740,16,'Magento_Reports::customers_orders',NULL,'deny'),(7741,16,'Magento_Reports::accounts',NULL,'deny'),(7742,16,'Magento_Reports::report_products',NULL,'deny'),(7743,16,'Magento_Reports::viewed',NULL,'deny'),(7744,16,'Magento_Reports::bestsellers',NULL,'deny'),(7745,16,'Magento_Reports::lowstock',NULL,'deny'),(7746,16,'Magento_Reports::sold',NULL,'deny'),(7747,16,'Magento_Reports::downloads',NULL,'deny'),(7748,16,'Magento_Reports::statistics',NULL,'deny'),(7749,16,'Magento_Reports::statistics_refresh',NULL,'deny'),(7750,16,'Magento_Analytics::business_intelligence',NULL,'deny'),(7751,16,'Magento_Analytics::advanced_reporting',NULL,'deny'),(7752,16,'Magento_Analytics::bi_essentials',NULL,'deny'),(7753,16,'Magento_Backend::stores',NULL,'allow'),(7754,16,'Magento_Backend::stores_settings',NULL,'allow'),(7755,16,'Magento_Backend::store',NULL,'allow'),(7756,16,'Magento_Config::config',NULL,'deny'),(7757,16,'MultiSafepay_Connect::fastcheckout',NULL,'deny'),(7758,16,'Magento_Payment::payment',NULL,'deny'),(7759,16,'MultiSafepay_Connect::giftcards',NULL,'deny'),(7760,16,'MultiSafepay_Connect::gateways',NULL,'deny'),(7761,16,'MultiSafepay_Connect::connect',NULL,'deny'),(7762,16,'Dotdigitalgroup_Email::config',NULL,'deny'),(7763,16,'Magento_Sales::fraud_protection',NULL,'deny'),(7764,16,'Magento_GoogleAnalytics::google',NULL,'deny'),(7765,16,'Magento_Newsletter::newsletter',NULL,'deny'),(7766,16,'Magento_Contact::contact',NULL,'deny'),(7767,16,'Magento_CatalogInventory::cataloginventory',NULL,'deny'),(7768,16,'Magento_Payment::payment_services',NULL,'deny'),(7769,16,'Magento_Downloadable::downloadable',NULL,'deny'),(7770,16,'Magento_Catalog::config_catalog',NULL,'deny'),(7771,16,'Magento_CatalogSearch::config_catalog_search',NULL,'deny'),(7772,16,'Magento_Cms::config_cms',NULL,'deny'),(7773,16,'Magento_Shipping::carriers',NULL,'deny'),(7774,16,'Magento_Shipping::shipping_policy',NULL,'deny'),(7775,16,'Magento_Shipping::config_shipping',NULL,'deny'),(7776,16,'Magento_Multishipping::config_multishipping',NULL,'deny'),(7777,16,'Apptrian_FacebookPixel::config_system',NULL,'deny'),(7778,16,'Magento_Config::config_general',NULL,'deny'),(7779,16,'Magento_Config::web',NULL,'deny'),(7780,16,'Magento_Config::config_design',NULL,'deny'),(7781,16,'Magento_Paypal::paypal',NULL,'deny'),(7782,16,'Magento_Customer::config_customer',NULL,'deny'),(7783,16,'Magento_Tax::config_tax',NULL,'deny'),(7784,16,'Magento_Checkout::checkout',NULL,'deny'),(7785,16,'Magento_Sales::config_sales',NULL,'deny'),(7786,16,'Magento_Persistent::persistent',NULL,'deny'),(7787,16,'Magento_Sales::sales_email',NULL,'deny'),(7788,16,'Magento_Sales::sales_pdf',NULL,'deny'),(7789,16,'Magento_Reports::reports',NULL,'deny'),(7790,16,'Magento_Sitemap::config_sitemap',NULL,'deny'),(7791,16,'Magento_Wishlist::config_wishlist',NULL,'deny'),(7792,16,'Magento_Config::config_system',NULL,'deny'),(7793,16,'Magento_SalesRule::config_promo',NULL,'deny'),(7794,16,'Magento_Config::advanced',NULL,'deny'),(7795,16,'Magento_Config::config_admin',NULL,'deny'),(7796,16,'Magento_Config::trans_email',NULL,'deny'),(7797,16,'Magento_Config::dev',NULL,'deny'),(7798,16,'Magento_Config::currency',NULL,'deny'),(7799,16,'Magento_Rss::rss',NULL,'deny'),(7800,16,'Magento_Config::sendfriend',NULL,'deny'),(7801,16,'Magento_Analytics::analytics_settings',NULL,'deny'),(7802,16,'Magento_NewRelicReporting::config_newrelicreporting',NULL,'deny'),(7803,16,'Magento_CheckoutAgreements::checkoutagreement',NULL,'deny'),(7804,16,'Magento_Sales::order_statuses',NULL,'deny'),(7805,16,'Temando_Shipping::shipping',NULL,'deny'),(7806,16,'Temando_Shipping::carriers',NULL,'deny'),(7807,16,'Temando_Shipping::locations',NULL,'deny'),(7808,16,'Temando_Shipping::packaging',NULL,'deny'),(7809,16,'Magento_Tax::manage_tax',NULL,'deny'),(7810,16,'Magento_CurrencySymbol::system_currency',NULL,'deny'),(7811,16,'Magento_CurrencySymbol::currency_rates',NULL,'deny'),(7812,16,'Magento_CurrencySymbol::symbols',NULL,'deny'),(7813,16,'Magento_Backend::stores_attributes',NULL,'deny'),(7814,16,'Magento_Catalog::attributes_attributes',NULL,'deny'),(7815,16,'Magento_Catalog::update_attributes',NULL,'deny'),(7816,16,'Magento_Catalog::sets',NULL,'deny'),(7817,16,'Magento_Review::ratings',NULL,'deny'),(7818,16,'Magento_Swatches::iframe',NULL,'deny'),(7819,16,'Magento_Backend::stores_other_settings',NULL,'deny'),(7820,16,'Magento_Customer::group',NULL,'deny'),(7821,16,'Magento_Backend::system',NULL,'deny'),(7822,16,'Magento_Backend::convert',NULL,'deny'),(7823,16,'Magento_ImportExport::import',NULL,'deny'),(7824,16,'Magento_ImportExport::export',NULL,'deny'),(7825,16,'Magento_TaxImportExport::import_export',NULL,'deny'),(7826,16,'Magento_ImportExport::history',NULL,'deny'),(7827,16,'Magento_Backend::extensions',NULL,'deny'),(7828,16,'Magento_Backend::local',NULL,'deny'),(7829,16,'Magento_Backend::custom',NULL,'deny'),(7830,16,'Magento_Backend::tools',NULL,'deny'),(7831,16,'Magento_Backend::cache',NULL,'deny'),(7832,16,'Magento_Backend::main_actions',NULL,'deny'),(7833,16,'Magento_Backend::flush_cache_storage',NULL,'deny'),(7834,16,'Magento_Backend::flush_magento_cache',NULL,'deny'),(7835,16,'Magento_Backend::mass_actions',NULL,'deny'),(7836,16,'Magento_Backend::toggling_cache_type',NULL,'deny'),(7837,16,'Magento_Backend::refresh_cache_type',NULL,'deny'),(7838,16,'Magento_Backend::additional_cache_management',NULL,'deny'),(7839,16,'Magento_Backend::flush_catalog_images',NULL,'deny'),(7840,16,'Magento_Backend::flush_js_css',NULL,'deny'),(7841,16,'Magento_Backend::flush_static_files',NULL,'deny'),(7842,16,'Magento_Backend::setup_wizard',NULL,'deny'),(7843,16,'Magento_Backup::backup',NULL,'deny'),(7844,16,'Magento_Backup::rollback',NULL,'deny'),(7845,16,'Magento_Indexer::index',NULL,'deny'),(7846,16,'Magento_Indexer::changeMode',NULL,'deny'),(7847,16,'Magento_User::acl',NULL,'deny'),(7848,16,'Magento_User::acl_users',NULL,'deny'),(7849,16,'Magento_User::locks',NULL,'deny'),(7850,16,'Magento_User::acl_roles',NULL,'deny'),(7851,16,'Magento_Backend::system_other_settings',NULL,'deny'),(7852,16,'Magento_AdminNotification::adminnotification',NULL,'deny'),(7853,16,'Magento_AdminNotification::show_toolbar',NULL,'deny'),(7854,16,'Magento_AdminNotification::show_list',NULL,'deny'),(7855,16,'Magento_AdminNotification::mark_as_read',NULL,'deny'),(7856,16,'Magento_AdminNotification::adminnotification_remove',NULL,'deny'),(7857,16,'Magento_Variable::variable',NULL,'deny'),(7858,16,'Magento_EncryptionKey::crypt_key',NULL,'deny'),(7859,16,'Magento_Backend::global_search',NULL,'deny');

--
-- Table structure for table `cache`
--

CREATE TABLE `cache` (
  `id` varchar(200) NOT NULL COMMENT 'Cache Id',
  `data` mediumblob COMMENT 'Cache Data',
  `create_time` int(11) DEFAULT NULL COMMENT 'Cache Creation Time',
  `update_time` int(11) DEFAULT NULL COMMENT 'Time of Cache Updating',
  `expire_time` int(11) DEFAULT NULL COMMENT 'Cache Expiration Time',
  PRIMARY KEY (`id`),
  KEY `CACHE_EXPIRE_TIME` (`expire_time`)
) ENGINE=InnoDB DEFAULT CHARSET=utf8 COMMENT='Caches';

--
-- Dumping data for table `cache`
--


--
-- Table structure for table `cache_tag`
--

CREATE TABLE `cache_tag` (
  `tag` varchar(100) NOT NULL COMMENT 'Tag',
  `cache_id` varchar(200) NOT NULL COMMENT 'Cache Id',
  PRIMARY KEY (`tag`,`cache_id`),
  KEY `CACHE_TAG_CACHE_ID` (`cache_id`)
) ENGINE=InnoDB DEFAULT CHARSET=utf8 COMMENT='Tag Caches';

--
-- Dumping data for table `cache_tag`
--


--
-- Table structure for table `captcha_log`
--

CREATE TABLE `captcha_log` (
  `type` varchar(32) NOT NULL COMMENT 'Type',
  `value` varchar(32) NOT NULL COMMENT 'Value',
  `count` int(10) unsigned NOT NULL DEFAULT '0' COMMENT 'Count',
  `updated_at` timestamp NULL DEFAULT NULL COMMENT 'Update Time',
  PRIMARY KEY (`type`,`value`)
) ENGINE=InnoDB DEFAULT CHARSET=utf8 COMMENT='Count Login Attempts';

--
-- Dumping data for table `captcha_log`
--


--
-- Table structure for table `catalog_category_entity`
--

CREATE TABLE `catalog_category_entity` (
  `entity_id` int(10) unsigned NOT NULL AUTO_INCREMENT COMMENT 'Entity ID',
  `attribute_set_id` smallint(5) unsigned NOT NULL DEFAULT '0' COMMENT 'Attriute Set ID',
  `parent_id` int(10) unsigned NOT NULL DEFAULT '0' COMMENT 'Parent Category ID',
  `created_at` timestamp NOT NULL DEFAULT CURRENT_TIMESTAMP COMMENT 'Creation Time',
  `updated_at` timestamp NOT NULL DEFAULT CURRENT_TIMESTAMP ON UPDATE CURRENT_TIMESTAMP COMMENT 'Update Time',
  `path` varchar(255) NOT NULL COMMENT 'Tree Path',
  `position` int(11) NOT NULL COMMENT 'Position',
  `level` int(11) NOT NULL DEFAULT '0' COMMENT 'Tree Level',
  `children_count` int(11) NOT NULL COMMENT 'Child Count',
  PRIMARY KEY (`entity_id`),
  KEY `CATALOG_CATEGORY_ENTITY_LEVEL` (`level`),
  KEY `CATALOG_CATEGORY_ENTITY_PATH` (`path`)
) ENGINE=InnoDB AUTO_INCREMENT=30 DEFAULT CHARSET=utf8 COMMENT='Catalog Category Table';

--
-- Dumping data for table `catalog_category_entity`
--

INSERT INTO `catalog_category_entity` VALUES (1,3,0,'2018-03-12 13:33:05','2018-03-15 14:41:53','1',0,0,14),(2,3,1,'2018-03-12 13:33:05','2018-03-15 14:41:53','1/2',1,1,13),(3,3,2,'2018-03-12 21:26:51','2018-03-28 07:37:08','1/2/3',1,2,6),(4,3,3,'2018-03-12 21:26:51','2018-03-30 16:07:16','1/2/3/4',1,3,0),(5,3,2,'2018-03-12 21:26:51','2018-03-28 14:06:40','1/2/5',2,2,5),(6,3,5,'2018-03-12 21:26:51','2018-03-16 10:45:31','1/2/5/6',1,3,0),(7,3,3,'2018-03-12 21:26:51','2018-03-16 10:44:57','1/2/3/7',2,3,0),(8,3,5,'2018-03-12 21:26:51','2018-03-15 14:42:10','1/2/5/8',2,3,0),(9,3,3,'2018-03-12 21:26:51','2018-03-15 14:45:25','1/2/3/9',3,3,0),(10,3,5,'2018-03-12 21:26:51','2018-03-15 14:42:24','1/2/5/10',3,3,0),(11,3,3,'2018-03-12 21:26:51','2018-03-15 14:45:33','1/2/3/11',4,3,0),(12,3,3,'2018-03-12 21:26:51','2018-03-20 14:51:46','1/2/3/12',5,3,0),(14,3,3,'2018-03-12 21:26:51','2018-03-15 14:45:50','1/2/3/14',6,3,-1),(17,3,5,'2018-03-12 21:26:51','2018-03-15 14:42:37','1/2/5/17',4,3,-1),(20,3,5,'2018-03-12 21:26:52','2018-03-15 14:44:52','1/2/5/20',5,3,0),(28,3,5,'2018-03-14 20:28:58','2018-03-15 14:45:03','1/2/5/28',6,3,0),(29,3,3,'2018-03-14 20:32:10','2018-03-16 10:44:28','1/2/3/29',7,3,0);

--
-- Table structure for table `catalog_category_entity_datetime`
--

CREATE TABLE `catalog_category_entity_datetime` (
  `value_id` int(11) NOT NULL AUTO_INCREMENT COMMENT 'Value ID',
  `attribute_id` smallint(5) unsigned NOT NULL DEFAULT '0' COMMENT 'Attribute ID',
  `store_id` smallint(5) unsigned NOT NULL DEFAULT '0' COMMENT 'Store ID',
  `entity_id` int(10) unsigned NOT NULL DEFAULT '0' COMMENT 'Entity ID',
  `value` datetime DEFAULT NULL COMMENT 'Value',
  PRIMARY KEY (`value_id`),
  UNIQUE KEY `CATALOG_CATEGORY_ENTITY_DATETIME_ENTITY_ID_ATTRIBUTE_ID_STORE_ID` (`entity_id`,`attribute_id`,`store_id`),
  KEY `CATALOG_CATEGORY_ENTITY_DATETIME_ENTITY_ID` (`entity_id`),
  KEY `CATALOG_CATEGORY_ENTITY_DATETIME_ATTRIBUTE_ID` (`attribute_id`),
  KEY `CATALOG_CATEGORY_ENTITY_DATETIME_STORE_ID` (`store_id`),
  CONSTRAINT `CATALOG_CATEGORY_ENTITY_DATETIME_STORE_ID_STORE_STORE_ID` FOREIGN KEY (`store_id`) REFERENCES `store` (`store_id`) ON DELETE CASCADE,
  CONSTRAINT `CAT_CTGR_ENTT_DTIME_ATTR_ID_EAV_ATTR_ATTR_ID` FOREIGN KEY (`attribute_id`) REFERENCES `eav_attribute` (`attribute_id`) ON DELETE CASCADE,
  CONSTRAINT `CAT_CTGR_ENTT_DTIME_ENTT_ID_CAT_CTGR_ENTT_ENTT_ID` FOREIGN KEY (`entity_id`) REFERENCES `catalog_category_entity` (`entity_id`) ON DELETE CASCADE
) ENGINE=InnoDB AUTO_INCREMENT=31 DEFAULT CHARSET=utf8 COMMENT='Catalog Category Datetime Attribute Backend Table';

--
-- Dumping data for table `catalog_category_entity_datetime`
--

INSERT INTO `catalog_category_entity_datetime` VALUES (1,61,0,8,NULL),(2,62,0,8,NULL),(3,61,0,10,NULL),(4,62,0,10,NULL),(5,61,0,17,NULL),(6,62,0,17,NULL),(7,61,0,20,NULL),(8,62,0,20,NULL),(9,61,0,28,NULL),(10,62,0,28,NULL),(11,61,0,7,NULL),(12,62,0,7,NULL),(13,61,0,9,NULL),(14,62,0,9,NULL),(15,61,0,11,NULL),(16,62,0,11,NULL),(19,61,0,14,NULL),(20,62,0,14,NULL),(21,61,0,29,NULL),(22,62,0,29,NULL),(23,61,0,4,NULL),(24,62,0,4,NULL),(25,61,0,6,NULL),(26,62,0,6,NULL),(27,61,0,3,NULL),(28,62,0,3,NULL),(29,61,0,5,NULL),(30,62,0,5,NULL);

--
-- Table structure for table `catalog_category_entity_decimal`
--

CREATE TABLE `catalog_category_entity_decimal` (
  `value_id` int(11) NOT NULL AUTO_INCREMENT COMMENT 'Value ID',
  `attribute_id` smallint(5) unsigned NOT NULL DEFAULT '0' COMMENT 'Attribute ID',
  `store_id` smallint(5) unsigned NOT NULL DEFAULT '0' COMMENT 'Store ID',
  `entity_id` int(10) unsigned NOT NULL DEFAULT '0' COMMENT 'Entity ID',
  `value` decimal(12,4) DEFAULT NULL COMMENT 'Value',
  PRIMARY KEY (`value_id`),
  UNIQUE KEY `CATALOG_CATEGORY_ENTITY_DECIMAL_ENTITY_ID_ATTRIBUTE_ID_STORE_ID` (`entity_id`,`attribute_id`,`store_id`),
  KEY `CATALOG_CATEGORY_ENTITY_DECIMAL_ENTITY_ID` (`entity_id`),
  KEY `CATALOG_CATEGORY_ENTITY_DECIMAL_ATTRIBUTE_ID` (`attribute_id`),
  KEY `CATALOG_CATEGORY_ENTITY_DECIMAL_STORE_ID` (`store_id`),
  CONSTRAINT `CATALOG_CATEGORY_ENTITY_DECIMAL_STORE_ID_STORE_STORE_ID` FOREIGN KEY (`store_id`) REFERENCES `store` (`store_id`) ON DELETE CASCADE,
  CONSTRAINT `CAT_CTGR_ENTT_DEC_ATTR_ID_EAV_ATTR_ATTR_ID` FOREIGN KEY (`attribute_id`) REFERENCES `eav_attribute` (`attribute_id`) ON DELETE CASCADE,
  CONSTRAINT `CAT_CTGR_ENTT_DEC_ENTT_ID_CAT_CTGR_ENTT_ENTT_ID` FOREIGN KEY (`entity_id`) REFERENCES `catalog_category_entity` (`entity_id`) ON DELETE CASCADE
) ENGINE=InnoDB DEFAULT CHARSET=utf8 COMMENT='Catalog Category Decimal Attribute Backend Table';

--
-- Dumping data for table `catalog_category_entity_decimal`
--


--
-- Table structure for table `catalog_category_entity_int`
--

CREATE TABLE `catalog_category_entity_int` (
  `value_id` int(11) NOT NULL AUTO_INCREMENT COMMENT 'Value ID',
  `attribute_id` smallint(5) unsigned NOT NULL DEFAULT '0' COMMENT 'Attribute ID',
  `store_id` smallint(5) unsigned NOT NULL DEFAULT '0' COMMENT 'Store ID',
  `entity_id` int(10) unsigned NOT NULL DEFAULT '0' COMMENT 'Entity ID',
  `value` int(11) DEFAULT NULL COMMENT 'Value',
  PRIMARY KEY (`value_id`),
  UNIQUE KEY `CATALOG_CATEGORY_ENTITY_INT_ENTITY_ID_ATTRIBUTE_ID_STORE_ID` (`entity_id`,`attribute_id`,`store_id`),
  KEY `CATALOG_CATEGORY_ENTITY_INT_ENTITY_ID` (`entity_id`),
  KEY `CATALOG_CATEGORY_ENTITY_INT_ATTRIBUTE_ID` (`attribute_id`),
  KEY `CATALOG_CATEGORY_ENTITY_INT_STORE_ID` (`store_id`),
  CONSTRAINT `CATALOG_CATEGORY_ENTITY_INT_STORE_ID_STORE_STORE_ID` FOREIGN KEY (`store_id`) REFERENCES `store` (`store_id`) ON DELETE CASCADE,
  CONSTRAINT `CAT_CTGR_ENTT_INT_ATTR_ID_EAV_ATTR_ATTR_ID` FOREIGN KEY (`attribute_id`) REFERENCES `eav_attribute` (`attribute_id`) ON DELETE CASCADE,
  CONSTRAINT `CAT_CTGR_ENTT_INT_ENTT_ID_CAT_CTGR_ENTT_ENTT_ID` FOREIGN KEY (`entity_id`) REFERENCES `catalog_category_entity` (`entity_id`) ON DELETE CASCADE
) ENGINE=InnoDB AUTO_INCREMENT=130 DEFAULT CHARSET=utf8 COMMENT='Catalog Category Integer Attribute Backend Table';

--
-- Dumping data for table `catalog_category_entity_int`
--

INSERT INTO `catalog_category_entity_int` VALUES (1,69,0,1,1),(2,46,0,2,1),(3,69,0,2,1),(4,46,0,3,1),(5,54,0,3,1),(6,69,0,3,1),(7,46,0,4,1),(8,54,0,4,1),(9,69,0,4,1),(10,46,0,5,1),(11,54,0,5,1),(12,69,0,5,1),(13,46,0,6,1),(14,54,0,6,1),(15,69,0,6,1),(16,46,0,7,1),(17,54,0,7,1),(18,69,0,7,1),(19,46,0,8,1),(20,54,0,8,1),(21,69,0,8,1),(22,46,0,9,1),(23,54,0,9,1),(24,69,0,9,1),(25,46,0,10,1),(26,54,0,10,1),(27,69,0,10,1),(28,46,0,11,1),(29,54,0,11,1),(30,69,0,11,1),(31,46,0,12,1),(32,54,0,12,1),(33,69,0,12,1),(37,46,0,14,1),(38,54,0,14,1),(39,69,0,14,1),(46,46,0,17,1),(47,54,0,17,1),(48,69,0,17,1),(55,46,0,20,1),(56,54,0,20,1),(57,69,0,20,1),(79,46,0,28,1),(80,54,0,28,1),(81,69,0,28,1),(82,46,0,29,1),(83,54,0,29,1),(84,69,0,29,1),(85,53,0,8,NULL),(86,70,0,8,0),(87,71,0,8,0),(88,53,0,10,NULL),(89,70,0,10,0),(90,71,0,10,0),(91,53,0,17,NULL),(92,70,0,17,0),(93,71,0,17,0),(94,53,0,20,NULL),(95,70,0,20,0),(96,71,0,20,0),(97,53,0,28,NULL),(98,70,0,28,0),(99,71,0,28,0),(100,53,0,7,NULL),(101,70,0,7,0),(102,71,0,7,0),(103,53,0,9,NULL),(104,70,0,9,0),(105,71,0,9,0),(106,53,0,11,NULL),(107,70,0,11,0),(108,71,0,11,0),(110,70,0,12,0),(111,71,0,12,0),(112,53,0,14,NULL),(113,70,0,14,0),(114,71,0,14,0),(115,53,0,29,NULL),(116,70,0,29,0),(117,71,0,29,0),(118,53,0,4,NULL),(119,70,0,4,0),(120,71,0,4,0),(121,53,0,6,NULL),(122,70,0,6,0),(123,71,0,6,0),(124,53,0,3,NULL),(125,70,0,3,0),(126,71,0,3,0),(127,53,0,5,NULL),(128,70,0,5,0),(129,71,0,5,0);

--
-- Table structure for table `catalog_category_entity_text`
--

CREATE TABLE `catalog_category_entity_text` (
  `value_id` int(11) NOT NULL AUTO_INCREMENT COMMENT 'Value ID',
  `attribute_id` smallint(5) unsigned NOT NULL DEFAULT '0' COMMENT 'Attribute ID',
  `store_id` smallint(5) unsigned NOT NULL DEFAULT '0' COMMENT 'Store ID',
  `entity_id` int(10) unsigned NOT NULL DEFAULT '0' COMMENT 'Entity ID',
  `value` text COMMENT 'Value',
  PRIMARY KEY (`value_id`),
  UNIQUE KEY `CATALOG_CATEGORY_ENTITY_TEXT_ENTITY_ID_ATTRIBUTE_ID_STORE_ID` (`entity_id`,`attribute_id`,`store_id`),
  KEY `CATALOG_CATEGORY_ENTITY_TEXT_ENTITY_ID` (`entity_id`),
  KEY `CATALOG_CATEGORY_ENTITY_TEXT_ATTRIBUTE_ID` (`attribute_id`),
  KEY `CATALOG_CATEGORY_ENTITY_TEXT_STORE_ID` (`store_id`),
  CONSTRAINT `CATALOG_CATEGORY_ENTITY_TEXT_STORE_ID_STORE_STORE_ID` FOREIGN KEY (`store_id`) REFERENCES `store` (`store_id`) ON DELETE CASCADE,
  CONSTRAINT `CAT_CTGR_ENTT_TEXT_ATTR_ID_EAV_ATTR_ATTR_ID` FOREIGN KEY (`attribute_id`) REFERENCES `eav_attribute` (`attribute_id`) ON DELETE CASCADE,
  CONSTRAINT `CAT_CTGR_ENTT_TEXT_ENTT_ID_CAT_CTGR_ENTT_ENTT_ID` FOREIGN KEY (`entity_id`) REFERENCES `catalog_category_entity` (`entity_id`) ON DELETE CASCADE
) ENGINE=InnoDB AUTO_INCREMENT=61 DEFAULT CHARSET=utf8 COMMENT='Catalog Category Text Attribute Backend Table';

--
-- Dumping data for table `catalog_category_entity_text`
--

INSERT INTO `catalog_category_entity_text` VALUES (1,47,0,8,NULL),(2,50,0,8,NULL),(3,51,0,8,NULL),(4,64,0,8,NULL),(5,47,0,10,NULL),(6,50,0,10,NULL),(7,51,0,10,NULL),(8,64,0,10,NULL),(9,47,0,17,NULL),(10,50,0,17,NULL),(11,51,0,17,NULL),(12,64,0,17,NULL),(13,47,0,20,NULL),(14,50,0,20,NULL),(15,51,0,20,NULL),(16,64,0,20,NULL),(17,47,0,28,NULL),(18,50,0,28,NULL),(19,51,0,28,NULL),(20,64,0,28,NULL),(21,47,0,7,NULL),(22,50,0,7,NULL),(23,51,0,7,NULL),(24,64,0,7,NULL),(25,47,0,9,NULL),(26,50,0,9,NULL),(27,51,0,9,NULL),(28,64,0,9,NULL),(29,47,0,11,NULL),(30,50,0,11,NULL),(31,51,0,11,NULL),(32,64,0,11,NULL),(37,47,0,14,NULL),(38,50,0,14,NULL),(39,51,0,14,NULL),(40,64,0,14,NULL),(41,47,0,29,NULL),(42,50,0,29,NULL),(43,51,0,29,NULL),(44,64,0,29,NULL),(45,47,0,4,NULL),(46,50,0,4,NULL),(47,51,0,4,NULL),(48,64,0,4,NULL),(49,47,0,6,NULL),(50,50,0,6,NULL),(51,51,0,6,NULL),(52,64,0,6,NULL),(53,47,0,3,NULL),(54,50,0,3,NULL),(55,51,0,3,NULL),(56,64,0,3,NULL),(57,47,0,5,NULL),(58,50,0,5,NULL),(59,51,0,5,NULL),(60,64,0,5,NULL);

--
-- Table structure for table `catalog_category_entity_varchar`
--

CREATE TABLE `catalog_category_entity_varchar` (
  `value_id` int(11) NOT NULL AUTO_INCREMENT COMMENT 'Value ID',
  `attribute_id` smallint(5) unsigned NOT NULL DEFAULT '0' COMMENT 'Attribute ID',
  `store_id` smallint(5) unsigned NOT NULL DEFAULT '0' COMMENT 'Store ID',
  `entity_id` int(10) unsigned NOT NULL DEFAULT '0' COMMENT 'Entity ID',
  `value` varchar(255) DEFAULT NULL COMMENT 'Value',
  PRIMARY KEY (`value_id`),
  UNIQUE KEY `CATALOG_CATEGORY_ENTITY_VARCHAR_ENTITY_ID_ATTRIBUTE_ID_STORE_ID` (`entity_id`,`attribute_id`,`store_id`),
  KEY `CATALOG_CATEGORY_ENTITY_VARCHAR_ENTITY_ID` (`entity_id`),
  KEY `CATALOG_CATEGORY_ENTITY_VARCHAR_ATTRIBUTE_ID` (`attribute_id`),
  KEY `CATALOG_CATEGORY_ENTITY_VARCHAR_STORE_ID` (`store_id`),
  CONSTRAINT `CATALOG_CATEGORY_ENTITY_VARCHAR_STORE_ID_STORE_STORE_ID` FOREIGN KEY (`store_id`) REFERENCES `store` (`store_id`) ON DELETE CASCADE,
  CONSTRAINT `CAT_CTGR_ENTT_VCHR_ATTR_ID_EAV_ATTR_ATTR_ID` FOREIGN KEY (`attribute_id`) REFERENCES `eav_attribute` (`attribute_id`) ON DELETE CASCADE,
  CONSTRAINT `CAT_CTGR_ENTT_VCHR_ENTT_ID_CAT_CTGR_ENTT_ENTT_ID` FOREIGN KEY (`entity_id`) REFERENCES `catalog_category_entity` (`entity_id`) ON DELETE CASCADE
) ENGINE=InnoDB AUTO_INCREMENT=169 DEFAULT CHARSET=utf8 COMMENT='Catalog Category Varchar Attribute Backend Table';

--
-- Dumping data for table `catalog_category_entity_varchar`
--

INSERT INTO `catalog_category_entity_varchar` VALUES (1,45,0,1,'Root Catalog'),(2,45,0,2,'Default Category'),(3,52,0,2,'PRODUCTS'),(4,45,0,3,'men'),(5,117,0,3,'men'),(6,118,0,3,'men'),(7,45,0,4,'leather jackets'),(8,117,0,4,'leather-jackets'),(9,118,0,4,'men/leather-jackets'),(10,45,0,5,'women'),(11,117,0,5,'women'),(12,118,0,5,'women'),(13,45,0,6,'leather jackets'),(14,117,0,6,'leather-jackets'),(15,118,0,6,'women/leather-jackets'),(16,45,0,7,'sweaters'),(17,117,0,7,'sweater'),(18,118,0,7,'men/sweater'),(19,45,0,8,'sweaters'),(20,117,0,8,'sweater'),(21,118,0,8,'women/sweater'),(22,45,0,9,'t-shirts'),(23,117,0,9,'t-shirt'),(24,118,0,9,'men/t-shirt'),(25,45,0,10,'t-shirts'),(26,117,0,10,'t-shirt'),(27,118,0,10,'women/t-shirt'),(28,45,0,11,'shirts'),(29,117,0,11,'shirt'),(30,118,0,11,'men/shirt'),(31,45,0,12,'jackets'),(32,117,0,12,'jacket'),(33,118,0,12,'men/jacket'),(37,45,0,14,'blazers'),(38,117,0,14,'blazer'),(39,118,0,14,'men/blazer'),(46,45,0,17,'blazers'),(47,117,0,17,'blazer'),(48,118,0,17,'women/blazer'),(55,45,0,20,'jackets'),(56,117,0,20,'jacket'),(57,118,0,20,'women/jacket'),(79,45,0,28,'denims'),(80,117,0,28,'denim'),(81,118,0,28,'women/denim'),(82,45,0,29,'denims'),(83,117,0,29,'denim'),(84,118,0,29,'men/denim'),(86,49,0,8,NULL),(87,52,0,8,'PRODUCTS'),(88,60,0,8,NULL),(89,63,0,8,NULL),(91,49,0,10,NULL),(92,52,0,10,'PRODUCTS'),(93,60,0,10,NULL),(94,63,0,10,NULL),(96,49,0,17,NULL),(97,52,0,17,'PRODUCTS'),(98,60,0,17,NULL),(99,63,0,17,NULL),(101,49,0,20,NULL),(102,52,0,20,'PRODUCTS'),(103,60,0,20,NULL),(104,63,0,20,NULL),(106,49,0,28,NULL),(107,52,0,28,'PRODUCTS'),(108,60,0,28,NULL),(109,63,0,28,NULL),(111,49,0,7,NULL),(112,52,0,7,'PRODUCTS'),(113,60,0,7,NULL),(114,63,0,7,NULL),(116,49,0,9,NULL),(117,52,0,9,'PRODUCTS'),(118,60,0,9,NULL),(119,63,0,9,NULL),(121,49,0,11,NULL),(122,52,0,11,'PRODUCTS'),(123,60,0,11,NULL),(124,63,0,11,NULL),(127,52,0,12,'PRODUCTS'),(131,49,0,14,NULL),(132,52,0,14,'PRODUCTS'),(133,60,0,14,NULL),(134,63,0,14,NULL),(136,49,0,29,NULL),(137,52,0,29,'PRODUCTS'),(138,60,0,29,NULL),(139,63,0,29,NULL),(141,49,0,4,NULL),(142,52,0,4,'PRODUCTS'),(143,60,0,4,NULL),(144,63,0,4,NULL),(148,49,0,6,NULL),(149,52,0,6,'PRODUCTS'),(150,60,0,6,NULL),(151,63,0,6,NULL),(153,48,0,12,NULL),(156,49,0,3,NULL),(157,52,0,3,'PRODUCTS'),(158,60,0,3,NULL),(159,63,0,3,NULL),(163,49,0,5,NULL),(164,52,0,5,'PRODUCTS'),(165,60,0,5,NULL),(166,63,0,5,NULL);

--
-- Table structure for table `catalog_category_product`
--

CREATE TABLE `catalog_category_product` (
  `entity_id` int(11) NOT NULL AUTO_INCREMENT COMMENT 'Entity ID',
  `category_id` int(10) unsigned NOT NULL DEFAULT '0' COMMENT 'Category ID',
  `product_id` int(10) unsigned NOT NULL DEFAULT '0' COMMENT 'Product ID',
  `position` int(11) NOT NULL DEFAULT '0' COMMENT 'Position',
  PRIMARY KEY (`entity_id`,`category_id`,`product_id`),
  UNIQUE KEY `CATALOG_CATEGORY_PRODUCT_CATEGORY_ID_PRODUCT_ID` (`category_id`,`product_id`),
  KEY `CATALOG_CATEGORY_PRODUCT_PRODUCT_ID` (`product_id`),
  CONSTRAINT `CAT_CTGR_PRD_CTGR_ID_CAT_CTGR_ENTT_ENTT_ID` FOREIGN KEY (`category_id`) REFERENCES `catalog_category_entity` (`entity_id`) ON DELETE CASCADE,
  CONSTRAINT `CAT_CTGR_PRD_PRD_ID_CAT_PRD_ENTT_ENTT_ID` FOREIGN KEY (`product_id`) REFERENCES `catalog_product_entity` (`entity_id`) ON DELETE CASCADE
) ENGINE=InnoDB AUTO_INCREMENT=359 DEFAULT CHARSET=utf8 COMMENT='Catalog Product To Category Linkage Table';

--
-- Dumping data for table `catalog_category_product`
--

INSERT INTO `catalog_category_product` VALUES (279,4,500,0),(280,4,501,5),(281,4,502,1),(282,4,503,3),(283,4,504,2),(284,6,505,0),(285,6,506,0),(286,6,507,0),(287,6,508,0),(288,6,509,0),(289,7,510,4),(290,8,511,1),(291,9,512,1),(292,10,513,1),(293,10,514,1),(294,11,515,1),(295,11,516,1),(296,12,517,1),(298,14,519,1),(299,17,520,1),(300,20,521,1),(301,29,522,20),(302,29,523,20),(303,29,524,20),(304,29,525,20),(305,29,526,20),(306,28,527,1),(307,28,528,1),(308,28,529,1),(309,12,533,1),(327,5,518,8),(328,20,518,0),(329,3,533,4),(330,4,533,4),(331,5,506,0),(332,3,501,14),(333,3,504,2),(334,3,516,5),(335,3,515,6),(336,5,505,1),(337,3,500,0),(338,3,502,1),(339,3,503,3),(340,5,507,4),(341,5,508,3),(342,5,509,2),(343,3,510,7),(344,3,512,8),(345,5,511,5),(346,5,513,6),(347,5,514,7),(348,3,519,9),(349,5,520,9),(350,5,521,10),(351,3,522,11),(352,3,524,12),(353,3,525,13),(354,3,526,14),(355,5,527,11),(356,3,517,10);

--
-- Table structure for table `catalog_category_product_index`
--

CREATE TABLE `catalog_category_product_index` (
  `category_id` int(10) unsigned NOT NULL DEFAULT '0' COMMENT 'Category ID',
  `product_id` int(10) unsigned NOT NULL DEFAULT '0' COMMENT 'Product ID',
  `position` int(11) DEFAULT NULL COMMENT 'Position',
  `is_parent` smallint(5) unsigned NOT NULL DEFAULT '0' COMMENT 'Is Parent',
  `store_id` smallint(5) unsigned NOT NULL DEFAULT '0' COMMENT 'Store ID',
  `visibility` smallint(5) unsigned NOT NULL COMMENT 'Visibility',
  PRIMARY KEY (`category_id`,`product_id`,`store_id`),
  KEY `CAT_CTGR_PRD_IDX_PRD_ID_STORE_ID_CTGR_ID_VISIBILITY` (`product_id`,`store_id`,`category_id`,`visibility`),
  KEY `CAT_CTGR_PRD_IDX_STORE_ID_CTGR_ID_VISIBILITY_IS_PARENT_POSITION` (`store_id`,`category_id`,`visibility`,`is_parent`,`position`)
) ENGINE=InnoDB DEFAULT CHARSET=utf8 COMMENT='Catalog Category Product Index';

--
-- Dumping data for table `catalog_category_product_index`
--

INSERT INTO `catalog_category_product_index` VALUES (2,315,0,0,1,4),(2,316,0,0,1,4),(2,317,0,0,1,4),(2,318,0,0,1,4),(2,319,0,0,1,4),(2,320,0,0,1,4),(2,321,0,0,1,4),(2,322,0,0,1,4),(2,323,0,0,1,4),(2,324,0,0,1,4),(2,325,0,0,1,4),(2,326,0,0,1,4),(2,327,0,0,1,4),(2,328,0,0,1,4),(2,329,0,0,1,4),(2,330,0,0,1,4),(2,331,0,0,1,4),(2,332,0,0,1,4),(2,333,0,0,1,4),(2,334,0,0,1,4),(2,335,0,0,1,4),(2,336,0,0,1,4),(2,337,0,0,1,4),(2,338,0,0,1,4),(2,339,0,0,1,4),(2,340,0,0,1,4),(2,341,0,0,1,4),(2,342,0,0,1,4),(2,343,0,0,1,4),(2,344,0,0,1,4),(2,345,0,0,1,4),(2,346,0,0,1,4),(2,347,0,0,1,4),(2,348,0,0,1,4),(2,349,0,0,1,4),(2,350,0,0,1,4),(2,351,0,0,1,4),(2,352,0,0,1,4),(2,353,0,0,1,4),(2,354,0,0,1,4),(2,355,0,0,1,4),(2,356,0,0,1,4),(2,357,0,0,1,4),(2,358,0,0,1,4),(2,359,0,0,1,4),(2,360,0,0,1,4),(2,361,0,0,1,4),(2,362,0,0,1,4),(2,363,0,0,1,4),(2,364,0,0,1,4),(2,365,0,0,1,4),(2,366,0,0,1,4),(2,367,0,0,1,4),(2,368,0,0,1,4),(2,369,0,0,1,4),(2,370,0,0,1,4),(2,371,0,0,1,4),(2,372,0,0,1,4),(2,373,0,0,1,4),(2,374,0,0,1,4),(2,375,0,0,1,4),(2,376,0,0,1,4),(2,377,0,0,1,4),(2,378,0,0,1,4),(2,379,0,0,1,4),(2,380,0,0,1,4),(2,381,0,0,1,4),(2,382,0,0,1,4),(2,383,0,0,1,4),(2,384,0,0,1,4),(2,385,0,0,1,4),(2,386,0,0,1,4),(2,387,0,0,1,4),(2,388,0,0,1,4),(2,389,0,0,1,4),(2,390,0,0,1,4),(2,391,0,0,1,4),(2,392,0,0,1,4),(2,393,0,0,1,4),(2,394,0,0,1,4),(2,395,0,0,1,4),(2,396,0,0,1,4),(2,397,0,0,1,4),(2,398,0,0,1,4),(2,399,0,0,1,4),(2,400,0,0,1,4),(2,401,0,0,1,4),(2,402,0,0,1,4),(2,403,0,0,1,4),(2,404,0,0,1,4),(2,405,0,0,1,4),(2,406,0,0,1,4),(2,407,0,0,1,4),(2,408,0,0,1,4),(2,409,0,0,1,4),(2,410,0,0,1,4),(2,411,0,0,1,4),(2,412,0,0,1,4),(2,413,0,0,1,4),(2,414,0,0,1,4),(2,415,0,0,1,4),(2,416,0,0,1,4),(2,417,0,0,1,4),(2,418,0,0,1,4),(2,419,0,0,1,4),(2,420,0,0,1,4),(2,421,0,0,1,4),(2,422,0,0,1,4),(2,423,0,0,1,4),(2,424,0,0,1,4),(2,425,0,0,1,4),(2,426,0,0,1,4),(2,427,0,0,1,4),(2,428,0,0,1,4),(2,429,0,0,1,4),(2,430,0,0,1,4),(2,431,0,0,1,4),(2,432,0,0,1,4),(2,433,0,0,1,4),(2,434,0,0,1,4),(2,435,0,0,1,4),(2,436,0,0,1,4),(2,437,0,0,1,4),(2,438,0,0,1,4),(2,439,0,0,1,4),(2,440,0,0,1,4),(2,441,0,0,1,4),(2,442,0,0,1,4),(2,443,0,0,1,4),(2,444,0,0,1,4),(2,445,0,0,1,4),(2,446,0,0,1,4),(2,447,0,0,1,4),(2,448,0,0,1,4),(2,449,0,0,1,4),(2,450,0,0,1,4),(2,451,0,0,1,4),(2,452,0,0,1,4),(2,453,0,0,1,4),(2,454,0,0,1,4),(2,455,0,0,1,4),(2,456,0,0,1,4),(2,457,0,0,1,4),(2,458,0,0,1,4),(2,459,0,0,1,4),(2,460,0,0,1,4),(2,461,0,0,1,4),(2,462,0,0,1,4),(2,463,0,0,1,4),(2,464,0,0,1,4),(2,465,0,0,1,4),(2,466,0,0,1,4),(2,467,0,0,1,4),(2,468,0,0,1,4),(2,469,0,0,1,4),(2,470,0,0,1,4),(2,471,0,0,1,4),(2,472,0,0,1,4),(2,473,0,0,1,4),(2,474,0,0,1,4),(2,475,0,0,1,4),(2,476,0,0,1,4),(2,477,0,0,1,4),(2,478,0,0,1,4),(2,479,0,0,1,4),(2,480,0,0,1,4),(2,481,0,0,1,4),(2,482,0,0,1,4),(2,483,0,0,1,4),(2,484,0,0,1,4),(2,485,0,0,1,4),(2,486,0,0,1,4),(2,487,0,0,1,4),(2,488,0,0,1,4),(2,489,0,0,1,4),(2,490,0,0,1,4),(2,491,0,0,1,4),(2,492,0,0,1,4),(2,493,0,0,1,4),(2,494,0,0,1,4),(2,495,0,0,1,4),(2,496,0,0,1,4),(2,497,0,0,1,4),(2,498,0,0,1,4),(2,499,0,0,1,4),(2,530,0,0,1,4),(2,531,0,0,1,4),(2,532,0,0,1,4),(2,500,0,1,1,4),(2,505,0,1,1,4),(2,506,0,1,1,4),(2,507,0,1,1,4),(2,508,0,1,1,4),(2,509,0,1,1,4),(2,502,1,1,1,4),(2,511,1,1,1,4),(2,512,1,1,1,4),(2,513,1,1,1,4),(2,514,1,1,1,4),(2,515,1,1,1,4),(2,516,1,1,1,4),(2,517,1,1,1,4),(2,519,1,1,1,4),(2,520,1,1,1,4),(2,521,1,1,1,4),(2,527,1,1,1,4),(2,533,1,1,1,4),(2,504,2,1,1,4),(2,503,3,1,1,4),(2,510,4,1,1,4),(2,501,5,1,1,4),(2,522,20,1,1,4),(2,524,20,1,1,4),(2,525,20,1,1,4),(2,526,20,1,1,4),(3,500,0,1,1,4),(3,502,1,1,1,4),(3,504,2,1,1,4),(3,503,3,1,1,4),(3,533,4,1,1,4),(3,516,5,1,1,4),(3,515,6,1,1,4),(3,510,7,1,1,4),(3,512,8,1,1,4),(3,519,9,1,1,4),(3,517,10,1,1,4),(3,522,11,1,1,4),(3,524,12,1,1,4),(3,525,13,1,1,4),(3,501,14,1,1,4),(3,526,14,1,1,4),(4,500,0,1,1,4),(4,502,1,1,1,4),(4,504,2,1,1,4),(4,503,3,1,1,4),(4,533,4,1,1,4),(4,501,5,1,1,4),(5,506,0,1,1,4),(5,505,1,1,1,4),(5,509,2,1,1,4),(5,508,3,1,1,4),(5,507,4,1,1,4),(5,511,5,1,1,4),(5,513,6,1,1,4),(5,514,7,1,1,4),(5,520,9,1,1,4),(5,521,10,1,1,4),(5,527,11,1,1,4),(6,505,0,1,1,4),(6,506,0,1,1,4),(6,507,0,1,1,4),(6,508,0,1,1,4),(6,509,0,1,1,4),(7,510,4,1,1,4),(8,511,1,1,1,4),(9,512,1,1,1,4),(10,513,1,1,1,4),(10,514,1,1,1,4),(11,515,1,1,1,4),(11,516,1,1,1,4),(12,517,1,1,1,4),(12,533,1,1,1,4),(14,519,1,1,1,4),(17,520,1,1,1,4),(20,521,1,1,1,4),(28,527,1,1,1,4),(29,522,20,1,1,4),(29,524,20,1,1,4),(29,525,20,1,1,4),(29,526,20,1,1,4);

--
-- Table structure for table `catalog_category_product_index_replica`
--

CREATE TABLE `catalog_category_product_index_replica` (
  `category_id` int(10) unsigned NOT NULL DEFAULT '0' COMMENT 'Category ID',
  `product_id` int(10) unsigned NOT NULL DEFAULT '0' COMMENT 'Product ID',
  `position` int(11) DEFAULT NULL COMMENT 'Position',
  `is_parent` smallint(5) unsigned NOT NULL DEFAULT '0' COMMENT 'Is Parent',
  `store_id` smallint(5) unsigned NOT NULL DEFAULT '0' COMMENT 'Store ID',
  `visibility` smallint(5) unsigned NOT NULL COMMENT 'Visibility',
  PRIMARY KEY (`category_id`,`product_id`,`store_id`),
  KEY `CAT_CTGR_PRD_IDX_PRD_ID_STORE_ID_CTGR_ID_VISIBILITY` (`product_id`,`store_id`,`category_id`,`visibility`),
  KEY `CAT_CTGR_PRD_IDX_STORE_ID_CTGR_ID_VISIBILITY_IS_PARENT_POSITION` (`store_id`,`category_id`,`visibility`,`is_parent`,`position`)
) ENGINE=InnoDB DEFAULT CHARSET=utf8 COMMENT='Catalog Category Product Index';

--
-- Dumping data for table `catalog_category_product_index_replica`
--

INSERT INTO `catalog_category_product_index_replica` VALUES (2,315,0,0,1,4),(2,316,0,0,1,4),(2,317,0,0,1,4),(2,318,0,0,1,4),(2,319,0,0,1,4),(2,320,0,0,1,4),(2,321,0,0,1,4),(2,322,0,0,1,4),(2,323,0,0,1,4),(2,324,0,0,1,4),(2,325,0,0,1,4),(2,326,0,0,1,4),(2,327,0,0,1,4),(2,328,0,0,1,4),(2,329,0,0,1,4),(2,330,0,0,1,4),(2,331,0,0,1,4),(2,332,0,0,1,4),(2,333,0,0,1,4),(2,334,0,0,1,4),(2,335,0,0,1,4),(2,336,0,0,1,4),(2,337,0,0,1,4),(2,338,0,0,1,4),(2,339,0,0,1,4),(2,340,0,0,1,4),(2,341,0,0,1,4),(2,342,0,0,1,4),(2,343,0,0,1,4),(2,344,0,0,1,4),(2,345,0,0,1,4),(2,346,0,0,1,4),(2,347,0,0,1,4),(2,348,0,0,1,4),(2,349,0,0,1,4),(2,350,0,0,1,4),(2,351,0,0,1,4),(2,352,0,0,1,4),(2,353,0,0,1,4),(2,354,0,0,1,4),(2,355,0,0,1,4),(2,356,0,0,1,4),(2,357,0,0,1,4),(2,358,0,0,1,4),(2,359,0,0,1,4),(2,360,0,0,1,4),(2,361,0,0,1,4),(2,362,0,0,1,4),(2,363,0,0,1,4),(2,364,0,0,1,4),(2,365,0,0,1,4),(2,366,0,0,1,4),(2,367,0,0,1,4),(2,368,0,0,1,4),(2,369,0,0,1,4),(2,370,0,0,1,4),(2,371,0,0,1,4),(2,372,0,0,1,4),(2,373,0,0,1,4),(2,374,0,0,1,4),(2,375,0,0,1,4),(2,376,0,0,1,4),(2,377,0,0,1,4),(2,378,0,0,1,4),(2,379,0,0,1,4),(2,380,0,0,1,4),(2,381,0,0,1,4),(2,382,0,0,1,4),(2,383,0,0,1,4),(2,384,0,0,1,4),(2,385,0,0,1,4),(2,386,0,0,1,4),(2,387,0,0,1,4),(2,388,0,0,1,4),(2,389,0,0,1,4),(2,390,0,0,1,4),(2,391,0,0,1,4),(2,392,0,0,1,4),(2,393,0,0,1,4),(2,394,0,0,1,4),(2,395,0,0,1,4),(2,396,0,0,1,4),(2,397,0,0,1,4),(2,398,0,0,1,4),(2,399,0,0,1,4),(2,400,0,0,1,4),(2,401,0,0,1,4),(2,402,0,0,1,4),(2,403,0,0,1,4),(2,404,0,0,1,4),(2,405,0,0,1,4),(2,406,0,0,1,4),(2,407,0,0,1,4),(2,408,0,0,1,4),(2,409,0,0,1,4),(2,410,0,0,1,4),(2,411,0,0,1,4),(2,412,0,0,1,4),(2,413,0,0,1,4),(2,414,0,0,1,4),(2,415,0,0,1,4),(2,416,0,0,1,4),(2,417,0,0,1,4),(2,418,0,0,1,4),(2,419,0,0,1,4),(2,420,0,0,1,4),(2,421,0,0,1,4),(2,422,0,0,1,4),(2,423,0,0,1,4),(2,424,0,0,1,4),(2,425,0,0,1,4),(2,426,0,0,1,4),(2,427,0,0,1,4),(2,428,0,0,1,4),(2,429,0,0,1,4),(2,430,0,0,1,4),(2,431,0,0,1,4),(2,432,0,0,1,4),(2,433,0,0,1,4),(2,434,0,0,1,4),(2,435,0,0,1,4),(2,436,0,0,1,4),(2,437,0,0,1,4),(2,438,0,0,1,4),(2,439,0,0,1,4),(2,440,0,0,1,4),(2,441,0,0,1,4),(2,442,0,0,1,4),(2,443,0,0,1,4),(2,444,0,0,1,4),(2,445,0,0,1,4),(2,446,0,0,1,4),(2,447,0,0,1,4),(2,448,0,0,1,4),(2,449,0,0,1,4),(2,450,0,0,1,4),(2,451,0,0,1,4),(2,452,0,0,1,4),(2,453,0,0,1,4),(2,454,0,0,1,4),(2,455,0,0,1,4),(2,456,0,0,1,4),(2,457,0,0,1,4),(2,458,0,0,1,4),(2,459,0,0,1,4),(2,460,0,0,1,4),(2,461,0,0,1,4),(2,462,0,0,1,4),(2,463,0,0,1,4),(2,464,0,0,1,4),(2,465,0,0,1,4),(2,466,0,0,1,4),(2,467,0,0,1,4),(2,468,0,0,1,4),(2,469,0,0,1,4),(2,470,0,0,1,4),(2,471,0,0,1,4),(2,472,0,0,1,4),(2,473,0,0,1,4),(2,474,0,0,1,4),(2,475,0,0,1,4),(2,476,0,0,1,4),(2,477,0,0,1,4),(2,478,0,0,1,4),(2,479,0,0,1,4),(2,480,0,0,1,4),(2,481,0,0,1,4),(2,482,0,0,1,4),(2,483,0,0,1,4),(2,484,0,0,1,4),(2,485,0,0,1,4),(2,486,0,0,1,4),(2,487,0,0,1,4),(2,488,0,0,1,4),(2,489,0,0,1,4),(2,490,0,0,1,4),(2,491,0,0,1,4),(2,492,0,0,1,4),(2,493,0,0,1,4),(2,494,0,0,1,4),(2,495,0,0,1,4),(2,496,0,0,1,4),(2,497,0,0,1,4),(2,498,0,0,1,4),(2,499,0,0,1,4),(2,530,0,0,1,4),(2,531,0,0,1,4),(2,532,0,0,1,4),(2,500,0,1,1,4),(2,505,0,1,1,4),(2,506,0,1,1,4),(2,507,0,1,1,4),(2,508,0,1,1,4),(2,509,0,1,1,4),(2,502,1,1,1,4),(2,511,1,1,1,4),(2,512,1,1,1,4),(2,513,1,1,1,4),(2,514,1,1,1,4),(2,515,1,1,1,4),(2,516,1,1,1,4),(2,517,1,1,1,4),(2,519,1,1,1,4),(2,520,1,1,1,4),(2,521,1,1,1,4),(2,527,1,1,1,4),(2,533,1,1,1,4),(2,504,2,1,1,4),(2,503,3,1,1,4),(2,510,4,1,1,4),(2,501,5,1,1,4),(2,522,20,1,1,4),(2,524,20,1,1,4),(2,525,20,1,1,4),(2,526,20,1,1,4),(3,500,0,1,1,4),(3,502,1,1,1,4),(3,504,2,1,1,4),(3,503,3,1,1,4),(3,533,4,1,1,4),(3,516,5,1,1,4),(3,515,6,1,1,4),(3,510,7,1,1,4),(3,512,8,1,1,4),(3,519,9,1,1,4),(3,517,10,1,1,4),(3,522,11,1,1,4),(3,524,12,1,1,4),(3,525,13,1,1,4),(3,501,14,1,1,4),(3,526,14,1,1,4),(4,500,0,1,1,4),(4,502,1,1,1,4),(4,504,2,1,1,4),(4,503,3,1,1,4),(4,533,4,1,1,4),(4,501,5,1,1,4),(5,506,0,1,1,4),(5,505,1,1,1,4),(5,509,2,1,1,4),(5,508,3,1,1,4),(5,507,4,1,1,4),(5,511,5,1,1,4),(5,513,6,1,1,4),(5,514,7,1,1,4),(5,520,9,1,1,4),(5,521,10,1,1,4),(5,527,11,1,1,4),(6,505,0,1,1,4),(6,506,0,1,1,4),(6,507,0,1,1,4),(6,508,0,1,1,4),(6,509,0,1,1,4),(7,510,4,1,1,4),(8,511,1,1,1,4),(9,512,1,1,1,4),(10,513,1,1,1,4),(10,514,1,1,1,4),(11,515,1,1,1,4),(11,516,1,1,1,4),(12,517,1,1,1,4),(12,533,1,1,1,4),(14,519,1,1,1,4),(17,520,1,1,1,4),(20,521,1,1,1,4),(28,527,1,1,1,4),(29,522,20,1,1,4),(29,524,20,1,1,4),(29,525,20,1,1,4),(29,526,20,1,1,4);

--
-- Table structure for table `catalog_category_product_index_tmp`
--

CREATE TABLE `catalog_category_product_index_tmp` (
  `category_id` int(10) unsigned NOT NULL DEFAULT '0' COMMENT 'Category ID',
  `product_id` int(10) unsigned NOT NULL DEFAULT '0' COMMENT 'Product ID',
  `position` int(11) NOT NULL DEFAULT '0' COMMENT 'Position',
  `is_parent` smallint(5) unsigned NOT NULL DEFAULT '0' COMMENT 'Is Parent',
  `store_id` smallint(5) unsigned NOT NULL DEFAULT '0' COMMENT 'Store ID',
  `visibility` smallint(5) unsigned NOT NULL COMMENT 'Visibility',
  PRIMARY KEY (`category_id`,`product_id`,`store_id`)
) ENGINE=MEMORY DEFAULT CHARSET=utf8 COMMENT='Catalog Category Product Indexer temporary table';

--
-- Dumping data for table `catalog_category_product_index_tmp`
--

INSERT INTO `catalog_category_product_index_tmp` VALUES (3,500,0,1,1,4),(3,501,14,1,1,4),(3,502,1,1,1,4),(3,503,3,1,1,4),(3,504,2,1,1,4),(3,510,7,1,1,4),(3,512,8,1,1,4),(3,515,6,1,1,4),(3,516,5,1,1,4),(3,517,10,1,1,4),(3,519,9,1,1,4),(3,522,11,1,1,4),(3,524,12,1,1,4),(3,525,13,1,1,4),(3,526,14,1,1,4),(3,533,4,1,1,4),(11,515,1,1,1,4),(11,516,1,1,1,4),(12,517,1,1,1,4),(12,533,1,1,1,4),(14,519,1,1,1,4),(29,522,20,1,1,4),(29,524,20,1,1,4),(29,525,20,1,1,4),(29,526,20,1,1,4),(4,500,0,1,1,4),(4,501,5,1,1,4),(4,502,1,1,1,4),(4,503,3,1,1,4),(4,504,2,1,1,4),(4,533,4,1,1,4),(7,510,4,1,1,4),(9,512,1,1,1,4),(5,505,1,1,1,4),(5,506,0,1,1,4),(5,507,4,1,1,4),(5,508,3,1,1,4),(5,509,2,1,1,4),(5,511,5,1,1,4),(5,513,6,1,1,4),(5,514,7,1,1,4),(5,520,9,1,1,4),(5,521,10,1,1,4),(5,527,11,1,1,4),(10,513,1,1,1,4),(10,514,1,1,1,4),(17,520,1,1,1,4),(20,521,1,1,1,4),(28,527,1,1,1,4),(6,505,0,1,1,4),(6,506,0,1,1,4),(6,507,0,1,1,4),(6,508,0,1,1,4),(6,509,0,1,1,4),(8,511,1,1,1,4);

--
-- Table structure for table `catalog_compare_item`
--

CREATE TABLE `catalog_compare_item` (
  `catalog_compare_item_id` int(10) unsigned NOT NULL AUTO_INCREMENT COMMENT 'Compare Item ID',
  `visitor_id` int(10) unsigned NOT NULL DEFAULT '0' COMMENT 'Visitor ID',
  `customer_id` int(10) unsigned DEFAULT NULL COMMENT 'Customer ID',
  `product_id` int(10) unsigned NOT NULL DEFAULT '0' COMMENT 'Product ID',
  `store_id` smallint(5) unsigned DEFAULT NULL COMMENT 'Store ID',
  PRIMARY KEY (`catalog_compare_item_id`),
  KEY `CATALOG_COMPARE_ITEM_PRODUCT_ID` (`product_id`),
  KEY `CATALOG_COMPARE_ITEM_VISITOR_ID_PRODUCT_ID` (`visitor_id`,`product_id`),
  KEY `CATALOG_COMPARE_ITEM_CUSTOMER_ID_PRODUCT_ID` (`customer_id`,`product_id`),
  KEY `CATALOG_COMPARE_ITEM_STORE_ID` (`store_id`),
  CONSTRAINT `CATALOG_COMPARE_ITEM_CUSTOMER_ID_CUSTOMER_ENTITY_ENTITY_ID` FOREIGN KEY (`customer_id`) REFERENCES `customer_entity` (`entity_id`) ON DELETE CASCADE,
  CONSTRAINT `CATALOG_COMPARE_ITEM_PRODUCT_ID_CATALOG_PRODUCT_ENTITY_ENTITY_ID` FOREIGN KEY (`product_id`) REFERENCES `catalog_product_entity` (`entity_id`) ON DELETE CASCADE,
  CONSTRAINT `CATALOG_COMPARE_ITEM_STORE_ID_STORE_STORE_ID` FOREIGN KEY (`store_id`) REFERENCES `store` (`store_id`) ON DELETE SET NULL
) ENGINE=InnoDB DEFAULT CHARSET=utf8 COMMENT='Catalog Compare Table';

--
-- Dumping data for table `catalog_compare_item`
--


--
-- Table structure for table `catalog_eav_attribute`
--

CREATE TABLE `catalog_eav_attribute` (
  `attribute_id` smallint(5) unsigned NOT NULL COMMENT 'Attribute ID',
  `frontend_input_renderer` varchar(255) DEFAULT NULL COMMENT 'Frontend Input Renderer',
  `is_global` smallint(5) unsigned NOT NULL DEFAULT '1' COMMENT 'Is Global',
  `is_visible` smallint(5) unsigned NOT NULL DEFAULT '1' COMMENT 'Is Visible',
  `is_searchable` smallint(5) unsigned NOT NULL DEFAULT '0' COMMENT 'Is Searchable',
  `is_filterable` smallint(5) unsigned NOT NULL DEFAULT '0' COMMENT 'Is Filterable',
  `is_comparable` smallint(5) unsigned NOT NULL DEFAULT '0' COMMENT 'Is Comparable',
  `is_visible_on_front` smallint(5) unsigned NOT NULL DEFAULT '0' COMMENT 'Is Visible On Front',
  `is_html_allowed_on_front` smallint(5) unsigned NOT NULL DEFAULT '0' COMMENT 'Is HTML Allowed On Front',
  `is_used_for_price_rules` smallint(5) unsigned NOT NULL DEFAULT '0' COMMENT 'Is Used For Price Rules',
  `is_filterable_in_search` smallint(5) unsigned NOT NULL DEFAULT '0' COMMENT 'Is Filterable In Search',
  `used_in_product_listing` smallint(5) unsigned NOT NULL DEFAULT '0' COMMENT 'Is Used In Product Listing',
  `used_for_sort_by` smallint(5) unsigned NOT NULL DEFAULT '0' COMMENT 'Is Used For Sorting',
  `apply_to` varchar(255) DEFAULT NULL COMMENT 'Apply To',
  `is_visible_in_advanced_search` smallint(5) unsigned NOT NULL DEFAULT '0' COMMENT 'Is Visible In Advanced Search',
  `position` int(11) NOT NULL DEFAULT '0' COMMENT 'Position',
  `is_wysiwyg_enabled` smallint(5) unsigned NOT NULL DEFAULT '0' COMMENT 'Is WYSIWYG Enabled',
  `is_used_for_promo_rules` smallint(5) unsigned NOT NULL DEFAULT '0' COMMENT 'Is Used For Promo Rules',
  `is_required_in_admin_store` smallint(5) unsigned NOT NULL DEFAULT '0' COMMENT 'Is Required In Admin Store',
  `is_used_in_grid` smallint(5) unsigned NOT NULL DEFAULT '0' COMMENT 'Is Used in Grid',
  `is_visible_in_grid` smallint(5) unsigned NOT NULL DEFAULT '0' COMMENT 'Is Visible in Grid',
  `is_filterable_in_grid` smallint(5) unsigned NOT NULL DEFAULT '0' COMMENT 'Is Filterable in Grid',
  `search_weight` float NOT NULL DEFAULT '1' COMMENT 'Search Weight',
  `additional_data` text COMMENT 'Additional swatch attributes data',
  PRIMARY KEY (`attribute_id`),
  KEY `CATALOG_EAV_ATTRIBUTE_USED_FOR_SORT_BY` (`used_for_sort_by`),
  KEY `CATALOG_EAV_ATTRIBUTE_USED_IN_PRODUCT_LISTING` (`used_in_product_listing`),
  CONSTRAINT `CATALOG_EAV_ATTRIBUTE_ATTRIBUTE_ID_EAV_ATTRIBUTE_ATTRIBUTE_ID` FOREIGN KEY (`attribute_id`) REFERENCES `eav_attribute` (`attribute_id`) ON DELETE CASCADE
) ENGINE=InnoDB DEFAULT CHARSET=utf8 COMMENT='Catalog EAV Attribute Table';

--
-- Dumping data for table `catalog_eav_attribute`
--

INSERT INTO `catalog_eav_attribute` VALUES (45,NULL,0,1,0,0,0,0,0,0,0,0,0,NULL,0,0,0,0,0,0,0,0,1,NULL),(46,NULL,0,1,0,0,0,0,0,0,0,0,0,NULL,0,0,0,0,0,0,0,0,1,NULL),(47,NULL,0,1,0,0,0,0,1,0,0,0,0,NULL,0,0,1,0,0,0,0,0,1,NULL),(48,NULL,0,1,0,0,0,0,0,0,0,0,0,NULL,0,0,0,0,0,0,0,0,1,NULL),(49,NULL,0,1,0,0,0,0,0,0,0,0,0,NULL,0,0,0,0,0,0,0,0,1,NULL),(50,NULL,0,1,0,0,0,0,0,0,0,0,0,NULL,0,0,0,0,0,0,0,0,1,NULL),(51,NULL,0,1,0,0,0,0,0,0,0,0,0,NULL,0,0,0,0,0,0,0,0,1,NULL),(52,NULL,0,1,0,0,0,0,0,0,0,0,0,NULL,0,0,0,0,0,0,0,0,1,NULL),(53,NULL,0,1,0,0,0,0,0,0,0,0,0,NULL,0,0,0,0,0,0,0,0,1,NULL),(54,NULL,1,1,0,0,0,0,0,0,0,0,0,NULL,0,0,0,0,0,0,0,0,1,NULL),(55,NULL,1,0,0,0,0,0,0,0,0,0,0,NULL,0,0,0,0,0,0,0,0,1,NULL),(56,NULL,1,0,0,0,0,0,0,0,0,0,0,NULL,0,0,0,0,0,0,0,0,1,NULL),(57,NULL,1,0,0,0,0,0,0,0,0,0,0,NULL,0,0,0,0,0,0,0,0,1,NULL),(58,NULL,1,0,0,0,0,0,0,0,0,0,0,NULL,0,0,0,0,0,0,0,0,1,NULL),(59,NULL,1,0,0,0,0,0,0,0,0,0,0,NULL,0,0,0,0,0,0,0,0,1,NULL),(60,NULL,0,1,0,0,0,0,0,0,0,0,0,NULL,0,0,0,0,0,0,0,0,1,NULL),(61,NULL,0,1,0,0,0,0,0,0,0,0,0,NULL,0,0,0,0,0,0,0,0,1,NULL),(62,NULL,0,1,0,0,0,0,0,0,0,0,0,NULL,0,0,0,0,0,0,0,0,1,NULL),(63,NULL,0,1,0,0,0,0,0,0,0,0,0,NULL,0,0,0,0,0,0,0,0,1,NULL),(64,NULL,0,1,0,0,0,0,0,0,0,0,0,NULL,0,0,0,0,0,0,0,0,1,NULL),(65,NULL,1,0,0,0,0,0,0,0,0,0,0,NULL,0,0,0,0,0,0,0,0,1,NULL),(66,NULL,1,0,0,0,0,0,0,0,0,0,0,NULL,0,0,0,0,0,0,0,0,1,NULL),(67,'Magento\\Catalog\\Block\\Adminhtml\\Category\\Helper\\Sortby\\Available',0,1,0,0,0,0,0,0,0,0,0,NULL,0,0,0,0,0,0,0,0,1,NULL),(68,'Magento\\Catalog\\Block\\Adminhtml\\Category\\Helper\\Sortby\\DefaultSortby',0,1,0,0,0,0,0,0,0,0,0,NULL,0,0,0,0,0,0,0,0,1,NULL),(69,NULL,0,1,0,0,0,0,0,0,0,0,0,NULL,0,0,0,0,0,0,0,0,1,NULL),(70,NULL,0,1,0,0,0,0,0,0,0,0,0,NULL,0,0,0,0,0,0,0,0,1,NULL),(71,NULL,0,1,0,0,0,0,0,0,0,0,0,NULL,0,0,0,0,0,0,0,0,1,NULL),(72,'Magento\\Catalog\\Block\\Adminhtml\\Category\\Helper\\Pricestep',0,1,0,0,0,0,0,0,0,0,0,NULL,0,0,0,0,0,0,0,0,1,NULL),(73,NULL,0,1,1,0,0,0,0,0,0,1,1,NULL,1,0,0,0,0,0,0,0,5,NULL),(74,NULL,1,1,1,0,1,0,0,0,0,0,0,NULL,1,0,0,0,0,0,0,0,6,NULL),(75,NULL,0,1,1,0,1,0,1,0,0,0,0,NULL,1,0,1,0,0,0,0,0,1,NULL),(76,NULL,0,1,1,0,1,0,1,0,0,1,0,NULL,1,0,1,0,0,1,0,0,1,NULL),(77,NULL,1,1,1,0,0,0,0,0,0,1,1,'simple,virtual,downloadable,bundle,configurable',1,0,0,0,0,0,0,0,1,NULL),(78,NULL,1,1,0,0,0,0,0,0,0,1,0,'simple,virtual,downloadable,bundle,configurable',0,0,0,0,0,1,0,1,1,NULL),(79,NULL,2,1,0,0,0,0,0,0,0,1,0,'simple,virtual,downloadable,bundle,configurable',0,0,0,0,0,1,0,0,1,NULL),(80,NULL,2,1,0,0,0,0,0,0,0,1,0,'simple,virtual,downloadable,bundle,configurable',0,0,0,0,0,1,0,0,1,NULL),(81,NULL,1,1,0,0,0,0,0,0,0,0,0,'simple,virtual,downloadable',0,0,0,0,0,1,0,1,1,NULL),(82,'Magento\\Catalog\\Block\\Adminhtml\\Product\\Helper\\Form\\Weight',1,1,0,0,0,0,0,0,0,0,0,'simple,virtual,downloadable,bundle,configurable',0,0,0,0,0,1,0,1,1,NULL),(83,NULL,1,1,1,1,1,0,0,0,0,0,0,'simple',1,0,0,0,0,1,0,1,1,NULL),(84,NULL,0,1,0,0,0,0,0,0,0,0,0,NULL,0,0,0,0,0,1,0,1,1,NULL),(85,NULL,0,1,0,0,0,0,0,0,0,0,0,NULL,0,0,0,0,0,1,0,1,1,NULL),(86,NULL,0,1,0,0,0,0,0,0,0,0,0,NULL,0,0,0,0,0,1,0,1,1,NULL),(87,NULL,0,1,0,0,0,0,0,0,0,1,0,NULL,0,0,0,0,0,0,0,0,1,NULL),(88,NULL,0,1,0,0,0,0,0,0,0,1,0,NULL,0,0,0,0,0,0,0,0,1,NULL),(89,NULL,0,1,0,0,0,0,0,0,0,1,0,NULL,0,0,0,0,0,0,0,0,1,NULL),(90,NULL,1,1,0,0,0,0,0,0,0,0,0,NULL,0,0,0,0,0,0,0,0,1,NULL),(91,NULL,1,0,0,0,0,0,0,0,0,0,0,NULL,0,0,0,0,0,0,0,0,1,NULL),(92,NULL,2,1,0,0,0,0,0,0,0,0,0,'simple,virtual,downloadable,bundle',0,0,0,0,0,0,0,0,1,NULL),(93,NULL,1,1,1,1,1,0,0,0,0,0,0,'simple,virtual,configurable',1,0,0,0,0,1,0,1,1,NULL),(94,NULL,2,1,0,0,0,0,0,0,0,1,0,NULL,0,0,0,0,0,1,0,0,1,NULL),(95,NULL,2,1,0,0,0,0,0,0,0,1,0,NULL,0,0,0,0,0,1,0,0,1,NULL),(96,NULL,1,1,0,0,0,0,0,0,0,0,0,NULL,0,0,0,0,0,0,0,0,1,NULL),(97,'Magento\\Framework\\Data\\Form\\Element\\Hidden',2,1,1,0,0,0,0,0,0,1,0,NULL,0,0,0,0,1,0,0,0,1,NULL),(98,NULL,1,0,0,0,0,0,0,0,0,0,0,'simple,virtual,downloadable,bundle,configurable',0,0,0,0,0,0,0,0,1,NULL),(99,NULL,0,1,0,0,0,0,0,0,0,0,0,NULL,0,0,0,0,1,0,0,0,1,NULL),(100,NULL,0,1,0,0,0,0,0,0,0,0,0,NULL,0,0,0,0,0,1,0,1,1,NULL),(101,NULL,0,1,0,0,0,0,0,0,0,0,0,NULL,0,0,0,0,0,1,0,0,1,NULL),(102,NULL,0,1,0,0,0,0,0,0,0,0,0,NULL,0,0,0,0,0,1,0,0,1,NULL),(103,NULL,0,1,0,0,0,0,0,0,0,0,0,NULL,0,0,0,0,0,0,0,0,1,NULL),(104,NULL,0,1,0,0,0,0,0,0,0,0,0,NULL,0,0,0,0,0,1,0,0,1,NULL),(105,'Magento\\Catalog\\Block\\Adminhtml\\Product\\Helper\\Form\\Category',1,1,0,0,0,0,0,0,0,0,0,NULL,0,0,0,0,0,0,0,0,1,NULL),(106,NULL,0,1,0,0,0,0,0,0,0,0,0,NULL,0,0,0,0,0,0,0,0,1,NULL),(107,NULL,1,0,0,0,0,0,0,0,0,1,0,NULL,0,0,0,0,0,0,0,0,1,NULL),(108,NULL,1,0,0,0,0,0,0,0,0,0,0,NULL,0,0,0,0,0,0,0,0,1,NULL),(109,NULL,0,0,0,0,0,0,0,0,0,1,0,NULL,0,0,0,0,0,0,0,0,1,NULL),(110,NULL,0,0,0,0,0,0,0,0,0,1,0,NULL,0,0,0,0,0,0,0,0,1,NULL),(111,NULL,0,0,0,0,0,0,0,0,0,1,0,NULL,0,0,0,0,0,0,0,0,1,NULL),(112,NULL,1,0,0,0,0,0,0,0,0,0,0,NULL,0,0,0,0,0,0,0,0,1,NULL),(113,NULL,1,0,0,0,0,0,0,0,0,0,0,NULL,0,0,0,0,0,0,0,0,1,NULL),(114,NULL,2,1,0,0,0,0,0,0,0,0,0,'simple,bundle,grouped,configurable',0,0,0,0,0,1,0,1,1,NULL),(115,'Magento\\CatalogInventory\\Block\\Adminhtml\\Form\\Field\\Stock',1,1,0,0,0,0,0,0,0,0,0,NULL,0,0,0,0,0,0,0,0,1,NULL),(116,NULL,0,1,0,0,0,0,0,0,0,0,0,NULL,0,0,0,0,0,1,0,0,1,NULL),(117,NULL,0,1,0,0,0,0,0,0,0,0,0,NULL,0,0,0,0,0,0,0,0,1,NULL),(118,NULL,0,0,0,0,0,0,0,0,0,0,0,NULL,0,0,0,0,0,0,0,0,1,NULL),(119,NULL,0,1,0,0,0,0,0,0,0,1,0,NULL,0,0,0,0,0,1,0,1,1,NULL),(120,NULL,0,0,0,0,0,0,0,0,0,0,0,NULL,0,0,0,0,0,0,0,0,1,NULL),(121,'Magento\\Msrp\\Block\\Adminhtml\\Product\\Helper\\Form\\Type',1,1,0,0,0,0,0,0,0,1,0,'simple,virtual,downloadable,bundle,configurable',0,0,0,0,0,1,0,1,1,NULL),(122,'Magento\\Msrp\\Block\\Adminhtml\\Product\\Helper\\Form\\Type\\Price',2,1,0,0,0,0,0,0,0,1,0,'simple,virtual,downloadable,bundle,configurable',0,0,0,0,0,0,0,0,1,NULL),(123,NULL,1,0,0,0,0,0,0,0,0,1,0,'downloadable',0,0,0,0,0,0,0,0,1,NULL),(124,NULL,0,0,0,0,0,0,0,0,0,0,0,'downloadable',0,0,0,0,0,0,0,0,1,NULL),(125,NULL,0,0,0,0,0,0,0,0,0,0,0,'downloadable',0,0,0,0,0,0,0,0,1,NULL),(126,NULL,1,0,0,0,0,0,0,0,0,1,0,'downloadable',0,0,0,0,0,0,0,0,1,NULL),(127,NULL,1,1,0,0,0,0,0,0,0,1,0,'bundle',0,0,0,0,0,0,0,0,1,NULL),(128,NULL,1,1,0,0,0,0,0,0,0,0,0,'bundle',0,0,0,0,0,0,0,0,1,NULL),(129,NULL,1,1,0,0,0,0,0,0,0,1,0,'bundle',0,0,0,0,0,0,0,0,1,NULL),(130,NULL,1,1,0,0,0,0,0,0,0,1,0,'bundle',0,0,0,0,0,0,0,0,1,NULL),(131,NULL,1,1,0,0,0,0,0,0,0,1,0,'bundle',0,0,0,0,0,0,0,0,1,NULL),(132,'Magento\\GiftMessage\\Block\\Adminhtml\\Product\\Helper\\Form\\Config',1,1,0,0,0,0,0,0,0,0,0,NULL,0,0,0,0,0,1,0,0,1,NULL),(133,NULL,0,1,0,0,0,0,0,0,0,1,0,NULL,0,0,0,0,0,0,0,0,1,NULL),(134,NULL,2,1,1,0,0,0,0,0,0,1,0,'simple,virtual,downloadable,bundle,configurable',0,0,0,0,0,1,0,1,1,NULL),(135,NULL,1,1,0,0,0,0,1,0,0,0,0,NULL,0,0,0,0,0,1,1,1,1,'{\"swatch_input_type\":\"text\",\"update_product_preview_image\":\"0\",\"use_product_image_for_swatch\":0}'),(136,NULL,1,1,0,0,0,0,1,0,0,0,0,NULL,0,0,0,0,0,1,1,1,1,NULL),(137,NULL,0,1,0,0,0,0,1,0,0,0,0,NULL,0,0,0,0,0,1,1,1,1,NULL),(138,NULL,0,1,0,0,0,0,1,0,0,0,0,NULL,0,0,0,0,0,1,1,1,1,NULL),(139,NULL,1,1,0,0,0,0,1,0,0,0,0,NULL,0,0,0,0,0,1,1,1,1,NULL),(140,NULL,1,1,0,0,0,0,1,0,0,0,0,NULL,0,0,0,0,0,1,1,1,1,NULL);

--
-- Table structure for table `catalog_product_bundle_option`
--

CREATE TABLE `catalog_product_bundle_option` (
  `option_id` int(10) unsigned NOT NULL AUTO_INCREMENT COMMENT 'Option Id',
  `parent_id` int(10) unsigned NOT NULL COMMENT 'Parent Id',
  `required` smallint(5) unsigned NOT NULL DEFAULT '0' COMMENT 'Required',
  `position` int(10) unsigned NOT NULL DEFAULT '0' COMMENT 'Position',
  `type` varchar(255) DEFAULT NULL COMMENT 'Type',
  PRIMARY KEY (`option_id`),
  KEY `CATALOG_PRODUCT_BUNDLE_OPTION_PARENT_ID` (`parent_id`),
  CONSTRAINT `CAT_PRD_BNDL_OPT_PARENT_ID_CAT_PRD_ENTT_ENTT_ID` FOREIGN KEY (`parent_id`) REFERENCES `catalog_product_entity` (`entity_id`) ON DELETE CASCADE
) ENGINE=InnoDB DEFAULT CHARSET=utf8 COMMENT='Catalog Product Bundle Option';

--
-- Dumping data for table `catalog_product_bundle_option`
--


--
-- Table structure for table `catalog_product_bundle_option_value`
--

CREATE TABLE `catalog_product_bundle_option_value` (
  `value_id` int(10) unsigned NOT NULL AUTO_INCREMENT COMMENT 'Value Id',
  `option_id` int(10) unsigned NOT NULL COMMENT 'Option Id',
  `parent_product_id` int(10) unsigned NOT NULL COMMENT 'Parent Product Id',
  `store_id` smallint(5) unsigned NOT NULL COMMENT 'Store Id',
  `title` varchar(255) DEFAULT NULL COMMENT 'Title',
  PRIMARY KEY (`value_id`),
  UNIQUE KEY `CAT_PRD_BNDL_OPT_VAL_OPT_ID_PARENT_PRD_ID_STORE_ID` (`option_id`,`parent_product_id`,`store_id`),
  CONSTRAINT `CAT_PRD_BNDL_OPT_VAL_OPT_ID_CAT_PRD_BNDL_OPT_OPT_ID` FOREIGN KEY (`option_id`) REFERENCES `catalog_product_bundle_option` (`option_id`) ON DELETE CASCADE
) ENGINE=InnoDB DEFAULT CHARSET=utf8 COMMENT='Catalog Product Bundle Option Value';

--
-- Dumping data for table `catalog_product_bundle_option_value`
--


--
-- Table structure for table `catalog_product_bundle_price_index`
--

CREATE TABLE `catalog_product_bundle_price_index` (
  `entity_id` int(10) unsigned NOT NULL COMMENT 'Entity Id',
  `website_id` smallint(5) unsigned NOT NULL COMMENT 'Website Id',
  `customer_group_id` int(10) unsigned NOT NULL COMMENT 'Customer Group Id',
  `min_price` decimal(12,4) NOT NULL COMMENT 'Min Price',
  `max_price` decimal(12,4) NOT NULL COMMENT 'Max Price',
  PRIMARY KEY (`entity_id`,`website_id`,`customer_group_id`),
  KEY `CATALOG_PRODUCT_BUNDLE_PRICE_INDEX_WEBSITE_ID` (`website_id`),
  KEY `CATALOG_PRODUCT_BUNDLE_PRICE_INDEX_CUSTOMER_GROUP_ID` (`customer_group_id`),
  CONSTRAINT `CAT_PRD_BNDL_PRICE_IDX_CSTR_GROUP_ID_CSTR_GROUP_CSTR_GROUP_ID` FOREIGN KEY (`customer_group_id`) REFERENCES `customer_group` (`customer_group_id`) ON DELETE CASCADE,
  CONSTRAINT `CAT_PRD_BNDL_PRICE_IDX_ENTT_ID_CAT_PRD_ENTT_ENTT_ID` FOREIGN KEY (`entity_id`) REFERENCES `catalog_product_entity` (`entity_id`) ON DELETE CASCADE,
  CONSTRAINT `CAT_PRD_BNDL_PRICE_IDX_WS_ID_STORE_WS_WS_ID` FOREIGN KEY (`website_id`) REFERENCES `store_website` (`website_id`) ON DELETE CASCADE
) ENGINE=InnoDB DEFAULT CHARSET=utf8 COMMENT='Catalog Product Bundle Price Index';

--
-- Dumping data for table `catalog_product_bundle_price_index`
--


--
-- Table structure for table `catalog_product_bundle_selection`
--

CREATE TABLE `catalog_product_bundle_selection` (
  `selection_id` int(10) unsigned NOT NULL AUTO_INCREMENT COMMENT 'Selection Id',
  `option_id` int(10) unsigned NOT NULL COMMENT 'Option Id',
  `parent_product_id` int(10) unsigned NOT NULL COMMENT 'Parent Product Id',
  `product_id` int(10) unsigned NOT NULL COMMENT 'Product Id',
  `position` int(10) unsigned NOT NULL DEFAULT '0' COMMENT 'Position',
  `is_default` smallint(5) unsigned NOT NULL DEFAULT '0' COMMENT 'Is Default',
  `selection_price_type` smallint(5) unsigned NOT NULL DEFAULT '0' COMMENT 'Selection Price Type',
  `selection_price_value` decimal(12,4) NOT NULL DEFAULT '0.0000' COMMENT 'Selection Price Value',
  `selection_qty` decimal(12,4) DEFAULT NULL COMMENT 'Selection Qty',
  `selection_can_change_qty` smallint(6) NOT NULL DEFAULT '0' COMMENT 'Selection Can Change Qty',
  PRIMARY KEY (`selection_id`),
  KEY `CATALOG_PRODUCT_BUNDLE_SELECTION_OPTION_ID` (`option_id`),
  KEY `CATALOG_PRODUCT_BUNDLE_SELECTION_PRODUCT_ID` (`product_id`),
  CONSTRAINT `CAT_PRD_BNDL_SELECTION_OPT_ID_CAT_PRD_BNDL_OPT_OPT_ID` FOREIGN KEY (`option_id`) REFERENCES `catalog_product_bundle_option` (`option_id`) ON DELETE CASCADE,
  CONSTRAINT `CAT_PRD_BNDL_SELECTION_PRD_ID_CAT_PRD_ENTT_ENTT_ID` FOREIGN KEY (`product_id`) REFERENCES `catalog_product_entity` (`entity_id`) ON DELETE CASCADE
) ENGINE=InnoDB DEFAULT CHARSET=utf8 COMMENT='Catalog Product Bundle Selection';

--
-- Dumping data for table `catalog_product_bundle_selection`
--


--
-- Table structure for table `catalog_product_bundle_selection_price`
--

CREATE TABLE `catalog_product_bundle_selection_price` (
  `selection_id` int(10) unsigned NOT NULL COMMENT 'Selection Id',
  `parent_product_id` int(10) unsigned NOT NULL COMMENT 'Parent Product Id',
  `website_id` smallint(5) unsigned NOT NULL COMMENT 'Website Id',
  `selection_price_type` smallint(5) unsigned NOT NULL DEFAULT '0' COMMENT 'Selection Price Type',
  `selection_price_value` decimal(12,4) NOT NULL DEFAULT '0.0000' COMMENT 'Selection Price Value',
  PRIMARY KEY (`selection_id`,`parent_product_id`,`website_id`),
  KEY `CATALOG_PRODUCT_BUNDLE_SELECTION_PRICE_WEBSITE_ID` (`website_id`),
  CONSTRAINT `CAT_PRD_BNDL_SELECTION_PRICE_WS_ID_STORE_WS_WS_ID` FOREIGN KEY (`website_id`) REFERENCES `store_website` (`website_id`) ON DELETE CASCADE,
  CONSTRAINT `FK_DCF37523AA05D770A70AA4ED7C2616E4` FOREIGN KEY (`selection_id`) REFERENCES `catalog_product_bundle_selection` (`selection_id`) ON DELETE CASCADE
) ENGINE=InnoDB DEFAULT CHARSET=utf8 COMMENT='Catalog Product Bundle Selection Price';

--
-- Dumping data for table `catalog_product_bundle_selection_price`
--


--
-- Table structure for table `catalog_product_bundle_stock_index`
--

CREATE TABLE `catalog_product_bundle_stock_index` (
  `entity_id` int(10) unsigned NOT NULL COMMENT 'Entity Id',
  `website_id` smallint(5) unsigned NOT NULL COMMENT 'Website Id',
  `stock_id` smallint(5) unsigned NOT NULL COMMENT 'Stock Id',
  `option_id` int(10) unsigned NOT NULL DEFAULT '0' COMMENT 'Option Id',
  `stock_status` smallint(6) DEFAULT '0' COMMENT 'Stock Status',
  PRIMARY KEY (`entity_id`,`website_id`,`stock_id`,`option_id`)
) ENGINE=InnoDB DEFAULT CHARSET=utf8 COMMENT='Catalog Product Bundle Stock Index';

--
-- Dumping data for table `catalog_product_bundle_stock_index`
--


--
-- Table structure for table `catalog_product_entity`
--

CREATE TABLE `catalog_product_entity` (
  `entity_id` int(10) unsigned NOT NULL AUTO_INCREMENT COMMENT 'Entity ID',
  `attribute_set_id` smallint(5) unsigned NOT NULL DEFAULT '0' COMMENT 'Attribute Set ID',
  `type_id` varchar(32) NOT NULL DEFAULT 'simple' COMMENT 'Type ID',
  `sku` varchar(64) DEFAULT NULL COMMENT 'SKU',
  `has_options` smallint(6) NOT NULL DEFAULT '0' COMMENT 'Has Options',
  `required_options` smallint(5) unsigned NOT NULL DEFAULT '0' COMMENT 'Required Options',
  `created_at` timestamp NOT NULL DEFAULT CURRENT_TIMESTAMP COMMENT 'Creation Time',
  `updated_at` timestamp NOT NULL DEFAULT CURRENT_TIMESTAMP ON UPDATE CURRENT_TIMESTAMP COMMENT 'Update Time',
  PRIMARY KEY (`entity_id`),
  KEY `CATALOG_PRODUCT_ENTITY_ATTRIBUTE_SET_ID` (`attribute_set_id`),
  KEY `CATALOG_PRODUCT_ENTITY_SKU` (`sku`),
  CONSTRAINT `CAT_PRD_ENTT_ATTR_SET_ID_EAV_ATTR_SET_ATTR_SET_ID` FOREIGN KEY (`attribute_set_id`) REFERENCES `eav_attribute_set` (`attribute_set_id`) ON DELETE CASCADE
) ENGINE=InnoDB AUTO_INCREMENT=535 DEFAULT CHARSET=utf8 COMMENT='Catalog Product Table';

--
-- Dumping data for table `catalog_product_entity`
--

INSERT INTO `catalog_product_entity` VALUES (315,4,'simple','ALJ1780100 9900 GOAT NUBUCK BLACK - m',0,0,'2018-03-15 14:17:44','2018-03-20 10:43:15'),(316,4,'simple','ALJ1780100 9900 GOAT NUBUCK BLACK - l',0,0,'2018-03-15 14:17:44','2018-03-20 10:43:15'),(317,4,'simple','ALJ1780100 9900 GOAT NUBUCK BLACK - xl',0,0,'2018-03-15 14:17:44','2018-03-20 10:43:15'),(318,4,'simple','ALJ1780100 9900 LAMB DD BLACK - m',0,0,'2018-03-15 14:17:44','2018-03-26 18:01:50'),(319,4,'simple','ALJ1780100 9900 LAMB DD BLACK - l',0,0,'2018-03-15 14:17:44','2018-03-26 18:02:31'),(320,4,'simple','ALJ1780100 9900 LAMB DD BLACK - xl',0,0,'2018-03-15 14:17:44','2018-03-26 18:02:50'),(321,4,'simple','ALJ1780100 9900 BLACK WHITE - m',0,0,'2018-03-15 14:17:44','2018-03-20 10:43:15'),(322,4,'simple','ALJ1780100 9900 BLACK WHITE - l',0,0,'2018-03-15 14:17:44','2018-03-20 10:43:15'),(323,4,'simple','ALJ1780100 9900 BLACK WHITE - xl',0,0,'2018-03-15 14:17:44','2018-03-20 10:43:15'),(324,4,'simple','ALJ1780102 9900 RUBOFF BLACK - m',0,0,'2018-03-15 14:17:44','2018-03-20 10:43:15'),(325,4,'simple','ALJ1780102 9900 RUBOFF BLACK - l',0,0,'2018-03-15 14:17:44','2018-03-20 10:43:15'),(326,4,'simple','ALJ1780102 9900 RUBOFF BLACK - xl',0,0,'2018-03-15 14:17:44','2018-03-20 10:43:15'),(327,4,'simple','ALJ1780104 9900 BLACK STUDS - m',0,0,'2018-03-15 14:17:44','2018-03-27 07:13:39'),(328,4,'simple','ALJ1780104 9900 BLACK STUDS - l',0,0,'2018-03-15 14:17:44','2018-03-27 07:13:59'),(329,4,'simple','ALJ1780104 9900 BLACK STUDS - xl',0,0,'2018-03-15 14:17:44','2018-03-20 10:43:15'),(330,4,'simple','AWLJ1780150 9900 NUBUCK BLACK - s',0,0,'2018-03-15 14:17:44','2018-03-20 10:43:15'),(331,4,'simple','AWLJ1780150 9900 NUBUCK BLACK - m',0,0,'2018-03-15 14:17:44','2018-03-20 10:43:15'),(332,4,'simple','AWLJ1780150 9900 NUBUCK BLACK - l',0,0,'2018-03-15 14:17:44','2018-03-20 10:43:15'),(333,4,'simple','AWLJ1780150 9000 WHITE - s',0,0,'2018-03-15 14:17:44','2018-03-27 07:20:13'),(334,4,'simple','AWLJ1780150 9000 WHITE - m',0,0,'2018-03-15 14:17:44','2018-03-20 10:43:15'),(335,4,'simple','AWLJ1780150 9000 WHITE - l',0,0,'2018-03-15 14:17:44','2018-03-20 10:43:15'),(336,4,'simple','AWLJ1780152 9900 RUBOFF BLACK - s',0,0,'2018-03-15 14:17:44','2018-03-20 10:43:15'),(337,4,'simple','AWLJ1780152 9900 RUBOFF BLACK - m',0,0,'2018-03-15 14:17:44','2018-03-20 10:43:15'),(338,4,'simple','AWLJ1780152 9900 RUBOFF BLACK - l',0,0,'2018-03-15 14:17:44','2018-03-20 10:43:15'),(339,4,'simple','AWLJ1780154 9900 BLACK STUDS - s',0,0,'2018-03-15 14:17:44','2018-03-20 10:43:15'),(340,4,'simple','AWLJ1780154 9900 BLACK STUDS - m',0,0,'2018-03-15 14:17:44','2018-03-20 10:43:15'),(341,4,'simple','AWLJ1780154 9900 BLACK STUDS - l',0,0,'2018-03-15 14:17:44','2018-03-20 10:43:15'),(342,4,'simple','AWLJ1780154 9900 BLACK - s',0,0,'2018-03-15 14:17:44','2018-03-20 10:43:15'),(343,4,'simple','AWLJ1780154 9900 BLACK - m',0,0,'2018-03-15 14:17:44','2018-03-27 07:23:31'),(344,4,'simple','AWLJ1780154 9900 BLACK - l',0,0,'2018-03-15 14:17:44','2018-03-20 10:43:15'),(345,4,'simple','ASW1780800 9900 BLACK - s',0,0,'2018-03-15 14:17:44','2018-03-20 10:43:15'),(346,4,'simple','ASW1780800 9900 BLACK - m',0,0,'2018-03-15 14:17:44','2018-03-20 10:43:15'),(347,4,'simple','ASW1780800 9900 BLACK - l',0,0,'2018-03-15 14:17:44','2018-04-09 11:23:53'),(348,4,'simple','ASW1780800 9900 BLACK - xl',0,0,'2018-03-15 14:17:44','2018-03-20 10:43:15'),(349,4,'simple','AWSW1780850 9000 WHITE - xs',0,0,'2018-03-15 14:17:44','2018-03-20 10:43:15'),(350,4,'simple','AWSW1780850 9000 WHITE - s',0,0,'2018-03-15 14:17:44','2018-03-20 10:43:15'),(351,4,'simple','AWSW1780850 9000 WHITE - m',0,0,'2018-03-15 14:17:44','2018-03-20 10:43:15'),(352,4,'simple','AWSW1780850 9000 WHITE - l',0,0,'2018-03-15 14:17:44','2018-03-20 10:43:15'),(353,4,'simple','ATS1780602 9900 BLACK - s',0,0,'2018-03-15 14:17:44','2018-03-20 10:43:15'),(354,4,'simple','ATS1780602 9900 BLACK - m',0,0,'2018-03-15 14:17:44','2018-03-20 10:43:15'),(355,4,'simple','ATS1780602 9900 BLACK - l',0,0,'2018-03-15 14:17:44','2018-03-20 10:43:15'),(356,4,'simple','ATS1780602 9900 BLACK - xl',0,0,'2018-03-15 14:17:44','2018-03-20 10:43:15'),(357,4,'simple','AWTS1780654 9000 WHITE-BLACK - xs',0,0,'2018-03-15 14:17:44','2018-03-20 10:43:15'),(358,4,'simple','AWTS1780654 9000 WHITE-BLACK - s',0,0,'2018-03-15 14:17:44','2018-03-20 10:43:15'),(359,4,'simple','AWTS1780654 9000 WHITE-BLACK - m',0,0,'2018-03-15 14:17:44','2018-03-20 10:43:15'),(360,4,'simple','AWTS1780654 9000 WHITE-BLACK - l',0,0,'2018-03-15 14:17:44','2018-03-20 10:43:15'),(361,4,'simple','AWTS1780654 9000 WHITE-COPPER - xs',0,0,'2018-03-15 14:17:44','2018-03-20 10:43:15'),(362,4,'simple','AWTS1780654 9000 WHITE-COPPER - s',0,0,'2018-03-15 14:17:44','2018-03-20 10:43:15'),(363,4,'simple','AWTS1780654 9000 WHITE-COPPER - m',0,0,'2018-03-15 14:17:44','2018-03-20 10:43:15'),(364,4,'simple','AWTS1780654 9000 WHITE-COPPER - l',0,0,'2018-03-15 14:17:44','2018-03-20 10:43:15'),(365,4,'simple','ASH1780400 9900 BLACK - s',0,0,'2018-03-15 14:17:44','2018-03-20 10:43:15'),(366,4,'simple','ASH1780400 9900 BLACK - m',0,0,'2018-03-15 14:17:44','2018-03-20 10:43:15'),(367,4,'simple','ASH1780400 9900 BLACK - l',0,0,'2018-03-15 14:17:44','2018-03-20 10:43:15'),(368,4,'simple','ASH1780400 9900 BLACK - xl',0,0,'2018-03-15 14:17:44','2018-03-20 10:43:15'),(369,4,'simple','ASH1780400 9000 WHITE - s',0,0,'2018-03-15 14:17:44','2018-03-20 10:43:15'),(370,4,'simple','ASH1780400 9000 WHITE - m',0,0,'2018-03-15 14:17:44','2018-03-20 10:43:15'),(371,4,'simple','ASH1780400 9000 WHITE - l',0,0,'2018-03-15 14:17:44','2018-03-20 10:43:15'),(372,4,'simple','ASH1780400 9000 WHITE - xl',0,0,'2018-03-15 14:17:44','2018-03-20 10:43:15'),(373,4,'simple','AJA1780200 6000 INDIGO - m',0,0,'2018-03-15 14:17:44','2018-03-15 14:17:44'),(374,4,'simple','AJA1780200 6000 INDIGO - l',0,0,'2018-03-15 14:17:44','2018-03-15 14:17:44'),(375,4,'simple','AJA1780200 6000 INDIGO - xl',0,0,'2018-03-15 14:17:44','2018-03-15 14:17:44'),(376,4,'simple','AWJA1780250 9900 BLACK - s',0,0,'2018-03-15 14:17:44','2018-03-15 14:17:44'),(377,4,'simple','AWJA1780250 9900 BLACK - m',0,0,'2018-03-15 14:17:44','2018-03-15 14:17:44'),(378,4,'simple','AWJA1780250 9900 BLACK - l',0,0,'2018-03-15 14:17:44','2018-03-15 14:17:44'),(379,4,'simple','AJA1780208 9900 BLACK - m',0,0,'2018-03-15 14:17:44','2018-03-15 14:17:44'),(380,4,'simple','AJA1780208 9900 BLACK - l',0,0,'2018-03-15 14:17:44','2018-03-15 14:17:44'),(381,4,'simple','AJA1780208 9900 BLACK - xl',0,0,'2018-03-15 14:17:44','2018-03-15 14:17:44'),(382,4,'simple','AWJA1780256 9900 BLACK - m',0,0,'2018-03-15 14:17:44','2018-03-15 14:17:44'),(383,4,'simple','AWJA1780256 9900 BLACK - l',0,0,'2018-03-15 14:17:44','2018-03-15 14:17:44'),(384,4,'simple','AWJA1780252 9909 COPPER - m',0,0,'2018-03-15 14:17:44','2018-03-15 14:17:44'),(385,4,'simple','AWJA1780252 9909 COPPER - l',0,0,'2018-03-15 14:17:44','2018-03-15 14:17:44'),(386,4,'simple','ATR1780001 BONOBO TAPERED IDG-29-32',0,0,'2018-03-15 14:17:44','2018-03-15 14:17:44'),(387,4,'simple','ATR1780001 BONOBO TAPERED IDG-30-32',0,0,'2018-03-15 14:17:44','2018-03-15 14:17:44'),(388,4,'simple','ATR1780001 BONOBO TAPERED IDG-31-32',0,0,'2018-03-15 14:17:44','2018-03-15 14:17:44'),(389,4,'simple','ATR1780001 BONOBO TAPERED IDG-32-32',0,0,'2018-03-15 14:17:44','2018-03-15 14:17:44'),(390,4,'simple','ATR1780001 BONOBO TAPERED IDG-33-32',0,0,'2018-03-15 14:17:44','2018-03-15 14:17:44'),(391,4,'simple','ATR1780001 BONOBO TAPERED IDG-34-32',0,0,'2018-03-15 14:17:44','2018-03-15 14:17:44'),(392,4,'simple','ATR1780001 BONOBO TAPERED IDG-29-34',0,0,'2018-03-15 14:17:44','2018-03-15 14:17:44'),(393,4,'simple','ATR1780001 BONOBO TAPERED IDG-30-34',0,0,'2018-03-15 14:17:44','2018-03-15 14:17:44'),(394,4,'simple','ATR1780001 BONOBO TAPERED IDG-31-34',0,0,'2018-03-15 14:17:44','2018-03-15 14:17:44'),(395,4,'simple','ATR1780001 BONOBO TAPERED IDG-32-34',0,0,'2018-03-15 14:17:44','2018-03-15 14:17:44'),(396,4,'simple','ATR1780001 BONOBO TAPERED IDG-33-34',0,0,'2018-03-15 14:17:44','2018-03-15 14:17:44'),(397,4,'simple','ATR1780001 BONOBO TAPERED IDG-34-34',0,0,'2018-03-15 14:17:44','2018-03-15 14:17:44'),(398,4,'simple','ATR1780001 BONOBO TAPERED  BBB-29-32',0,0,'2018-03-15 14:17:44','2018-03-15 14:17:44'),(399,4,'simple','ATR1780001 BONOBO TAPERED  BBB-30-32',0,0,'2018-03-15 14:17:44','2018-03-15 14:17:44'),(400,4,'simple','ATR1780001 BONOBO TAPERED  BBB-31-32',0,0,'2018-03-15 14:17:44','2018-03-15 14:17:44'),(401,4,'simple','ATR1780001 BONOBO TAPERED  BBB-32-32',0,0,'2018-03-15 14:17:44','2018-03-15 14:17:44'),(402,4,'simple','ATR1780001 BONOBO TAPERED  BBB-33-32',0,0,'2018-03-15 14:17:44','2018-03-15 14:17:44'),(403,4,'simple','ATR1780001 BONOBO TAPERED  BBB-34-32',0,0,'2018-03-15 14:17:44','2018-03-15 14:17:44'),(404,4,'simple','ATR1780001 BONOBO TAPERED  BBB-29-34',0,0,'2018-03-15 14:17:44','2018-03-15 14:17:44'),(405,4,'simple','ATR1780001 BONOBO TAPERED  BBB-30-34',0,0,'2018-03-15 14:17:44','2018-03-15 14:17:44'),(406,4,'simple','ATR1780001 BONOBO TAPERED  BBB-31-34',0,0,'2018-03-15 14:17:44','2018-03-15 14:17:44'),(407,4,'simple','ATR1780001 BONOBO TAPERED  BBB-32-34',0,0,'2018-03-15 14:17:44','2018-03-15 14:17:44'),(408,4,'simple','ATR1780001 BONOBO TAPERED  BBB-33-34',0,0,'2018-03-15 14:17:44','2018-03-15 14:17:44'),(409,4,'simple','ATR1780001 BONOBO TAPERED  BBB-34-34',0,0,'2018-03-15 14:17:44','2018-03-15 14:17:44'),(410,4,'simple','ATR1780002 GIBBON SKINNNY SBB-29-32',0,0,'2018-03-15 14:17:44','2018-03-15 14:17:44'),(411,4,'simple','ATR1780002 GIBBON SKINNNY SBB-30-32',0,0,'2018-03-15 14:17:44','2018-03-15 14:17:44'),(412,4,'simple','ATR1780002 GIBBON SKINNNY SBB-31-32',0,0,'2018-03-15 14:17:44','2018-03-15 14:17:44'),(413,4,'simple','ATR1780002 GIBBON SKINNNY SBB-32-32',0,0,'2018-03-15 14:17:44','2018-03-15 14:17:44'),(414,4,'simple','ATR1780002 GIBBON SKINNNY SBB-33-32',0,0,'2018-03-15 14:17:44','2018-03-15 14:17:44'),(415,4,'simple','ATR1780002 GIBBON SKINNNY SBB-34-32',0,0,'2018-03-15 14:17:44','2018-03-15 14:17:44'),(416,4,'simple','ATR1780002 GIBBON SKINNNY SBB-29-34',0,0,'2018-03-15 14:17:44','2018-03-15 14:17:44'),(417,4,'simple','ATR1780002 GIBBON SKINNNY SBB-30-34',0,0,'2018-03-15 14:17:44','2018-03-15 14:17:44'),(418,4,'simple','ATR1780002 GIBBON SKINNNY SBB-31-34',0,0,'2018-03-15 14:17:44','2018-03-15 14:17:44'),(419,4,'simple','ATR1780002 GIBBON SKINNNY SBB-32-34',0,0,'2018-03-15 14:17:44','2018-03-15 14:17:44'),(420,4,'simple','ATR1780002 GIBBON SKINNNY SBB-33-34',0,0,'2018-03-15 14:17:44','2018-03-15 14:17:44'),(421,4,'simple','ATR1780002 GIBBON SKINNNY SBB-34-34',0,0,'2018-03-15 14:17:44','2018-03-15 14:17:44'),(422,4,'simple','ATR1780002 GIBBON SKINNNY IDG-29-32',0,0,'2018-03-15 14:17:44','2018-03-15 14:17:44'),(423,4,'simple','ATR1780002 GIBBON SKINNNY IDG-30-32',0,0,'2018-03-15 14:17:44','2018-03-15 14:17:44'),(424,4,'simple','ATR1780002 GIBBON SKINNNY IDG-31-32',0,0,'2018-03-15 14:17:44','2018-03-15 14:17:44'),(425,4,'simple','ATR1780002 GIBBON SKINNNY IDG-32-32',0,0,'2018-03-15 14:17:44','2018-03-15 14:17:44'),(426,4,'simple','ATR1780002 GIBBON SKINNNY IDG-33-32',0,0,'2018-03-15 14:17:44','2018-03-15 14:17:44'),(427,4,'simple','ATR1780002 GIBBON SKINNNY IDG-34-32',0,0,'2018-03-15 14:17:44','2018-03-15 14:17:44'),(428,4,'simple','ATR1780002 GIBBON SKINNNY IDG-29-34',0,0,'2018-03-15 14:17:44','2018-03-15 14:17:44'),(429,4,'simple','ATR1780002 GIBBON SKINNNY IDG-30-34',0,0,'2018-03-15 14:17:44','2018-03-15 14:17:44'),(430,4,'simple','ATR1780002 GIBBON SKINNNY IDG-31-34',0,0,'2018-03-15 14:17:44','2018-03-15 14:17:44'),(431,4,'simple','ATR1780002 GIBBON SKINNNY IDG-32-34',0,0,'2018-03-15 14:17:44','2018-03-15 14:17:44'),(432,4,'simple','ATR1780002 GIBBON SKINNNY IDG-33-34',0,0,'2018-03-15 14:17:44','2018-03-15 14:17:44'),(433,4,'simple','ATR1780002 GIBBON SKINNNY IDG-34-34',0,0,'2018-03-15 14:17:44','2018-03-15 14:17:44'),(434,4,'simple','ATR1780003 SIMIAN STRAIGHT BBW-29-32',0,0,'2018-03-15 14:17:44','2018-03-15 14:17:44'),(435,4,'simple','ATR1780003 SIMIAN STRAIGHT BBW-30-32',0,0,'2018-03-15 14:17:44','2018-03-15 14:17:44'),(436,4,'simple','ATR1780003 SIMIAN STRAIGHT BBW-31-32',0,0,'2018-03-15 14:17:44','2018-03-15 14:17:44'),(437,4,'simple','ATR1780003 SIMIAN STRAIGHT BBW-32-32',0,0,'2018-03-15 14:17:44','2018-03-15 14:17:44'),(438,4,'simple','ATR1780003 SIMIAN STRAIGHT BBW-33-32',0,0,'2018-03-15 14:17:44','2018-03-15 14:17:44'),(439,4,'simple','ATR1780003 SIMIAN STRAIGHT BBW-34-32',0,0,'2018-03-15 14:17:44','2018-03-15 14:17:44'),(440,4,'simple','ATR1780003 SIMIAN STRAIGHT BBW-29-34',0,0,'2018-03-15 14:17:44','2018-03-15 14:17:44'),(441,4,'simple','ATR1780003 SIMIAN STRAIGHT BBW-30-34',0,0,'2018-03-15 14:17:44','2018-03-15 14:17:44'),(442,4,'simple','ATR1780003 SIMIAN STRAIGHT BBW-31-34',0,0,'2018-03-15 14:17:44','2018-03-15 14:17:44'),(443,4,'simple','ATR1780003 SIMIAN STRAIGHT BBW-32-34',0,0,'2018-03-15 14:17:44','2018-03-15 14:17:44'),(444,4,'simple','ATR1780003 SIMIAN STRAIGHT BBW-33-34',0,0,'2018-03-15 14:17:44','2018-03-15 14:17:44'),(445,4,'simple','ATR1780003 SIMIAN STRAIGHT BBW-34-34',0,0,'2018-03-15 14:17:44','2018-03-15 14:17:44'),(446,4,'simple','ATR1780050 SKINNY APE BGW-26-32',0,0,'2018-03-15 14:17:44','2018-03-15 14:17:44'),(447,4,'simple','ATR1780050 SKINNY APE BGW-27-32',0,0,'2018-03-15 14:17:44','2018-03-15 14:17:44'),(448,4,'simple','ATR1780050 SKINNY APE BGW-28-32',0,0,'2018-03-15 14:17:44','2018-03-15 14:17:44'),(449,4,'simple','ATR1780050 SKINNY APE BGW-29-32',0,0,'2018-03-15 14:17:44','2018-03-15 14:17:44'),(450,4,'simple','ATR1780050 SKINNY APE BGW-30-32',0,0,'2018-03-15 14:17:44','2018-03-15 14:17:44'),(451,4,'simple','ATR1780050 SKINNY APE BGW-31-32',0,0,'2018-03-15 14:17:44','2018-03-15 14:17:44'),(452,4,'simple','ATR1780050 SKINNY APE BGW-32-32',0,0,'2018-03-15 14:17:44','2018-03-15 14:17:44'),(453,4,'simple','ATR1780050 SKINNY APE BGW-33-32',0,0,'2018-03-15 14:17:44','2018-03-15 14:17:44'),(454,4,'simple','ATR1780050 SKINNY APE BGW-34-32',0,0,'2018-03-15 14:17:44','2018-03-15 14:17:44'),(455,4,'simple','ATR1780050 SKINNY APE BGW-26-34',0,0,'2018-03-15 14:17:44','2018-03-15 14:17:44'),(456,4,'simple','ATR1780050 SKINNY APE BGW-27-34',0,0,'2018-03-15 14:17:44','2018-03-15 14:17:44'),(457,4,'simple','ATR1780050 SKINNY APE BGW-28-34',0,0,'2018-03-15 14:17:44','2018-03-15 14:17:44'),(458,4,'simple','ATR1780050 SKINNY APE BGW-29-34',0,0,'2018-03-15 14:17:44','2018-03-15 14:17:44'),(459,4,'simple','ATR1780050 SKINNY APE BGW-30-34',0,0,'2018-03-15 14:17:44','2018-03-15 14:17:44'),(460,4,'simple','ATR1780050 SKINNY APE BGW-31-34',0,0,'2018-03-15 14:17:44','2018-03-15 14:17:44'),(461,4,'simple','ATR1780050 SKINNY APE BGW-32-34',0,0,'2018-03-15 14:17:44','2018-03-15 14:17:44'),(462,4,'simple','ATR1780050 SKINNY APE BGW-33-34',0,0,'2018-03-15 14:17:44','2018-03-15 14:17:44'),(463,4,'simple','ATR1780050 SKINNY APE BGW-34-34',0,0,'2018-03-15 14:17:44','2018-03-15 14:17:44'),(464,4,'simple','ATR1780050 SKINNY APE IDG-26-32',0,0,'2018-03-15 14:17:44','2018-03-15 14:17:44'),(465,4,'simple','ATR1780050 SKINNY APE IDG-27-32',0,0,'2018-03-15 14:17:44','2018-03-15 14:17:44'),(466,4,'simple','ATR1780050 SKINNY APE IDG-28-32',0,0,'2018-03-15 14:17:44','2018-03-15 14:17:44'),(467,4,'simple','ATR1780050 SKINNY APE IDG-29-32',0,0,'2018-03-15 14:17:44','2018-03-15 14:17:44'),(468,4,'simple','ATR1780050 SKINNY APE IDG-30-32',0,0,'2018-03-15 14:17:44','2018-03-15 14:17:44'),(469,4,'simple','ATR1780050 SKINNY APE IDG-31-32',0,0,'2018-03-15 14:17:44','2018-03-15 14:17:44'),(470,4,'simple','ATR1780050 SKINNY APE IDG-32-32',0,0,'2018-03-15 14:17:44','2018-03-15 14:17:44'),(471,4,'simple','ATR1780050 SKINNY APE IDG-33-32',0,0,'2018-03-15 14:17:44','2018-03-15 14:17:44'),(472,4,'simple','ATR1780050 SKINNY APE IDG-34-32',0,0,'2018-03-15 14:17:44','2018-03-15 14:17:44'),(473,4,'simple','ATR1780050 SKINNY APE IDG-26-34',0,0,'2018-03-15 14:17:44','2018-03-15 14:17:44'),(474,4,'simple','ATR1780050 SKINNY APE IDG-27-34',0,0,'2018-03-15 14:17:44','2018-03-15 14:17:44'),(475,4,'simple','ATR1780050 SKINNY APE IDG-28-34',0,0,'2018-03-15 14:17:44','2018-03-15 14:17:44'),(476,4,'simple','ATR1780050 SKINNY APE IDG-29-34',0,0,'2018-03-15 14:17:44','2018-03-15 14:17:44'),(477,4,'simple','ATR1780050 SKINNY APE IDG-30-34',0,0,'2018-03-15 14:17:44','2018-03-15 14:17:44'),(478,4,'simple','ATR1780050 SKINNY APE IDG-31-34',0,0,'2018-03-15 14:17:44','2018-03-15 14:17:44'),(479,4,'simple','ATR1780050 SKINNY APE IDG-32-34',0,0,'2018-03-15 14:17:44','2018-03-15 14:17:44'),(480,4,'simple','ATR1780050 SKINNY APE IDG-33-34',0,0,'2018-03-15 14:17:44','2018-03-15 14:17:44'),(481,4,'simple','ATR1780050 SKINNY APE IDG-34-34',0,0,'2018-03-15 14:17:44','2018-03-15 14:17:44'),(482,4,'simple','AWTR1780154 NIM CHIMSKY BBI-26-32',0,0,'2018-03-15 14:17:44','2018-03-15 14:17:44'),(483,4,'simple','AWTR1780154 NIM CHIMSKY BBI-27-32',0,0,'2018-03-15 14:17:44','2018-03-15 14:17:44'),(484,4,'simple','AWTR1780154 NIM CHIMSKY BBI-28-32',0,0,'2018-03-15 14:17:44','2018-03-15 14:17:44'),(485,4,'simple','AWTR1780154 NIM CHIMSKY BBI-29-32',0,0,'2018-03-15 14:17:44','2018-03-15 14:17:44'),(486,4,'simple','AWTR1780154 NIM CHIMSKY BBI-30-32',0,0,'2018-03-15 14:17:44','2018-03-15 14:17:44'),(487,4,'simple','AWTR1780154 NIM CHIMSKY BBI-31-32',0,0,'2018-03-15 14:17:44','2018-03-15 14:17:44'),(488,4,'simple','AWTR1780154 NIM CHIMSKY BBI-32-32',0,0,'2018-03-15 14:17:44','2018-03-15 14:17:44'),(489,4,'simple','AWTR1780154 NIM CHIMSKY BBI-33-32',0,0,'2018-03-15 14:17:44','2018-03-15 14:17:44'),(490,4,'simple','AWTR1780154 NIM CHIMSKY BBI-34-32',0,0,'2018-03-15 14:17:44','2018-03-15 14:17:44'),(491,4,'simple','AWTR1780154 NIM CHIMSKY BBI-26-34',0,0,'2018-03-15 14:17:44','2018-03-15 14:17:44'),(492,4,'simple','AWTR1780154 NIM CHIMSKY BBI-27-34',0,0,'2018-03-15 14:17:44','2018-03-15 14:17:44'),(493,4,'simple','AWTR1780154 NIM CHIMSKY BBI-28-34',0,0,'2018-03-15 14:17:44','2018-03-15 14:17:44'),(494,4,'simple','AWTR1780154 NIM CHIMSKY BBI-29-34',0,0,'2018-03-15 14:17:44','2018-03-15 14:17:44'),(495,4,'simple','AWTR1780154 NIM CHIMSKY BBI-30-34',0,0,'2018-03-15 14:17:44','2018-03-15 14:17:44'),(496,4,'simple','AWTR1780154 NIM CHIMSKY BBI-31-34',0,0,'2018-03-15 14:17:44','2018-03-15 14:17:44'),(497,4,'simple','AWTR1780154 NIM CHIMSKY BBI-32-34',0,0,'2018-03-15 14:17:44','2018-03-15 14:17:44'),(498,4,'simple','AWTR1780154 NIM CHIMSKY BBI-33-34',0,0,'2018-03-15 14:17:44','2018-03-15 14:17:44'),(499,4,'simple','AWTR1780154 NIM CHIMSKY BBI-34-34',0,0,'2018-03-15 14:17:44','2018-03-15 14:17:44'),(500,4,'configurable','ALJ1780100 9900 GOAT NUBUCK BLACK',1,1,'2018-03-15 14:17:44','2018-03-30 15:55:38'),(501,4,'configurable','ALJ1780100 9900 LAMB DD BLACK',1,1,'2018-03-15 14:17:45','2018-03-30 16:12:00'),(502,4,'configurable','ALJ1780100 9900 BLACK WHITE',1,1,'2018-03-15 14:17:45','2018-03-30 16:11:20'),(503,4,'configurable','ALJ1780102 9900 RUBOFF BLACK',1,1,'2018-03-15 14:17:45','2018-03-26 18:42:15'),(504,4,'configurable','ALJ1780104 9900 BLACK STUDS',1,1,'2018-03-15 14:17:45','2018-03-26 18:38:33'),(505,4,'configurable','AWLJ1780150 9900 NUBUCK BLACK',1,1,'2018-03-15 14:17:45','2018-03-30 15:14:28'),(506,4,'configurable','AWLJ1780150 9000 WHITE',1,1,'2018-03-15 14:17:46','2018-03-30 15:04:15'),(507,4,'configurable','AWLJ1780152 9900 RUBOFF BLACK',1,1,'2018-03-15 14:17:46','2018-03-30 15:23:03'),(508,4,'configurable','AWLJ1780154 9900 BLACK STUDS',1,1,'2018-03-15 14:17:46','2018-03-30 15:17:43'),(509,4,'configurable','AWLJ1780154 9900 BLACK',1,1,'2018-03-15 14:17:46','2018-03-30 15:16:55'),(510,4,'configurable','ASW1780800 9900 BLACK',1,1,'2018-03-15 14:17:46','2018-03-26 18:46:15'),(511,4,'configurable','AWSW1780850 9000 WHITE',1,1,'2018-03-15 14:17:46','2018-03-26 18:48:57'),(512,4,'configurable','ATS1780602 9900 BLACK',1,1,'2018-03-15 14:17:47','2018-03-28 16:00:26'),(513,4,'configurable','AWTS1780654 9000 WHITE-BLACK',1,1,'2018-03-15 14:17:47','2018-03-28 15:59:47'),(514,4,'configurable','AWTS1780654 9000 WHITE-COPPER',1,1,'2018-03-15 14:17:47','2018-03-28 16:15:27'),(515,4,'configurable','ASH1780400 9900 BLACK',1,1,'2018-03-15 14:17:47','2018-03-28 16:02:16'),(516,4,'configurable','ASH1780400 9000 WHITE',1,1,'2018-03-15 14:17:47','2018-03-26 18:39:00'),(517,4,'configurable','AJA1780200 6000 INDIGO',1,1,'2018-03-15 14:17:47','2018-03-30 15:57:51'),(518,4,'configurable','AWJA1780250 9900 BLACK',1,1,'2018-03-15 14:17:47','2018-03-21 15:32:44'),(519,4,'configurable','AJA1780208 9900 BLACK',1,1,'2018-03-15 14:17:47','2018-03-30 16:04:26'),(520,4,'configurable','AWJA1780256 9900 BLACK',1,1,'2018-03-15 14:17:48','2018-03-26 18:52:46'),(521,4,'configurable','AWJA1780252 9909 COPPER',1,1,'2018-03-15 14:17:48','2018-03-26 18:53:06'),(522,4,'configurable','ATR1780001 BONOBO TAPERED IDG',1,1,'2018-03-15 14:17:48','2018-03-30 16:15:40'),(523,4,'configurable','ATR1780001 BONOBO TAPERED  BBB',1,1,'2018-03-15 14:17:48','2018-03-21 15:25:25'),(524,4,'configurable','ATR1780002 GIBBON SKINNNY SBB',1,1,'2018-03-15 14:17:48','2018-03-26 18:54:26'),(525,4,'configurable','ATR1780002 GIBBON SKINNNY IDG',1,1,'2018-03-15 14:17:48','2018-03-26 18:55:19'),(526,4,'configurable','ATR1780003 SIMIAN STRAIGHT BBW',1,1,'2018-03-15 14:17:48','2018-03-26 18:55:48'),(527,4,'configurable','ATR1780050 SKINNY APE BGW',1,1,'2018-03-15 14:17:48','2018-03-26 18:56:16'),(528,4,'configurable','ATR1780050 SKINNY APE IDG',1,1,'2018-03-15 14:17:49','2018-03-21 15:39:34'),(529,4,'configurable','AWTR1780154 NIM CHIMSKY BBI',1,1,'2018-03-15 14:17:49','2018-03-21 15:38:45'),(530,4,'simple','AJA1780206 9900 BRUT NUBUCK BLACK - m',0,0,'2018-03-20 10:43:15','2018-03-20 10:48:16'),(531,4,'simple','AJA1780206 9900 BRUT NUBUCK BLACK - l',0,0,'2018-03-20 10:43:15','2018-03-27 07:18:52'),(532,4,'simple','AJA1780206 9900 BRUT NUBUCK BLACK - xl',0,0,'2018-03-20 10:43:15','2018-03-27 07:19:06'),(533,4,'configurable','AJA1780206 9900 BRUT NUBUCK BLACK',1,1,'2018-03-20 10:43:18','2018-03-30 16:04:43');

--
-- Table structure for table `catalog_product_entity_datetime`
--

CREATE TABLE `catalog_product_entity_datetime` (
  `value_id` int(11) NOT NULL AUTO_INCREMENT COMMENT 'Value ID',
  `attribute_id` smallint(5) unsigned NOT NULL DEFAULT '0' COMMENT 'Attribute ID',
  `store_id` smallint(5) unsigned NOT NULL DEFAULT '0' COMMENT 'Store ID',
  `entity_id` int(10) unsigned NOT NULL DEFAULT '0' COMMENT 'Entity ID',
  `value` datetime DEFAULT NULL COMMENT 'Value',
  PRIMARY KEY (`value_id`),
  UNIQUE KEY `CATALOG_PRODUCT_ENTITY_DATETIME_ENTITY_ID_ATTRIBUTE_ID_STORE_ID` (`entity_id`,`attribute_id`,`store_id`),
  KEY `CATALOG_PRODUCT_ENTITY_DATETIME_ATTRIBUTE_ID` (`attribute_id`),
  KEY `CATALOG_PRODUCT_ENTITY_DATETIME_STORE_ID` (`store_id`),
  CONSTRAINT `CATALOG_PRODUCT_ENTITY_DATETIME_STORE_ID_STORE_STORE_ID` FOREIGN KEY (`store_id`) REFERENCES `store` (`store_id`) ON DELETE CASCADE,
  CONSTRAINT `CAT_PRD_ENTT_DTIME_ATTR_ID_EAV_ATTR_ATTR_ID` FOREIGN KEY (`attribute_id`) REFERENCES `eav_attribute` (`attribute_id`) ON DELETE CASCADE,
  CONSTRAINT `CAT_PRD_ENTT_DTIME_ENTT_ID_CAT_PRD_ENTT_ENTT_ID` FOREIGN KEY (`entity_id`) REFERENCES `catalog_product_entity` (`entity_id`) ON DELETE CASCADE
) ENGINE=InnoDB DEFAULT CHARSET=utf8 COMMENT='Catalog Product Datetime Attribute Backend Table';

--
-- Dumping data for table `catalog_product_entity_datetime`
--


--
-- Table structure for table `catalog_product_entity_decimal`
--

CREATE TABLE `catalog_product_entity_decimal` (
  `value_id` int(11) NOT NULL AUTO_INCREMENT COMMENT 'Value ID',
  `attribute_id` smallint(5) unsigned NOT NULL DEFAULT '0' COMMENT 'Attribute ID',
  `store_id` smallint(5) unsigned NOT NULL DEFAULT '0' COMMENT 'Store ID',
  `entity_id` int(10) unsigned NOT NULL DEFAULT '0' COMMENT 'Entity ID',
  `value` decimal(12,4) DEFAULT NULL COMMENT 'Value',
  PRIMARY KEY (`value_id`),
  UNIQUE KEY `CATALOG_PRODUCT_ENTITY_DECIMAL_ENTITY_ID_ATTRIBUTE_ID_STORE_ID` (`entity_id`,`attribute_id`,`store_id`),
  KEY `CATALOG_PRODUCT_ENTITY_DECIMAL_STORE_ID` (`store_id`),
  KEY `CATALOG_PRODUCT_ENTITY_DECIMAL_ATTRIBUTE_ID` (`attribute_id`),
  CONSTRAINT `CATALOG_PRODUCT_ENTITY_DECIMAL_STORE_ID_STORE_STORE_ID` FOREIGN KEY (`store_id`) REFERENCES `store` (`store_id`) ON DELETE CASCADE,
  CONSTRAINT `CAT_PRD_ENTT_DEC_ATTR_ID_EAV_ATTR_ATTR_ID` FOREIGN KEY (`attribute_id`) REFERENCES `eav_attribute` (`attribute_id`) ON DELETE CASCADE,
  CONSTRAINT `CAT_PRD_ENTT_DEC_ENTT_ID_CAT_PRD_ENTT_ENTT_ID` FOREIGN KEY (`entity_id`) REFERENCES `catalog_product_entity` (`entity_id`) ON DELETE CASCADE
) ENGINE=InnoDB AUTO_INCREMENT=3181 DEFAULT CHARSET=utf8 COMMENT='Catalog Product Decimal Attribute Backend Table';

--
-- Dumping data for table `catalog_product_entity_decimal`
--

INSERT INTO `catalog_product_entity_decimal` VALUES (2547,77,0,315,749.0000),(2548,82,0,315,1.0000),(2549,77,0,316,749.0000),(2550,82,0,316,1.0000),(2551,77,0,317,749.0000),(2552,82,0,317,1.0000),(2553,77,0,318,749.0000),(2554,82,0,318,1.0000),(2555,77,0,319,749.0000),(2556,82,0,319,1.0000),(2557,77,0,320,749.0000),(2558,82,0,320,1.0000),(2559,77,0,321,799.0000),(2560,82,0,321,1.0000),(2561,77,0,322,799.0000),(2562,82,0,322,1.0000),(2563,77,0,323,799.0000),(2564,82,0,323,1.0000),(2565,77,0,324,649.0000),(2566,82,0,324,1.0000),(2567,77,0,325,649.0000),(2568,82,0,325,1.0000),(2569,77,0,326,649.0000),(2570,82,0,326,1.0000),(2571,77,0,327,849.0000),(2572,82,0,327,1.0000),(2573,77,0,328,849.0000),(2574,82,0,328,1.0000),(2575,77,0,329,849.0000),(2576,82,0,329,1.0000),(2577,77,0,330,749.0000),(2578,82,0,330,1.0000),(2579,77,0,331,749.0000),(2580,82,0,331,1.0000),(2581,77,0,332,749.0000),(2582,82,0,332,1.0000),(2583,77,0,333,799.0000),(2584,82,0,333,1.0000),(2585,77,0,334,799.0000),(2586,82,0,334,1.0000),(2587,77,0,335,799.0000),(2588,82,0,335,1.0000),(2589,77,0,336,599.0000),(2590,82,0,336,1.0000),(2591,77,0,337,599.0000),(2592,82,0,337,1.0000),(2593,77,0,338,599.0000),(2594,82,0,338,1.0000),(2595,77,0,339,799.0000),(2596,82,0,339,1.0000),(2597,77,0,340,799.0000),(2598,82,0,340,1.0000),(2599,77,0,341,799.0000),(2600,82,0,341,1.0000),(2601,77,0,342,749.0000),(2602,82,0,342,1.0000),(2603,77,0,343,749.0000),(2604,82,0,343,1.0000),(2605,77,0,344,749.0000),(2606,82,0,344,1.0000),(2607,77,0,345,159.0000),(2608,82,0,345,1.0000),(2609,77,0,346,159.0000),(2610,82,0,346,1.0000),(2611,77,0,347,159.0000),(2612,82,0,347,1.0000),(2613,77,0,348,159.0000),(2614,82,0,348,1.0000),(2615,77,0,349,159.0000),(2616,82,0,349,1.0000),(2617,77,0,350,159.0000),(2618,82,0,350,1.0000),(2619,77,0,351,159.0000),(2620,82,0,351,1.0000),(2621,77,0,352,159.0000),(2622,82,0,352,1.0000),(2623,77,0,353,89.0000),(2624,82,0,353,1.0000),(2625,77,0,354,89.0000),(2626,82,0,354,1.0000),(2627,77,0,355,89.0000),(2628,82,0,355,1.0000),(2629,77,0,356,89.0000),(2630,82,0,356,1.0000),(2631,77,0,357,89.0000),(2632,82,0,357,1.0000),(2633,77,0,358,89.0000),(2634,82,0,358,1.0000),(2635,77,0,359,89.0000),(2636,82,0,359,1.0000),(2637,77,0,360,89.0000),(2638,82,0,360,1.0000),(2639,77,0,361,89.0000),(2640,82,0,361,1.0000),(2641,77,0,362,89.0000),(2642,82,0,362,1.0000),(2643,77,0,363,89.0000),(2644,82,0,363,1.0000),(2645,77,0,364,89.0000),(2646,82,0,364,1.0000),(2647,77,0,365,139.0000),(2648,82,0,365,1.0000),(2649,77,0,366,139.0000),(2650,82,0,366,1.0000),(2651,77,0,367,139.0000),(2652,82,0,367,1.0000),(2653,77,0,368,139.0000),(2654,82,0,368,1.0000),(2655,77,0,369,139.0000),(2656,82,0,369,1.0000),(2657,77,0,370,139.0000),(2658,82,0,370,1.0000),(2659,77,0,371,139.0000),(2660,82,0,371,1.0000),(2661,77,0,372,139.0000),(2662,82,0,372,1.0000),(2663,77,0,373,849.0000),(2664,82,0,373,1.0000),(2665,77,0,374,849.0000),(2666,82,0,374,1.0000),(2667,77,0,375,849.0000),(2668,82,0,375,1.0000),(2669,77,0,376,799.0000),(2670,82,0,376,1.0000),(2671,77,0,377,799.0000),(2672,82,0,377,1.0000),(2673,77,0,378,799.0000),(2674,82,0,378,1.0000),(2675,77,0,379,395.0000),(2676,82,0,379,1.0000),(2677,77,0,380,395.0000),(2678,82,0,380,1.0000),(2679,77,0,381,395.0000),(2680,82,0,381,1.0000),(2681,77,0,382,349.0000),(2682,82,0,382,1.0000),(2683,77,0,383,349.0000),(2684,82,0,383,1.0000),(2685,77,0,384,549.0000),(2686,82,0,384,1.0000),(2687,77,0,385,549.0000),(2688,82,0,385,1.0000),(2689,77,0,386,269.0000),(2690,82,0,386,1.0000),(2691,77,0,387,269.0000),(2692,82,0,387,1.0000),(2693,77,0,388,269.0000),(2694,82,0,388,1.0000),(2695,77,0,389,269.0000),(2696,82,0,389,1.0000),(2697,77,0,390,269.0000),(2698,82,0,390,1.0000),(2699,77,0,391,269.0000),(2700,82,0,391,1.0000),(2701,77,0,392,269.0000),(2702,82,0,392,1.0000),(2703,77,0,393,269.0000),(2704,82,0,393,1.0000),(2705,77,0,394,269.0000),(2706,82,0,394,1.0000),(2707,77,0,395,269.0000),(2708,82,0,395,1.0000),(2709,77,0,396,269.0000),(2710,82,0,396,1.0000),(2711,77,0,397,269.0000),(2712,82,0,397,1.0000),(2713,77,0,398,279.0000),(2714,82,0,398,1.0000),(2715,77,0,399,279.0000),(2716,82,0,399,1.0000),(2717,77,0,400,279.0000),(2718,82,0,400,1.0000),(2719,77,0,401,279.0000),(2720,82,0,401,1.0000),(2721,77,0,402,279.0000),(2722,82,0,402,1.0000),(2723,77,0,403,279.0000),(2724,82,0,403,1.0000),(2725,77,0,404,279.0000),(2726,82,0,404,1.0000),(2727,77,0,405,279.0000),(2728,82,0,405,1.0000),(2729,77,0,406,279.0000),(2730,82,0,406,1.0000),(2731,77,0,407,279.0000),(2732,82,0,407,1.0000),(2733,77,0,408,279.0000),(2734,82,0,408,1.0000),(2735,77,0,409,279.0000),(2736,82,0,409,1.0000),(2737,77,0,410,279.0000),(2738,82,0,410,1.0000),(2739,77,0,411,279.0000),(2740,82,0,411,1.0000),(2741,77,0,412,279.0000),(2742,82,0,412,1.0000),(2743,77,0,413,279.0000),(2744,82,0,413,1.0000),(2745,77,0,414,279.0000),(2746,82,0,414,1.0000),(2747,77,0,415,279.0000),(2748,82,0,415,1.0000),(2749,77,0,416,279.0000),(2750,82,0,416,1.0000),(2751,77,0,417,279.0000),(2752,82,0,417,1.0000),(2753,77,0,418,279.0000),(2754,82,0,418,1.0000),(2755,77,0,419,279.0000),(2756,82,0,419,1.0000),(2757,77,0,420,279.0000),(2758,82,0,420,1.0000),(2759,77,0,421,279.0000),(2760,82,0,421,1.0000),(2761,77,0,422,269.0000),(2762,82,0,422,1.0000),(2763,77,0,423,269.0000),(2764,82,0,423,1.0000),(2765,77,0,424,269.0000),(2766,82,0,424,1.0000),(2767,77,0,425,269.0000),(2768,82,0,425,1.0000),(2769,77,0,426,269.0000),(2770,82,0,426,1.0000),(2771,77,0,427,269.0000),(2772,82,0,427,1.0000),(2773,77,0,428,269.0000),(2774,82,0,428,1.0000),(2775,77,0,429,269.0000),(2776,82,0,429,1.0000),(2777,77,0,430,269.0000),(2778,82,0,430,1.0000),(2779,77,0,431,269.0000),(2780,82,0,431,1.0000),(2781,77,0,432,269.0000),(2782,82,0,432,1.0000),(2783,77,0,433,269.0000),(2784,82,0,433,1.0000),(2785,77,0,434,259.0000),(2786,82,0,434,1.0000),(2787,77,0,435,259.0000),(2788,82,0,435,1.0000),(2789,77,0,436,259.0000),(2790,82,0,436,1.0000),(2791,77,0,437,259.0000),(2792,82,0,437,1.0000),(2793,77,0,438,259.0000),(2794,82,0,438,1.0000),(2795,77,0,439,259.0000),(2796,82,0,439,1.0000),(2797,77,0,440,259.0000),(2798,82,0,440,1.0000),(2799,77,0,441,259.0000),(2800,82,0,441,1.0000),(2801,77,0,442,259.0000),(2802,82,0,442,1.0000),(2803,77,0,443,259.0000),(2804,82,0,443,1.0000),(2805,77,0,444,259.0000),(2806,82,0,444,1.0000),(2807,77,0,445,259.0000),(2808,82,0,445,1.0000),(2809,77,0,446,249.0000),(2810,82,0,446,1.0000),(2811,77,0,447,249.0000),(2812,82,0,447,1.0000),(2813,77,0,448,249.0000),(2814,82,0,448,1.0000),(2815,77,0,449,249.0000),(2816,82,0,449,1.0000),(2817,77,0,450,249.0000),(2818,82,0,450,1.0000),(2819,77,0,451,249.0000),(2820,82,0,451,1.0000),(2821,77,0,452,249.0000),(2822,82,0,452,1.0000),(2823,77,0,453,249.0000),(2824,82,0,453,1.0000),(2825,77,0,454,249.0000),(2826,82,0,454,1.0000),(2827,77,0,455,249.0000),(2828,82,0,455,1.0000),(2829,77,0,456,249.0000),(2830,82,0,456,1.0000),(2831,77,0,457,249.0000),(2832,82,0,457,1.0000),(2833,77,0,458,249.0000),(2834,82,0,458,1.0000),(2835,77,0,459,249.0000),(2836,82,0,459,1.0000),(2837,77,0,460,249.0000),(2838,82,0,460,1.0000),(2839,77,0,461,249.0000),(2840,82,0,461,1.0000),(2841,77,0,462,249.0000),(2842,82,0,462,1.0000),(2843,77,0,463,249.0000),(2844,82,0,463,1.0000),(2845,77,0,464,259.0000),(2846,82,0,464,1.0000),(2847,77,0,465,259.0000),(2848,82,0,465,1.0000),(2849,77,0,466,259.0000),(2850,82,0,466,1.0000),(2851,77,0,467,259.0000),(2852,82,0,467,1.0000),(2853,77,0,468,259.0000),(2854,82,0,468,1.0000),(2855,77,0,469,259.0000),(2856,82,0,469,1.0000),(2857,77,0,470,259.0000),(2858,82,0,470,1.0000),(2859,77,0,471,259.0000),(2860,82,0,471,1.0000),(2861,77,0,472,259.0000),(2862,82,0,472,1.0000),(2863,77,0,473,259.0000),(2864,82,0,473,1.0000),(2865,77,0,474,259.0000),(2866,82,0,474,1.0000),(2867,77,0,475,259.0000),(2868,82,0,475,1.0000),(2869,77,0,476,259.0000),(2870,82,0,476,1.0000),(2871,77,0,477,259.0000),(2872,82,0,477,1.0000),(2873,77,0,478,259.0000),(2874,82,0,478,1.0000),(2875,77,0,479,259.0000),(2876,82,0,479,1.0000),(2877,77,0,480,259.0000),(2878,82,0,480,1.0000),(2879,77,0,481,259.0000),(2880,82,0,481,1.0000),(2881,77,0,482,269.0000),(2882,82,0,482,1.0000),(2883,77,0,483,269.0000),(2884,82,0,483,1.0000),(2885,77,0,484,269.0000),(2886,82,0,484,1.0000),(2887,77,0,485,269.0000),(2888,82,0,485,1.0000),(2889,77,0,486,269.0000),(2890,82,0,486,1.0000),(2891,77,0,487,269.0000),(2892,82,0,487,1.0000),(2893,77,0,488,269.0000),(2894,82,0,488,1.0000),(2895,77,0,489,269.0000),(2896,82,0,489,1.0000),(2897,77,0,490,269.0000),(2898,82,0,490,1.0000),(2899,77,0,491,269.0000),(2900,82,0,491,1.0000),(2901,77,0,492,269.0000),(2902,82,0,492,1.0000),(2903,77,0,493,269.0000),(2904,82,0,493,1.0000),(2905,77,0,494,269.0000),(2906,82,0,494,1.0000),(2907,77,0,495,269.0000),(2908,82,0,495,1.0000),(2909,77,0,496,269.0000),(2910,82,0,496,1.0000),(2911,77,0,497,269.0000),(2912,82,0,497,1.0000),(2913,77,0,498,269.0000),(2914,82,0,498,1.0000),(2915,77,0,499,269.0000),(2916,82,0,499,1.0000),(2918,82,0,500,2.0000),(2920,82,0,501,2.0000),(2922,82,0,502,2.0000),(2924,82,0,503,2.0000),(2926,82,0,504,2.0000),(2928,82,0,505,1.5000),(2930,82,0,506,1.5000),(2932,82,0,507,1.5000),(2934,82,0,508,1.5000),(2936,82,0,509,1.5000),(2937,77,0,510,NULL),(2938,82,0,510,1.0000),(2939,77,0,511,NULL),(2940,82,0,511,1.0000),(2942,82,0,512,1.0000),(2944,82,0,513,1.0000),(2946,82,0,514,1.0000),(2948,82,0,515,1.0000),(2950,82,0,516,1.0000),(2952,82,0,517,1.0000),(2954,82,0,518,1.0000),(2956,82,0,519,1.0000),(2958,82,0,520,1.0000),(2959,77,0,521,NULL),(2960,82,0,521,1.0000),(2962,82,0,522,1.0000),(2964,82,0,523,1.0000),(2966,82,0,524,1.0000),(2968,82,0,525,1.0000),(2970,82,0,526,1.0000),(2972,82,0,527,1.0000),(2974,82,0,528,1.0000),(2976,82,0,529,1.0000),(2977,78,0,517,NULL),(2978,78,0,500,NULL),(2979,78,0,501,NULL),(2980,78,0,504,NULL),(2981,78,0,526,NULL),(2982,78,0,519,NULL),(2983,78,0,522,NULL),(2984,78,0,514,NULL),(2985,78,0,513,NULL),(2986,78,0,527,NULL),(2987,78,0,528,NULL),(2988,78,0,529,NULL),(2989,78,0,525,NULL),(2990,78,0,524,NULL),(2991,78,0,523,NULL),(2992,77,0,530,649.0000),(2993,82,0,530,1.0000),(2994,77,0,531,649.0000),(2995,82,0,531,1.0000),(2996,77,0,532,649.0000),(2997,82,0,532,1.0000),(3002,82,0,533,1.0000),(3150,78,0,533,NULL),(3151,78,0,532,NULL),(3152,78,0,531,NULL),(3153,78,0,530,NULL),(3154,78,0,518,NULL),(3155,78,0,516,NULL),(3156,78,0,508,NULL),(3157,78,0,503,NULL),(3158,78,0,515,NULL),(3159,78,0,506,NULL),(3160,78,0,318,NULL),(3161,78,0,319,NULL),(3162,78,0,320,NULL),(3163,78,0,505,NULL),(3164,78,0,502,NULL),(3165,78,0,507,NULL),(3166,78,0,509,NULL),(3167,78,0,510,NULL),(3168,78,0,512,NULL),(3169,78,0,511,NULL),(3170,78,0,520,NULL),(3171,78,0,521,NULL),(3172,78,0,327,NULL),(3173,78,0,328,NULL),(3174,78,0,333,NULL),(3175,78,0,343,NULL),(3180,78,0,347,NULL);

--
-- Table structure for table `catalog_product_entity_gallery`
--

CREATE TABLE `catalog_product_entity_gallery` (
  `value_id` int(11) NOT NULL AUTO_INCREMENT COMMENT 'Value ID',
  `attribute_id` smallint(5) unsigned NOT NULL DEFAULT '0' COMMENT 'Attribute ID',
  `store_id` smallint(5) unsigned NOT NULL DEFAULT '0' COMMENT 'Store ID',
  `entity_id` int(10) unsigned NOT NULL DEFAULT '0' COMMENT 'Entity ID',
  `position` int(11) NOT NULL DEFAULT '0' COMMENT 'Position',
  `value` varchar(255) DEFAULT NULL COMMENT 'Value',
  PRIMARY KEY (`value_id`),
  UNIQUE KEY `CATALOG_PRODUCT_ENTITY_GALLERY_ENTITY_ID_ATTRIBUTE_ID_STORE_ID` (`entity_id`,`attribute_id`,`store_id`),
  KEY `CATALOG_PRODUCT_ENTITY_GALLERY_ENTITY_ID` (`entity_id`),
  KEY `CATALOG_PRODUCT_ENTITY_GALLERY_ATTRIBUTE_ID` (`attribute_id`),
  KEY `CATALOG_PRODUCT_ENTITY_GALLERY_STORE_ID` (`store_id`),
  CONSTRAINT `CATALOG_PRODUCT_ENTITY_GALLERY_STORE_ID_STORE_STORE_ID` FOREIGN KEY (`store_id`) REFERENCES `store` (`store_id`) ON DELETE CASCADE,
  CONSTRAINT `CAT_PRD_ENTT_GLR_ATTR_ID_EAV_ATTR_ATTR_ID` FOREIGN KEY (`attribute_id`) REFERENCES `eav_attribute` (`attribute_id`) ON DELETE CASCADE,
  CONSTRAINT `CAT_PRD_ENTT_GLR_ENTT_ID_CAT_PRD_ENTT_ENTT_ID` FOREIGN KEY (`entity_id`) REFERENCES `catalog_product_entity` (`entity_id`) ON DELETE CASCADE
) ENGINE=InnoDB DEFAULT CHARSET=utf8 COMMENT='Catalog Product Gallery Attribute Backend Table';

--
-- Dumping data for table `catalog_product_entity_gallery`
--


--
-- Table structure for table `catalog_product_entity_int`
--

CREATE TABLE `catalog_product_entity_int` (
  `value_id` int(11) NOT NULL AUTO_INCREMENT COMMENT 'Value ID',
  `attribute_id` smallint(5) unsigned NOT NULL DEFAULT '0' COMMENT 'Attribute ID',
  `store_id` smallint(5) unsigned NOT NULL DEFAULT '0' COMMENT 'Store ID',
  `entity_id` int(10) unsigned NOT NULL DEFAULT '0' COMMENT 'Entity ID',
  `value` int(11) DEFAULT NULL COMMENT 'Value',
  PRIMARY KEY (`value_id`),
  UNIQUE KEY `CATALOG_PRODUCT_ENTITY_INT_ENTITY_ID_ATTRIBUTE_ID_STORE_ID` (`entity_id`,`attribute_id`,`store_id`),
  KEY `CATALOG_PRODUCT_ENTITY_INT_ATTRIBUTE_ID` (`attribute_id`),
  KEY `CATALOG_PRODUCT_ENTITY_INT_STORE_ID` (`store_id`),
  CONSTRAINT `CATALOG_PRODUCT_ENTITY_INT_STORE_ID_STORE_STORE_ID` FOREIGN KEY (`store_id`) REFERENCES `store` (`store_id`) ON DELETE CASCADE,
  CONSTRAINT `CAT_PRD_ENTT_INT_ATTR_ID_EAV_ATTR_ATTR_ID` FOREIGN KEY (`attribute_id`) REFERENCES `eav_attribute` (`attribute_id`) ON DELETE CASCADE,
  CONSTRAINT `CAT_PRD_ENTT_INT_ENTT_ID_CAT_PRD_ENTT_ENTT_ID` FOREIGN KEY (`entity_id`) REFERENCES `catalog_product_entity` (`entity_id`) ON DELETE CASCADE
) ENGINE=InnoDB AUTO_INCREMENT=4097 DEFAULT CHARSET=utf8 COMMENT='Catalog Product Integer Attribute Backend Table';

--
-- Dumping data for table `catalog_product_entity_int`
--

INSERT INTO `catalog_product_entity_int` VALUES (2804,97,0,315,1),(2805,99,0,315,4),(2806,115,0,315,1),(2807,134,0,315,2),(2808,135,0,315,6),(2809,97,0,316,1),(2810,99,0,316,4),(2811,115,0,316,1),(2812,134,0,316,2),(2813,135,0,316,4),(2814,97,0,317,1),(2815,99,0,317,4),(2816,115,0,317,1),(2817,134,0,317,2),(2818,135,0,317,5),(2819,97,0,318,1),(2820,99,0,318,4),(2821,115,0,318,1),(2822,134,0,318,2),(2823,135,0,318,6),(2824,97,0,319,1),(2825,99,0,319,4),(2826,115,0,319,1),(2827,134,0,319,2),(2828,135,0,319,4),(2829,97,0,320,1),(2830,99,0,320,4),(2831,115,0,320,1),(2832,134,0,320,2),(2833,135,0,320,5),(2834,97,0,321,1),(2835,99,0,321,4),(2836,115,0,321,1),(2837,134,0,321,2),(2838,135,0,321,6),(2839,97,0,322,1),(2840,99,0,322,4),(2841,115,0,322,1),(2842,134,0,322,2),(2843,135,0,322,4),(2844,97,0,323,1),(2845,99,0,323,4),(2846,115,0,323,1),(2847,134,0,323,2),(2848,135,0,323,5),(2849,97,0,324,1),(2850,99,0,324,4),(2851,115,0,324,1),(2852,134,0,324,2),(2853,135,0,324,6),(2854,97,0,325,1),(2855,99,0,325,4),(2856,115,0,325,1),(2857,134,0,325,2),(2858,135,0,325,4),(2859,97,0,326,1),(2860,99,0,326,4),(2861,115,0,326,1),(2862,134,0,326,2),(2863,135,0,326,5),(2864,97,0,327,1),(2865,99,0,327,4),(2866,115,0,327,1),(2867,134,0,327,2),(2868,135,0,327,6),(2869,97,0,328,1),(2870,99,0,328,4),(2871,115,0,328,1),(2872,134,0,328,2),(2873,135,0,328,4),(2874,97,0,329,1),(2875,99,0,329,4),(2876,115,0,329,1),(2877,134,0,329,2),(2878,135,0,329,5),(2879,97,0,330,1),(2880,99,0,330,4),(2881,115,0,330,1),(2882,134,0,330,2),(2883,135,0,330,7),(2884,97,0,331,1),(2885,99,0,331,4),(2886,115,0,331,1),(2887,134,0,331,2),(2888,135,0,331,6),(2889,97,0,332,1),(2890,99,0,332,4),(2891,115,0,332,1),(2892,134,0,332,2),(2893,135,0,332,4),(2894,97,0,333,1),(2895,99,0,333,4),(2896,115,0,333,1),(2897,134,0,333,2),(2898,135,0,333,7),(2899,97,0,334,1),(2900,99,0,334,4),(2901,115,0,334,1),(2902,134,0,334,2),(2903,135,0,334,6),(2904,97,0,335,1),(2905,99,0,335,4),(2906,115,0,335,1),(2907,134,0,335,2),(2908,135,0,335,4),(2909,97,0,336,1),(2910,99,0,336,4),(2911,115,0,336,1),(2912,134,0,336,2),(2913,135,0,336,7),(2914,97,0,337,1),(2915,99,0,337,4),(2916,115,0,337,1),(2917,134,0,337,2),(2918,135,0,337,6),(2919,97,0,338,1),(2920,99,0,338,4),(2921,115,0,338,1),(2922,134,0,338,2),(2923,135,0,338,4),(2924,97,0,339,1),(2925,99,0,339,4),(2926,115,0,339,1),(2927,134,0,339,2),(2928,135,0,339,7),(2929,97,0,340,1),(2930,99,0,340,4),(2931,115,0,340,1),(2932,134,0,340,2),(2933,135,0,340,6),(2934,97,0,341,1),(2935,99,0,341,4),(2936,115,0,341,1),(2937,134,0,341,2),(2938,135,0,341,4),(2939,97,0,342,1),(2940,99,0,342,4),(2941,115,0,342,1),(2942,134,0,342,2),(2943,135,0,342,7),(2944,97,0,343,1),(2945,99,0,343,4),(2946,115,0,343,1),(2947,134,0,343,2),(2948,135,0,343,6),(2949,97,0,344,1),(2950,99,0,344,4),(2951,115,0,344,1),(2952,134,0,344,2),(2953,135,0,344,4),(2954,97,0,345,1),(2955,99,0,345,4),(2956,115,0,345,1),(2957,134,0,345,2),(2958,135,0,345,7),(2959,97,0,346,1),(2960,99,0,346,4),(2961,115,0,346,1),(2962,134,0,346,2),(2963,135,0,346,6),(2964,97,0,347,1),(2965,99,0,347,4),(2966,115,0,347,1),(2967,134,0,347,2),(2968,135,0,347,4),(2969,97,0,348,1),(2970,99,0,348,4),(2971,115,0,348,1),(2972,134,0,348,2),(2973,135,0,348,5),(2974,97,0,349,1),(2975,99,0,349,4),(2976,115,0,349,1),(2977,134,0,349,2),(2978,135,0,349,10),(2979,97,0,350,1),(2980,99,0,350,4),(2981,115,0,350,1),(2982,134,0,350,2),(2983,135,0,350,7),(2984,97,0,351,1),(2985,99,0,351,4),(2986,115,0,351,1),(2987,134,0,351,2),(2988,135,0,351,6),(2989,97,0,352,1),(2990,99,0,352,4),(2991,115,0,352,1),(2992,134,0,352,2),(2993,135,0,352,4),(2994,97,0,353,1),(2995,99,0,353,4),(2996,115,0,353,1),(2997,134,0,353,2),(2998,135,0,353,7),(2999,97,0,354,1),(3000,99,0,354,4),(3001,115,0,354,1),(3002,134,0,354,2),(3003,135,0,354,6),(3004,97,0,355,1),(3005,99,0,355,4),(3006,115,0,355,1),(3007,134,0,355,2),(3008,135,0,355,4),(3009,97,0,356,1),(3010,99,0,356,4),(3011,115,0,356,1),(3012,134,0,356,2),(3013,135,0,356,5),(3014,97,0,357,1),(3015,99,0,357,4),(3016,115,0,357,1),(3017,134,0,357,2),(3018,135,0,357,10),(3019,97,0,358,1),(3020,99,0,358,4),(3021,115,0,358,1),(3022,134,0,358,2),(3023,135,0,358,7),(3024,97,0,359,1),(3025,99,0,359,4),(3026,115,0,359,1),(3027,134,0,359,2),(3028,135,0,359,6),(3029,97,0,360,1),(3030,99,0,360,4),(3031,115,0,360,1),(3032,134,0,360,2),(3033,135,0,360,4),(3034,97,0,361,1),(3035,99,0,361,4),(3036,115,0,361,1),(3037,134,0,361,2),(3038,135,0,361,10),(3039,97,0,362,1),(3040,99,0,362,4),(3041,115,0,362,1),(3042,134,0,362,2),(3043,135,0,362,7),(3044,97,0,363,1),(3045,99,0,363,4),(3046,115,0,363,1),(3047,134,0,363,2),(3048,135,0,363,6),(3049,97,0,364,1),(3050,99,0,364,4),(3051,115,0,364,1),(3052,134,0,364,2),(3053,135,0,364,4),(3054,97,0,365,1),(3055,99,0,365,4),(3056,115,0,365,1),(3057,134,0,365,2),(3058,135,0,365,7),(3059,97,0,366,1),(3060,99,0,366,4),(3061,115,0,366,1),(3062,134,0,366,2),(3063,135,0,366,6),(3064,97,0,367,1),(3065,99,0,367,4),(3066,115,0,367,1),(3067,134,0,367,2),(3068,135,0,367,4),(3069,97,0,368,1),(3070,99,0,368,4),(3071,115,0,368,1),(3072,134,0,368,2),(3073,135,0,368,5),(3074,97,0,369,1),(3075,99,0,369,4),(3076,115,0,369,1),(3077,134,0,369,2),(3078,135,0,369,7),(3079,97,0,370,1),(3080,99,0,370,4),(3081,115,0,370,1),(3082,134,0,370,2),(3083,135,0,370,6),(3084,97,0,371,1),(3085,99,0,371,4),(3086,115,0,371,1),(3087,134,0,371,2),(3088,135,0,371,4),(3089,97,0,372,1),(3090,99,0,372,4),(3091,115,0,372,1),(3092,134,0,372,2),(3093,135,0,372,5),(3094,97,0,373,1),(3095,99,0,373,4),(3096,115,0,373,1),(3097,134,0,373,2),(3098,135,0,373,6),(3099,97,0,374,1),(3100,99,0,374,4),(3101,115,0,374,1),(3102,134,0,374,2),(3103,135,0,374,4),(3104,97,0,375,1),(3105,99,0,375,4),(3106,115,0,375,1),(3107,134,0,375,2),(3108,135,0,375,5),(3109,97,0,376,1),(3110,99,0,376,4),(3111,115,0,376,1),(3112,134,0,376,2),(3113,135,0,376,7),(3114,97,0,377,1),(3115,99,0,377,4),(3116,115,0,377,1),(3117,134,0,377,2),(3118,135,0,377,6),(3119,97,0,378,1),(3120,99,0,378,4),(3121,115,0,378,1),(3122,134,0,378,2),(3123,135,0,378,4),(3124,97,0,379,1),(3125,99,0,379,4),(3126,115,0,379,1),(3127,134,0,379,2),(3128,135,0,379,6),(3129,97,0,380,1),(3130,99,0,380,4),(3131,115,0,380,1),(3132,134,0,380,2),(3133,135,0,380,4),(3134,97,0,381,1),(3135,99,0,381,4),(3136,115,0,381,1),(3137,134,0,381,2),(3138,135,0,381,5),(3139,97,0,382,1),(3140,99,0,382,4),(3141,115,0,382,1),(3142,134,0,382,2),(3143,135,0,382,6),(3144,97,0,383,1),(3145,99,0,383,4),(3146,115,0,383,1),(3147,134,0,383,2),(3148,135,0,383,4),(3149,97,0,384,1),(3150,99,0,384,4),(3151,115,0,384,1),(3152,134,0,384,2),(3153,135,0,384,6),(3154,97,0,385,1),(3155,99,0,385,4),(3156,115,0,385,1),(3157,134,0,385,2),(3158,135,0,385,4),(3159,97,0,386,1),(3160,99,0,386,4),(3161,115,0,386,1),(3162,134,0,386,2),(3163,139,0,386,14),(3164,140,0,386,15),(3165,97,0,387,1),(3166,99,0,387,4),(3167,115,0,387,1),(3168,134,0,387,2),(3169,139,0,387,19),(3170,140,0,387,15),(3171,97,0,388,1),(3172,99,0,388,4),(3173,115,0,388,1),(3174,134,0,388,2),(3175,139,0,388,20),(3176,140,0,388,15),(3177,97,0,389,1),(3178,99,0,389,4),(3179,115,0,389,1),(3180,134,0,389,2),(3181,139,0,389,21),(3182,140,0,389,15),(3183,97,0,390,1),(3184,99,0,390,4),(3185,115,0,390,1),(3186,134,0,390,2),(3187,139,0,390,22),(3188,140,0,390,15),(3189,97,0,391,1),(3190,99,0,391,4),(3191,115,0,391,1),(3192,134,0,391,2),(3193,139,0,391,23),(3194,140,0,391,15),(3195,97,0,392,1),(3196,99,0,392,4),(3197,115,0,392,1),(3198,134,0,392,2),(3199,139,0,392,14),(3200,140,0,392,24),(3201,97,0,393,1),(3202,99,0,393,4),(3203,115,0,393,1),(3204,134,0,393,2),(3205,139,0,393,19),(3206,140,0,393,24),(3207,97,0,394,1),(3208,99,0,394,4),(3209,115,0,394,1),(3210,134,0,394,2),(3211,139,0,394,20),(3212,140,0,394,24),(3213,97,0,395,1),(3214,99,0,395,4),(3215,115,0,395,1),(3216,134,0,395,2),(3217,139,0,395,21),(3218,140,0,395,24),(3219,97,0,396,1),(3220,99,0,396,4),(3221,115,0,396,1),(3222,134,0,396,2),(3223,139,0,396,22),(3224,140,0,396,24),(3225,97,0,397,1),(3226,99,0,397,4),(3227,115,0,397,1),(3228,134,0,397,2),(3229,139,0,397,23),(3230,140,0,397,24),(3231,97,0,398,1),(3232,99,0,398,4),(3233,115,0,398,1),(3234,134,0,398,2),(3235,139,0,398,14),(3236,140,0,398,15),(3237,97,0,399,1),(3238,99,0,399,4),(3239,115,0,399,1),(3240,134,0,399,2),(3241,139,0,399,19),(3242,140,0,399,15),(3243,97,0,400,1),(3244,99,0,400,4),(3245,115,0,400,1),(3246,134,0,400,2),(3247,139,0,400,20),(3248,140,0,400,15),(3249,97,0,401,1),(3250,99,0,401,4),(3251,115,0,401,1),(3252,134,0,401,2),(3253,139,0,401,21),(3254,140,0,401,15),(3255,97,0,402,1),(3256,99,0,402,4),(3257,115,0,402,1),(3258,134,0,402,2),(3259,139,0,402,22),(3260,140,0,402,15),(3261,97,0,403,1),(3262,99,0,403,4),(3263,115,0,403,1),(3264,134,0,403,2),(3265,139,0,403,23),(3266,140,0,403,15),(3267,97,0,404,1),(3268,99,0,404,4),(3269,115,0,404,1),(3270,134,0,404,2),(3271,139,0,404,14),(3272,140,0,404,24),(3273,97,0,405,1),(3274,99,0,405,4),(3275,115,0,405,1),(3276,134,0,405,2),(3277,139,0,405,19),(3278,140,0,405,24),(3279,97,0,406,1),(3280,99,0,406,4),(3281,115,0,406,1),(3282,134,0,406,2),(3283,139,0,406,20),(3284,140,0,406,24),(3285,97,0,407,1),(3286,99,0,407,4),(3287,115,0,407,1),(3288,134,0,407,2),(3289,139,0,407,21),(3290,140,0,407,24),(3291,97,0,408,1),(3292,99,0,408,4),(3293,115,0,408,1),(3294,134,0,408,2),(3295,139,0,408,22),(3296,140,0,408,24),(3297,97,0,409,1),(3298,99,0,409,4),(3299,115,0,409,1),(3300,134,0,409,2),(3301,139,0,409,23),(3302,140,0,409,24),(3303,97,0,410,1),(3304,99,0,410,4),(3305,115,0,410,1),(3306,134,0,410,2),(3307,139,0,410,14),(3308,140,0,410,15),(3309,97,0,411,1),(3310,99,0,411,4),(3311,115,0,411,1),(3312,134,0,411,2),(3313,139,0,411,19),(3314,140,0,411,15),(3315,97,0,412,1),(3316,99,0,412,4),(3317,115,0,412,1),(3318,134,0,412,2),(3319,139,0,412,20),(3320,140,0,412,15),(3321,97,0,413,1),(3322,99,0,413,4),(3323,115,0,413,1),(3324,134,0,413,2),(3325,139,0,413,21),(3326,140,0,413,15),(3327,97,0,414,1),(3328,99,0,414,4),(3329,115,0,414,1),(3330,134,0,414,2),(3331,139,0,414,22),(3332,140,0,414,15),(3333,97,0,415,1),(3334,99,0,415,4),(3335,115,0,415,1),(3336,134,0,415,2),(3337,139,0,415,23),(3338,140,0,415,15),(3339,97,0,416,1),(3340,99,0,416,4),(3341,115,0,416,1),(3342,134,0,416,2),(3343,139,0,416,14),(3344,140,0,416,24),(3345,97,0,417,1),(3346,99,0,417,4),(3347,115,0,417,1),(3348,134,0,417,2),(3349,139,0,417,19),(3350,140,0,417,24),(3351,97,0,418,1),(3352,99,0,418,4),(3353,115,0,418,1),(3354,134,0,418,2),(3355,139,0,418,20),(3356,140,0,418,24),(3357,97,0,419,1),(3358,99,0,419,4),(3359,115,0,419,1),(3360,134,0,419,2),(3361,139,0,419,21),(3362,140,0,419,24),(3363,97,0,420,1),(3364,99,0,420,4),(3365,115,0,420,1),(3366,134,0,420,2),(3367,139,0,420,22),(3368,140,0,420,24),(3369,97,0,421,1),(3370,99,0,421,4),(3371,115,0,421,1),(3372,134,0,421,2),(3373,139,0,421,23),(3374,140,0,421,24),(3375,97,0,422,1),(3376,99,0,422,4),(3377,115,0,422,1),(3378,134,0,422,2),(3379,139,0,422,14),(3380,140,0,422,15),(3381,97,0,423,1),(3382,99,0,423,4),(3383,115,0,423,1),(3384,134,0,423,2),(3385,139,0,423,19),(3386,140,0,423,15),(3387,97,0,424,1),(3388,99,0,424,4),(3389,115,0,424,1),(3390,134,0,424,2),(3391,139,0,424,20),(3392,140,0,424,15),(3393,97,0,425,1),(3394,99,0,425,4),(3395,115,0,425,1),(3396,134,0,425,2),(3397,139,0,425,21),(3398,140,0,425,15),(3399,97,0,426,1),(3400,99,0,426,4),(3401,115,0,426,1),(3402,134,0,426,2),(3403,139,0,426,22),(3404,140,0,426,15),(3405,97,0,427,1),(3406,99,0,427,4),(3407,115,0,427,1),(3408,134,0,427,2),(3409,139,0,427,23),(3410,140,0,427,15),(3411,97,0,428,1),(3412,99,0,428,4),(3413,115,0,428,1),(3414,134,0,428,2),(3415,139,0,428,14),(3416,140,0,428,24),(3417,97,0,429,1),(3418,99,0,429,4),(3419,115,0,429,1),(3420,134,0,429,2),(3421,139,0,429,19),(3422,140,0,429,24),(3423,97,0,430,1),(3424,99,0,430,4),(3425,115,0,430,1),(3426,134,0,430,2),(3427,139,0,430,20),(3428,140,0,430,24),(3429,97,0,431,1),(3430,99,0,431,4),(3431,115,0,431,1),(3432,134,0,431,2),(3433,139,0,431,21),(3434,140,0,431,24),(3435,97,0,432,1),(3436,99,0,432,4),(3437,115,0,432,1),(3438,134,0,432,2),(3439,139,0,432,22),(3440,140,0,432,24),(3441,97,0,433,1),(3442,99,0,433,4),(3443,115,0,433,1),(3444,134,0,433,2),(3445,139,0,433,23),(3446,140,0,433,24),(3447,97,0,434,1),(3448,99,0,434,4),(3449,115,0,434,1),(3450,134,0,434,2),(3451,139,0,434,14),(3452,140,0,434,15),(3453,97,0,435,1),(3454,99,0,435,4),(3455,115,0,435,1),(3456,134,0,435,2),(3457,139,0,435,19),(3458,140,0,435,15),(3459,97,0,436,1),(3460,99,0,436,4),(3461,115,0,436,1),(3462,134,0,436,2),(3463,139,0,436,20),(3464,140,0,436,15),(3465,97,0,437,1),(3466,99,0,437,4),(3467,115,0,437,1),(3468,134,0,437,2),(3469,139,0,437,21),(3470,140,0,437,15),(3471,97,0,438,1),(3472,99,0,438,4),(3473,115,0,438,1),(3474,134,0,438,2),(3475,139,0,438,22),(3476,140,0,438,15),(3477,97,0,439,1),(3478,99,0,439,4),(3479,115,0,439,1),(3480,134,0,439,2),(3481,139,0,439,23),(3482,140,0,439,15),(3483,97,0,440,1),(3484,99,0,440,4),(3485,115,0,440,1),(3486,134,0,440,2),(3487,139,0,440,14),(3488,140,0,440,24),(3489,97,0,441,1),(3490,99,0,441,4),(3491,115,0,441,1),(3492,134,0,441,2),(3493,139,0,441,19),(3494,140,0,441,24),(3495,97,0,442,1),(3496,99,0,442,4),(3497,115,0,442,1),(3498,134,0,442,2),(3499,139,0,442,20),(3500,140,0,442,24),(3501,97,0,443,1),(3502,99,0,443,4),(3503,115,0,443,1),(3504,134,0,443,2),(3505,139,0,443,21),(3506,140,0,443,24),(3507,97,0,444,1),(3508,99,0,444,4),(3509,115,0,444,1),(3510,134,0,444,2),(3511,139,0,444,22),(3512,140,0,444,24),(3513,97,0,445,1),(3514,99,0,445,4),(3515,115,0,445,1),(3516,134,0,445,2),(3517,139,0,445,23),(3518,140,0,445,24),(3519,97,0,446,1),(3520,99,0,446,4),(3521,115,0,446,1),(3522,134,0,446,2),(3523,139,0,446,16),(3524,140,0,446,15),(3525,97,0,447,1),(3526,99,0,447,4),(3527,115,0,447,1),(3528,134,0,447,2),(3529,139,0,447,17),(3530,140,0,447,15),(3531,97,0,448,1),(3532,99,0,448,4),(3533,115,0,448,1),(3534,134,0,448,2),(3535,139,0,448,18),(3536,140,0,448,15),(3537,97,0,449,1),(3538,99,0,449,4),(3539,115,0,449,1),(3540,134,0,449,2),(3541,139,0,449,14),(3542,140,0,449,15),(3543,97,0,450,1),(3544,99,0,450,4),(3545,115,0,450,1),(3546,134,0,450,2),(3547,139,0,450,19),(3548,140,0,450,15),(3549,97,0,451,1),(3550,99,0,451,4),(3551,115,0,451,1),(3552,134,0,451,2),(3553,139,0,451,20),(3554,140,0,451,15),(3555,97,0,452,1),(3556,99,0,452,4),(3557,115,0,452,1),(3558,134,0,452,2),(3559,139,0,452,21),(3560,140,0,452,15),(3561,97,0,453,1),(3562,99,0,453,4),(3563,115,0,453,1),(3564,134,0,453,2),(3565,139,0,453,22),(3566,140,0,453,15),(3567,97,0,454,1),(3568,99,0,454,4),(3569,115,0,454,1),(3570,134,0,454,2),(3571,139,0,454,23),(3572,140,0,454,15),(3573,97,0,455,1),(3574,99,0,455,4),(3575,115,0,455,1),(3576,134,0,455,2),(3577,139,0,455,16),(3578,140,0,455,24),(3579,97,0,456,1),(3580,99,0,456,4),(3581,115,0,456,1),(3582,134,0,456,2),(3583,139,0,456,17),(3584,140,0,456,24),(3585,97,0,457,1),(3586,99,0,457,4),(3587,115,0,457,1),(3588,134,0,457,2),(3589,139,0,457,18),(3590,140,0,457,24),(3591,97,0,458,1),(3592,99,0,458,4),(3593,115,0,458,1),(3594,134,0,458,2),(3595,139,0,458,14),(3596,140,0,458,24),(3597,97,0,459,1),(3598,99,0,459,4),(3599,115,0,459,1),(3600,134,0,459,2),(3601,139,0,459,19),(3602,140,0,459,24),(3603,97,0,460,1),(3604,99,0,460,4),(3605,115,0,460,1),(3606,134,0,460,2),(3607,139,0,460,20),(3608,140,0,460,24),(3609,97,0,461,1),(3610,99,0,461,4),(3611,115,0,461,1),(3612,134,0,461,2),(3613,139,0,461,21),(3614,140,0,461,24),(3615,97,0,462,1),(3616,99,0,462,4),(3617,115,0,462,1),(3618,134,0,462,2),(3619,139,0,462,22),(3620,140,0,462,24),(3621,97,0,463,1),(3622,99,0,463,4),(3623,115,0,463,1),(3624,134,0,463,2),(3625,139,0,463,23),(3626,140,0,463,24),(3627,97,0,464,1),(3628,99,0,464,4),(3629,115,0,464,1),(3630,134,0,464,2),(3631,139,0,464,16),(3632,140,0,464,15),(3633,97,0,465,1),(3634,99,0,465,4),(3635,115,0,465,1),(3636,134,0,465,2),(3637,139,0,465,17),(3638,140,0,465,15),(3639,97,0,466,1),(3640,99,0,466,4),(3641,115,0,466,1),(3642,134,0,466,2),(3643,139,0,466,18),(3644,140,0,466,15),(3645,97,0,467,1),(3646,99,0,467,4),(3647,115,0,467,1),(3648,134,0,467,2),(3649,139,0,467,14),(3650,140,0,467,15),(3651,97,0,468,1),(3652,99,0,468,4),(3653,115,0,468,1),(3654,134,0,468,2),(3655,139,0,468,19),(3656,140,0,468,15),(3657,97,0,469,1),(3658,99,0,469,4),(3659,115,0,469,1),(3660,134,0,469,2),(3661,139,0,469,20),(3662,140,0,469,15),(3663,97,0,470,1),(3664,99,0,470,4),(3665,115,0,470,1),(3666,134,0,470,2),(3667,139,0,470,21),(3668,140,0,470,15),(3669,97,0,471,1),(3670,99,0,471,4),(3671,115,0,471,1),(3672,134,0,471,2),(3673,139,0,471,22),(3674,140,0,471,15),(3675,97,0,472,1),(3676,99,0,472,4),(3677,115,0,472,1),(3678,134,0,472,2),(3679,139,0,472,23),(3680,140,0,472,15),(3681,97,0,473,1),(3682,99,0,473,4),(3683,115,0,473,1),(3684,134,0,473,2),(3685,139,0,473,16),(3686,140,0,473,24),(3687,97,0,474,1),(3688,99,0,474,4),(3689,115,0,474,1),(3690,134,0,474,2),(3691,139,0,474,17),(3692,140,0,474,24),(3693,97,0,475,1),(3694,99,0,475,4),(3695,115,0,475,1),(3696,134,0,475,2),(3697,139,0,475,18),(3698,140,0,475,24),(3699,97,0,476,1),(3700,99,0,476,4),(3701,115,0,476,1),(3702,134,0,476,2),(3703,139,0,476,14),(3704,140,0,476,24),(3705,97,0,477,1),(3706,99,0,477,4),(3707,115,0,477,1),(3708,134,0,477,2),(3709,139,0,477,19),(3710,140,0,477,24),(3711,97,0,478,1),(3712,99,0,478,4),(3713,115,0,478,1),(3714,134,0,478,2),(3715,139,0,478,20),(3716,140,0,478,24),(3717,97,0,479,1),(3718,99,0,479,4),(3719,115,0,479,1),(3720,134,0,479,2),(3721,139,0,479,21),(3722,140,0,479,24),(3723,97,0,480,1),(3724,99,0,480,4),(3725,115,0,480,1),(3726,134,0,480,2),(3727,139,0,480,22),(3728,140,0,480,24),(3729,97,0,481,1),(3730,99,0,481,4),(3731,115,0,481,1),(3732,134,0,481,2),(3733,139,0,481,23),(3734,140,0,481,24),(3735,97,0,482,1),(3736,99,0,482,4),(3737,115,0,482,1),(3738,134,0,482,2),(3739,139,0,482,16),(3740,140,0,482,15),(3741,97,0,483,1),(3742,99,0,483,4),(3743,115,0,483,1),(3744,134,0,483,2),(3745,139,0,483,17),(3746,140,0,483,15),(3747,97,0,484,1),(3748,99,0,484,4),(3749,115,0,484,1),(3750,134,0,484,2),(3751,139,0,484,18),(3752,140,0,484,15),(3753,97,0,485,1),(3754,99,0,485,4),(3755,115,0,485,1),(3756,134,0,485,2),(3757,139,0,485,14),(3758,140,0,485,15),(3759,97,0,486,1),(3760,99,0,486,4),(3761,115,0,486,1),(3762,134,0,486,2),(3763,139,0,486,19),(3764,140,0,486,15),(3765,97,0,487,1),(3766,99,0,487,4),(3767,115,0,487,1),(3768,134,0,487,2),(3769,139,0,487,20),(3770,140,0,487,15),(3771,97,0,488,1),(3772,99,0,488,4),(3773,115,0,488,1),(3774,134,0,488,2),(3775,139,0,488,21),(3776,140,0,488,15),(3777,97,0,489,1),(3778,99,0,489,4),(3779,115,0,489,1),(3780,134,0,489,2),(3781,139,0,489,22),(3782,140,0,489,15),(3783,97,0,490,1),(3784,99,0,490,4),(3785,115,0,490,1),(3786,134,0,490,2),(3787,139,0,490,23),(3788,140,0,490,15),(3789,97,0,491,1),(3790,99,0,491,4),(3791,115,0,491,1),(3792,134,0,491,2),(3793,139,0,491,16),(3794,140,0,491,24),(3795,97,0,492,1),(3796,99,0,492,4),(3797,115,0,492,1),(3798,134,0,492,2),(3799,139,0,492,17),(3800,140,0,492,24),(3801,97,0,493,1),(3802,99,0,493,4),(3803,115,0,493,1),(3804,134,0,493,2),(3805,139,0,493,18),(3806,140,0,493,24),(3807,97,0,494,1),(3808,99,0,494,4),(3809,115,0,494,1),(3810,134,0,494,2),(3811,139,0,494,14),(3812,140,0,494,24),(3813,97,0,495,1),(3814,99,0,495,4),(3815,115,0,495,1),(3816,134,0,495,2),(3817,139,0,495,19),(3818,140,0,495,24),(3819,97,0,496,1),(3820,99,0,496,4),(3821,115,0,496,1),(3822,134,0,496,2),(3823,139,0,496,20),(3824,140,0,496,24),(3825,97,0,497,1),(3826,99,0,497,4),(3827,115,0,497,1),(3828,134,0,497,2),(3829,139,0,497,21),(3830,140,0,497,24),(3831,97,0,498,1),(3832,99,0,498,4),(3833,115,0,498,1),(3834,134,0,498,2),(3835,139,0,498,22),(3836,140,0,498,24),(3837,97,0,499,1),(3838,99,0,499,4),(3839,115,0,499,1),(3840,134,0,499,2),(3841,139,0,499,23),(3842,140,0,499,24),(3843,93,0,500,8),(3844,97,0,500,1),(3845,99,0,500,4),(3846,115,0,500,1),(3847,134,0,500,2),(3848,93,0,501,8),(3849,97,0,501,1),(3850,99,0,501,4),(3851,115,0,501,1),(3852,134,0,501,2),(3853,93,0,502,8),(3854,97,0,502,1),(3855,99,0,502,4),(3856,115,0,502,1),(3857,134,0,502,2),(3858,93,0,503,8),(3859,97,0,503,1),(3860,99,0,503,4),(3861,115,0,503,1),(3862,134,0,503,2),(3863,93,0,504,8),(3864,97,0,504,1),(3865,99,0,504,4),(3866,115,0,504,1),(3867,134,0,504,2),(3868,93,0,505,8),(3869,97,0,505,1),(3870,99,0,505,4),(3871,115,0,505,1),(3872,134,0,505,2),(3873,93,0,506,9),(3874,97,0,506,1),(3875,99,0,506,4),(3876,115,0,506,1),(3877,134,0,506,2),(3878,93,0,507,8),(3879,97,0,507,1),(3880,99,0,507,4),(3881,115,0,507,1),(3882,134,0,507,2),(3883,93,0,508,8),(3884,97,0,508,1),(3885,99,0,508,4),(3886,115,0,508,1),(3887,134,0,508,2),(3888,93,0,509,8),(3889,97,0,509,1),(3890,99,0,509,4),(3891,115,0,509,1),(3892,134,0,509,2),(3893,93,0,510,8),(3894,97,0,510,1),(3895,99,0,510,4),(3896,115,0,510,1),(3897,134,0,510,2),(3898,93,0,511,9),(3899,97,0,511,1),(3900,99,0,511,4),(3901,115,0,511,1),(3902,134,0,511,2),(3903,93,0,512,8),(3904,97,0,512,1),(3905,99,0,512,4),(3906,115,0,512,1),(3907,134,0,512,2),(3908,93,0,513,9),(3909,97,0,513,1),(3910,99,0,513,4),(3911,115,0,513,1),(3912,134,0,513,2),(3913,93,0,514,9),(3914,97,0,514,1),(3915,99,0,514,4),(3916,115,0,514,1),(3917,134,0,514,2),(3918,93,0,515,8),(3919,97,0,515,1),(3920,99,0,515,4),(3921,115,0,515,1),(3922,134,0,515,2),(3923,93,0,516,9),(3924,97,0,516,1),(3925,99,0,516,4),(3926,115,0,516,1),(3927,134,0,516,2),(3928,93,0,517,11),(3929,97,0,517,1),(3930,99,0,517,4),(3931,115,0,517,1),(3932,134,0,517,2),(3933,93,0,518,8),(3934,97,0,518,1),(3935,99,0,518,1),(3936,115,0,518,1),(3937,134,0,518,2),(3938,93,0,519,8),(3939,97,0,519,1),(3940,99,0,519,4),(3941,115,0,519,1),(3942,134,0,519,2),(3943,93,0,520,8),(3944,97,0,520,1),(3945,99,0,520,4),(3946,115,0,520,1),(3947,134,0,520,2),(3949,93,0,521,12),(3950,97,0,521,1),(3951,99,0,521,4),(3952,115,0,521,1),(3953,134,0,521,2),(3955,93,0,522,11),(3956,97,0,522,1),(3957,99,0,522,4),(3958,115,0,522,1),(3959,134,0,522,2),(3960,93,0,523,8),(3961,97,0,523,1),(3962,99,0,523,1),(3963,115,0,523,1),(3964,134,0,523,2),(3965,93,0,524,8),(3966,97,0,524,1),(3967,99,0,524,4),(3968,115,0,524,1),(3969,134,0,524,2),(3970,93,0,525,11),(3971,97,0,525,1),(3972,99,0,525,4),(3973,115,0,525,1),(3974,134,0,525,2),(3975,93,0,526,8),(3976,97,0,526,1),(3977,99,0,526,4),(3978,115,0,526,1),(3979,134,0,526,2),(3980,93,0,527,8),(3981,97,0,527,1),(3982,99,0,527,4),(3983,115,0,527,1),(3984,134,0,527,2),(3985,93,0,528,11),(3986,97,0,528,1),(3987,99,0,528,1),(3988,115,0,528,1),(3989,134,0,528,2),(3990,93,0,529,11),(3991,97,0,529,1),(3992,99,0,529,1),(3993,115,0,529,1),(3994,134,0,529,2),(3995,97,0,530,1),(3996,99,0,530,4),(3997,115,0,530,1),(3998,134,0,530,2),(3999,135,0,530,6),(4000,97,0,531,1),(4001,99,0,531,4),(4002,115,0,531,1),(4003,134,0,531,2),(4004,135,0,531,4),(4005,97,0,532,1),(4006,99,0,532,4),(4007,115,0,532,1),(4008,134,0,532,2),(4009,135,0,532,5),(4010,93,0,533,8),(4011,97,0,533,1),(4012,99,0,533,4),(4013,115,0,533,1),(4014,134,0,533,2),(4090,93,0,532,8);

--
-- Table structure for table `catalog_product_entity_media_gallery`
--

CREATE TABLE `catalog_product_entity_media_gallery` (
  `value_id` int(10) unsigned NOT NULL AUTO_INCREMENT COMMENT 'Value ID',
  `attribute_id` smallint(5) unsigned NOT NULL DEFAULT '0' COMMENT 'Attribute ID',
  `value` varchar(255) DEFAULT NULL COMMENT 'Value',
  `media_type` varchar(32) NOT NULL DEFAULT 'image' COMMENT 'Media entry type',
  `disabled` smallint(5) unsigned NOT NULL DEFAULT '0' COMMENT 'Visibility status',
  PRIMARY KEY (`value_id`),
  KEY `CATALOG_PRODUCT_ENTITY_MEDIA_GALLERY_ATTRIBUTE_ID` (`attribute_id`),
  CONSTRAINT `CAT_PRD_ENTT_MDA_GLR_ATTR_ID_EAV_ATTR_ATTR_ID` FOREIGN KEY (`attribute_id`) REFERENCES `eav_attribute` (`attribute_id`) ON DELETE CASCADE
) ENGINE=InnoDB AUTO_INCREMENT=157 DEFAULT CHARSET=utf8 COMMENT='Catalog Product Media Gallery Attribute Backend Table';

--
-- Dumping data for table `catalog_product_entity_media_gallery`
--

INSERT INTO `catalog_product_entity_media_gallery` VALUES (1,90,'/h/t/httpshop.saint-ape.com__productimagesalj1780100-9900-goat-nubuck-blackalj1780100-perfectape-9900-black-nubuck-back.jpg','image',0),(2,90,'/h/t/httpshop.saint-ape.com__productimagesalj1780100-9900-goat-nubuck-blackalj1780100-9900-goat-nubuck-black-back.jpg','image',0),(3,90,'/h/t/httpshop.saint-ape.com__productimagesalj1780100-9900-lamb-dd-blackalj1780100-9900-lamb-dd-black-back.jpg','image',0),(4,90,'/h/t/httpshop.saint-ape.com__productimagesawlj1780150-9000-whiteawlj1780150-9000-white-back.jpg','image',0),(5,90,'/h/t/httpshop.saint-ape.com__productimagesawlj1780154-9900-black-studsawlj1780154-9900-black-studs-back.jpg','image',0),(6,90,'/h/t/httpshop.saint-ape.com__productimagesawlj1780154-9900-blackawlj1780154-9900-black-back.jpg','image',0),(7,90,'/h/t/httpshop.saint-ape.com__productimagesawsw1780850-9000-whiteawsw1780850-9000-white-back.jpg','image',0),(8,90,'/h/t/httpshop.saint-ape.com__productimagesats1780602-9900-blackats1780602-9900-black-back.jpg','image',0),(9,90,'/h/t/httpshop.saint-ape.com__productimagesawts1780654-9000-white-blackawts1780654-9000-white-black-back.jpg','image',0),(10,90,'/h/t/httpshop.saint-ape.com__productimagesawts1780654-9000-white-copperawts1780654-9000-white-copper-back.jpg','image',0),(11,90,'/h/t/httpshop.saint-ape.com__productimagesaja1780208-9900-blackaja1780208-9900-black-back.jpg','image',0),(12,90,'/h/t/httpshop.saint-ape.com__productimagesawja1780256-9900-blackawja1780256-9900-black-back.jpg','image',0),(13,90,'/h/t/httpshop.saint-ape.com__productimagesalj1780100-9900-goat-nubuck-blackalj1780100-9900-goat-nubuck-black-front.jpg','image',0),(14,90,'/h/t/httpshop.saint-ape.com__productimagesalj1780100-9900-lamb-dd-blackalj1780100-9900-lamb-dd-black-front.jpg','image',0),(15,90,'/h/t/httpshop.saint-ape.com__productimagesawlj1780150-9000-whiteawlj1780150-9000-white-front.jpg','image',0),(16,90,'/h/t/httpshop.saint-ape.com__productimagesawlj1780154-9900-black-studsawlj1780154-9900-black-studs-front.jpg','image',0),(17,90,'/h/t/httpshop.saint-ape.com__productimagesawlj1780154-9900-blackawlj1780154-9900-black-front.jpg','image',0),(18,90,'/h/t/httpshop.saint-ape.com__productimagesawsw1780850-9000-whiteawsw1780850-9000-white-front.jpg','image',0),(19,90,'/h/t/httpshop.saint-ape.com__productimagesats1780602-9900-blackats1780602-9900-black-front.jpg','image',0),(20,90,'/h/t/httpshop.saint-ape.com__productimagesawts1780654-9000-white-blackawts1780654-9000-white-black-front.jpg','image',0),(21,90,'/h/t/httpshop.saint-ape.com__productimagesawts1780654-9000-white-copperawts1780654-9000-white-copper-front.jpg','image',0),(22,90,'/h/t/httpshop.saint-ape.com__productimagesaja1780208-9900-blackaja1780208-9900-black-front.jpg','image',0),(23,90,'/h/t/httpshop.saint-ape.com__productimagesawja1780256-9900-blackawja1780256-9900-black-front.jpg','image',0),(24,90,'/h/t/httpshop.saint-ape.com__productimagesalj1780100-9900-goat-nubuck-blackalj1780100-9900-goat-nubuck-black-front.jpg','image',0),(25,90,'/h/t/httpshop.saint-ape.com__productimagesalj1780100-9900-goat-nubuck-blackalj1780100-9900-goat-nubuck-black-back.jpg','image',0),(26,90,'/h/t/httpshop.saint-ape.com__productimagesalj1780100-9900-lamb-dd-blackalj1780100-9900-lamb-dd-black-front.jpg','image',0),(27,90,'/h/t/httpshop.saint-ape.com__productimagesalj1780100-9900-lamb-dd-blackalj1780100-9900-lamb-dd-black-back.jpg','image',0),(28,90,'/h/t/httpshop.saint-ape.com__productimagesawlj1780150-9000-whiteawlj1780150-9000-white-front.jpg','image',0),(29,90,'/h/t/httpshop.saint-ape.com__productimagesawlj1780150-9000-whiteawlj1780150-9000-white-back.jpg','image',0),(30,90,'/h/t/httpshop.saint-ape.com__productimagesawlj1780154-9900-black-studsawlj1780154-9900-black-studs-front.jpg','image',0),(31,90,'/h/t/httpshop.saint-ape.com__productimagesawlj1780154-9900-black-studsawlj1780154-9900-black-studs-back.jpg','image',0),(32,90,'/h/t/httpshop.saint-ape.com__productimagesawlj1780154-9900-blackawlj1780154-9900-black-front.jpg','image',0),(33,90,'/h/t/httpshop.saint-ape.com__productimagesawlj1780154-9900-blackawlj1780154-9900-black-back.jpg','image',0),(34,90,'/h/t/httpshop.saint-ape.com__productimagesawsw1780850-9000-whiteawsw1780850-9000-white-front.jpg','image',0),(35,90,'/h/t/httpshop.saint-ape.com__productimagesawsw1780850-9000-whiteawsw1780850-9000-white-back.jpg','image',0),(36,90,'/h/t/httpshop.saint-ape.com__productimagesats1780602-9900-blackats1780602-9900-black-front.jpg','image',0),(37,90,'/h/t/httpshop.saint-ape.com__productimagesats1780602-9900-blackats1780602-9900-black-back.jpg','image',0),(38,90,'/h/t/httpshop.saint-ape.com__productimagesawts1780654-9000-white-blackawts1780654-9000-white-black-front.jpg','image',0),(39,90,'/h/t/httpshop.saint-ape.com__productimagesawts1780654-9000-white-blackawts1780654-9000-white-black-back.jpg','image',0),(40,90,'/h/t/httpshop.saint-ape.com__productimagesawts1780654-9000-white-copperawts1780654-9000-white-copper-front.jpg','image',0),(41,90,'/h/t/httpshop.saint-ape.com__productimagesawts1780654-9000-white-copperawts1780654-9000-white-copper-back.jpg','image',0),(42,90,'/h/t/httpshop.saint-ape.com__productimagesaja1780208-9900-blackaja1780208-9900-black-front.jpg','image',0),(43,90,'/h/t/httpshop.saint-ape.com__productimagesaja1780208-9900-blackaja1780208-9900-black-back.jpg','image',0),(44,90,'/h/t/httpshop.saint-ape.com__productimagesawja1780256-9900-blackawja1780256-9900-black-front.jpg','image',0),(45,90,'/h/t/httpshop.saint-ape.com__productimagesawja1780256-9900-blackawja1780256-9900-black-back.jpg','image',0),(46,90,'/h/t/httpshop.saint-ape.com__productimagesatr1780001-tapered-9900-brut-black-blackatr1780001-bonobo-tapered-front.jpg','image',0),(47,90,'/h/t/httpshop.saint-ape.com__productimagesatr1780001-tapered-9900-brut-black-blackatr1780001-bonobo-tapered-back.jpg','image',0),(48,90,'/h/t/httpshop.saint-ape.com__productimagesaja1780200-6000-indigoaja1780200-6000-indigo-front.jpg','image',0),(49,90,'/h/t/httpshop.saint-ape.com__productimagesaja1780200-6000-indigoaja1780200-6000-indigo-back.jpg','image',0),(55,90,'/h/t/httpshop.saint-ape.com__productimagesalj1780100-9900-black-whitealj1780100-9900-black-white-back.jpg','image',0),(60,90,'/h/t/httpshop.saint-ape.com__productimagesawlj1780150-9900-nubuck-blackawlj1780150-9900-nubuck-black-front.jpg','image',0),(61,90,'/h/t/httpshop.saint-ape.com__productimagesawlj1780150-9900-nubuck-blackawlj1780150-9900-nubuck-black-back.jpg','image',0),(62,90,'/h/t/httpshop.saint-ape.com__productimagesawlj1780150-9000-whiteawlj1780150-9000-white-front.jpg','image',0),(63,90,'/h/t/httpshop.saint-ape.com__productimagesawlj1780150-9000-whiteawlj1780150-9000-white-back.jpg','image',0),(66,90,'/h/t/httpshop.saint-ape.com__productimagesawlj1780154-9900-black-studsawlj1780154-9900-black-studs-front.jpg','image',0),(67,90,'/h/t/httpshop.saint-ape.com__productimagesawlj1780154-9900-black-studsawlj1780154-9900-black-studs-back.jpg','image',0),(68,90,'/h/t/httpshop.saint-ape.com__productimagesawlj1780154-9900-blackawlj1780154-9900-black-front.jpg','image',0),(69,90,'/h/t/httpshop.saint-ape.com__productimagesawlj1780154-9900-blackawlj1780154-9900-black-back.jpg','image',0),(70,90,'/h/t/httpshop.saint-ape.com__productimagesasw1780800-9900-blackasw1780800-9900-black-front.jpg','image',0),(71,90,'/h/t/httpshop.saint-ape.com__productimagesasw1780800-9900-blackasw1780800-9900-black-back.jpg','image',0),(72,90,'/h/t/httpshop.saint-ape.com__productimagesawsw1780850-9000-whiteawsw1780850-9000-white-front.jpg','image',0),(73,90,'/h/t/httpshop.saint-ape.com__productimagesawsw1780850-9000-whiteawsw1780850-9000-white-back.jpg','image',0),(83,90,'/h/t/httpshop.saint-ape.com__productimagesawja1780256-9900-blackawja1780256-9900-black-front.jpg','image',0),(84,90,'/h/t/httpshop.saint-ape.com__productimagesawja1780256-9900-blackawja1780256-9900-black-back.jpg','image',0),(85,90,'/h/t/httpshop.saint-ape.com__productimagesawja1780252-9909-copperawja1780252-9909-copper-front.jpg','image',0),(86,90,'/h/t/httpshop.saint-ape.com__productimagesawja1780252-9909-copperawja1780252-9909-copper-back.jpg','image',0),(89,90,'/h/t/httpshop.saint-ape.com__productimagesatr1780002-gibbon-skinnny-sbbatr1780002-gibbon-skinnny-sbb-front.jpg','image',0),(91,90,'/h/t/httpshop.saint-ape.com__productimagesatr1780003-simian-straight-bbwatr1780003-simian-straight-bbw-back.jpg','image',0),(92,90,'/h/t/httpshop.saint-ape.com__productimagesatr1780050-skinny-ape-bgwatr1780050-skinny-ape-bgw-front.jpg','image',0),(93,90,'/h/t/httpshop.saint-ape.com__productimagesatr1780050-skinny-ape-bgwatr1780050-skinny-ape-bgw-back.jpg','image',0),(94,90,'/a/j/aja1780200-6000-indigo-front_1.jpg','image',0),(95,90,'/a/j/aja1780200-6000-indigo-back.jpg','image',0),(96,90,'/a/l/alj1780100-9900-goat-nubuck-black-front.jpg','image',0),(97,90,'/a/l/alj1780100-9900-goat-nubuck-black-back.jpg','image',0),(98,90,'/a/l/alj1780100-9900-lamb-dd-black-front.jpg','image',0),(100,90,'/a/l/alj1780104-9900-black-studs-front.jpg','image',0),(101,90,'/a/l/alj1780104-9900-black-studs-back.jpg','image',0),(102,90,'/a/t/atr1780003-simian-straight-bbw-front.jpg','image',0),(103,90,'/a/j/aja1780208-9900-black-front.jpg','image',0),(104,90,'/a/j/aja1780208-9900-black-back.jpg','image',0),(105,90,'/a/t/atr1780001-bonobo-tapered-idg-back.jpg','image',0),(106,90,'/a/t/atr1780001-bonobo-tapered-idg-front.jpg','image',0),(112,90,'/a/w/awts1780654-9000-white-copper-front_1.jpg','image',0),(114,90,'/a/w/awts1780654-9000-white-black-front_1.jpg','image',0),(125,90,'/a/j/aja1780206-9900-brut-nubuck-black-front.jpg','image',0),(126,90,'/a/j/aja1780206-9900-brut-nubuck-black-back.jpg','image',0),(127,90,'/a/s/ash1780400-9000-white-vrijstaand.jpg','image',0),(128,90,'/a/s/ash1780400-9000-white-back-vrijstaand.jpg','image',0),(129,90,'/a/t/atr1780002-gibbon-skinnny-sbb-front.jpg','image',0),(131,90,'/a/s/ash1780400-9900-black-front.jpg','image',0),(133,90,'/a/l/alj1780102-9900-ruboff-black-front.jpg','image',0),(134,90,'/a/l/alj1780102-9900-ruboff-black-back.jpg','image',0),(135,90,'/a/l/alj1780100-9900-lamb-dd-black-back01.jpg','image',0),(136,90,'/a/t/ats1780602-9900-black-front.jpg','image',0),(137,90,'/a/t/ats1780602-9900-black-back.jpg','image',0),(138,90,'/a/w/awlj1780152-9900-ruboff-black-front.jpg','image',0),(139,90,'/a/w/awlj1780152-9900-ruboff-black-back.jpg','image',0),(140,90,'/a/l/alj1780100-9900-black-white-front.jpg','image',0),(141,90,'/_/a/_awts1780654-9000-white-black-back.jpg','image',0),(142,90,'/a/s/ash1780400-9900-black-back_1.jpg','image',0),(143,90,'/a/w/awts1780654-9000-white-copper-back.jpg','image',0),(144,90,'/a/w/awlj1780150-9000-white-front2.jpg','image',0),(145,90,'/a/w/awlj1780150-9000-white-back.jpg','image',0),(146,90,'/a/w/awlj1780150-9900-nubuck-black-front_1.jpg','image',0),(147,90,'/a/w/awlj1780150-9900-nubuck-black-back.jpg','image',0),(148,90,'/a/w/awlj1780154-9900-black-front.jpg','image',0),(149,90,'/a/w/awlj1780154-9900-black-back.jpg','image',0),(150,90,'/a/w/awlj1780154-9900-black-studs-front.jpg','image',0),(151,90,'/a/w/awlj1780154-9900-black-studs-back.jpg','image',0),(153,90,'/a/w/awlj1780152-9900-ruboff-black-back_1.jpg','image',0),(154,90,'/a/w/awlj1780152-9900-ruboff-black-front.psd.jpg','image',0),(155,90,'/a/l/alj1780100-9900-lamb-dd-black-front_1.jpg','image',0),(156,90,'/a/l/alj1780100-9900-lamb-dd-black-back01_1.jpg','image',0);

--
-- Table structure for table `catalog_product_entity_media_gallery_value`
--

CREATE TABLE `catalog_product_entity_media_gallery_value` (
  `value_id` int(10) unsigned NOT NULL DEFAULT '0' COMMENT 'Value ID',
  `store_id` smallint(5) unsigned NOT NULL DEFAULT '0' COMMENT 'Store ID',
  `entity_id` int(10) unsigned NOT NULL DEFAULT '0' COMMENT 'Entity ID',
  `label` varchar(255) DEFAULT NULL COMMENT 'Label',
  `position` int(10) unsigned DEFAULT NULL COMMENT 'Position',
  `disabled` smallint(5) unsigned NOT NULL DEFAULT '0' COMMENT 'Is Disabled',
  `record_id` int(10) unsigned NOT NULL AUTO_INCREMENT COMMENT 'Record Id',
  PRIMARY KEY (`record_id`),
  KEY `CATALOG_PRODUCT_ENTITY_MEDIA_GALLERY_VALUE_STORE_ID` (`store_id`),
  KEY `CATALOG_PRODUCT_ENTITY_MEDIA_GALLERY_VALUE_ENTITY_ID` (`entity_id`),
  KEY `CATALOG_PRODUCT_ENTITY_MEDIA_GALLERY_VALUE_VALUE_ID` (`value_id`),
  CONSTRAINT `CAT_PRD_ENTT_MDA_GLR_VAL_ENTT_ID_CAT_PRD_ENTT_ENTT_ID` FOREIGN KEY (`entity_id`) REFERENCES `catalog_product_entity` (`entity_id`) ON DELETE CASCADE,
  CONSTRAINT `CAT_PRD_ENTT_MDA_GLR_VAL_STORE_ID_STORE_STORE_ID` FOREIGN KEY (`store_id`) REFERENCES `store` (`store_id`) ON DELETE CASCADE,
  CONSTRAINT `CAT_PRD_ENTT_MDA_GLR_VAL_VAL_ID_CAT_PRD_ENTT_MDA_GLR_VAL_ID` FOREIGN KEY (`value_id`) REFERENCES `catalog_product_entity_media_gallery` (`value_id`) ON DELETE CASCADE
) ENGINE=InnoDB AUTO_INCREMENT=319 DEFAULT CHARSET=utf8 COMMENT='Catalog Product Media Gallery Attribute Value Table';

--
-- Dumping data for table `catalog_product_entity_media_gallery_value`
--

INSERT INTO `catalog_product_entity_media_gallery_value` VALUES (100,0,504,NULL,2,0,185),(101,0,504,NULL,3,0,186),(127,0,516,NULL,1,0,187),(128,0,516,NULL,2,0,188),(133,0,503,NULL,0,0,199),(134,0,503,NULL,4,0,200),(70,0,510,NULL,1,0,213),(71,0,510,NULL,2,0,214),(72,0,511,NULL,1,0,219),(73,0,511,NULL,2,0,220),(83,0,520,NULL,1,0,227),(84,0,520,NULL,2,0,228),(85,0,521,NULL,1,0,229),(86,0,521,NULL,2,0,230),(89,0,524,NULL,1,0,235),(129,0,525,NULL,1,0,236),(91,0,526,NULL,2,0,237),(102,0,526,NULL,1,0,238),(92,0,527,NULL,1,0,239),(93,0,527,NULL,2,0,240),(114,0,513,NULL,1,0,258),(141,0,513,NULL,2,0,259),(136,0,512,NULL,2,0,260),(137,0,512,NULL,3,0,261),(131,0,515,NULL,1,0,263),(142,0,515,NULL,3,0,264),(112,0,514,NULL,2,0,265),(143,0,514,NULL,2,0,266),(62,0,506,NULL,2,1,267),(63,0,506,NULL,3,1,268),(144,0,506,NULL,0,0,269),(145,0,506,NULL,1,0,270),(60,0,505,NULL,2,1,271),(61,0,505,NULL,3,1,272),(146,0,505,NULL,0,0,273),(147,0,505,NULL,1,0,274),(68,0,509,NULL,2,1,275),(69,0,509,NULL,3,1,276),(148,0,509,NULL,0,0,277),(149,0,509,NULL,1,0,278),(66,0,508,NULL,1,1,279),(67,0,508,NULL,2,1,280),(150,0,508,NULL,3,0,281),(151,0,508,NULL,4,0,282),(138,0,507,NULL,3,1,287),(139,0,507,NULL,4,1,288),(153,0,507,NULL,2,0,289),(154,0,507,NULL,1,0,290),(96,0,500,NULL,2,0,293),(97,0,500,NULL,3,0,294),(94,0,517,NULL,1,0,299),(95,0,517,NULL,2,0,300),(103,0,519,NULL,2,0,301),(104,0,519,NULL,3,0,302),(125,0,533,NULL,0,0,303),(126,0,533,NULL,1,0,304),(55,0,502,NULL,2,0,309),(140,0,502,NULL,0,0,310),(98,0,501,NULL,2,0,311),(135,0,501,NULL,3,0,312),(105,0,522,NULL,1,0,317),(106,0,522,NULL,0,0,318);

--
-- Table structure for table `catalog_product_entity_media_gallery_value_to_entity`
--

CREATE TABLE `catalog_product_entity_media_gallery_value_to_entity` (
  `value_id` int(10) unsigned NOT NULL COMMENT 'Value media Entry ID',
  `entity_id` int(10) unsigned NOT NULL COMMENT 'Product entity ID',
  UNIQUE KEY `CAT_PRD_ENTT_MDA_GLR_VAL_TO_ENTT_VAL_ID_ENTT_ID` (`value_id`,`entity_id`),
  KEY `CAT_PRD_ENTT_MDA_GLR_VAL_TO_ENTT_ENTT_ID_CAT_PRD_ENTT_ENTT_ID` (`entity_id`),
  CONSTRAINT `CAT_PRD_ENTT_MDA_GLR_VAL_TO_ENTT_ENTT_ID_CAT_PRD_ENTT_ENTT_ID` FOREIGN KEY (`entity_id`) REFERENCES `catalog_product_entity` (`entity_id`) ON DELETE CASCADE,
  CONSTRAINT `FK_A6C6C8FAA386736921D3A7C4B50B1185` FOREIGN KEY (`value_id`) REFERENCES `catalog_product_entity_media_gallery` (`value_id`) ON DELETE CASCADE
) ENGINE=InnoDB DEFAULT CHARSET=utf8 COMMENT='Link Media value to Product entity table';

--
-- Dumping data for table `catalog_product_entity_media_gallery_value_to_entity`
--

INSERT INTO `catalog_product_entity_media_gallery_value_to_entity` VALUES (96,500),(97,500),(98,501),(135,501),(55,502),(140,502),(133,503),(134,503),(100,504),(101,504),(60,505),(61,505),(146,505),(147,505),(62,506),(63,506),(144,506),(145,506),(138,507),(139,507),(153,507),(154,507),(66,508),(67,508),(150,508),(151,508),(68,509),(69,509),(148,509),(149,509),(70,510),(71,510),(72,511),(73,511),(136,512),(137,512),(114,513),(141,513),(112,514),(143,514),(131,515),(142,515),(127,516),(128,516),(94,517),(95,517),(103,519),(104,519),(83,520),(84,520),(85,521),(86,521),(105,522),(106,522),(89,524),(129,525),(91,526),(102,526),(92,527),(93,527),(125,533),(126,533);

--
-- Table structure for table `catalog_product_entity_media_gallery_value_video`
--

CREATE TABLE `catalog_product_entity_media_gallery_value_video` (
  `value_id` int(10) unsigned NOT NULL COMMENT 'Media Entity ID',
  `store_id` smallint(5) unsigned NOT NULL DEFAULT '0' COMMENT 'Store ID',
  `provider` varchar(32) DEFAULT NULL COMMENT 'Video provider ID',
  `url` text COMMENT 'Video URL',
  `title` varchar(255) DEFAULT NULL COMMENT 'Title',
  `description` text COMMENT 'Page Meta Description',
  `metadata` text COMMENT 'Video meta data',
  UNIQUE KEY `CAT_PRD_ENTT_MDA_GLR_VAL_VIDEO_VAL_ID_STORE_ID` (`value_id`,`store_id`),
  KEY `CAT_PRD_ENTT_MDA_GLR_VAL_VIDEO_STORE_ID_STORE_STORE_ID` (`store_id`),
  CONSTRAINT `CAT_PRD_ENTT_MDA_GLR_VAL_VIDEO_STORE_ID_STORE_STORE_ID` FOREIGN KEY (`store_id`) REFERENCES `store` (`store_id`) ON DELETE CASCADE,
  CONSTRAINT `FK_6FDF205946906B0E653E60AA769899F8` FOREIGN KEY (`value_id`) REFERENCES `catalog_product_entity_media_gallery` (`value_id`) ON DELETE CASCADE
) ENGINE=InnoDB DEFAULT CHARSET=utf8 COMMENT='Catalog Product Video Table';

--
-- Dumping data for table `catalog_product_entity_media_gallery_value_video`
--


--
-- Table structure for table `catalog_product_entity_text`
--

CREATE TABLE `catalog_product_entity_text` (
  `value_id` int(11) NOT NULL AUTO_INCREMENT COMMENT 'Value ID',
  `attribute_id` smallint(5) unsigned NOT NULL DEFAULT '0' COMMENT 'Attribute ID',
  `store_id` smallint(5) unsigned NOT NULL DEFAULT '0' COMMENT 'Store ID',
  `entity_id` int(10) unsigned NOT NULL DEFAULT '0' COMMENT 'Entity ID',
  `value` text COMMENT 'Value',
  PRIMARY KEY (`value_id`),
  UNIQUE KEY `CATALOG_PRODUCT_ENTITY_TEXT_ENTITY_ID_ATTRIBUTE_ID_STORE_ID` (`entity_id`,`attribute_id`,`store_id`),
  KEY `CATALOG_PRODUCT_ENTITY_TEXT_ATTRIBUTE_ID` (`attribute_id`),
  KEY `CATALOG_PRODUCT_ENTITY_TEXT_STORE_ID` (`store_id`),
  CONSTRAINT `CATALOG_PRODUCT_ENTITY_TEXT_STORE_ID_STORE_STORE_ID` FOREIGN KEY (`store_id`) REFERENCES `store` (`store_id`) ON DELETE CASCADE,
  CONSTRAINT `CAT_PRD_ENTT_TEXT_ATTR_ID_EAV_ATTR_ATTR_ID` FOREIGN KEY (`attribute_id`) REFERENCES `eav_attribute` (`attribute_id`) ON DELETE CASCADE,
  CONSTRAINT `CAT_PRD_ENTT_TEXT_ENTT_ID_CAT_PRD_ENTT_ENTT_ID` FOREIGN KEY (`entity_id`) REFERENCES `catalog_product_entity` (`entity_id`) ON DELETE CASCADE
) ENGINE=InnoDB AUTO_INCREMENT=523 DEFAULT CHARSET=utf8 COMMENT='Catalog Product Text Attribute Backend Table';

--
-- Dumping data for table `catalog_product_entity_text`
--

INSERT INTO `catalog_product_entity_text` VALUES (462,75,0,500,'ST APE Perfecto leather biker jacket is made from a soft, yet heavy goat nubuck leather. Details include clean stitching, and unique branded hardware & trimmings. We have used an unbleached cotton body lining for better breathability, and a nylon sleeve lining for added ease of putting on your jacket.   Only a few are genius.'),(463,76,0,500,'Leather biker jacket '),(464,75,0,501,'ST APE Perfecto leather biker jacket is made from a soft, yet heavy lamb Drum Dyed leather. Details include clean stitching, and unique branded hardware & trimmings. We have used an unbleached cotton body lining for better breathability, and a nylon sleeve lining for added ease of putting on your jacket.   Only a few are genius.\r\n\r\n<br>\r\n<br>\r\nout of stock - available soon <br>\r\n<br>\r\njoin the waitlist to be emailed when this product becomes available.\r\n<br>\r\n<br>\r\n<a href=\"mailto:info@saint-ape.com?subject=waitlist%20LONG%20APE%2001\">Send an email</a>'),(465,76,0,501,'Leather biker jacket '),(466,75,0,502,'ST APE Perfecto leather biker jacket is made from a soft, yet heavy lamb Drum Dyed chrome free leather. Details include clean stitching, and unique branded hardware & trimmings. We have  used an unbleached cotton body lining for better breathability, and a nylon sleeve lining for added ease of putting on your jacket.   Only a few are genius.'),(467,76,0,502,'Leather biker jacket '),(468,75,0,503,'100% cow leather with rubbed grain effect, washed & tanned in an environmentally friendly way. This piece has been made using the Treasury of Denim way of construction. We have used an unbleached cotton body lining for better breathability, and unique branded hardware & trimmings. '),(469,76,0,503,'new age pilot jacket'),(470,75,0,504,'This is our most iconic jacket with the hidden and then revealed studs on this ST APE Perfecto leather biker jacket. It is made out of a very soft, yet heavy lamb Drum Dyed leather. Details include clean stitching, and unique branded hardware & trimmings. We have used an unbleached cotton body lining for better breathability, and a nylon sleeve lining for added ease of putting on your jacket.   Only a few are genius.'),(471,76,0,504,'iconic leater perfecto biker jacket '),(472,75,0,505,'This soft, yet heavy goat Nubuck leather features quality clean stitchung and unique branded hardware & trimmings. We have used  an unbleached cotton lining for better breathability. Because of the extra light hardware & trimmings, this 100% real leather jacket is extremely comfortable to wear. '),(473,76,0,505,'Leather biker jacket '),(474,75,0,506,'A refined combination of two types of leather was used to create this perfect leather jacket. The white leather is chrome free nano lamb quality, and the black is a soft lamb Drum Dyed quality leather. We have used an unbleached cotton lining with quality clean stitching and unique branded hardware & trimmings. '),(475,76,0,506,'Leather biker jacket '),(476,75,0,507,'100% cow leather with rubbed grain effect, washed & tanned in an environmentally friendly way. This piece has been made using the Treasury of Denim way of construction. We have used an unbleached cotton body lining for better breathability, and unique branded hardware & trimmings. '),(477,76,0,507,'new age bomber jacket'),(478,75,0,508,'A soft lamb Drum Dyed leather that demonstrated endurance and the iconic \'Gibbon\' logo, with padded quilting detail on the shoulders and back adding to the style. We have used  an unbleached cotton lining for better breathability. This jacket is also available without artwork.'),(479,76,0,508,'Leather biker jacket '),(480,75,0,509,'A soft lamb Drum Dyed leather that demonstrated endurance and the iconic \'Gibbon\' logo, with padded quilting detail on the shoulders and back adding to the style. We have used  an unbleached cotton lining for better breathability. This jacket is also available without artwork.'),(481,76,0,509,'Leather biker jacket '),(482,75,0,510,'ST. APE long sleeved sweatshirt with embroided \'Gibbon\' logo, in a heavy weight 320 grams cotton. '),(483,76,0,510,'Sweater'),(484,75,0,511,'ST. APE long sleeved sweatshirt with metal effect artwork, in a heavy weight 320 grams cotton. '),(485,76,0,511,'Sweater'),(486,75,0,512,'ST.APE short sleeved t-shirt made from a heavy yet soft handfeld jersey, featuring subtle 3D handcrafted embroidery. '),(487,76,0,512,'T-shirt'),(488,75,0,513,'ST.APE short sleeved t-shirt made from a heavy yet soft handfeld jersey, featuring subtle 3D handcrafted embroidery. '),(489,76,0,513,'T-shirt'),(490,75,0,514,'ST.APE short sleeved t-shirt made from a heavy yet soft handfeld jersey, featuring subtle 3D handcrafted embroidery. '),(491,76,0,514,'T-shirt'),(492,75,0,515,'A slim fit 2 ply cotton dressed shirt by ST.Ape, adjustable cuffs, closes with sophisitcated horn buttons on the front.'),(493,76,0,515,'shirt'),(494,75,0,516,'A slim fit 2 ply cotton dressed shirt by ST.Ape, adjustable cuffs, closes with sophisitcated horn buttons on the front.'),(495,76,0,516,'shirt'),(496,76,0,517,'jacket'),(497,76,0,518,'jacket'),(498,76,0,519,'blazer'),(499,76,0,520,'blazer'),(500,76,0,521,'jacket'),(501,76,0,522,'jeans'),(502,76,0,523,'jeans'),(503,76,0,524,'jeans'),(504,76,0,525,'jeans'),(505,76,0,526,'jeans'),(506,76,0,527,'jeans'),(507,76,0,528,'jeans'),(508,76,0,529,'jeans'),(509,75,0,517,'ST.Ape\'s long Ape made out of the finest 100% 800 grs italian wool that we could find. Details include clean stitching, and unique branded hardware & trimmings. Only a few are genius.<br>\r\n<br>\r\nout of stock - available soon <br>\r\n<br>\r\njoin the waitlist to be emailed when this product becomes available.\r\n<br>\r\n<br>\r\n<a href=\"mailto:info@saint-ape.com?subject=waitlist%20LONG%20APE%2001\">Send an email</a>'),(510,75,0,522,'Our iconic tapered fit is almost there. We manufacture our denims with utmost precision and with obsessive detail together with the finest fabrics from Berto & Candiani and the finest launderers of europe. \r\n\r\n<br>\r\n<br>\r\nout of stock - available soon <br>\r\n<br>\r\njoin the waitlist to be emailed when this product becomes available.\r\n<br>\r\n<br>\r\n<a href=\"mailto:info@saint-ape.com?subject=waitlist%20LONG%20APE%2001\">Send an email</a>'),(511,75,0,527,'available soon'),(512,75,0,528,'available soon'),(513,75,0,529,'available soon'),(514,75,0,525,'available soon'),(515,75,0,524,'available soon'),(516,75,0,523,'available soon'),(517,75,0,533,'ST.APE\'s nubuck leather denim jacket is made from a very soft, yet heavy goat nubuck leather. Details include clean stitching, and unique branded hardware & trimmings. Only a few are genius.'),(518,76,0,533,'jacket'),(519,75,0,519,'Signature ST.APE smokin blazer made out of the finest 100% virgin wool a 100% cotton lining. 2 button closure no pleat on the back and kissing buttons at the cuffs. Only a few are genius \r\n\r\n<br>\r\n<br>\r\nout of stock - available soon <br>\r\n<br>\r\njoin the waitlist to be emailed when this product becomes available.\r\n<br>\r\n<br>\r\n<a href=\"mailto:info@saint-ape.com?subject=waitlist%20LONG%20APE%2001\">Send an email</a>');

--
-- Table structure for table `catalog_product_entity_tier_price`
--

CREATE TABLE `catalog_product_entity_tier_price` (
  `value_id` int(11) NOT NULL AUTO_INCREMENT COMMENT 'Value ID',
  `entity_id` int(10) unsigned NOT NULL DEFAULT '0' COMMENT 'Entity ID',
  `all_groups` smallint(5) unsigned NOT NULL DEFAULT '1' COMMENT 'Is Applicable To All Customer Groups',
  `customer_group_id` int(10) unsigned NOT NULL DEFAULT '0' COMMENT 'Customer Group ID',
  `qty` decimal(12,4) NOT NULL DEFAULT '1.0000' COMMENT 'QTY',
  `value` decimal(12,4) NOT NULL DEFAULT '0.0000' COMMENT 'Value',
  `percentage_value` decimal(5,2) DEFAULT NULL COMMENT 'Percentage value',
  `website_id` smallint(5) unsigned NOT NULL COMMENT 'Website ID',
  PRIMARY KEY (`value_id`),
  UNIQUE KEY `UNQ_E8AB433B9ACB00343ABB312AD2FAB087` (`entity_id`,`all_groups`,`customer_group_id`,`qty`,`website_id`),
  KEY `CATALOG_PRODUCT_ENTITY_TIER_PRICE_CUSTOMER_GROUP_ID` (`customer_group_id`),
  KEY `CATALOG_PRODUCT_ENTITY_TIER_PRICE_WEBSITE_ID` (`website_id`),
  CONSTRAINT `CAT_PRD_ENTT_TIER_PRICE_CSTR_GROUP_ID_CSTR_GROUP_CSTR_GROUP_ID` FOREIGN KEY (`customer_group_id`) REFERENCES `customer_group` (`customer_group_id`) ON DELETE CASCADE,
  CONSTRAINT `CAT_PRD_ENTT_TIER_PRICE_ENTT_ID_CAT_PRD_ENTT_ENTT_ID` FOREIGN KEY (`entity_id`) REFERENCES `catalog_product_entity` (`entity_id`) ON DELETE CASCADE,
  CONSTRAINT `CAT_PRD_ENTT_TIER_PRICE_WS_ID_STORE_WS_WS_ID` FOREIGN KEY (`website_id`) REFERENCES `store_website` (`website_id`) ON DELETE CASCADE
) ENGINE=InnoDB DEFAULT CHARSET=utf8 COMMENT='Catalog Product Tier Price Attribute Backend Table';

--
-- Dumping data for table `catalog_product_entity_tier_price`
--


--
-- Table structure for table `catalog_product_entity_varchar`
--

CREATE TABLE `catalog_product_entity_varchar` (
  `value_id` int(11) NOT NULL AUTO_INCREMENT COMMENT 'Value ID',
  `attribute_id` smallint(5) unsigned NOT NULL DEFAULT '0' COMMENT 'Attribute ID',
  `store_id` smallint(5) unsigned NOT NULL DEFAULT '0' COMMENT 'Store ID',
  `entity_id` int(10) unsigned NOT NULL DEFAULT '0' COMMENT 'Entity ID',
  `value` varchar(255) DEFAULT NULL COMMENT 'Value',
  PRIMARY KEY (`value_id`),
  UNIQUE KEY `CATALOG_PRODUCT_ENTITY_VARCHAR_ENTITY_ID_ATTRIBUTE_ID_STORE_ID` (`entity_id`,`attribute_id`,`store_id`),
  KEY `CATALOG_PRODUCT_ENTITY_VARCHAR_ATTRIBUTE_ID` (`attribute_id`),
  KEY `CATALOG_PRODUCT_ENTITY_VARCHAR_STORE_ID` (`store_id`),
  CONSTRAINT `CATALOG_PRODUCT_ENTITY_VARCHAR_STORE_ID_STORE_STORE_ID` FOREIGN KEY (`store_id`) REFERENCES `store` (`store_id`) ON DELETE CASCADE,
  CONSTRAINT `CAT_PRD_ENTT_VCHR_ATTR_ID_EAV_ATTR_ATTR_ID` FOREIGN KEY (`attribute_id`) REFERENCES `eav_attribute` (`attribute_id`) ON DELETE CASCADE,
  CONSTRAINT `CAT_PRD_ENTT_VCHR_ENTT_ID_CAT_PRD_ENTT_ENTT_ID` FOREIGN KEY (`entity_id`) REFERENCES `catalog_product_entity` (`entity_id`) ON DELETE CASCADE
) ENGINE=InnoDB AUTO_INCREMENT=5500 DEFAULT CHARSET=utf8 COMMENT='Catalog Product Varchar Attribute Backend Table';

--
-- Dumping data for table `catalog_product_entity_varchar`
--

INSERT INTO `catalog_product_entity_varchar` VALUES (3890,73,0,315,'PERFECT APE 01 - m'),(3891,119,0,315,'alj17801009900goatnubuckblackm-perfectape01m'),(3892,122,0,315,'0'),(3893,106,0,315,'container2'),(3894,73,0,316,'PERFECT APE 01 - l'),(3895,119,0,316,'alj17801009900goatnubuckblackl-perfectape01l'),(3896,122,0,316,'0'),(3897,106,0,316,'container2'),(3898,73,0,317,'PERFECT APE 01 - xl'),(3899,119,0,317,'alj17801009900goatnubuckblackxl-perfectape01xl'),(3900,122,0,317,'0'),(3901,106,0,317,'container2'),(3902,73,0,318,'PERFECT APE 01 - m'),(3903,119,0,318,'alj17801009900lambddblackm-perfectape01m'),(3904,122,0,318,'0'),(3905,106,0,318,'container2'),(3906,73,0,319,'PERFECT APE 01 - l'),(3907,119,0,319,'alj17801009900lambddblackl-perfectape01l'),(3908,122,0,319,'0'),(3909,106,0,319,'container2'),(3910,73,0,320,'PERFECT APE 01 - xl'),(3911,119,0,320,'alj17801009900lambddblackxl-perfectape01xl'),(3912,122,0,320,'0'),(3913,106,0,320,'container2'),(3914,73,0,321,'PERFECT APE 01 - m'),(3915,119,0,321,'alj17801009900blackwhitem-perfectape01m'),(3916,122,0,321,'0'),(3917,106,0,321,'container2'),(3918,73,0,322,'PERFECT APE 01 - l'),(3919,119,0,322,'alj17801009900blackwhitel-perfectape01l'),(3920,122,0,322,'0'),(3921,106,0,322,'container2'),(3922,73,0,323,'PERFECT APE 01 - xl'),(3923,119,0,323,'alj17801009900blackwhitexl-perfectape01xl'),(3924,122,0,323,'0'),(3925,106,0,323,'container2'),(3926,73,0,324,'HEAVY APE 01 - m'),(3927,119,0,324,'alj17801029900ruboffblackm-heavyape01m'),(3928,122,0,324,'0'),(3929,106,0,324,'container2'),(3930,73,0,325,'HEAVY APE 01 - l'),(3931,119,0,325,'alj17801029900ruboffblackl-heavyape01l'),(3932,122,0,325,'0'),(3933,106,0,325,'container2'),(3934,73,0,326,'HEAVY APE 01 - xl'),(3935,119,0,326,'alj17801029900ruboffblackxl-heavyape01xl'),(3936,122,0,326,'0'),(3937,106,0,326,'container2'),(3938,73,0,327,'HIDDEN APE 01 - m'),(3939,119,0,327,'alj17801049900blackstudsm-hiddenape01m'),(3940,122,0,327,'0'),(3941,106,0,327,'container2'),(3942,73,0,328,'HIDDEN APE 01 - l'),(3943,119,0,328,'alj17801049900blackstudsl-hiddenape01l'),(3944,122,0,328,'0'),(3945,106,0,328,'container2'),(3946,73,0,329,'HIDDEN APE 01 - xl'),(3947,119,0,329,'alj17801049900blackstudsxl-hiddenape01xl'),(3948,122,0,329,'0'),(3949,106,0,329,'container2'),(3950,73,0,330,'PERFECTIOUS APE 01 - s'),(3951,119,0,330,'awlj17801509900nubuckblacks-perfectiousape01s'),(3952,122,0,330,'0'),(3953,106,0,330,'container2'),(3954,73,0,331,'PERFECTIOUS APE 01 - m'),(3955,119,0,331,'awlj17801509900nubuckblackm-perfectiousape01m'),(3956,122,0,331,'0'),(3957,106,0,331,'container2'),(3958,73,0,332,'PERFECTIOUS APE 01 - l'),(3959,119,0,332,'awlj17801509900nubuckblackl-perfectiousape01l'),(3960,122,0,332,'0'),(3961,106,0,332,'container2'),(3962,73,0,333,'PERFECTIOUS APE 01 - s'),(3963,119,0,333,'awlj17801509000whites-perfectiousape01s'),(3964,122,0,333,'0'),(3965,106,0,333,'container2'),(3966,73,0,334,'PERFECTIOUS APE 01 - m'),(3967,119,0,334,'awlj17801509000whitem-perfectiousape01m'),(3968,122,0,334,'0'),(3969,106,0,334,'container2'),(3970,73,0,335,'PERFECTIOUS APE 01 - l'),(3971,119,0,335,'awlj17801509000whitel-perfectiousape01l'),(3972,122,0,335,'0'),(3973,106,0,335,'container2'),(3974,73,0,336,'BUFFY APE 01 - s'),(3975,119,0,336,'awlj17801529900ruboffblacks-buffyape01s'),(3976,122,0,336,'0'),(3977,106,0,336,'container2'),(3978,73,0,337,'BUFFY APE 01 - m'),(3979,119,0,337,'awlj17801529900ruboffblackm-buffyape01m'),(3980,122,0,337,'0'),(3981,106,0,337,'container2'),(3982,73,0,338,'BUFFY APE 01 - l'),(3983,119,0,338,'awlj17801529900ruboffblackl-buffyape01l'),(3984,122,0,338,'0'),(3985,106,0,338,'container2'),(3986,73,0,339,'GLAMOROUS APE 01 - s'),(3987,119,0,339,'awlj17801549900blackstudss-glamorousape01s'),(3988,122,0,339,'0'),(3989,106,0,339,'container2'),(3990,73,0,340,'GLAMOROUS APE 01 - m'),(3991,119,0,340,'awlj17801549900blackstudsm-glamorousape01m'),(3992,122,0,340,'0'),(3993,106,0,340,'container2'),(3994,73,0,341,'GLAMOROUS APE 01 - l'),(3995,119,0,341,'awlj17801549900blackstudsl-glamorousape01l'),(3996,122,0,341,'0'),(3997,106,0,341,'container2'),(3998,73,0,342,'GLAMOROUS APE 01 - s'),(3999,119,0,342,'awlj17801549900blacks-glamorousape01s'),(4000,122,0,342,'0'),(4001,106,0,342,'container2'),(4002,73,0,343,'GLAMOROUS APE 01 - m'),(4003,119,0,343,'awlj17801549900blackm-glamorousape01m'),(4004,122,0,343,'0'),(4005,106,0,343,'container2'),(4006,73,0,344,'GLAMOROUS APE 01 - l'),(4007,119,0,344,'awlj17801549900blackl-glamorousape01l'),(4008,122,0,344,'0'),(4009,106,0,344,'container2'),(4010,73,0,345,'SWEATY APE 01 - s'),(4011,119,0,345,'asw17808009900blacks-sweatyape01s'),(4012,122,0,345,'0'),(4013,106,0,345,'container2'),(4014,73,0,346,'SWEATY APE 01 - m'),(4015,119,0,346,'asw17808009900blackm-sweatyape01m'),(4016,122,0,346,'0'),(4017,106,0,346,'container2'),(4018,73,0,347,'SWEATY APE 01 - l'),(4019,119,0,347,'asw17808009900blackl-sweatyape01l'),(4020,122,0,347,'0'),(4021,106,0,347,'container2'),(4022,73,0,348,'SWEATY APE 01 - xl'),(4023,119,0,348,'asw17808009900blackxl-sweatyape01xl'),(4024,122,0,348,'0'),(4025,106,0,348,'container2'),(4026,73,0,349,'BOLT APE 01 - xs'),(4027,119,0,349,'awsw17808509000whitexs-boltape01xs'),(4028,122,0,349,'0'),(4029,106,0,349,'container2'),(4030,73,0,350,'BOLT APE 01 - s'),(4031,119,0,350,'awsw17808509000whites-boltape01s'),(4032,122,0,350,'0'),(4033,106,0,350,'container2'),(4034,73,0,351,'BOLT APE 01 - m'),(4035,119,0,351,'awsw17808509000whitem-boltape01m'),(4036,122,0,351,'0'),(4037,106,0,351,'container2'),(4038,73,0,352,'BOLT APE 01 - l'),(4039,119,0,352,'awsw17808509000whitel-boltape01l'),(4040,122,0,352,'0'),(4041,106,0,352,'container2'),(4042,73,0,353,'SHY APE 01 - s'),(4043,119,0,353,'ats17806029900blacks-shyape01s'),(4044,122,0,353,'0'),(4045,106,0,353,'container2'),(4046,73,0,354,'SHY APE 01 - m'),(4047,119,0,354,'ats17806029900blackm-shyape01m'),(4048,122,0,354,'0'),(4049,106,0,354,'container2'),(4050,73,0,355,'SHY APE 01 - l'),(4051,119,0,355,'ats17806029900blackl-shyape01l'),(4052,122,0,355,'0'),(4053,106,0,355,'container2'),(4054,73,0,356,'SHY APE 01 - xl'),(4055,119,0,356,'ats17806029900blackxl-shyape01xl'),(4056,122,0,356,'0'),(4057,106,0,356,'container2'),(4058,73,0,357,'ARTY APE 01 - xs'),(4059,119,0,357,'awts17806549000whiteblackxs-artyape01xs'),(4060,122,0,357,'0'),(4061,106,0,357,'container2'),(4062,73,0,358,'ARTY APE 01 - s'),(4063,119,0,358,'awts17806549000whiteblacks-artyape01s'),(4064,122,0,358,'0'),(4065,106,0,358,'container2'),(4066,73,0,359,'ARTY APE 01 - m'),(4067,119,0,359,'awts17806549000whiteblackm-artyape01m'),(4068,122,0,359,'0'),(4069,106,0,359,'container2'),(4070,73,0,360,'ARTY APE 01 - l'),(4071,119,0,360,'awts17806549000whiteblackl-artyape01l'),(4072,122,0,360,'0'),(4073,106,0,360,'container2'),(4074,73,0,361,'ARTY APE 01 - xs'),(4075,119,0,361,'awts17806549000whitecopperxs-artyape01xs'),(4076,122,0,361,'0'),(4077,106,0,361,'container2'),(4078,73,0,362,'ARTY APE 01 - s'),(4079,119,0,362,'awts17806549000whitecoppers-artyape01s'),(4080,122,0,362,'0'),(4081,106,0,362,'container2'),(4082,73,0,363,'ARTY APE 01 - m'),(4083,119,0,363,'awts17806549000whitecopperm-artyape01m'),(4084,122,0,363,'0'),(4085,106,0,363,'container2'),(4086,73,0,364,'ARTY APE 01 - l'),(4087,119,0,364,'awts17806549000whitecopperl-artyape01l'),(4088,122,0,364,'0'),(4089,106,0,364,'container2'),(4090,73,0,365,'DRESSED APE 01 - s'),(4091,119,0,365,'ash17804009900blacks-dressedape01s'),(4092,122,0,365,'0'),(4093,106,0,365,'container2'),(4094,73,0,366,'DRESSED APE 01 - m'),(4095,119,0,366,'ash17804009900blackm-dressedape01m'),(4096,122,0,366,'0'),(4097,106,0,366,'container2'),(4098,73,0,367,'DRESSED APE 01 - l'),(4099,119,0,367,'ash17804009900blackl-dressedape01l'),(4100,122,0,367,'0'),(4101,106,0,367,'container2'),(4102,73,0,368,'DRESSED APE 01 - xl'),(4103,119,0,368,'ash17804009900blackxl-dressedape01xl'),(4104,122,0,368,'0'),(4105,106,0,368,'container2'),(4106,73,0,369,'DRESSED APE 01 - s'),(4107,119,0,369,'ash17804009000whites-dressedape01s'),(4108,122,0,369,'0'),(4109,106,0,369,'container2'),(4110,73,0,370,'DRESSED APE 01 - m'),(4111,119,0,370,'ash17804009000whitem-dressedape01m'),(4112,122,0,370,'0'),(4113,106,0,370,'container2'),(4114,73,0,371,'DRESSED APE 01 - l'),(4115,119,0,371,'ash17804009000whitel-dressedape01l'),(4116,122,0,371,'0'),(4117,106,0,371,'container2'),(4118,73,0,372,'DRESSED APE 01 - xl'),(4119,119,0,372,'ash17804009000whitexl-dressedape01xl'),(4120,122,0,372,'0'),(4121,106,0,372,'container2'),(4122,73,0,373,'LONG APE 01 - m'),(4123,119,0,373,'aja17802006000indigom-longape01m'),(4124,122,0,373,'0'),(4125,106,0,373,'container2'),(4126,73,0,374,'LONG APE 01 - l'),(4127,119,0,374,'aja17802006000indigol-longape01l'),(4128,122,0,374,'0'),(4129,106,0,374,'container2'),(4130,73,0,375,'LONG APE 01 - xl'),(4131,119,0,375,'aja17802006000indigoxl-longape01xl'),(4132,122,0,375,'0'),(4133,106,0,375,'container2'),(4134,73,0,376,'BALANCED APE 01 - s'),(4135,119,0,376,'awja17802509900blacks-balancedape01s'),(4136,122,0,376,'0'),(4137,106,0,376,'container2'),(4138,73,0,377,'BALANCED APE 01 - m'),(4139,119,0,377,'awja17802509900blackm-balancedape01m'),(4140,122,0,377,'0'),(4141,106,0,377,'container2'),(4142,73,0,378,'BALANCED APE 01 - l'),(4143,119,0,378,'awja17802509900blackl-balancedape01l'),(4144,122,0,378,'0'),(4145,106,0,378,'container2'),(4146,73,0,379,'SMOKIN APE 01 - m'),(4147,119,0,379,'aja17802089900blackm-smokinape01m'),(4148,122,0,379,'0'),(4149,106,0,379,'container2'),(4150,73,0,380,'SMOKIN APE 01 - l'),(4151,119,0,380,'aja17802089900blackl-smokinape01l'),(4152,122,0,380,'0'),(4153,106,0,380,'container2'),(4154,73,0,381,'SMOKIN APE 01 - xl'),(4155,119,0,381,'aja17802089900blackxl-smokinape01xl'),(4156,122,0,381,'0'),(4157,106,0,381,'container2'),(4158,73,0,382,'VIRGIN APE 01 - m'),(4159,119,0,382,'awja17802569900blackm-virginape01m'),(4160,122,0,382,'0'),(4161,106,0,382,'container2'),(4162,73,0,383,'VIRGIN APE 01 - l'),(4163,119,0,383,'awja17802569900blackl-virginape01l'),(4164,122,0,383,'0'),(4165,106,0,383,'container2'),(4166,73,0,384,'FLYING APE 01 - m'),(4167,119,0,384,'awja17802529909copperm-flyingape01m'),(4168,122,0,384,'0'),(4169,106,0,384,'container2'),(4170,73,0,385,'FLYING APE 01 - l'),(4171,119,0,385,'awja17802529909copperl-flyingape01l'),(4172,122,0,385,'0'),(4173,106,0,385,'container2'),(4174,73,0,386,'BONOBO 01 TAPERED-29-32'),(4175,119,0,386,'atr1780001bonobotaperedidg2932-bonobo01tapered2932'),(4176,122,0,386,'0'),(4177,106,0,386,'container2'),(4178,73,0,387,'BONOBO 01 TAPERED-30-32'),(4179,119,0,387,'atr1780001bonobotaperedidg3032-bonobo01tapered3032'),(4180,122,0,387,'0'),(4181,106,0,387,'container2'),(4182,73,0,388,'BONOBO 01 TAPERED-31-32'),(4183,119,0,388,'atr1780001bonobotaperedidg3132-bonobo01tapered3132'),(4184,122,0,388,'0'),(4185,106,0,388,'container2'),(4186,73,0,389,'BONOBO 01 TAPERED-32-32'),(4187,119,0,389,'atr1780001bonobotaperedidg3232-bonobo01tapered3232'),(4188,122,0,389,'0'),(4189,106,0,389,'container2'),(4190,73,0,390,'BONOBO 01 TAPERED-33-32'),(4191,119,0,390,'atr1780001bonobotaperedidg3332-bonobo01tapered3332'),(4192,122,0,390,'0'),(4193,106,0,390,'container2'),(4194,73,0,391,'BONOBO 01 TAPERED-34-32'),(4195,119,0,391,'atr1780001bonobotaperedidg3432-bonobo01tapered3432'),(4196,122,0,391,'0'),(4197,106,0,391,'container2'),(4198,73,0,392,'BONOBO 01 TAPERED-29-34'),(4199,119,0,392,'atr1780001bonobotaperedidg2934-bonobo01tapered2934'),(4200,122,0,392,'0'),(4201,106,0,392,'container2'),(4202,73,0,393,'BONOBO 01 TAPERED-30-34'),(4203,119,0,393,'atr1780001bonobotaperedidg3034-bonobo01tapered3034'),(4204,122,0,393,'0'),(4205,106,0,393,'container2'),(4206,73,0,394,'BONOBO 01 TAPERED-31-34'),(4207,119,0,394,'atr1780001bonobotaperedidg3134-bonobo01tapered3134'),(4208,122,0,394,'0'),(4209,106,0,394,'container2'),(4210,73,0,395,'BONOBO 01 TAPERED-32-34'),(4211,119,0,395,'atr1780001bonobotaperedidg3234-bonobo01tapered3234'),(4212,122,0,395,'0'),(4213,106,0,395,'container2'),(4214,73,0,396,'BONOBO 01 TAPERED-33-34'),(4215,119,0,396,'atr1780001bonobotaperedidg3334-bonobo01tapered3334'),(4216,122,0,396,'0'),(4217,106,0,396,'container2'),(4218,73,0,397,'BONOBO 01 TAPERED-34-34'),(4219,119,0,397,'atr1780001bonobotaperedidg3434-bonobo01tapered3434'),(4220,122,0,397,'0'),(4221,106,0,397,'container2'),(4222,73,0,398,'BONOBO 01 TAPERED-29-32'),(4223,119,0,398,'atr1780001bonobotaperedbbb2932-bonobo01tapered2932'),(4224,122,0,398,'0'),(4225,106,0,398,'container2'),(4226,73,0,399,'BONOBO 01 TAPERED-30-32'),(4227,119,0,399,'atr1780001bonobotaperedbbb3032-bonobo01tapered3032'),(4228,122,0,399,'0'),(4229,106,0,399,'container2'),(4230,73,0,400,'BONOBO 01 TAPERED-31-32'),(4231,119,0,400,'atr1780001bonobotaperedbbb3132-bonobo01tapered3132'),(4232,122,0,400,'0'),(4233,106,0,400,'container2'),(4234,73,0,401,'BONOBO 01 TAPERED-32-32'),(4235,119,0,401,'atr1780001bonobotaperedbbb3232-bonobo01tapered3232'),(4236,122,0,401,'0'),(4237,106,0,401,'container2'),(4238,73,0,402,'BONOBO 01 TAPERED-33-32'),(4239,119,0,402,'atr1780001bonobotaperedbbb3332-bonobo01tapered3332'),(4240,122,0,402,'0'),(4241,106,0,402,'container2'),(4242,73,0,403,'BONOBO 01 TAPERED-34-32'),(4243,119,0,403,'atr1780001bonobotaperedbbb3432-bonobo01tapered3432'),(4244,122,0,403,'0'),(4245,106,0,403,'container2'),(4246,73,0,404,'BONOBO 01 TAPERED-29-34'),(4247,119,0,404,'atr1780001bonobotaperedbbb2934-bonobo01tapered2934'),(4248,122,0,404,'0'),(4249,106,0,404,'container2'),(4250,73,0,405,'BONOBO 01 TAPERED-30-34'),(4251,119,0,405,'atr1780001bonobotaperedbbb3034-bonobo01tapered3034'),(4252,122,0,405,'0'),(4253,106,0,405,'container2'),(4254,73,0,406,'BONOBO 01 TAPERED-31-34'),(4255,119,0,406,'atr1780001bonobotaperedbbb3134-bonobo01tapered3134'),(4256,122,0,406,'0'),(4257,106,0,406,'container2'),(4258,73,0,407,'BONOBO 01 TAPERED-32-34'),(4259,119,0,407,'atr1780001bonobotaperedbbb3234-bonobo01tapered3234'),(4260,122,0,407,'0'),(4261,106,0,407,'container2'),(4262,73,0,408,'BONOBO 01 TAPERED-33-34'),(4263,119,0,408,'atr1780001bonobotaperedbbb3334-bonobo01tapered3334'),(4264,122,0,408,'0'),(4265,106,0,408,'container2'),(4266,73,0,409,'BONOBO 01 TAPERED-34-34'),(4267,119,0,409,'atr1780001bonobotaperedbbb3434-bonobo01tapered3434'),(4268,122,0,409,'0'),(4269,106,0,409,'container2'),(4270,73,0,410,'GIBBON 01 SKINNY-29-32'),(4271,119,0,410,'atr1780002gibbonskinnnysbb2932-gibbon01skinny2932'),(4272,122,0,410,'0'),(4273,106,0,410,'container2'),(4274,73,0,411,'GIBBON 01 SKINNY-30-32'),(4275,119,0,411,'atr1780002gibbonskinnnysbb3032-gibbon01skinny3032'),(4276,122,0,411,'0'),(4277,106,0,411,'container2'),(4278,73,0,412,'GIBBON 01 SKINNY-31-32'),(4279,119,0,412,'atr1780002gibbonskinnnysbb3132-gibbon01skinny3132'),(4280,122,0,412,'0'),(4281,106,0,412,'container2'),(4282,73,0,413,'GIBBON 01 SKINNY-32-32'),(4283,119,0,413,'atr1780002gibbonskinnnysbb3232-gibbon01skinny3232'),(4284,122,0,413,'0'),(4285,106,0,413,'container2'),(4286,73,0,414,'GIBBON 01 SKINNY-33-32'),(4287,119,0,414,'atr1780002gibbonskinnnysbb3332-gibbon01skinny3332'),(4288,122,0,414,'0'),(4289,106,0,414,'container2'),(4290,73,0,415,'GIBBON 01 SKINNY-34-32'),(4291,119,0,415,'atr1780002gibbonskinnnysbb3432-gibbon01skinny3432'),(4292,122,0,415,'0'),(4293,106,0,415,'container2'),(4294,73,0,416,'GIBBON 01 SKINNY-29-34'),(4295,119,0,416,'atr1780002gibbonskinnnysbb2934-gibbon01skinny2934'),(4296,122,0,416,'0'),(4297,106,0,416,'container2'),(4298,73,0,417,'GIBBON 01 SKINNY-30-34'),(4299,119,0,417,'atr1780002gibbonskinnnysbb3034-gibbon01skinny3034'),(4300,122,0,417,'0'),(4301,106,0,417,'container2'),(4302,73,0,418,'GIBBON 01 SKINNY-31-34'),(4303,119,0,418,'atr1780002gibbonskinnnysbb3134-gibbon01skinny3134'),(4304,122,0,418,'0'),(4305,106,0,418,'container2'),(4306,73,0,419,'GIBBON 01 SKINNY-32-34'),(4307,119,0,419,'atr1780002gibbonskinnnysbb3234-gibbon01skinny3234'),(4308,122,0,419,'0'),(4309,106,0,419,'container2'),(4310,73,0,420,'GIBBON 01 SKINNY-33-34'),(4311,119,0,420,'atr1780002gibbonskinnnysbb3334-gibbon01skinny3334'),(4312,122,0,420,'0'),(4313,106,0,420,'container2'),(4314,73,0,421,'GIBBON 01 SKINNY-34-34'),(4315,119,0,421,'atr1780002gibbonskinnnysbb3434-gibbon01skinny3434'),(4316,122,0,421,'0'),(4317,106,0,421,'container2'),(4318,73,0,422,'GIBBON 01 SKINNY-29-32'),(4319,119,0,422,'atr1780002gibbonskinnnyidg2932-gibbon01skinny2932'),(4320,122,0,422,'0'),(4321,106,0,422,'container2'),(4322,73,0,423,'GIBBON 01 SKINNY-30-32'),(4323,119,0,423,'atr1780002gibbonskinnnyidg3032-gibbon01skinny3032'),(4324,122,0,423,'0'),(4325,106,0,423,'container2'),(4326,73,0,424,'GIBBON 01 SKINNY-31-32'),(4327,119,0,424,'atr1780002gibbonskinnnyidg3132-gibbon01skinny3132'),(4328,122,0,424,'0'),(4329,106,0,424,'container2'),(4330,73,0,425,'GIBBON 01 SKINNY-32-32'),(4331,119,0,425,'atr1780002gibbonskinnnyidg3232-gibbon01skinny3232'),(4332,122,0,425,'0'),(4333,106,0,425,'container2'),(4334,73,0,426,'GIBBON 01 SKINNY-33-32'),(4335,119,0,426,'atr1780002gibbonskinnnyidg3332-gibbon01skinny3332'),(4336,122,0,426,'0'),(4337,106,0,426,'container2'),(4338,73,0,427,'GIBBON 01 SKINNY-34-32'),(4339,119,0,427,'atr1780002gibbonskinnnyidg3432-gibbon01skinny3432'),(4340,122,0,427,'0'),(4341,106,0,427,'container2'),(4342,73,0,428,'GIBBON 01 SKINNY-29-34'),(4343,119,0,428,'atr1780002gibbonskinnnyidg2934-gibbon01skinny2934'),(4344,122,0,428,'0'),(4345,106,0,428,'container2'),(4346,73,0,429,'GIBBON 01 SKINNY-30-34'),(4347,119,0,429,'atr1780002gibbonskinnnyidg3034-gibbon01skinny3034'),(4348,122,0,429,'0'),(4349,106,0,429,'container2'),(4350,73,0,430,'GIBBON 01 SKINNY-31-34'),(4351,119,0,430,'atr1780002gibbonskinnnyidg3134-gibbon01skinny3134'),(4352,122,0,430,'0'),(4353,106,0,430,'container2'),(4354,73,0,431,'GIBBON 01 SKINNY-32-34'),(4355,119,0,431,'atr1780002gibbonskinnnyidg3234-gibbon01skinny3234'),(4356,122,0,431,'0'),(4357,106,0,431,'container2'),(4358,73,0,432,'GIBBON 01 SKINNY-33-34'),(4359,119,0,432,'atr1780002gibbonskinnnyidg3334-gibbon01skinny3334'),(4360,122,0,432,'0'),(4361,106,0,432,'container2'),(4362,73,0,433,'GIBBON 01 SKINNY-34-34'),(4363,119,0,433,'atr1780002gibbonskinnnyidg3434-gibbon01skinny3434'),(4364,122,0,433,'0'),(4365,106,0,433,'container2'),(4366,73,0,434,'SIMIAN 01 STRAIGHT-29-32'),(4367,119,0,434,'atr1780003simianstraightbbw2932-simian01straight2932'),(4368,122,0,434,'0'),(4369,106,0,434,'container2'),(4370,73,0,435,'SIMIAN 01 STRAIGHT-30-32'),(4371,119,0,435,'atr1780003simianstraightbbw3032-simian01straight3032'),(4372,122,0,435,'0'),(4373,106,0,435,'container2'),(4374,73,0,436,'SIMIAN 01 STRAIGHT-31-32'),(4375,119,0,436,'atr1780003simianstraightbbw3132-simian01straight3132'),(4376,122,0,436,'0'),(4377,106,0,436,'container2'),(4378,73,0,437,'SIMIAN 01 STRAIGHT-32-32'),(4379,119,0,437,'atr1780003simianstraightbbw3232-simian01straight3232'),(4380,122,0,437,'0'),(4381,106,0,437,'container2'),(4382,73,0,438,'SIMIAN 01 STRAIGHT-33-32'),(4383,119,0,438,'atr1780003simianstraightbbw3332-simian01straight3332'),(4384,122,0,438,'0'),(4385,106,0,438,'container2'),(4386,73,0,439,'SIMIAN 01 STRAIGHT-34-32'),(4387,119,0,439,'atr1780003simianstraightbbw3432-simian01straight3432'),(4388,122,0,439,'0'),(4389,106,0,439,'container2'),(4390,73,0,440,'SIMIAN 01 STRAIGHT-29-34'),(4391,119,0,440,'atr1780003simianstraightbbw2934-simian01straight2934'),(4392,122,0,440,'0'),(4393,106,0,440,'container2'),(4394,73,0,441,'SIMIAN 01 STRAIGHT-30-34'),(4395,119,0,441,'atr1780003simianstraightbbw3034-simian01straight3034'),(4396,122,0,441,'0'),(4397,106,0,441,'container2'),(4398,73,0,442,'SIMIAN 01 STRAIGHT-31-34'),(4399,119,0,442,'atr1780003simianstraightbbw3134-simian01straight3134'),(4400,122,0,442,'0'),(4401,106,0,442,'container2'),(4402,73,0,443,'SIMIAN 01 STRAIGHT-32-34'),(4403,119,0,443,'atr1780003simianstraightbbw3234-simian01straight3234'),(4404,122,0,443,'0'),(4405,106,0,443,'container2'),(4406,73,0,444,'SIMIAN 01 STRAIGHT-33-34'),(4407,119,0,444,'atr1780003simianstraightbbw3334-simian01straight3334'),(4408,122,0,444,'0'),(4409,106,0,444,'container2'),(4410,73,0,445,'SIMIAN 01 STRAIGHT-34-34'),(4411,119,0,445,'atr1780003simianstraightbbw3434-simian01straight3434'),(4412,122,0,445,'0'),(4413,106,0,445,'container2'),(4414,73,0,446,'SKINNY APE 01-26-32'),(4415,119,0,446,'atr1780050skinnyapebgw2632-skinnyape012632'),(4416,122,0,446,'0'),(4417,106,0,446,'container2'),(4418,73,0,447,'SKINNY APE 01-27-32'),(4419,119,0,447,'atr1780050skinnyapebgw2732-skinnyape012732'),(4420,122,0,447,'0'),(4421,106,0,447,'container2'),(4422,73,0,448,'SKINNY APE 01-28-32'),(4423,119,0,448,'atr1780050skinnyapebgw2832-skinnyape012832'),(4424,122,0,448,'0'),(4425,106,0,448,'container2'),(4426,73,0,449,'SKINNY APE 01-29-32'),(4427,119,0,449,'atr1780050skinnyapebgw2932-skinnyape012932'),(4428,122,0,449,'0'),(4429,106,0,449,'container2'),(4430,73,0,450,'SKINNY APE 01-30-32'),(4431,119,0,450,'atr1780050skinnyapebgw3032-skinnyape013032'),(4432,122,0,450,'0'),(4433,106,0,450,'container2'),(4434,73,0,451,'SKINNY APE 01-31-32'),(4435,119,0,451,'atr1780050skinnyapebgw3132-skinnyape013132'),(4436,122,0,451,'0'),(4437,106,0,451,'container2'),(4438,73,0,452,'SKINNY APE 01-32-32'),(4439,119,0,452,'atr1780050skinnyapebgw3232-skinnyape013232'),(4440,122,0,452,'0'),(4441,106,0,452,'container2'),(4442,73,0,453,'SKINNY APE 01-33-32'),(4443,119,0,453,'atr1780050skinnyapebgw3332-skinnyape013332'),(4444,122,0,453,'0'),(4445,106,0,453,'container2'),(4446,73,0,454,'SKINNY APE 01-34-32'),(4447,119,0,454,'atr1780050skinnyapebgw3432-skinnyape013432'),(4448,122,0,454,'0'),(4449,106,0,454,'container2'),(4450,73,0,455,'SKINNY APE 01-26-34'),(4451,119,0,455,'atr1780050skinnyapebgw2634-skinnyape012634'),(4452,122,0,455,'0'),(4453,106,0,455,'container2'),(4454,73,0,456,'SKINNY APE 01-27-34'),(4455,119,0,456,'atr1780050skinnyapebgw2734-skinnyape012734'),(4456,122,0,456,'0'),(4457,106,0,456,'container2'),(4458,73,0,457,'SKINNY APE 01-28-34'),(4459,119,0,457,'atr1780050skinnyapebgw2834-skinnyape012834'),(4460,122,0,457,'0'),(4461,106,0,457,'container2'),(4462,73,0,458,'SKINNY APE 01-29-34'),(4463,119,0,458,'atr1780050skinnyapebgw2934-skinnyape012934'),(4464,122,0,458,'0'),(4465,106,0,458,'container2'),(4466,73,0,459,'SKINNY APE 01-30-34'),(4467,119,0,459,'atr1780050skinnyapebgw3034-skinnyape013034'),(4468,122,0,459,'0'),(4469,106,0,459,'container2'),(4470,73,0,460,'SKINNY APE 01-31-34'),(4471,119,0,460,'atr1780050skinnyapebgw3134-skinnyape013134'),(4472,122,0,460,'0'),(4473,106,0,460,'container2'),(4474,73,0,461,'SKINNY APE 01-32-34'),(4475,119,0,461,'atr1780050skinnyapebgw3234-skinnyape013234'),(4476,122,0,461,'0'),(4477,106,0,461,'container2'),(4478,73,0,462,'SKINNY APE 01-33-34'),(4479,119,0,462,'atr1780050skinnyapebgw3334-skinnyape013334'),(4480,122,0,462,'0'),(4481,106,0,462,'container2'),(4482,73,0,463,'SKINNY APE 01-34-34'),(4483,119,0,463,'atr1780050skinnyapebgw3434-skinnyape013434'),(4484,122,0,463,'0'),(4485,106,0,463,'container2'),(4486,73,0,464,'SKINNY APE 01-26-32'),(4487,119,0,464,'atr1780050skinnyapeidg2632-skinnyape012632'),(4488,122,0,464,'0'),(4489,106,0,464,'container2'),(4490,73,0,465,'SKINNY APE 01-27-32'),(4491,119,0,465,'atr1780050skinnyapeidg2732-skinnyape012732'),(4492,122,0,465,'0'),(4493,106,0,465,'container2'),(4494,73,0,466,'SKINNY APE 01-28-32'),(4495,119,0,466,'atr1780050skinnyapeidg2832-skinnyape012832'),(4496,122,0,466,'0'),(4497,106,0,466,'container2'),(4498,73,0,467,'SKINNY APE 01-29-32'),(4499,119,0,467,'atr1780050skinnyapeidg2932-skinnyape012932'),(4500,122,0,467,'0'),(4501,106,0,467,'container2'),(4502,73,0,468,'SKINNY APE 01-30-32'),(4503,119,0,468,'atr1780050skinnyapeidg3032-skinnyape013032'),(4504,122,0,468,'0'),(4505,106,0,468,'container2'),(4506,73,0,469,'SKINNY APE 01-31-32'),(4507,119,0,469,'atr1780050skinnyapeidg3132-skinnyape013132'),(4508,122,0,469,'0'),(4509,106,0,469,'container2'),(4510,73,0,470,'SKINNY APE 01-32-32'),(4511,119,0,470,'atr1780050skinnyapeidg3232-skinnyape013232'),(4512,122,0,470,'0'),(4513,106,0,470,'container2'),(4514,73,0,471,'SKINNY APE 01-33-32'),(4515,119,0,471,'atr1780050skinnyapeidg3332-skinnyape013332'),(4516,122,0,471,'0'),(4517,106,0,471,'container2'),(4518,73,0,472,'SKINNY APE 01-34-32'),(4519,119,0,472,'atr1780050skinnyapeidg3432-skinnyape013432'),(4520,122,0,472,'0'),(4521,106,0,472,'container2'),(4522,73,0,473,'SKINNY APE 01-26-34'),(4523,119,0,473,'atr1780050skinnyapeidg2634-skinnyape012634'),(4524,122,0,473,'0'),(4525,106,0,473,'container2'),(4526,73,0,474,'SKINNY APE 01-27-34'),(4527,119,0,474,'atr1780050skinnyapeidg2734-skinnyape012734'),(4528,122,0,474,'0'),(4529,106,0,474,'container2'),(4530,73,0,475,'SKINNY APE 01-28-34'),(4531,119,0,475,'atr1780050skinnyapeidg2834-skinnyape012834'),(4532,122,0,475,'0'),(4533,106,0,475,'container2'),(4534,73,0,476,'SKINNY APE 01-29-34'),(4535,119,0,476,'atr1780050skinnyapeidg2934-skinnyape012934'),(4536,122,0,476,'0'),(4537,106,0,476,'container2'),(4538,73,0,477,'SKINNY APE 01-30-34'),(4539,119,0,477,'atr1780050skinnyapeidg3034-skinnyape013034'),(4540,122,0,477,'0'),(4541,106,0,477,'container2'),(4542,73,0,478,'SKINNY APE 01-31-34'),(4543,119,0,478,'atr1780050skinnyapeidg3134-skinnyape013134'),(4544,122,0,478,'0'),(4545,106,0,478,'container2'),(4546,73,0,479,'SKINNY APE 01-32-34'),(4547,119,0,479,'atr1780050skinnyapeidg3234-skinnyape013234'),(4548,122,0,479,'0'),(4549,106,0,479,'container2'),(4550,73,0,480,'SKINNY APE 01-33-34'),(4551,119,0,480,'atr1780050skinnyapeidg3334-skinnyape013334'),(4552,122,0,480,'0'),(4553,106,0,480,'container2'),(4554,73,0,481,'SKINNY APE 01-34-34'),(4555,119,0,481,'atr1780050skinnyapeidg3434-skinnyape013434'),(4556,122,0,481,'0'),(4557,106,0,481,'container2'),(4558,73,0,482,'NIM CHIMSKY 01-26-32'),(4559,119,0,482,'awtr1780154nimchimskybbi2632-nimchimsky012632'),(4560,122,0,482,'0'),(4561,106,0,482,'container2'),(4562,73,0,483,'NIM CHIMSKY 01-27-32'),(4563,119,0,483,'awtr1780154nimchimskybbi2732-nimchimsky012732'),(4564,122,0,483,'0'),(4565,106,0,483,'container2'),(4566,73,0,484,'NIM CHIMSKY 01-28-32'),(4567,119,0,484,'awtr1780154nimchimskybbi2832-nimchimsky012832'),(4568,122,0,484,'0'),(4569,106,0,484,'container2'),(4570,73,0,485,'NIM CHIMSKY 01-29-32'),(4571,119,0,485,'awtr1780154nimchimskybbi2932-nimchimsky012932'),(4572,122,0,485,'0'),(4573,106,0,485,'container2'),(4574,73,0,486,'NIM CHIMSKY 01-30-32'),(4575,119,0,486,'awtr1780154nimchimskybbi3032-nimchimsky013032'),(4576,122,0,486,'0'),(4577,106,0,486,'container2'),(4578,73,0,487,'NIM CHIMSKY 01-31-32'),(4579,119,0,487,'awtr1780154nimchimskybbi3132-nimchimsky013132'),(4580,122,0,487,'0'),(4581,106,0,487,'container2'),(4582,73,0,488,'NIM CHIMSKY 01-32-32'),(4583,119,0,488,'awtr1780154nimchimskybbi3232-nimchimsky013232'),(4584,122,0,488,'0'),(4585,106,0,488,'container2'),(4586,73,0,489,'NIM CHIMSKY 01-33-32'),(4587,119,0,489,'awtr1780154nimchimskybbi3332-nimchimsky013332'),(4588,122,0,489,'0'),(4589,106,0,489,'container2'),(4590,73,0,490,'NIM CHIMSKY 01-34-32'),(4591,119,0,490,'awtr1780154nimchimskybbi3432-nimchimsky013432'),(4592,122,0,490,'0'),(4593,106,0,490,'container2'),(4594,73,0,491,'NIM CHIMSKY 01-26-34'),(4595,119,0,491,'awtr1780154nimchimskybbi2634-nimchimsky012634'),(4596,122,0,491,'0'),(4597,106,0,491,'container2'),(4598,73,0,492,'NIM CHIMSKY 01-27-34'),(4599,119,0,492,'awtr1780154nimchimskybbi2734-nimchimsky012734'),(4600,122,0,492,'0'),(4601,106,0,492,'container2'),(4602,73,0,493,'NIM CHIMSKY 01-28-34'),(4603,119,0,493,'awtr1780154nimchimskybbi2834-nimchimsky012834'),(4604,122,0,493,'0'),(4605,106,0,493,'container2'),(4606,73,0,494,'NIM CHIMSKY 01-29-34'),(4607,119,0,494,'awtr1780154nimchimskybbi2934-nimchimsky012934'),(4608,122,0,494,'0'),(4609,106,0,494,'container2'),(4610,73,0,495,'NIM CHIMSKY 01-30-34'),(4611,119,0,495,'awtr1780154nimchimskybbi3034-nimchimsky013034'),(4612,122,0,495,'0'),(4613,106,0,495,'container2'),(4614,73,0,496,'NIM CHIMSKY 01-31-34'),(4615,119,0,496,'awtr1780154nimchimskybbi3134-nimchimsky013134'),(4616,122,0,496,'0'),(4617,106,0,496,'container2'),(4618,73,0,497,'NIM CHIMSKY 01-32-34'),(4619,119,0,497,'awtr1780154nimchimskybbi3234-nimchimsky013234'),(4620,122,0,497,'0'),(4621,106,0,497,'container2'),(4622,73,0,498,'NIM CHIMSKY 01-33-34'),(4623,119,0,498,'awtr1780154nimchimskybbi3334-nimchimsky013334'),(4624,122,0,498,'0'),(4625,106,0,498,'container2'),(4626,73,0,499,'NIM CHIMSKY 01-34-34'),(4627,119,0,499,'awtr1780154nimchimskybbi3434-nimchimsky013434'),(4628,122,0,499,'0'),(4629,106,0,499,'container2'),(4630,73,0,500,'PERFECT APE 01 - NUBUCK'),(4631,136,0,500,'Goat Nubuck'),(4632,138,0,500,'India'),(4633,87,0,500,'/a/l/alj1780100-9900-goat-nubuck-black-front.jpg'),(4634,88,0,500,'/a/l/alj1780100-9900-goat-nubuck-black-front.jpg'),(4635,89,0,500,'/a/l/alj1780100-9900-goat-nubuck-black-front.jpg'),(4636,119,0,500,'alj17801009900goatnubuckblack-perfectape01'),(4637,122,0,500,'0'),(4638,106,0,500,'container2'),(4639,73,0,501,'PERFECT APE 01 - LAMB DD'),(4640,136,0,501,'Lamb DD'),(4641,138,0,501,'India'),(4642,87,0,501,'/a/l/alj1780100-9900-lamb-dd-black-front.jpg'),(4643,88,0,501,'/a/l/alj1780100-9900-lamb-dd-black-front.jpg'),(4644,89,0,501,'/a/l/alj1780100-9900-lamb-dd-black-front.jpg'),(4645,119,0,501,'alj17801009900lambddblack-perfectape01'),(4646,122,0,501,'0'),(4647,106,0,501,'container2'),(4648,73,0,502,'PERFECT APE 01'),(4649,136,0,502,'Lamb DD Chrome Free'),(4650,138,0,502,'India'),(4651,87,0,502,'/a/l/alj1780100-9900-black-white-front.jpg'),(4652,88,0,502,'/a/l/alj1780100-9900-black-white-front.jpg'),(4653,89,0,502,'/a/l/alj1780100-9900-black-white-front.jpg'),(4654,119,0,502,'alj17801009900blackwhite-perfectape01'),(4655,122,0,502,'0'),(4656,106,0,502,'container2'),(4657,73,0,503,'HEAVY APE 01'),(4658,136,0,503,'Cow leather in global rub off'),(4659,138,0,503,'India'),(4660,87,0,503,'/a/l/alj1780102-9900-ruboff-black-front.jpg'),(4661,88,0,503,'/a/l/alj1780102-9900-ruboff-black-front.jpg'),(4662,89,0,503,'/a/l/alj1780102-9900-ruboff-black-front.jpg'),(4663,119,0,503,'alj17801029900ruboffblack-heavyape01'),(4664,122,0,503,'0'),(4665,106,0,503,'container2'),(4666,73,0,504,'HIDDEN APE 01'),(4667,136,0,504,'Lamb DD Chrome Free'),(4668,87,0,504,'/a/l/alj1780104-9900-black-studs-front.jpg'),(4669,88,0,504,'/a/l/alj1780104-9900-black-studs-front.jpg'),(4670,89,0,504,'/a/l/alj1780104-9900-black-studs-front.jpg'),(4671,119,0,504,'alj17801049900blackstuds-hiddenape01'),(4672,122,0,504,'0'),(4673,106,0,504,'container2'),(4674,73,0,505,'PERFECTIOUS APE 01'),(4675,136,0,505,'Goat Nubuck'),(4676,138,0,505,'India'),(4677,87,0,505,'/a/w/awlj1780150-9900-nubuck-black-front_1.jpg'),(4678,88,0,505,'/a/w/awlj1780150-9900-nubuck-black-front_1.jpg'),(4679,89,0,505,'/a/w/awlj1780150-9900-nubuck-black-front_1.jpg'),(4680,119,0,505,'awlj17801509900nubuckblack-perfectiousape01'),(4681,122,0,505,'0'),(4682,106,0,505,'container2'),(4683,73,0,506,'PERFECTIOUS APE 01'),(4684,136,0,506,'Lamb DD Chrome Free'),(4685,138,0,506,'India'),(4686,87,0,506,'/a/w/awlj1780150-9000-white-front2.jpg'),(4687,88,0,506,'/a/w/awlj1780150-9000-white-front2.jpg'),(4688,89,0,506,'/a/w/awlj1780150-9000-white-front2.jpg'),(4689,119,0,506,'awlj17801509000white-perfectiousape01'),(4690,122,0,506,'0'),(4691,106,0,506,'container2'),(4692,73,0,507,'BUFFY APE 01'),(4693,136,0,507,'Cow leather in global rub off'),(4694,138,0,507,'India'),(4695,87,0,507,'/a/w/awlj1780152-9900-ruboff-black-front.psd.jpg'),(4696,88,0,507,'/a/w/awlj1780152-9900-ruboff-black-front.psd.jpg'),(4697,89,0,507,'/a/w/awlj1780152-9900-ruboff-black-front.psd.jpg'),(4698,119,0,507,'awlj17801529900ruboffblack-buffyape01'),(4699,122,0,507,'0'),(4700,106,0,507,'container2'),(4701,73,0,508,'GLAMOROUS APE 01 - STUDS EDITION'),(4702,136,0,508,'Lamb DD'),(4703,138,0,508,'India'),(4704,87,0,508,'/a/w/awlj1780154-9900-black-studs-back.jpg'),(4705,88,0,508,'/a/w/awlj1780154-9900-black-studs-back.jpg'),(4706,89,0,508,'/a/w/awlj1780154-9900-black-studs-back.jpg'),(4707,119,0,508,'awlj17801549900blackstuds-glamorousape01'),(4708,122,0,508,'0'),(4709,106,0,508,'container2'),(4710,73,0,509,'GLAMOROUS APE 01'),(4711,136,0,509,'Lamb DD'),(4712,138,0,509,'India'),(4713,87,0,509,'/a/w/awlj1780154-9900-black-front.jpg'),(4714,88,0,509,'/a/w/awlj1780154-9900-black-front.jpg'),(4715,89,0,509,'/a/w/awlj1780154-9900-black-front.jpg'),(4716,119,0,509,'awlj17801549900black-glamorousape01'),(4717,122,0,509,'0'),(4718,106,0,509,'container2'),(4719,73,0,510,'SWEATY APE 01'),(4720,136,0,510,'Felpa, 100% cotton in 320 grams'),(4721,138,0,510,'Portugal'),(4722,87,0,510,'/h/t/httpshop.saint-ape.com__productimagesasw1780800-9900-blackasw1780800-9900-black-front.jpg'),(4723,88,0,510,'/h/t/httpshop.saint-ape.com__productimagesasw1780800-9900-blackasw1780800-9900-black-front.jpg'),(4724,89,0,510,'/h/t/httpshop.saint-ape.com__productimagesasw1780800-9900-blackasw1780800-9900-black-front.jpg'),(4725,119,0,510,'asw17808009900black-sweatyape01'),(4726,122,0,510,'0'),(4727,106,0,510,'container2'),(4728,73,0,511,'BOLT APE 01'),(4729,136,0,511,'Felpa, 100% cotton in 320 grams'),(4730,138,0,511,'Portugal'),(4731,87,0,511,'/h/t/httpshop.saint-ape.com__productimagesawsw1780850-9000-whiteawsw1780850-9000-white-front.jpg'),(4732,88,0,511,'/h/t/httpshop.saint-ape.com__productimagesawsw1780850-9000-whiteawsw1780850-9000-white-front.jpg'),(4733,89,0,511,'/h/t/httpshop.saint-ape.com__productimagesawsw1780850-9000-whiteawsw1780850-9000-white-front.jpg'),(4734,119,0,511,'awsw17808509000white-boltape01'),(4735,122,0,511,'0'),(4736,106,0,511,'container2'),(4737,73,0,512,'SHY APE 01'),(4738,136,0,512,'Jersey, 100% cotton in 160 grs'),(4739,138,0,512,'Portugal'),(4740,87,0,512,'/a/t/ats1780602-9900-black-front.jpg'),(4741,88,0,512,'/a/t/ats1780602-9900-black-front.jpg'),(4742,89,0,512,'/a/t/ats1780602-9900-black-front.jpg'),(4743,119,0,512,'ats17806029900black-shyape01'),(4744,122,0,512,'0'),(4745,106,0,512,'container2'),(4746,73,0,513,'ARTY APE 01'),(4747,136,0,513,'Jersey, 100% cotton in 160 grs'),(4748,138,0,513,'Portugal'),(4749,87,0,513,'/a/w/awts1780654-9000-white-black-front_1.jpg'),(4750,88,0,513,'/a/w/awts1780654-9000-white-black-front_1.jpg'),(4751,89,0,513,'/a/w/awts1780654-9000-white-black-front_1.jpg'),(4752,119,0,513,'awts17806549000whiteblack-artyape01'),(4753,122,0,513,'0'),(4754,106,0,513,'container2'),(4755,73,0,514,'ARTY APE 01'),(4756,136,0,514,'Jersey, 100% cotton in 160 grs'),(4757,138,0,514,'Portugal'),(4758,87,0,514,'/a/w/awts1780654-9000-white-copper-front_1.jpg'),(4759,88,0,514,'/a/w/awts1780654-9000-white-copper-front_1.jpg'),(4760,89,0,514,'/a/w/awts1780654-9000-white-copper-front_1.jpg'),(4761,119,0,514,'awts17806549000whitecopper-artyape01'),(4762,122,0,514,'0'),(4763,106,0,514,'container2'),(4764,73,0,515,'DRESSED APE 01'),(4765,136,0,515,'100% 2-ply cotton'),(4766,138,0,515,'italy'),(4767,119,0,515,'ash17804009900black-dressedape01'),(4768,122,0,515,'0'),(4769,106,0,515,'container2'),(4770,73,0,516,'DRESSED APE 01'),(4771,136,0,516,'100% 2-ply cotton'),(4772,138,0,516,'Italy'),(4773,119,0,516,'ash17804009000white-dressedape01'),(4774,122,0,516,'0'),(4775,106,0,516,'container2'),(4776,73,0,517,'LONG APE 01'),(4777,136,0,517,'100% wool '),(4778,138,0,517,'Turkey'),(4779,87,0,517,'/a/j/aja1780200-6000-indigo-front_1.jpg'),(4780,88,0,517,'/a/j/aja1780200-6000-indigo-front_1.jpg'),(4781,89,0,517,'/a/j/aja1780200-6000-indigo-front_1.jpg'),(4782,119,0,517,'aja17802006000indigo-longape01'),(4783,122,0,517,'0'),(4784,106,0,517,'container2'),(4785,73,0,518,'BALANCED APE 01'),(4786,136,0,518,'100% wool '),(4787,138,0,518,'Turkey '),(4788,119,0,518,'awja17802509900black-balancedape01'),(4789,122,0,518,'0'),(4790,106,0,518,'container2'),(4791,73,0,519,'SMOKIN APE 01'),(4792,136,0,519,'100% cool wool'),(4793,138,0,519,'Turkey'),(4794,87,0,519,'/a/j/aja1780208-9900-black-front.jpg'),(4795,88,0,519,'/a/j/aja1780208-9900-black-front.jpg'),(4796,89,0,519,'/a/j/aja1780208-9900-black-front.jpg'),(4797,119,0,519,'aja17802089900black-smokinape01'),(4798,122,0,519,'0'),(4799,106,0,519,'container2'),(4800,73,0,520,'VIRGIN APE 01'),(4801,136,0,520,'100% cool wool'),(4802,138,0,520,'Turkey'),(4803,87,0,520,'/h/t/httpshop.saint-ape.com__productimagesawja1780256-9900-blackawja1780256-9900-black-front.jpg'),(4804,88,0,520,'/h/t/httpshop.saint-ape.com__productimagesawja1780256-9900-blackawja1780256-9900-black-front.jpg'),(4805,89,0,520,'/h/t/httpshop.saint-ape.com__productimagesawja1780256-9900-blackawja1780256-9900-black-front.jpg'),(4806,119,0,520,'awja17802569900black-virginape01'),(4807,122,0,520,'0'),(4808,106,0,520,'container2'),(4809,73,0,521,'FLYING APE 01'),(4810,136,0,521,'100% nylon'),(4811,138,0,521,'Turkey'),(4812,87,0,521,'/h/t/httpshop.saint-ape.com__productimagesawja1780252-9909-copperawja1780252-9909-copper-front.jpg'),(4813,88,0,521,'/h/t/httpshop.saint-ape.com__productimagesawja1780252-9909-copperawja1780252-9909-copper-front.jpg'),(4814,89,0,521,'/h/t/httpshop.saint-ape.com__productimagesawja1780252-9909-copperawja1780252-9909-copper-front.jpg'),(4815,119,0,521,'awja17802529909copper-flyingape01'),(4816,122,0,521,'0'),(4817,106,0,521,'container2'),(4818,73,0,522,'BONOBO 01 TAPERED'),(4819,136,0,522,'100% cotton'),(4820,87,0,522,'/a/t/atr1780001-bonobo-tapered-idg-front.jpg'),(4821,88,0,522,'/a/t/atr1780001-bonobo-tapered-idg-front.jpg'),(4822,89,0,522,'/a/t/atr1780001-bonobo-tapered-idg-front.jpg'),(4823,119,0,522,'atr1780001bonobotaperedidg-bonobo01tapered'),(4824,122,0,522,'0'),(4825,106,0,522,'container2'),(4826,73,0,523,'BONOBO 01 TAPERED'),(4827,136,0,523,'100% cotton'),(4828,138,0,523,'Portugal'),(4829,119,0,523,'atr1780001bonobotaperedbbb-bonobo01tapered'),(4830,122,0,523,'0'),(4831,106,0,523,'container2'),(4832,73,0,524,'GIBBON 01 SKINNY'),(4833,136,0,524,'100% cotton'),(4834,138,0,524,'Portugal'),(4835,87,0,524,'/h/t/httpshop.saint-ape.com__productimagesatr1780002-gibbon-skinnny-sbbatr1780002-gibbon-skinnny-sbb-front.jpg'),(4836,88,0,524,'/h/t/httpshop.saint-ape.com__productimagesatr1780002-gibbon-skinnny-sbbatr1780002-gibbon-skinnny-sbb-front.jpg'),(4837,89,0,524,'/h/t/httpshop.saint-ape.com__productimagesatr1780002-gibbon-skinnny-sbbatr1780002-gibbon-skinnny-sbb-front.jpg'),(4838,119,0,524,'atr1780002gibbonskinnnysbb-gibbon01skinny'),(4839,122,0,524,'0'),(4840,106,0,524,'container2'),(4841,73,0,525,'GIBBON 01 SKINNY'),(4842,136,0,525,'100% cotton'),(4843,138,0,525,'Portugal'),(4844,119,0,525,'atr1780002gibbonskinnnyidg-gibbon01skinny'),(4845,122,0,525,'0'),(4846,106,0,525,'container2'),(4847,73,0,526,'SIMIAN 01 STRAIGHT'),(4848,136,0,526,'100% cotton'),(4849,138,0,526,'Portugal'),(4850,87,0,526,'/a/t/atr1780003-simian-straight-bbw-front.jpg'),(4851,88,0,526,'/a/t/atr1780003-simian-straight-bbw-front.jpg'),(4852,89,0,526,'/a/t/atr1780003-simian-straight-bbw-front.jpg'),(4853,119,0,526,'atr1780003simianstraightbbw-simian01straight'),(4854,122,0,526,'0'),(4855,106,0,526,'container2'),(4856,73,0,527,'SKINNY APE 01'),(4857,136,0,527,'100% cotton'),(4858,138,0,527,'Portugal'),(4859,87,0,527,'/h/t/httpshop.saint-ape.com__productimagesatr1780050-skinny-ape-bgwatr1780050-skinny-ape-bgw-front.jpg'),(4860,88,0,527,'/h/t/httpshop.saint-ape.com__productimagesatr1780050-skinny-ape-bgwatr1780050-skinny-ape-bgw-front.jpg'),(4861,89,0,527,'/h/t/httpshop.saint-ape.com__productimagesatr1780050-skinny-ape-bgwatr1780050-skinny-ape-bgw-front.jpg'),(4862,119,0,527,'atr1780050skinnyapebgw-skinnyape01'),(4863,122,0,527,'0'),(4864,106,0,527,'container2'),(4865,73,0,528,'SKINNY APE 01'),(4866,119,0,528,'atr1780050skinnyapeidg-skinnyape01'),(4867,122,0,528,'0'),(4868,106,0,528,'container2'),(4869,73,0,529,'NIM CHIMSKY 01'),(4870,136,0,529,'100% cotton'),(4871,138,0,529,'Portugal'),(4872,119,0,529,'awtr1780154nimchimskybbi-nimchimsky01'),(4873,122,0,529,'0'),(4874,106,0,529,'container2'),(4875,132,0,517,'0'),(4879,132,0,500,'0'),(4886,132,0,501,'0'),(4890,132,0,504,'0'),(4894,132,0,526,'0'),(4898,132,0,519,'0'),(4902,132,0,522,'0'),(4909,132,0,514,'0'),(4913,132,0,513,'0'),(4932,132,0,527,'0'),(4936,132,0,528,'0'),(4937,132,0,529,'0'),(4938,132,0,525,'0'),(4939,132,0,524,'0'),(4943,132,0,523,'0'),(4944,73,0,530,'BRUT APE 01 - m'),(4945,119,0,530,'aja17802069900brutnubbuckblackm-brutape01m'),(4946,122,0,530,'0'),(4947,106,0,530,'container2'),(4948,73,0,531,'BRUT APE 01 - l'),(4949,119,0,531,'aja17802069900brutnubbuckblackl-brutape01l'),(4950,122,0,531,'0'),(4951,106,0,531,'container2'),(4952,73,0,532,'BRUT APE 01 - xl'),(4953,119,0,532,'aja17802069900brutnubbuckblackxl-brutape01xl'),(4954,122,0,532,'0'),(4955,106,0,532,'container2'),(4956,73,0,533,'BRUT APE 01'),(4957,136,0,533,'100%leather'),(4958,138,0,533,'India'),(4959,119,0,533,'aja17802069900brutnubbuckblack-brutape01'),(4960,122,0,533,'0'),(4961,106,0,533,'container2'),(5190,132,0,533,'0'),(5191,87,0,533,'/a/j/aja1780206-9900-brut-nubuck-black-front.jpg'),(5192,88,0,533,'/a/j/aja1780206-9900-brut-nubuck-black-front.jpg'),(5193,89,0,533,'/a/j/aja1780206-9900-brut-nubuck-black-front.jpg'),(5197,132,0,532,'0'),(5198,132,0,531,'0'),(5199,132,0,530,'0'),(5200,132,0,518,'0'),(5204,114,0,532,'IN'),(5206,87,0,516,'/a/s/ash1780400-9000-white-vrijstaand.jpg'),(5207,88,0,516,'/a/s/ash1780400-9000-white-vrijstaand.jpg'),(5208,89,0,516,'/a/s/ash1780400-9000-white-vrijstaand.jpg'),(5209,132,0,516,'0'),(5213,87,0,525,'/a/t/atr1780002-gibbon-skinnny-sbb-front.jpg'),(5214,88,0,525,'/a/t/atr1780002-gibbon-skinnny-sbb-front.jpg'),(5215,89,0,525,'/a/t/atr1780002-gibbon-skinnny-sbb-front.jpg'),(5234,132,0,508,'0'),(5238,132,0,503,'0'),(5242,87,0,515,'/a/s/ash1780400-9900-black-front.jpg'),(5243,88,0,515,'/a/s/ash1780400-9900-black-front.jpg'),(5244,89,0,515,'/a/s/ash1780400-9900-black-front.jpg'),(5245,132,0,515,'0'),(5249,132,0,506,'0'),(5265,132,0,318,'0'),(5266,132,0,319,'0'),(5267,132,0,320,'0'),(5295,132,0,505,'0'),(5305,132,0,502,'0'),(5315,132,0,507,'0'),(5328,132,0,509,'0'),(5332,132,0,510,'0'),(5339,132,0,512,'0'),(5343,132,0,511,'0'),(5356,132,0,520,'0'),(5363,132,0,521,'0'),(5385,132,0,327,'0'),(5386,132,0,328,'0'),(5387,132,0,333,'0'),(5388,132,0,343,'0'),(5499,132,0,347,'0');

--
-- Table structure for table `catalog_product_frontend_action`
--

CREATE TABLE `catalog_product_frontend_action` (
  `action_id` bigint(20) unsigned NOT NULL AUTO_INCREMENT COMMENT 'Product Action Id',
  `type_id` varchar(64) NOT NULL COMMENT 'Type of product action',
  `visitor_id` int(10) unsigned DEFAULT NULL COMMENT 'Visitor Id',
  `customer_id` int(10) unsigned DEFAULT NULL COMMENT 'Customer Id',
  `product_id` int(10) unsigned NOT NULL COMMENT 'Product Id',
  `added_at` bigint(20) NOT NULL COMMENT 'Added At',
  PRIMARY KEY (`action_id`),
  UNIQUE KEY `CATALOG_PRODUCT_FRONTEND_ACTION_VISITOR_ID_PRODUCT_ID_TYPE_ID` (`visitor_id`,`product_id`,`type_id`),
  UNIQUE KEY `CATALOG_PRODUCT_FRONTEND_ACTION_CUSTOMER_ID_PRODUCT_ID_TYPE_ID` (`customer_id`,`product_id`,`type_id`),
  CONSTRAINT `CAT_PRD_FRONTEND_ACTION_CSTR_ID_CSTR_ENTT_ENTT_ID` FOREIGN KEY (`customer_id`) REFERENCES `customer_entity` (`entity_id`) ON DELETE CASCADE
) ENGINE=InnoDB DEFAULT CHARSET=utf8 COMMENT='Catalog Product Frontend Action Table';

--
-- Dumping data for table `catalog_product_frontend_action`
--


--
-- Table structure for table `catalog_product_index_eav`
--

CREATE TABLE `catalog_product_index_eav` (
  `entity_id` int(10) unsigned NOT NULL COMMENT 'Entity ID',
  `attribute_id` smallint(5) unsigned NOT NULL COMMENT 'Attribute ID',
  `store_id` smallint(5) unsigned NOT NULL COMMENT 'Store ID',
  `value` int(10) unsigned NOT NULL COMMENT 'Value',
  `source_id` int(10) unsigned NOT NULL DEFAULT '0' COMMENT 'Original entity Id for attribute value',
  PRIMARY KEY (`entity_id`,`attribute_id`,`store_id`,`value`,`source_id`),
  KEY `CATALOG_PRODUCT_INDEX_EAV_ATTRIBUTE_ID` (`attribute_id`),
  KEY `CATALOG_PRODUCT_INDEX_EAV_STORE_ID` (`store_id`),
  KEY `CATALOG_PRODUCT_INDEX_EAV_VALUE` (`value`)
) ENGINE=InnoDB DEFAULT CHARSET=utf8 COMMENT='Catalog Product EAV Index Table';

--
-- Dumping data for table `catalog_product_index_eav`
--

INSERT INTO `catalog_product_index_eav` VALUES (500,93,1,8,500),(501,93,1,8,501),(502,93,1,8,502),(503,93,1,8,503),(504,93,1,8,504),(505,93,1,8,505),(506,93,1,9,506),(507,93,1,8,507),(508,93,1,8,508),(509,93,1,8,509),(510,93,1,8,510),(511,93,1,9,511),(512,93,1,8,512),(513,93,1,9,513),(514,93,1,9,514),(515,93,1,8,515),(516,93,1,9,516),(517,93,1,11,517),(519,93,1,8,519),(520,93,1,8,520),(521,93,1,12,521),(522,93,1,11,522),(524,93,1,8,524),(525,93,1,11,525),(526,93,1,8,526),(527,93,1,8,527),(532,93,1,8,532),(533,93,1,8,532),(533,93,1,8,533),(315,99,1,4,315),(316,99,1,4,316),(317,99,1,4,317),(318,99,1,4,318),(319,99,1,4,319),(320,99,1,4,320),(321,99,1,4,321),(322,99,1,4,322),(323,99,1,4,323),(324,99,1,4,324),(325,99,1,4,325),(326,99,1,4,326),(327,99,1,4,327),(328,99,1,4,328),(329,99,1,4,329),(330,99,1,4,330),(331,99,1,4,331),(332,99,1,4,332),(333,99,1,4,333),(334,99,1,4,334),(335,99,1,4,335),(336,99,1,4,336),(337,99,1,4,337),(338,99,1,4,338),(339,99,1,4,339),(340,99,1,4,340),(341,99,1,4,341),(342,99,1,4,342),(343,99,1,4,343),(344,99,1,4,344),(345,99,1,4,345),(346,99,1,4,346),(347,99,1,4,347),(348,99,1,4,348),(349,99,1,4,349),(350,99,1,4,350),(351,99,1,4,351),(352,99,1,4,352),(353,99,1,4,353),(354,99,1,4,354),(355,99,1,4,355),(356,99,1,4,356),(357,99,1,4,357),(358,99,1,4,358),(359,99,1,4,359),(360,99,1,4,360),(361,99,1,4,361),(362,99,1,4,362),(363,99,1,4,363),(364,99,1,4,364),(365,99,1,4,365),(366,99,1,4,366),(367,99,1,4,367),(368,99,1,4,368),(369,99,1,4,369),(370,99,1,4,370),(371,99,1,4,371),(372,99,1,4,372),(373,99,1,4,373),(374,99,1,4,374),(375,99,1,4,375),(376,99,1,4,376),(377,99,1,4,377),(378,99,1,4,378),(379,99,1,4,379),(380,99,1,4,380),(381,99,1,4,381),(382,99,1,4,382),(383,99,1,4,383),(384,99,1,4,384),(385,99,1,4,385),(386,99,1,4,386),(387,99,1,4,387),(388,99,1,4,388),(389,99,1,4,389),(390,99,1,4,390),(391,99,1,4,391),(392,99,1,4,392),(393,99,1,4,393),(394,99,1,4,394),(395,99,1,4,395),(396,99,1,4,396),(397,99,1,4,397),(398,99,1,4,398),(399,99,1,4,399),(400,99,1,4,400),(401,99,1,4,401),(402,99,1,4,402),(403,99,1,4,403),(404,99,1,4,404),(405,99,1,4,405),(406,99,1,4,406),(407,99,1,4,407),(408,99,1,4,408),(409,99,1,4,409),(410,99,1,4,410),(411,99,1,4,411),(412,99,1,4,412),(413,99,1,4,413),(414,99,1,4,414),(415,99,1,4,415),(416,99,1,4,416),(417,99,1,4,417),(418,99,1,4,418),(419,99,1,4,419),(420,99,1,4,420),(421,99,1,4,421),(422,99,1,4,422),(423,99,1,4,423),(424,99,1,4,424),(425,99,1,4,425),(426,99,1,4,426),(427,99,1,4,427),(428,99,1,4,428),(429,99,1,4,429),(430,99,1,4,430),(431,99,1,4,431),(432,99,1,4,432),(433,99,1,4,433),(434,99,1,4,434),(435,99,1,4,435),(436,99,1,4,436),(437,99,1,4,437),(438,99,1,4,438),(439,99,1,4,439),(440,99,1,4,440),(441,99,1,4,441),(442,99,1,4,442),(443,99,1,4,443),(444,99,1,4,444),(445,99,1,4,445),(446,99,1,4,446),(447,99,1,4,447),(448,99,1,4,448),(449,99,1,4,449),(450,99,1,4,450),(451,99,1,4,451),(452,99,1,4,452),(453,99,1,4,453),(454,99,1,4,454),(455,99,1,4,455),(456,99,1,4,456),(457,99,1,4,457),(458,99,1,4,458),(459,99,1,4,459),(460,99,1,4,460),(461,99,1,4,461),(462,99,1,4,462),(463,99,1,4,463),(464,99,1,4,464),(465,99,1,4,465),(466,99,1,4,466),(467,99,1,4,467),(468,99,1,4,468),(469,99,1,4,469),(470,99,1,4,470),(471,99,1,4,471),(472,99,1,4,472),(473,99,1,4,473),(474,99,1,4,474),(475,99,1,4,475),(476,99,1,4,476),(477,99,1,4,477),(478,99,1,4,478),(479,99,1,4,479),(480,99,1,4,480),(481,99,1,4,481),(482,99,1,4,482),(483,99,1,4,483),(484,99,1,4,484),(485,99,1,4,485),(486,99,1,4,486),(487,99,1,4,487),(488,99,1,4,488),(489,99,1,4,489),(490,99,1,4,490),(491,99,1,4,491),(492,99,1,4,492),(493,99,1,4,493),(494,99,1,4,494),(495,99,1,4,495),(496,99,1,4,496),(497,99,1,4,497),(498,99,1,4,498),(499,99,1,4,499),(500,99,1,4,315),(500,99,1,4,316),(500,99,1,4,317),(500,99,1,4,500),(501,99,1,4,318),(501,99,1,4,319),(501,99,1,4,320),(501,99,1,4,501),(502,99,1,4,321),(502,99,1,4,322),(502,99,1,4,323),(502,99,1,4,502),(503,99,1,4,324),(503,99,1,4,325),(503,99,1,4,326),(503,99,1,4,503),(504,99,1,4,327),(504,99,1,4,328),(504,99,1,4,329),(504,99,1,4,504),(505,99,1,4,330),(505,99,1,4,331),(505,99,1,4,332),(505,99,1,4,505),(506,99,1,4,333),(506,99,1,4,334),(506,99,1,4,335),(506,99,1,4,506),(507,99,1,4,336),(507,99,1,4,337),(507,99,1,4,338),(507,99,1,4,507),(508,99,1,4,339),(508,99,1,4,340),(508,99,1,4,341),(508,99,1,4,508),(509,99,1,4,342),(509,99,1,4,343),(509,99,1,4,344),(509,99,1,4,509),(510,99,1,4,345),(510,99,1,4,346),(510,99,1,4,347),(510,99,1,4,348),(510,99,1,4,510),(511,99,1,4,349),(511,99,1,4,350),(511,99,1,4,351),(511,99,1,4,352),(511,99,1,4,511),(512,99,1,4,353),(512,99,1,4,354),(512,99,1,4,355),(512,99,1,4,356),(512,99,1,4,512),(513,99,1,4,357),(513,99,1,4,358),(513,99,1,4,359),(513,99,1,4,360),(513,99,1,4,513),(514,99,1,4,361),(514,99,1,4,362),(514,99,1,4,363),(514,99,1,4,364),(514,99,1,4,514),(515,99,1,4,365),(515,99,1,4,366),(515,99,1,4,367),(515,99,1,4,368),(515,99,1,4,515),(516,99,1,4,369),(516,99,1,4,370),(516,99,1,4,371),(516,99,1,4,372),(516,99,1,4,516),(517,99,1,4,373),(517,99,1,4,374),(517,99,1,4,375),(517,99,1,4,517),(519,99,1,4,379),(519,99,1,4,380),(519,99,1,4,381),(519,99,1,4,519),(520,99,1,4,382),(520,99,1,4,383),(520,99,1,4,520),(521,99,1,4,384),(521,99,1,4,385),(521,99,1,4,521),(522,99,1,4,386),(522,99,1,4,387),(522,99,1,4,388),(522,99,1,4,389),(522,99,1,4,390),(522,99,1,4,391),(522,99,1,4,392),(522,99,1,4,393),(522,99,1,4,394),(522,99,1,4,395),(522,99,1,4,396),(522,99,1,4,397),(522,99,1,4,522),(524,99,1,4,410),(524,99,1,4,411),(524,99,1,4,412),(524,99,1,4,413),(524,99,1,4,414),(524,99,1,4,415),(524,99,1,4,416),(524,99,1,4,417),(524,99,1,4,418),(524,99,1,4,419),(524,99,1,4,420),(524,99,1,4,421),(524,99,1,4,524),(525,99,1,4,422),(525,99,1,4,423),(525,99,1,4,424),(525,99,1,4,425),(525,99,1,4,426),(525,99,1,4,427),(525,99,1,4,428),(525,99,1,4,429),(525,99,1,4,430),(525,99,1,4,431),(525,99,1,4,432),(525,99,1,4,433),(525,99,1,4,525),(526,99,1,4,434),(526,99,1,4,435),(526,99,1,4,436),(526,99,1,4,437),(526,99,1,4,438),(526,99,1,4,439),(526,99,1,4,440),(526,99,1,4,441),(526,99,1,4,442),(526,99,1,4,443),(526,99,1,4,444),(526,99,1,4,445),(526,99,1,4,526),(527,99,1,4,446),(527,99,1,4,447),(527,99,1,4,448),(527,99,1,4,449),(527,99,1,4,450),(527,99,1,4,451),(527,99,1,4,452),(527,99,1,4,453),(527,99,1,4,454),(527,99,1,4,455),(527,99,1,4,456),(527,99,1,4,457),(527,99,1,4,458),(527,99,1,4,459),(527,99,1,4,460),(527,99,1,4,461),(527,99,1,4,462),(527,99,1,4,463),(527,99,1,4,527),(530,99,1,4,530),(531,99,1,4,531),(532,99,1,4,532),(533,99,1,4,530),(533,99,1,4,531),(533,99,1,4,532),(533,99,1,4,533);

--
-- Table structure for table `catalog_product_index_eav_decimal`
--

CREATE TABLE `catalog_product_index_eav_decimal` (
  `entity_id` int(10) unsigned NOT NULL COMMENT 'Entity ID',
  `attribute_id` smallint(5) unsigned NOT NULL COMMENT 'Attribute ID',
  `store_id` smallint(5) unsigned NOT NULL COMMENT 'Store ID',
  `value` decimal(12,4) NOT NULL COMMENT 'Value',
  `source_id` int(10) unsigned NOT NULL DEFAULT '0' COMMENT 'Original entity Id for attribute value',
  PRIMARY KEY (`entity_id`,`attribute_id`,`store_id`,`value`,`source_id`),
  KEY `CATALOG_PRODUCT_INDEX_EAV_DECIMAL_ATTRIBUTE_ID` (`attribute_id`),
  KEY `CATALOG_PRODUCT_INDEX_EAV_DECIMAL_STORE_ID` (`store_id`),
  KEY `CATALOG_PRODUCT_INDEX_EAV_DECIMAL_VALUE` (`value`)
) ENGINE=InnoDB DEFAULT CHARSET=utf8 COMMENT='Catalog Product EAV Decimal Index Table';

--
-- Dumping data for table `catalog_product_index_eav_decimal`
--


--
-- Table structure for table `catalog_product_index_eav_decimal_idx`
--

CREATE TABLE `catalog_product_index_eav_decimal_idx` (
  `entity_id` int(10) unsigned NOT NULL COMMENT 'Entity ID',
  `attribute_id` smallint(5) unsigned NOT NULL COMMENT 'Attribute ID',
  `store_id` smallint(5) unsigned NOT NULL COMMENT 'Store ID',
  `value` decimal(12,4) NOT NULL COMMENT 'Value',
  `source_id` int(10) unsigned NOT NULL DEFAULT '0' COMMENT 'Original entity Id for attribute value',
  PRIMARY KEY (`entity_id`,`attribute_id`,`store_id`,`value`,`source_id`),
  KEY `CATALOG_PRODUCT_INDEX_EAV_DECIMAL_IDX_ATTRIBUTE_ID` (`attribute_id`),
  KEY `CATALOG_PRODUCT_INDEX_EAV_DECIMAL_IDX_STORE_ID` (`store_id`),
  KEY `CATALOG_PRODUCT_INDEX_EAV_DECIMAL_IDX_VALUE` (`value`)
) ENGINE=InnoDB DEFAULT CHARSET=utf8 COMMENT='Catalog Product EAV Decimal Indexer Index Table';

--
-- Dumping data for table `catalog_product_index_eav_decimal_idx`
--


--
-- Table structure for table `catalog_product_index_eav_decimal_replica`
--

CREATE TABLE `catalog_product_index_eav_decimal_replica` (
  `entity_id` int(10) unsigned NOT NULL COMMENT 'Entity ID',
  `attribute_id` smallint(5) unsigned NOT NULL COMMENT 'Attribute ID',
  `store_id` smallint(5) unsigned NOT NULL COMMENT 'Store ID',
  `value` decimal(12,4) NOT NULL COMMENT 'Value',
  `source_id` int(10) unsigned NOT NULL DEFAULT '0' COMMENT 'Original entity Id for attribute value',
  PRIMARY KEY (`entity_id`,`attribute_id`,`store_id`,`value`,`source_id`),
  KEY `CATALOG_PRODUCT_INDEX_EAV_DECIMAL_ATTRIBUTE_ID` (`attribute_id`),
  KEY `CATALOG_PRODUCT_INDEX_EAV_DECIMAL_STORE_ID` (`store_id`),
  KEY `CATALOG_PRODUCT_INDEX_EAV_DECIMAL_VALUE` (`value`)
) ENGINE=InnoDB DEFAULT CHARSET=utf8 COMMENT='Catalog Product EAV Decimal Index Table';

--
-- Dumping data for table `catalog_product_index_eav_decimal_replica`
--


--
-- Table structure for table `catalog_product_index_eav_decimal_tmp`
--

CREATE TABLE `catalog_product_index_eav_decimal_tmp` (
  `entity_id` int(10) unsigned NOT NULL COMMENT 'Entity ID',
  `attribute_id` smallint(5) unsigned NOT NULL COMMENT 'Attribute ID',
  `store_id` smallint(5) unsigned NOT NULL COMMENT 'Store ID',
  `value` decimal(12,4) NOT NULL COMMENT 'Value',
  `source_id` int(10) unsigned NOT NULL DEFAULT '0' COMMENT 'Original entity Id for attribute value',
  PRIMARY KEY (`entity_id`,`attribute_id`,`store_id`,`value`,`source_id`),
  KEY `CATALOG_PRODUCT_INDEX_EAV_DECIMAL_TMP_ATTRIBUTE_ID` (`attribute_id`),
  KEY `CATALOG_PRODUCT_INDEX_EAV_DECIMAL_TMP_STORE_ID` (`store_id`),
  KEY `CATALOG_PRODUCT_INDEX_EAV_DECIMAL_TMP_VALUE` (`value`)
) ENGINE=MEMORY DEFAULT CHARSET=utf8 COMMENT='Catalog Product EAV Decimal Indexer Temp Table';

--
-- Dumping data for table `catalog_product_index_eav_decimal_tmp`
--


--
-- Table structure for table `catalog_product_index_eav_idx`
--

CREATE TABLE `catalog_product_index_eav_idx` (
  `entity_id` int(10) unsigned NOT NULL COMMENT 'Entity ID',
  `attribute_id` smallint(5) unsigned NOT NULL COMMENT 'Attribute ID',
  `store_id` smallint(5) unsigned NOT NULL COMMENT 'Store ID',
  `value` int(10) unsigned NOT NULL COMMENT 'Value',
  `source_id` int(10) unsigned NOT NULL DEFAULT '0' COMMENT 'Original entity Id for attribute value',
  PRIMARY KEY (`entity_id`,`attribute_id`,`store_id`,`value`,`source_id`),
  KEY `CATALOG_PRODUCT_INDEX_EAV_IDX_ATTRIBUTE_ID` (`attribute_id`),
  KEY `CATALOG_PRODUCT_INDEX_EAV_IDX_STORE_ID` (`store_id`),
  KEY `CATALOG_PRODUCT_INDEX_EAV_IDX_VALUE` (`value`)
) ENGINE=InnoDB DEFAULT CHARSET=utf8 COMMENT='Catalog Product EAV Indexer Index Table';

--
-- Dumping data for table `catalog_product_index_eav_idx`
--


--
-- Table structure for table `catalog_product_index_eav_replica`
--

CREATE TABLE `catalog_product_index_eav_replica` (
  `entity_id` int(10) unsigned NOT NULL COMMENT 'Entity ID',
  `attribute_id` smallint(5) unsigned NOT NULL COMMENT 'Attribute ID',
  `store_id` smallint(5) unsigned NOT NULL COMMENT 'Store ID',
  `value` int(10) unsigned NOT NULL COMMENT 'Value',
  `source_id` int(10) unsigned NOT NULL DEFAULT '0' COMMENT 'Original entity Id for attribute value',
  PRIMARY KEY (`entity_id`,`attribute_id`,`store_id`,`value`,`source_id`),
  KEY `CATALOG_PRODUCT_INDEX_EAV_ATTRIBUTE_ID` (`attribute_id`),
  KEY `CATALOG_PRODUCT_INDEX_EAV_STORE_ID` (`store_id`),
  KEY `CATALOG_PRODUCT_INDEX_EAV_VALUE` (`value`)
) ENGINE=InnoDB DEFAULT CHARSET=utf8 COMMENT='Catalog Product EAV Index Table';

--
-- Dumping data for table `catalog_product_index_eav_replica`
--

INSERT INTO `catalog_product_index_eav_replica` VALUES (500,93,1,8,500),(501,93,1,8,501),(502,93,1,8,502),(503,93,1,8,503),(504,93,1,8,504),(505,93,1,8,505),(506,93,1,9,506),(507,93,1,8,507),(508,93,1,8,508),(509,93,1,8,509),(510,93,1,8,510),(511,93,1,9,511),(512,93,1,8,512),(513,93,1,9,513),(514,93,1,9,514),(515,93,1,8,515),(516,93,1,9,516),(517,93,1,11,517),(519,93,1,8,519),(520,93,1,8,520),(521,93,1,12,521),(522,93,1,11,522),(524,93,1,8,524),(525,93,1,11,525),(526,93,1,8,526),(527,93,1,8,527),(532,93,1,8,532),(533,93,1,8,532),(533,93,1,8,533),(315,99,1,4,315),(316,99,1,4,316),(317,99,1,4,317),(318,99,1,4,318),(319,99,1,4,319),(320,99,1,4,320),(321,99,1,4,321),(322,99,1,4,322),(323,99,1,4,323),(324,99,1,4,324),(325,99,1,4,325),(326,99,1,4,326),(327,99,1,4,327),(328,99,1,4,328),(329,99,1,4,329),(330,99,1,4,330),(331,99,1,4,331),(332,99,1,4,332),(333,99,1,4,333),(334,99,1,4,334),(335,99,1,4,335),(336,99,1,4,336),(337,99,1,4,337),(338,99,1,4,338),(339,99,1,4,339),(340,99,1,4,340),(341,99,1,4,341),(342,99,1,4,342),(343,99,1,4,343),(344,99,1,4,344),(345,99,1,4,345),(346,99,1,4,346),(347,99,1,4,347),(348,99,1,4,348),(349,99,1,4,349),(350,99,1,4,350),(351,99,1,4,351),(352,99,1,4,352),(353,99,1,4,353),(354,99,1,4,354),(355,99,1,4,355),(356,99,1,4,356),(357,99,1,4,357),(358,99,1,4,358),(359,99,1,4,359),(360,99,1,4,360),(361,99,1,4,361),(362,99,1,4,362),(363,99,1,4,363),(364,99,1,4,364),(365,99,1,4,365),(366,99,1,4,366),(367,99,1,4,367),(368,99,1,4,368),(369,99,1,4,369),(370,99,1,4,370),(371,99,1,4,371),(372,99,1,4,372),(373,99,1,4,373),(374,99,1,4,374),(375,99,1,4,375),(376,99,1,4,376),(377,99,1,4,377),(378,99,1,4,378),(379,99,1,4,379),(380,99,1,4,380),(381,99,1,4,381),(382,99,1,4,382),(383,99,1,4,383),(384,99,1,4,384),(385,99,1,4,385),(386,99,1,4,386),(387,99,1,4,387),(388,99,1,4,388),(389,99,1,4,389),(390,99,1,4,390),(391,99,1,4,391),(392,99,1,4,392),(393,99,1,4,393),(394,99,1,4,394),(395,99,1,4,395),(396,99,1,4,396),(397,99,1,4,397),(398,99,1,4,398),(399,99,1,4,399),(400,99,1,4,400),(401,99,1,4,401),(402,99,1,4,402),(403,99,1,4,403),(404,99,1,4,404),(405,99,1,4,405),(406,99,1,4,406),(407,99,1,4,407),(408,99,1,4,408),(409,99,1,4,409),(410,99,1,4,410),(411,99,1,4,411),(412,99,1,4,412),(413,99,1,4,413),(414,99,1,4,414),(415,99,1,4,415),(416,99,1,4,416),(417,99,1,4,417),(418,99,1,4,418),(419,99,1,4,419),(420,99,1,4,420),(421,99,1,4,421),(422,99,1,4,422),(423,99,1,4,423),(424,99,1,4,424),(425,99,1,4,425),(426,99,1,4,426),(427,99,1,4,427),(428,99,1,4,428),(429,99,1,4,429),(430,99,1,4,430),(431,99,1,4,431),(432,99,1,4,432),(433,99,1,4,433),(434,99,1,4,434),(435,99,1,4,435),(436,99,1,4,436),(437,99,1,4,437),(438,99,1,4,438),(439,99,1,4,439),(440,99,1,4,440),(441,99,1,4,441),(442,99,1,4,442),(443,99,1,4,443),(444,99,1,4,444),(445,99,1,4,445),(446,99,1,4,446),(447,99,1,4,447),(448,99,1,4,448),(449,99,1,4,449),(450,99,1,4,450),(451,99,1,4,451),(452,99,1,4,452),(453,99,1,4,453),(454,99,1,4,454),(455,99,1,4,455),(456,99,1,4,456),(457,99,1,4,457),(458,99,1,4,458),(459,99,1,4,459),(460,99,1,4,460),(461,99,1,4,461),(462,99,1,4,462),(463,99,1,4,463),(464,99,1,4,464),(465,99,1,4,465),(466,99,1,4,466),(467,99,1,4,467),(468,99,1,4,468),(469,99,1,4,469),(470,99,1,4,470),(471,99,1,4,471),(472,99,1,4,472),(473,99,1,4,473),(474,99,1,4,474),(475,99,1,4,475),(476,99,1,4,476),(477,99,1,4,477),(478,99,1,4,478),(479,99,1,4,479),(480,99,1,4,480),(481,99,1,4,481),(482,99,1,4,482),(483,99,1,4,483),(484,99,1,4,484),(485,99,1,4,485),(486,99,1,4,486),(487,99,1,4,487),(488,99,1,4,488),(489,99,1,4,489),(490,99,1,4,490),(491,99,1,4,491),(492,99,1,4,492),(493,99,1,4,493),(494,99,1,4,494),(495,99,1,4,495),(496,99,1,4,496),(497,99,1,4,497),(498,99,1,4,498),(499,99,1,4,499),(500,99,1,4,315),(500,99,1,4,316),(500,99,1,4,317),(500,99,1,4,500),(501,99,1,4,318),(501,99,1,4,319),(501,99,1,4,320),(501,99,1,4,501),(502,99,1,4,321),(502,99,1,4,322),(502,99,1,4,323),(502,99,1,4,502),(503,99,1,4,324),(503,99,1,4,325),(503,99,1,4,326),(503,99,1,4,503),(504,99,1,4,327),(504,99,1,4,328),(504,99,1,4,329),(504,99,1,4,504),(505,99,1,4,330),(505,99,1,4,331),(505,99,1,4,332),(505,99,1,4,505),(506,99,1,4,333),(506,99,1,4,334),(506,99,1,4,335),(506,99,1,4,506),(507,99,1,4,336),(507,99,1,4,337),(507,99,1,4,338),(507,99,1,4,507),(508,99,1,4,339),(508,99,1,4,340),(508,99,1,4,341),(508,99,1,4,508),(509,99,1,4,342),(509,99,1,4,343),(509,99,1,4,344),(509,99,1,4,509),(510,99,1,4,345),(510,99,1,4,346),(510,99,1,4,347),(510,99,1,4,348),(510,99,1,4,510),(511,99,1,4,349),(511,99,1,4,350),(511,99,1,4,351),(511,99,1,4,352),(511,99,1,4,511),(512,99,1,4,353),(512,99,1,4,354),(512,99,1,4,355),(512,99,1,4,356),(512,99,1,4,512),(513,99,1,4,357),(513,99,1,4,358),(513,99,1,4,359),(513,99,1,4,360),(513,99,1,4,513),(514,99,1,4,361),(514,99,1,4,362),(514,99,1,4,363),(514,99,1,4,364),(514,99,1,4,514),(515,99,1,4,365),(515,99,1,4,366),(515,99,1,4,367),(515,99,1,4,368),(515,99,1,4,515),(516,99,1,4,369),(516,99,1,4,370),(516,99,1,4,371),(516,99,1,4,372),(516,99,1,4,516),(517,99,1,4,373),(517,99,1,4,374),(517,99,1,4,375),(517,99,1,4,517),(519,99,1,4,379),(519,99,1,4,380),(519,99,1,4,381),(519,99,1,4,519),(520,99,1,4,382),(520,99,1,4,383),(520,99,1,4,520),(521,99,1,4,384),(521,99,1,4,385),(521,99,1,4,521),(522,99,1,4,386),(522,99,1,4,387),(522,99,1,4,388),(522,99,1,4,389),(522,99,1,4,390),(522,99,1,4,391),(522,99,1,4,392),(522,99,1,4,393),(522,99,1,4,394),(522,99,1,4,395),(522,99,1,4,396),(522,99,1,4,397),(522,99,1,4,522),(524,99,1,4,410),(524,99,1,4,411),(524,99,1,4,412),(524,99,1,4,413),(524,99,1,4,414),(524,99,1,4,415),(524,99,1,4,416),(524,99,1,4,417),(524,99,1,4,418),(524,99,1,4,419),(524,99,1,4,420),(524,99,1,4,421),(524,99,1,4,524),(525,99,1,4,422),(525,99,1,4,423),(525,99,1,4,424),(525,99,1,4,425),(525,99,1,4,426),(525,99,1,4,427),(525,99,1,4,428),(525,99,1,4,429),(525,99,1,4,430),(525,99,1,4,431),(525,99,1,4,432),(525,99,1,4,433),(525,99,1,4,525),(526,99,1,4,434),(526,99,1,4,435),(526,99,1,4,436),(526,99,1,4,437),(526,99,1,4,438),(526,99,1,4,439),(526,99,1,4,440),(526,99,1,4,441),(526,99,1,4,442),(526,99,1,4,443),(526,99,1,4,444),(526,99,1,4,445),(526,99,1,4,526),(527,99,1,4,446),(527,99,1,4,447),(527,99,1,4,448),(527,99,1,4,449),(527,99,1,4,450),(527,99,1,4,451),(527,99,1,4,452),(527,99,1,4,453),(527,99,1,4,454),(527,99,1,4,455),(527,99,1,4,456),(527,99,1,4,457),(527,99,1,4,458),(527,99,1,4,459),(527,99,1,4,460),(527,99,1,4,461),(527,99,1,4,462),(527,99,1,4,463),(527,99,1,4,527),(530,99,1,4,530),(531,99,1,4,531),(532,99,1,4,532),(533,99,1,4,530),(533,99,1,4,531),(533,99,1,4,532),(533,99,1,4,533);

--
-- Table structure for table `catalog_product_index_eav_tmp`
--

CREATE TABLE `catalog_product_index_eav_tmp` (
  `entity_id` int(10) unsigned NOT NULL COMMENT 'Entity ID',
  `attribute_id` smallint(5) unsigned NOT NULL COMMENT 'Attribute ID',
  `store_id` smallint(5) unsigned NOT NULL COMMENT 'Store ID',
  `value` int(10) unsigned NOT NULL COMMENT 'Value',
  `source_id` int(10) unsigned NOT NULL DEFAULT '0' COMMENT 'Original entity Id for attribute value',
  PRIMARY KEY (`entity_id`,`attribute_id`,`store_id`,`value`,`source_id`),
  KEY `CATALOG_PRODUCT_INDEX_EAV_TMP_ATTRIBUTE_ID` (`attribute_id`),
  KEY `CATALOG_PRODUCT_INDEX_EAV_TMP_STORE_ID` (`store_id`),
  KEY `CATALOG_PRODUCT_INDEX_EAV_TMP_VALUE` (`value`)
) ENGINE=MEMORY DEFAULT CHARSET=utf8 COMMENT='Catalog Product EAV Indexer Temp Table';

--
-- Dumping data for table `catalog_product_index_eav_tmp`
--


--
-- Table structure for table `catalog_product_index_price`
--

CREATE TABLE `catalog_product_index_price` (
  `entity_id` int(10) unsigned NOT NULL COMMENT 'Entity ID',
  `customer_group_id` int(10) unsigned NOT NULL COMMENT 'Customer Group ID',
  `website_id` smallint(5) unsigned NOT NULL COMMENT 'Website ID',
  `tax_class_id` smallint(5) unsigned DEFAULT '0' COMMENT 'Tax Class ID',
  `price` decimal(12,4) DEFAULT NULL COMMENT 'Price',
  `final_price` decimal(12,4) DEFAULT NULL COMMENT 'Final Price',
  `min_price` decimal(12,4) DEFAULT NULL COMMENT 'Min Price',
  `max_price` decimal(12,4) DEFAULT NULL COMMENT 'Max Price',
  `tier_price` decimal(12,4) DEFAULT NULL COMMENT 'Tier Price',
  PRIMARY KEY (`entity_id`,`customer_group_id`,`website_id`),
  KEY `CATALOG_PRODUCT_INDEX_PRICE_CUSTOMER_GROUP_ID` (`customer_group_id`),
  KEY `CATALOG_PRODUCT_INDEX_PRICE_MIN_PRICE` (`min_price`),
  KEY `CAT_PRD_IDX_PRICE_WS_ID_CSTR_GROUP_ID_MIN_PRICE` (`website_id`,`customer_group_id`,`min_price`)
) ENGINE=InnoDB DEFAULT CHARSET=utf8 COMMENT='Catalog Product Price Index Table';

--
-- Dumping data for table `catalog_product_index_price`
--

INSERT INTO `catalog_product_index_price` VALUES (315,0,1,2,749.0000,749.0000,749.0000,749.0000,NULL),(315,1,1,2,749.0000,749.0000,749.0000,749.0000,NULL),(315,2,1,2,749.0000,749.0000,749.0000,749.0000,NULL),(315,3,1,2,749.0000,749.0000,749.0000,749.0000,NULL),(316,0,1,2,749.0000,749.0000,749.0000,749.0000,NULL),(316,1,1,2,749.0000,749.0000,749.0000,749.0000,NULL),(316,2,1,2,749.0000,749.0000,749.0000,749.0000,NULL),(316,3,1,2,749.0000,749.0000,749.0000,749.0000,NULL),(317,0,1,2,749.0000,749.0000,749.0000,749.0000,NULL),(317,1,1,2,749.0000,749.0000,749.0000,749.0000,NULL),(317,2,1,2,749.0000,749.0000,749.0000,749.0000,NULL),(317,3,1,2,749.0000,749.0000,749.0000,749.0000,NULL),(318,0,1,2,749.0000,749.0000,749.0000,749.0000,NULL),(318,1,1,2,749.0000,749.0000,749.0000,749.0000,NULL),(318,2,1,2,749.0000,749.0000,749.0000,749.0000,NULL),(318,3,1,2,749.0000,749.0000,749.0000,749.0000,NULL),(319,0,1,2,749.0000,749.0000,749.0000,749.0000,NULL),(319,1,1,2,749.0000,749.0000,749.0000,749.0000,NULL),(319,2,1,2,749.0000,749.0000,749.0000,749.0000,NULL),(319,3,1,2,749.0000,749.0000,749.0000,749.0000,NULL),(320,0,1,2,749.0000,749.0000,749.0000,749.0000,NULL),(320,1,1,2,749.0000,749.0000,749.0000,749.0000,NULL),(320,2,1,2,749.0000,749.0000,749.0000,749.0000,NULL),(320,3,1,2,749.0000,749.0000,749.0000,749.0000,NULL),(321,0,1,2,799.0000,799.0000,799.0000,799.0000,NULL),(321,1,1,2,799.0000,799.0000,799.0000,799.0000,NULL),(321,2,1,2,799.0000,799.0000,799.0000,799.0000,NULL),(321,3,1,2,799.0000,799.0000,799.0000,799.0000,NULL),(322,0,1,2,799.0000,799.0000,799.0000,799.0000,NULL),(322,1,1,2,799.0000,799.0000,799.0000,799.0000,NULL),(322,2,1,2,799.0000,799.0000,799.0000,799.0000,NULL),(322,3,1,2,799.0000,799.0000,799.0000,799.0000,NULL),(323,0,1,2,799.0000,799.0000,799.0000,799.0000,NULL),(323,1,1,2,799.0000,799.0000,799.0000,799.0000,NULL),(323,2,1,2,799.0000,799.0000,799.0000,799.0000,NULL),(323,3,1,2,799.0000,799.0000,799.0000,799.0000,NULL),(324,0,1,2,649.0000,649.0000,649.0000,649.0000,NULL),(324,1,1,2,649.0000,649.0000,649.0000,649.0000,NULL),(324,2,1,2,649.0000,649.0000,649.0000,649.0000,NULL),(324,3,1,2,649.0000,649.0000,649.0000,649.0000,NULL),(325,0,1,2,649.0000,649.0000,649.0000,649.0000,NULL),(325,1,1,2,649.0000,649.0000,649.0000,649.0000,NULL),(325,2,1,2,649.0000,649.0000,649.0000,649.0000,NULL),(325,3,1,2,649.0000,649.0000,649.0000,649.0000,NULL),(326,0,1,2,649.0000,649.0000,649.0000,649.0000,NULL),(326,1,1,2,649.0000,649.0000,649.0000,649.0000,NULL),(326,2,1,2,649.0000,649.0000,649.0000,649.0000,NULL),(326,3,1,2,649.0000,649.0000,649.0000,649.0000,NULL),(327,0,1,2,849.0000,849.0000,849.0000,849.0000,NULL),(327,1,1,2,849.0000,849.0000,849.0000,849.0000,NULL),(327,2,1,2,849.0000,849.0000,849.0000,849.0000,NULL),(327,3,1,2,849.0000,849.0000,849.0000,849.0000,NULL),(328,0,1,2,849.0000,849.0000,849.0000,849.0000,NULL),(328,1,1,2,849.0000,849.0000,849.0000,849.0000,NULL),(328,2,1,2,849.0000,849.0000,849.0000,849.0000,NULL),(328,3,1,2,849.0000,849.0000,849.0000,849.0000,NULL),(329,0,1,2,849.0000,849.0000,849.0000,849.0000,NULL),(329,1,1,2,849.0000,849.0000,849.0000,849.0000,NULL),(329,2,1,2,849.0000,849.0000,849.0000,849.0000,NULL),(329,3,1,2,849.0000,849.0000,849.0000,849.0000,NULL),(330,0,1,2,749.0000,749.0000,749.0000,749.0000,NULL),(330,1,1,2,749.0000,749.0000,749.0000,749.0000,NULL),(330,2,1,2,749.0000,749.0000,749.0000,749.0000,NULL),(330,3,1,2,749.0000,749.0000,749.0000,749.0000,NULL),(331,0,1,2,749.0000,749.0000,749.0000,749.0000,NULL),(331,1,1,2,749.0000,749.0000,749.0000,749.0000,NULL),(331,2,1,2,749.0000,749.0000,749.0000,749.0000,NULL),(331,3,1,2,749.0000,749.0000,749.0000,749.0000,NULL),(332,0,1,2,749.0000,749.0000,749.0000,749.0000,NULL),(332,1,1,2,749.0000,749.0000,749.0000,749.0000,NULL),(332,2,1,2,749.0000,749.0000,749.0000,749.0000,NULL),(332,3,1,2,749.0000,749.0000,749.0000,749.0000,NULL),(333,0,1,2,799.0000,799.0000,799.0000,799.0000,NULL),(333,1,1,2,799.0000,799.0000,799.0000,799.0000,NULL),(333,2,1,2,799.0000,799.0000,799.0000,799.0000,NULL),(333,3,1,2,799.0000,799.0000,799.0000,799.0000,NULL),(334,0,1,2,799.0000,799.0000,799.0000,799.0000,NULL),(334,1,1,2,799.0000,799.0000,799.0000,799.0000,NULL),(334,2,1,2,799.0000,799.0000,799.0000,799.0000,NULL),(334,3,1,2,799.0000,799.0000,799.0000,799.0000,NULL),(335,0,1,2,799.0000,799.0000,799.0000,799.0000,NULL),(335,1,1,2,799.0000,799.0000,799.0000,799.0000,NULL),(335,2,1,2,799.0000,799.0000,799.0000,799.0000,NULL),(335,3,1,2,799.0000,799.0000,799.0000,799.0000,NULL),(336,0,1,2,599.0000,599.0000,599.0000,599.0000,NULL),(336,1,1,2,599.0000,599.0000,599.0000,599.0000,NULL),(336,2,1,2,599.0000,599.0000,599.0000,599.0000,NULL),(336,3,1,2,599.0000,599.0000,599.0000,599.0000,NULL),(337,0,1,2,599.0000,599.0000,599.0000,599.0000,NULL),(337,1,1,2,599.0000,599.0000,599.0000,599.0000,NULL),(337,2,1,2,599.0000,599.0000,599.0000,599.0000,NULL),(337,3,1,2,599.0000,599.0000,599.0000,599.0000,NULL),(338,0,1,2,599.0000,599.0000,599.0000,599.0000,NULL),(338,1,1,2,599.0000,599.0000,599.0000,599.0000,NULL),(338,2,1,2,599.0000,599.0000,599.0000,599.0000,NULL),(338,3,1,2,599.0000,599.0000,599.0000,599.0000,NULL),(339,0,1,2,799.0000,799.0000,799.0000,799.0000,NULL),(339,1,1,2,799.0000,799.0000,799.0000,799.0000,NULL),(339,2,1,2,799.0000,799.0000,799.0000,799.0000,NULL),(339,3,1,2,799.0000,799.0000,799.0000,799.0000,NULL),(340,0,1,2,799.0000,799.0000,799.0000,799.0000,NULL),(340,1,1,2,799.0000,799.0000,799.0000,799.0000,NULL),(340,2,1,2,799.0000,799.0000,799.0000,799.0000,NULL),(340,3,1,2,799.0000,799.0000,799.0000,799.0000,NULL),(341,0,1,2,799.0000,799.0000,799.0000,799.0000,NULL),(341,1,1,2,799.0000,799.0000,799.0000,799.0000,NULL),(341,2,1,2,799.0000,799.0000,799.0000,799.0000,NULL),(341,3,1,2,799.0000,799.0000,799.0000,799.0000,NULL),(342,0,1,2,749.0000,749.0000,749.0000,749.0000,NULL),(342,1,1,2,749.0000,749.0000,749.0000,749.0000,NULL),(342,2,1,2,749.0000,749.0000,749.0000,749.0000,NULL),(342,3,1,2,749.0000,749.0000,749.0000,749.0000,NULL),(343,0,1,2,749.0000,749.0000,749.0000,749.0000,NULL),(343,1,1,2,749.0000,749.0000,749.0000,749.0000,NULL),(343,2,1,2,749.0000,749.0000,749.0000,749.0000,NULL),(343,3,1,2,749.0000,749.0000,749.0000,749.0000,NULL),(344,0,1,2,749.0000,749.0000,749.0000,749.0000,NULL),(344,1,1,2,749.0000,749.0000,749.0000,749.0000,NULL),(344,2,1,2,749.0000,749.0000,749.0000,749.0000,NULL),(344,3,1,2,749.0000,749.0000,749.0000,749.0000,NULL),(345,0,1,2,159.0000,159.0000,159.0000,159.0000,NULL),(345,1,1,2,159.0000,159.0000,159.0000,159.0000,NULL),(345,2,1,2,159.0000,159.0000,159.0000,159.0000,NULL),(345,3,1,2,159.0000,159.0000,159.0000,159.0000,NULL),(346,0,1,2,159.0000,159.0000,159.0000,159.0000,NULL),(346,1,1,2,159.0000,159.0000,159.0000,159.0000,NULL),(346,2,1,2,159.0000,159.0000,159.0000,159.0000,NULL),(346,3,1,2,159.0000,159.0000,159.0000,159.0000,NULL),(347,0,1,2,159.0000,159.0000,159.0000,159.0000,NULL),(347,1,1,2,159.0000,159.0000,159.0000,159.0000,NULL),(347,2,1,2,159.0000,159.0000,159.0000,159.0000,NULL),(347,3,1,2,159.0000,159.0000,159.0000,159.0000,NULL),(348,0,1,2,159.0000,159.0000,159.0000,159.0000,NULL),(348,1,1,2,159.0000,159.0000,159.0000,159.0000,NULL),(348,2,1,2,159.0000,159.0000,159.0000,159.0000,NULL),(348,3,1,2,159.0000,159.0000,159.0000,159.0000,NULL),(349,0,1,2,159.0000,159.0000,159.0000,159.0000,NULL),(349,1,1,2,159.0000,159.0000,159.0000,159.0000,NULL),(349,2,1,2,159.0000,159.0000,159.0000,159.0000,NULL),(349,3,1,2,159.0000,159.0000,159.0000,159.0000,NULL),(350,0,1,2,159.0000,159.0000,159.0000,159.0000,NULL),(350,1,1,2,159.0000,159.0000,159.0000,159.0000,NULL),(350,2,1,2,159.0000,159.0000,159.0000,159.0000,NULL),(350,3,1,2,159.0000,159.0000,159.0000,159.0000,NULL),(351,0,1,2,159.0000,159.0000,159.0000,159.0000,NULL),(351,1,1,2,159.0000,159.0000,159.0000,159.0000,NULL),(351,2,1,2,159.0000,159.0000,159.0000,159.0000,NULL),(351,3,1,2,159.0000,159.0000,159.0000,159.0000,NULL),(352,0,1,2,159.0000,159.0000,159.0000,159.0000,NULL),(352,1,1,2,159.0000,159.0000,159.0000,159.0000,NULL),(352,2,1,2,159.0000,159.0000,159.0000,159.0000,NULL),(352,3,1,2,159.0000,159.0000,159.0000,159.0000,NULL),(353,0,1,2,89.0000,89.0000,89.0000,89.0000,NULL),(353,1,1,2,89.0000,89.0000,89.0000,89.0000,NULL),(353,2,1,2,89.0000,89.0000,89.0000,89.0000,NULL),(353,3,1,2,89.0000,89.0000,89.0000,89.0000,NULL),(354,0,1,2,89.0000,89.0000,89.0000,89.0000,NULL),(354,1,1,2,89.0000,89.0000,89.0000,89.0000,NULL),(354,2,1,2,89.0000,89.0000,89.0000,89.0000,NULL),(354,3,1,2,89.0000,89.0000,89.0000,89.0000,NULL),(355,0,1,2,89.0000,89.0000,89.0000,89.0000,NULL),(355,1,1,2,89.0000,89.0000,89.0000,89.0000,NULL),(355,2,1,2,89.0000,89.0000,89.0000,89.0000,NULL),(355,3,1,2,89.0000,89.0000,89.0000,89.0000,NULL),(356,0,1,2,89.0000,89.0000,89.0000,89.0000,NULL),(356,1,1,2,89.0000,89.0000,89.0000,89.0000,NULL),(356,2,1,2,89.0000,89.0000,89.0000,89.0000,NULL),(356,3,1,2,89.0000,89.0000,89.0000,89.0000,NULL),(357,0,1,2,89.0000,89.0000,89.0000,89.0000,NULL),(357,1,1,2,89.0000,89.0000,89.0000,89.0000,NULL),(357,2,1,2,89.0000,89.0000,89.0000,89.0000,NULL),(357,3,1,2,89.0000,89.0000,89.0000,89.0000,NULL),(358,0,1,2,89.0000,89.0000,89.0000,89.0000,NULL),(358,1,1,2,89.0000,89.0000,89.0000,89.0000,NULL),(358,2,1,2,89.0000,89.0000,89.0000,89.0000,NULL),(358,3,1,2,89.0000,89.0000,89.0000,89.0000,NULL),(359,0,1,2,89.0000,89.0000,89.0000,89.0000,NULL),(359,1,1,2,89.0000,89.0000,89.0000,89.0000,NULL),(359,2,1,2,89.0000,89.0000,89.0000,89.0000,NULL),(359,3,1,2,89.0000,89.0000,89.0000,89.0000,NULL),(360,0,1,2,89.0000,89.0000,89.0000,89.0000,NULL),(360,1,1,2,89.0000,89.0000,89.0000,89.0000,NULL),(360,2,1,2,89.0000,89.0000,89.0000,89.0000,NULL),(360,3,1,2,89.0000,89.0000,89.0000,89.0000,NULL),(361,0,1,2,89.0000,89.0000,89.0000,89.0000,NULL),(361,1,1,2,89.0000,89.0000,89.0000,89.0000,NULL),(361,2,1,2,89.0000,89.0000,89.0000,89.0000,NULL),(361,3,1,2,89.0000,89.0000,89.0000,89.0000,NULL),(362,0,1,2,89.0000,89.0000,89.0000,89.0000,NULL),(362,1,1,2,89.0000,89.0000,89.0000,89.0000,NULL),(362,2,1,2,89.0000,89.0000,89.0000,89.0000,NULL),(362,3,1,2,89.0000,89.0000,89.0000,89.0000,NULL),(363,0,1,2,89.0000,89.0000,89.0000,89.0000,NULL),(363,1,1,2,89.0000,89.0000,89.0000,89.0000,NULL),(363,2,1,2,89.0000,89.0000,89.0000,89.0000,NULL),(363,3,1,2,89.0000,89.0000,89.0000,89.0000,NULL),(364,0,1,2,89.0000,89.0000,89.0000,89.0000,NULL),(364,1,1,2,89.0000,89.0000,89.0000,89.0000,NULL),(364,2,1,2,89.0000,89.0000,89.0000,89.0000,NULL),(364,3,1,2,89.0000,89.0000,89.0000,89.0000,NULL),(365,0,1,2,139.0000,139.0000,139.0000,139.0000,NULL),(365,1,1,2,139.0000,139.0000,139.0000,139.0000,NULL),(365,2,1,2,139.0000,139.0000,139.0000,139.0000,NULL),(365,3,1,2,139.0000,139.0000,139.0000,139.0000,NULL),(366,0,1,2,139.0000,139.0000,139.0000,139.0000,NULL),(366,1,1,2,139.0000,139.0000,139.0000,139.0000,NULL),(366,2,1,2,139.0000,139.0000,139.0000,139.0000,NULL),(366,3,1,2,139.0000,139.0000,139.0000,139.0000,NULL),(367,0,1,2,139.0000,139.0000,139.0000,139.0000,NULL),(367,1,1,2,139.0000,139.0000,139.0000,139.0000,NULL),(367,2,1,2,139.0000,139.0000,139.0000,139.0000,NULL),(367,3,1,2,139.0000,139.0000,139.0000,139.0000,NULL),(368,0,1,2,139.0000,139.0000,139.0000,139.0000,NULL),(368,1,1,2,139.0000,139.0000,139.0000,139.0000,NULL),(368,2,1,2,139.0000,139.0000,139.0000,139.0000,NULL),(368,3,1,2,139.0000,139.0000,139.0000,139.0000,NULL),(369,0,1,2,139.0000,139.0000,139.0000,139.0000,NULL),(369,1,1,2,139.0000,139.0000,139.0000,139.0000,NULL),(369,2,1,2,139.0000,139.0000,139.0000,139.0000,NULL),(369,3,1,2,139.0000,139.0000,139.0000,139.0000,NULL),(370,0,1,2,139.0000,139.0000,139.0000,139.0000,NULL),(370,1,1,2,139.0000,139.0000,139.0000,139.0000,NULL),(370,2,1,2,139.0000,139.0000,139.0000,139.0000,NULL),(370,3,1,2,139.0000,139.0000,139.0000,139.0000,NULL),(371,0,1,2,139.0000,139.0000,139.0000,139.0000,NULL),(371,1,1,2,139.0000,139.0000,139.0000,139.0000,NULL),(371,2,1,2,139.0000,139.0000,139.0000,139.0000,NULL),(371,3,1,2,139.0000,139.0000,139.0000,139.0000,NULL),(372,0,1,2,139.0000,139.0000,139.0000,139.0000,NULL),(372,1,1,2,139.0000,139.0000,139.0000,139.0000,NULL),(372,2,1,2,139.0000,139.0000,139.0000,139.0000,NULL),(372,3,1,2,139.0000,139.0000,139.0000,139.0000,NULL),(373,0,1,2,849.0000,849.0000,849.0000,849.0000,NULL),(373,1,1,2,849.0000,849.0000,849.0000,849.0000,NULL),(373,2,1,2,849.0000,849.0000,849.0000,849.0000,NULL),(373,3,1,2,849.0000,849.0000,849.0000,849.0000,NULL),(374,0,1,2,849.0000,849.0000,849.0000,849.0000,NULL),(374,1,1,2,849.0000,849.0000,849.0000,849.0000,NULL),(374,2,1,2,849.0000,849.0000,849.0000,849.0000,NULL),(374,3,1,2,849.0000,849.0000,849.0000,849.0000,NULL),(375,0,1,2,849.0000,849.0000,849.0000,849.0000,NULL),(375,1,1,2,849.0000,849.0000,849.0000,849.0000,NULL),(375,2,1,2,849.0000,849.0000,849.0000,849.0000,NULL),(375,3,1,2,849.0000,849.0000,849.0000,849.0000,NULL),(376,0,1,2,799.0000,799.0000,799.0000,799.0000,NULL),(376,1,1,2,799.0000,799.0000,799.0000,799.0000,NULL),(376,2,1,2,799.0000,799.0000,799.0000,799.0000,NULL),(376,3,1,2,799.0000,799.0000,799.0000,799.0000,NULL),(377,0,1,2,799.0000,799.0000,799.0000,799.0000,NULL),(377,1,1,2,799.0000,799.0000,799.0000,799.0000,NULL),(377,2,1,2,799.0000,799.0000,799.0000,799.0000,NULL),(377,3,1,2,799.0000,799.0000,799.0000,799.0000,NULL),(378,0,1,2,799.0000,799.0000,799.0000,799.0000,NULL),(378,1,1,2,799.0000,799.0000,799.0000,799.0000,NULL),(378,2,1,2,799.0000,799.0000,799.0000,799.0000,NULL),(378,3,1,2,799.0000,799.0000,799.0000,799.0000,NULL),(379,0,1,2,395.0000,395.0000,395.0000,395.0000,NULL),(379,1,1,2,395.0000,395.0000,395.0000,395.0000,NULL),(379,2,1,2,395.0000,395.0000,395.0000,395.0000,NULL),(379,3,1,2,395.0000,395.0000,395.0000,395.0000,NULL),(380,0,1,2,395.0000,395.0000,395.0000,395.0000,NULL),(380,1,1,2,395.0000,395.0000,395.0000,395.0000,NULL),(380,2,1,2,395.0000,395.0000,395.0000,395.0000,NULL),(380,3,1,2,395.0000,395.0000,395.0000,395.0000,NULL),(381,0,1,2,395.0000,395.0000,395.0000,395.0000,NULL),(381,1,1,2,395.0000,395.0000,395.0000,395.0000,NULL),(381,2,1,2,395.0000,395.0000,395.0000,395.0000,NULL),(381,3,1,2,395.0000,395.0000,395.0000,395.0000,NULL),(382,0,1,2,349.0000,349.0000,349.0000,349.0000,NULL),(382,1,1,2,349.0000,349.0000,349.0000,349.0000,NULL),(382,2,1,2,349.0000,349.0000,349.0000,349.0000,NULL),(382,3,1,2,349.0000,349.0000,349.0000,349.0000,NULL),(383,0,1,2,349.0000,349.0000,349.0000,349.0000,NULL),(383,1,1,2,349.0000,349.0000,349.0000,349.0000,NULL),(383,2,1,2,349.0000,349.0000,349.0000,349.0000,NULL),(383,3,1,2,349.0000,349.0000,349.0000,349.0000,NULL),(384,0,1,2,549.0000,549.0000,549.0000,549.0000,NULL),(384,1,1,2,549.0000,549.0000,549.0000,549.0000,NULL),(384,2,1,2,549.0000,549.0000,549.0000,549.0000,NULL),(384,3,1,2,549.0000,549.0000,549.0000,549.0000,NULL),(385,0,1,2,549.0000,549.0000,549.0000,549.0000,NULL),(385,1,1,2,549.0000,549.0000,549.0000,549.0000,NULL),(385,2,1,2,549.0000,549.0000,549.0000,549.0000,NULL),(385,3,1,2,549.0000,549.0000,549.0000,549.0000,NULL),(386,0,1,2,269.0000,269.0000,269.0000,269.0000,NULL),(386,1,1,2,269.0000,269.0000,269.0000,269.0000,NULL),(386,2,1,2,269.0000,269.0000,269.0000,269.0000,NULL),(386,3,1,2,269.0000,269.0000,269.0000,269.0000,NULL),(387,0,1,2,269.0000,269.0000,269.0000,269.0000,NULL),(387,1,1,2,269.0000,269.0000,269.0000,269.0000,NULL),(387,2,1,2,269.0000,269.0000,269.0000,269.0000,NULL),(387,3,1,2,269.0000,269.0000,269.0000,269.0000,NULL),(388,0,1,2,269.0000,269.0000,269.0000,269.0000,NULL),(388,1,1,2,269.0000,269.0000,269.0000,269.0000,NULL),(388,2,1,2,269.0000,269.0000,269.0000,269.0000,NULL),(388,3,1,2,269.0000,269.0000,269.0000,269.0000,NULL),(389,0,1,2,269.0000,269.0000,269.0000,269.0000,NULL),(389,1,1,2,269.0000,269.0000,269.0000,269.0000,NULL),(389,2,1,2,269.0000,269.0000,269.0000,269.0000,NULL),(389,3,1,2,269.0000,269.0000,269.0000,269.0000,NULL),(390,0,1,2,269.0000,269.0000,269.0000,269.0000,NULL),(390,1,1,2,269.0000,269.0000,269.0000,269.0000,NULL),(390,2,1,2,269.0000,269.0000,269.0000,269.0000,NULL),(390,3,1,2,269.0000,269.0000,269.0000,269.0000,NULL),(391,0,1,2,269.0000,269.0000,269.0000,269.0000,NULL),(391,1,1,2,269.0000,269.0000,269.0000,269.0000,NULL),(391,2,1,2,269.0000,269.0000,269.0000,269.0000,NULL),(391,3,1,2,269.0000,269.0000,269.0000,269.0000,NULL),(392,0,1,2,269.0000,269.0000,269.0000,269.0000,NULL),(392,1,1,2,269.0000,269.0000,269.0000,269.0000,NULL),(392,2,1,2,269.0000,269.0000,269.0000,269.0000,NULL),(392,3,1,2,269.0000,269.0000,269.0000,269.0000,NULL),(393,0,1,2,269.0000,269.0000,269.0000,269.0000,NULL),(393,1,1,2,269.0000,269.0000,269.0000,269.0000,NULL),(393,2,1,2,269.0000,269.0000,269.0000,269.0000,NULL),(393,3,1,2,269.0000,269.0000,269.0000,269.0000,NULL),(394,0,1,2,269.0000,269.0000,269.0000,269.0000,NULL),(394,1,1,2,269.0000,269.0000,269.0000,269.0000,NULL),(394,2,1,2,269.0000,269.0000,269.0000,269.0000,NULL),(394,3,1,2,269.0000,269.0000,269.0000,269.0000,NULL),(395,0,1,2,269.0000,269.0000,269.0000,269.0000,NULL),(395,1,1,2,269.0000,269.0000,269.0000,269.0000,NULL),(395,2,1,2,269.0000,269.0000,269.0000,269.0000,NULL),(395,3,1,2,269.0000,269.0000,269.0000,269.0000,NULL),(396,0,1,2,269.0000,269.0000,269.0000,269.0000,NULL),(396,1,1,2,269.0000,269.0000,269.0000,269.0000,NULL),(396,2,1,2,269.0000,269.0000,269.0000,269.0000,NULL),(396,3,1,2,269.0000,269.0000,269.0000,269.0000,NULL),(397,0,1,2,269.0000,269.0000,269.0000,269.0000,NULL),(397,1,1,2,269.0000,269.0000,269.0000,269.0000,NULL),(397,2,1,2,269.0000,269.0000,269.0000,269.0000,NULL),(397,3,1,2,269.0000,269.0000,269.0000,269.0000,NULL),(398,0,1,2,279.0000,279.0000,279.0000,279.0000,NULL),(398,1,1,2,279.0000,279.0000,279.0000,279.0000,NULL),(398,2,1,2,279.0000,279.0000,279.0000,279.0000,NULL),(398,3,1,2,279.0000,279.0000,279.0000,279.0000,NULL),(399,0,1,2,279.0000,279.0000,279.0000,279.0000,NULL),(399,1,1,2,279.0000,279.0000,279.0000,279.0000,NULL),(399,2,1,2,279.0000,279.0000,279.0000,279.0000,NULL),(399,3,1,2,279.0000,279.0000,279.0000,279.0000,NULL),(400,0,1,2,279.0000,279.0000,279.0000,279.0000,NULL),(400,1,1,2,279.0000,279.0000,279.0000,279.0000,NULL),(400,2,1,2,279.0000,279.0000,279.0000,279.0000,NULL),(400,3,1,2,279.0000,279.0000,279.0000,279.0000,NULL),(401,0,1,2,279.0000,279.0000,279.0000,279.0000,NULL),(401,1,1,2,279.0000,279.0000,279.0000,279.0000,NULL),(401,2,1,2,279.0000,279.0000,279.0000,279.0000,NULL),(401,3,1,2,279.0000,279.0000,279.0000,279.0000,NULL),(402,0,1,2,279.0000,279.0000,279.0000,279.0000,NULL),(402,1,1,2,279.0000,279.0000,279.0000,279.0000,NULL),(402,2,1,2,279.0000,279.0000,279.0000,279.0000,NULL),(402,3,1,2,279.0000,279.0000,279.0000,279.0000,NULL),(403,0,1,2,279.0000,279.0000,279.0000,279.0000,NULL),(403,1,1,2,279.0000,279.0000,279.0000,279.0000,NULL),(403,2,1,2,279.0000,279.0000,279.0000,279.0000,NULL),(403,3,1,2,279.0000,279.0000,279.0000,279.0000,NULL),(404,0,1,2,279.0000,279.0000,279.0000,279.0000,NULL),(404,1,1,2,279.0000,279.0000,279.0000,279.0000,NULL),(404,2,1,2,279.0000,279.0000,279.0000,279.0000,NULL),(404,3,1,2,279.0000,279.0000,279.0000,279.0000,NULL),(405,0,1,2,279.0000,279.0000,279.0000,279.0000,NULL),(405,1,1,2,279.0000,279.0000,279.0000,279.0000,NULL),(405,2,1,2,279.0000,279.0000,279.0000,279.0000,NULL),(405,3,1,2,279.0000,279.0000,279.0000,279.0000,NULL),(406,0,1,2,279.0000,279.0000,279.0000,279.0000,NULL),(406,1,1,2,279.0000,279.0000,279.0000,279.0000,NULL),(406,2,1,2,279.0000,279.0000,279.0000,279.0000,NULL),(406,3,1,2,279.0000,279.0000,279.0000,279.0000,NULL),(407,0,1,2,279.0000,279.0000,279.0000,279.0000,NULL),(407,1,1,2,279.0000,279.0000,279.0000,279.0000,NULL),(407,2,1,2,279.0000,279.0000,279.0000,279.0000,NULL),(407,3,1,2,279.0000,279.0000,279.0000,279.0000,NULL),(408,0,1,2,279.0000,279.0000,279.0000,279.0000,NULL),(408,1,1,2,279.0000,279.0000,279.0000,279.0000,NULL),(408,2,1,2,279.0000,279.0000,279.0000,279.0000,NULL),(408,3,1,2,279.0000,279.0000,279.0000,279.0000,NULL),(409,0,1,2,279.0000,279.0000,279.0000,279.0000,NULL),(409,1,1,2,279.0000,279.0000,279.0000,279.0000,NULL),(409,2,1,2,279.0000,279.0000,279.0000,279.0000,NULL),(409,3,1,2,279.0000,279.0000,279.0000,279.0000,NULL),(410,0,1,2,279.0000,279.0000,279.0000,279.0000,NULL),(410,1,1,2,279.0000,279.0000,279.0000,279.0000,NULL),(410,2,1,2,279.0000,279.0000,279.0000,279.0000,NULL),(410,3,1,2,279.0000,279.0000,279.0000,279.0000,NULL),(411,0,1,2,279.0000,279.0000,279.0000,279.0000,NULL),(411,1,1,2,279.0000,279.0000,279.0000,279.0000,NULL),(411,2,1,2,279.0000,279.0000,279.0000,279.0000,NULL),(411,3,1,2,279.0000,279.0000,279.0000,279.0000,NULL),(412,0,1,2,279.0000,279.0000,279.0000,279.0000,NULL),(412,1,1,2,279.0000,279.0000,279.0000,279.0000,NULL),(412,2,1,2,279.0000,279.0000,279.0000,279.0000,NULL),(412,3,1,2,279.0000,279.0000,279.0000,279.0000,NULL),(413,0,1,2,279.0000,279.0000,279.0000,279.0000,NULL),(413,1,1,2,279.0000,279.0000,279.0000,279.0000,NULL),(413,2,1,2,279.0000,279.0000,279.0000,279.0000,NULL),(413,3,1,2,279.0000,279.0000,279.0000,279.0000,NULL),(414,0,1,2,279.0000,279.0000,279.0000,279.0000,NULL),(414,1,1,2,279.0000,279.0000,279.0000,279.0000,NULL),(414,2,1,2,279.0000,279.0000,279.0000,279.0000,NULL),(414,3,1,2,279.0000,279.0000,279.0000,279.0000,NULL),(415,0,1,2,279.0000,279.0000,279.0000,279.0000,NULL),(415,1,1,2,279.0000,279.0000,279.0000,279.0000,NULL),(415,2,1,2,279.0000,279.0000,279.0000,279.0000,NULL),(415,3,1,2,279.0000,279.0000,279.0000,279.0000,NULL),(416,0,1,2,279.0000,279.0000,279.0000,279.0000,NULL),(416,1,1,2,279.0000,279.0000,279.0000,279.0000,NULL),(416,2,1,2,279.0000,279.0000,279.0000,279.0000,NULL),(416,3,1,2,279.0000,279.0000,279.0000,279.0000,NULL),(417,0,1,2,279.0000,279.0000,279.0000,279.0000,NULL),(417,1,1,2,279.0000,279.0000,279.0000,279.0000,NULL),(417,2,1,2,279.0000,279.0000,279.0000,279.0000,NULL),(417,3,1,2,279.0000,279.0000,279.0000,279.0000,NULL),(418,0,1,2,279.0000,279.0000,279.0000,279.0000,NULL),(418,1,1,2,279.0000,279.0000,279.0000,279.0000,NULL),(418,2,1,2,279.0000,279.0000,279.0000,279.0000,NULL),(418,3,1,2,279.0000,279.0000,279.0000,279.0000,NULL),(419,0,1,2,279.0000,279.0000,279.0000,279.0000,NULL),(419,1,1,2,279.0000,279.0000,279.0000,279.0000,NULL),(419,2,1,2,279.0000,279.0000,279.0000,279.0000,NULL),(419,3,1,2,279.0000,279.0000,279.0000,279.0000,NULL),(420,0,1,2,279.0000,279.0000,279.0000,279.0000,NULL),(420,1,1,2,279.0000,279.0000,279.0000,279.0000,NULL),(420,2,1,2,279.0000,279.0000,279.0000,279.0000,NULL),(420,3,1,2,279.0000,279.0000,279.0000,279.0000,NULL),(421,0,1,2,279.0000,279.0000,279.0000,279.0000,NULL),(421,1,1,2,279.0000,279.0000,279.0000,279.0000,NULL),(421,2,1,2,279.0000,279.0000,279.0000,279.0000,NULL),(421,3,1,2,279.0000,279.0000,279.0000,279.0000,NULL),(422,0,1,2,269.0000,269.0000,269.0000,269.0000,NULL),(422,1,1,2,269.0000,269.0000,269.0000,269.0000,NULL),(422,2,1,2,269.0000,269.0000,269.0000,269.0000,NULL),(422,3,1,2,269.0000,269.0000,269.0000,269.0000,NULL),(423,0,1,2,269.0000,269.0000,269.0000,269.0000,NULL),(423,1,1,2,269.0000,269.0000,269.0000,269.0000,NULL),(423,2,1,2,269.0000,269.0000,269.0000,269.0000,NULL),(423,3,1,2,269.0000,269.0000,269.0000,269.0000,NULL),(424,0,1,2,269.0000,269.0000,269.0000,269.0000,NULL),(424,1,1,2,269.0000,269.0000,269.0000,269.0000,NULL),(424,2,1,2,269.0000,269.0000,269.0000,269.0000,NULL),(424,3,1,2,269.0000,269.0000,269.0000,269.0000,NULL),(425,0,1,2,269.0000,269.0000,269.0000,269.0000,NULL),(425,1,1,2,269.0000,269.0000,269.0000,269.0000,NULL),(425,2,1,2,269.0000,269.0000,269.0000,269.0000,NULL),(425,3,1,2,269.0000,269.0000,269.0000,269.0000,NULL),(426,0,1,2,269.0000,269.0000,269.0000,269.0000,NULL),(426,1,1,2,269.0000,269.0000,269.0000,269.0000,NULL),(426,2,1,2,269.0000,269.0000,269.0000,269.0000,NULL),(426,3,1,2,269.0000,269.0000,269.0000,269.0000,NULL),(427,0,1,2,269.0000,269.0000,269.0000,269.0000,NULL),(427,1,1,2,269.0000,269.0000,269.0000,269.0000,NULL),(427,2,1,2,269.0000,269.0000,269.0000,269.0000,NULL),(427,3,1,2,269.0000,269.0000,269.0000,269.0000,NULL),(428,0,1,2,269.0000,269.0000,269.0000,269.0000,NULL),(428,1,1,2,269.0000,269.0000,269.0000,269.0000,NULL),(428,2,1,2,269.0000,269.0000,269.0000,269.0000,NULL),(428,3,1,2,269.0000,269.0000,269.0000,269.0000,NULL),(429,0,1,2,269.0000,269.0000,269.0000,269.0000,NULL),(429,1,1,2,269.0000,269.0000,269.0000,269.0000,NULL),(429,2,1,2,269.0000,269.0000,269.0000,269.0000,NULL),(429,3,1,2,269.0000,269.0000,269.0000,269.0000,NULL),(430,0,1,2,269.0000,269.0000,269.0000,269.0000,NULL),(430,1,1,2,269.0000,269.0000,269.0000,269.0000,NULL),(430,2,1,2,269.0000,269.0000,269.0000,269.0000,NULL),(430,3,1,2,269.0000,269.0000,269.0000,269.0000,NULL),(431,0,1,2,269.0000,269.0000,269.0000,269.0000,NULL),(431,1,1,2,269.0000,269.0000,269.0000,269.0000,NULL),(431,2,1,2,269.0000,269.0000,269.0000,269.0000,NULL),(431,3,1,2,269.0000,269.0000,269.0000,269.0000,NULL),(432,0,1,2,269.0000,269.0000,269.0000,269.0000,NULL),(432,1,1,2,269.0000,269.0000,269.0000,269.0000,NULL),(432,2,1,2,269.0000,269.0000,269.0000,269.0000,NULL),(432,3,1,2,269.0000,269.0000,269.0000,269.0000,NULL),(433,0,1,2,269.0000,269.0000,269.0000,269.0000,NULL),(433,1,1,2,269.0000,269.0000,269.0000,269.0000,NULL),(433,2,1,2,269.0000,269.0000,269.0000,269.0000,NULL),(433,3,1,2,269.0000,269.0000,269.0000,269.0000,NULL),(434,0,1,2,259.0000,259.0000,259.0000,259.0000,NULL),(434,1,1,2,259.0000,259.0000,259.0000,259.0000,NULL),(434,2,1,2,259.0000,259.0000,259.0000,259.0000,NULL),(434,3,1,2,259.0000,259.0000,259.0000,259.0000,NULL),(435,0,1,2,259.0000,259.0000,259.0000,259.0000,NULL),(435,1,1,2,259.0000,259.0000,259.0000,259.0000,NULL),(435,2,1,2,259.0000,259.0000,259.0000,259.0000,NULL),(435,3,1,2,259.0000,259.0000,259.0000,259.0000,NULL),(436,0,1,2,259.0000,259.0000,259.0000,259.0000,NULL),(436,1,1,2,259.0000,259.0000,259.0000,259.0000,NULL),(436,2,1,2,259.0000,259.0000,259.0000,259.0000,NULL),(436,3,1,2,259.0000,259.0000,259.0000,259.0000,NULL),(437,0,1,2,259.0000,259.0000,259.0000,259.0000,NULL),(437,1,1,2,259.0000,259.0000,259.0000,259.0000,NULL),(437,2,1,2,259.0000,259.0000,259.0000,259.0000,NULL),(437,3,1,2,259.0000,259.0000,259.0000,259.0000,NULL),(438,0,1,2,259.0000,259.0000,259.0000,259.0000,NULL),(438,1,1,2,259.0000,259.0000,259.0000,259.0000,NULL),(438,2,1,2,259.0000,259.0000,259.0000,259.0000,NULL),(438,3,1,2,259.0000,259.0000,259.0000,259.0000,NULL),(439,0,1,2,259.0000,259.0000,259.0000,259.0000,NULL),(439,1,1,2,259.0000,259.0000,259.0000,259.0000,NULL),(439,2,1,2,259.0000,259.0000,259.0000,259.0000,NULL),(439,3,1,2,259.0000,259.0000,259.0000,259.0000,NULL),(440,0,1,2,259.0000,259.0000,259.0000,259.0000,NULL),(440,1,1,2,259.0000,259.0000,259.0000,259.0000,NULL),(440,2,1,2,259.0000,259.0000,259.0000,259.0000,NULL),(440,3,1,2,259.0000,259.0000,259.0000,259.0000,NULL),(441,0,1,2,259.0000,259.0000,259.0000,259.0000,NULL),(441,1,1,2,259.0000,259.0000,259.0000,259.0000,NULL),(441,2,1,2,259.0000,259.0000,259.0000,259.0000,NULL),(441,3,1,2,259.0000,259.0000,259.0000,259.0000,NULL),(442,0,1,2,259.0000,259.0000,259.0000,259.0000,NULL),(442,1,1,2,259.0000,259.0000,259.0000,259.0000,NULL),(442,2,1,2,259.0000,259.0000,259.0000,259.0000,NULL),(442,3,1,2,259.0000,259.0000,259.0000,259.0000,NULL),(443,0,1,2,259.0000,259.0000,259.0000,259.0000,NULL),(443,1,1,2,259.0000,259.0000,259.0000,259.0000,NULL),(443,2,1,2,259.0000,259.0000,259.0000,259.0000,NULL),(443,3,1,2,259.0000,259.0000,259.0000,259.0000,NULL),(444,0,1,2,259.0000,259.0000,259.0000,259.0000,NULL),(444,1,1,2,259.0000,259.0000,259.0000,259.0000,NULL),(444,2,1,2,259.0000,259.0000,259.0000,259.0000,NULL),(444,3,1,2,259.0000,259.0000,259.0000,259.0000,NULL),(445,0,1,2,259.0000,259.0000,259.0000,259.0000,NULL),(445,1,1,2,259.0000,259.0000,259.0000,259.0000,NULL),(445,2,1,2,259.0000,259.0000,259.0000,259.0000,NULL),(445,3,1,2,259.0000,259.0000,259.0000,259.0000,NULL),(446,0,1,2,249.0000,249.0000,249.0000,249.0000,NULL),(446,1,1,2,249.0000,249.0000,249.0000,249.0000,NULL),(446,2,1,2,249.0000,249.0000,249.0000,249.0000,NULL),(446,3,1,2,249.0000,249.0000,249.0000,249.0000,NULL),(447,0,1,2,249.0000,249.0000,249.0000,249.0000,NULL),(447,1,1,2,249.0000,249.0000,249.0000,249.0000,NULL),(447,2,1,2,249.0000,249.0000,249.0000,249.0000,NULL),(447,3,1,2,249.0000,249.0000,249.0000,249.0000,NULL),(448,0,1,2,249.0000,249.0000,249.0000,249.0000,NULL),(448,1,1,2,249.0000,249.0000,249.0000,249.0000,NULL),(448,2,1,2,249.0000,249.0000,249.0000,249.0000,NULL),(448,3,1,2,249.0000,249.0000,249.0000,249.0000,NULL),(449,0,1,2,249.0000,249.0000,249.0000,249.0000,NULL),(449,1,1,2,249.0000,249.0000,249.0000,249.0000,NULL),(449,2,1,2,249.0000,249.0000,249.0000,249.0000,NULL),(449,3,1,2,249.0000,249.0000,249.0000,249.0000,NULL),(450,0,1,2,249.0000,249.0000,249.0000,249.0000,NULL),(450,1,1,2,249.0000,249.0000,249.0000,249.0000,NULL),(450,2,1,2,249.0000,249.0000,249.0000,249.0000,NULL),(450,3,1,2,249.0000,249.0000,249.0000,249.0000,NULL),(451,0,1,2,249.0000,249.0000,249.0000,249.0000,NULL),(451,1,1,2,249.0000,249.0000,249.0000,249.0000,NULL),(451,2,1,2,249.0000,249.0000,249.0000,249.0000,NULL),(451,3,1,2,249.0000,249.0000,249.0000,249.0000,NULL),(452,0,1,2,249.0000,249.0000,249.0000,249.0000,NULL),(452,1,1,2,249.0000,249.0000,249.0000,249.0000,NULL),(452,2,1,2,249.0000,249.0000,249.0000,249.0000,NULL),(452,3,1,2,249.0000,249.0000,249.0000,249.0000,NULL),(453,0,1,2,249.0000,249.0000,249.0000,249.0000,NULL),(453,1,1,2,249.0000,249.0000,249.0000,249.0000,NULL),(453,2,1,2,249.0000,249.0000,249.0000,249.0000,NULL),(453,3,1,2,249.0000,249.0000,249.0000,249.0000,NULL),(454,0,1,2,249.0000,249.0000,249.0000,249.0000,NULL),(454,1,1,2,249.0000,249.0000,249.0000,249.0000,NULL),(454,2,1,2,249.0000,249.0000,249.0000,249.0000,NULL),(454,3,1,2,249.0000,249.0000,249.0000,249.0000,NULL),(455,0,1,2,249.0000,249.0000,249.0000,249.0000,NULL),(455,1,1,2,249.0000,249.0000,249.0000,249.0000,NULL),(455,2,1,2,249.0000,249.0000,249.0000,249.0000,NULL),(455,3,1,2,249.0000,249.0000,249.0000,249.0000,NULL),(456,0,1,2,249.0000,249.0000,249.0000,249.0000,NULL),(456,1,1,2,249.0000,249.0000,249.0000,249.0000,NULL),(456,2,1,2,249.0000,249.0000,249.0000,249.0000,NULL),(456,3,1,2,249.0000,249.0000,249.0000,249.0000,NULL),(457,0,1,2,249.0000,249.0000,249.0000,249.0000,NULL),(457,1,1,2,249.0000,249.0000,249.0000,249.0000,NULL),(457,2,1,2,249.0000,249.0000,249.0000,249.0000,NULL),(457,3,1,2,249.0000,249.0000,249.0000,249.0000,NULL),(458,0,1,2,249.0000,249.0000,249.0000,249.0000,NULL),(458,1,1,2,249.0000,249.0000,249.0000,249.0000,NULL),(458,2,1,2,249.0000,249.0000,249.0000,249.0000,NULL),(458,3,1,2,249.0000,249.0000,249.0000,249.0000,NULL),(459,0,1,2,249.0000,249.0000,249.0000,249.0000,NULL),(459,1,1,2,249.0000,249.0000,249.0000,249.0000,NULL),(459,2,1,2,249.0000,249.0000,249.0000,249.0000,NULL),(459,3,1,2,249.0000,249.0000,249.0000,249.0000,NULL),(460,0,1,2,249.0000,249.0000,249.0000,249.0000,NULL),(460,1,1,2,249.0000,249.0000,249.0000,249.0000,NULL),(460,2,1,2,249.0000,249.0000,249.0000,249.0000,NULL),(460,3,1,2,249.0000,249.0000,249.0000,249.0000,NULL),(461,0,1,2,249.0000,249.0000,249.0000,249.0000,NULL),(461,1,1,2,249.0000,249.0000,249.0000,249.0000,NULL),(461,2,1,2,249.0000,249.0000,249.0000,249.0000,NULL),(461,3,1,2,249.0000,249.0000,249.0000,249.0000,NULL),(462,0,1,2,249.0000,249.0000,249.0000,249.0000,NULL),(462,1,1,2,249.0000,249.0000,249.0000,249.0000,NULL),(462,2,1,2,249.0000,249.0000,249.0000,249.0000,NULL),(462,3,1,2,249.0000,249.0000,249.0000,249.0000,NULL),(463,0,1,2,249.0000,249.0000,249.0000,249.0000,NULL),(463,1,1,2,249.0000,249.0000,249.0000,249.0000,NULL),(463,2,1,2,249.0000,249.0000,249.0000,249.0000,NULL),(463,3,1,2,249.0000,249.0000,249.0000,249.0000,NULL),(464,0,1,2,259.0000,259.0000,259.0000,259.0000,NULL),(464,1,1,2,259.0000,259.0000,259.0000,259.0000,NULL),(464,2,1,2,259.0000,259.0000,259.0000,259.0000,NULL),(464,3,1,2,259.0000,259.0000,259.0000,259.0000,NULL),(465,0,1,2,259.0000,259.0000,259.0000,259.0000,NULL),(465,1,1,2,259.0000,259.0000,259.0000,259.0000,NULL),(465,2,1,2,259.0000,259.0000,259.0000,259.0000,NULL),(465,3,1,2,259.0000,259.0000,259.0000,259.0000,NULL),(466,0,1,2,259.0000,259.0000,259.0000,259.0000,NULL),(466,1,1,2,259.0000,259.0000,259.0000,259.0000,NULL),(466,2,1,2,259.0000,259.0000,259.0000,259.0000,NULL),(466,3,1,2,259.0000,259.0000,259.0000,259.0000,NULL),(467,0,1,2,259.0000,259.0000,259.0000,259.0000,NULL),(467,1,1,2,259.0000,259.0000,259.0000,259.0000,NULL),(467,2,1,2,259.0000,259.0000,259.0000,259.0000,NULL),(467,3,1,2,259.0000,259.0000,259.0000,259.0000,NULL),(468,0,1,2,259.0000,259.0000,259.0000,259.0000,NULL),(468,1,1,2,259.0000,259.0000,259.0000,259.0000,NULL),(468,2,1,2,259.0000,259.0000,259.0000,259.0000,NULL),(468,3,1,2,259.0000,259.0000,259.0000,259.0000,NULL),(469,0,1,2,259.0000,259.0000,259.0000,259.0000,NULL),(469,1,1,2,259.0000,259.0000,259.0000,259.0000,NULL),(469,2,1,2,259.0000,259.0000,259.0000,259.0000,NULL),(469,3,1,2,259.0000,259.0000,259.0000,259.0000,NULL),(470,0,1,2,259.0000,259.0000,259.0000,259.0000,NULL),(470,1,1,2,259.0000,259.0000,259.0000,259.0000,NULL),(470,2,1,2,259.0000,259.0000,259.0000,259.0000,NULL),(470,3,1,2,259.0000,259.0000,259.0000,259.0000,NULL),(471,0,1,2,259.0000,259.0000,259.0000,259.0000,NULL),(471,1,1,2,259.0000,259.0000,259.0000,259.0000,NULL),(471,2,1,2,259.0000,259.0000,259.0000,259.0000,NULL),(471,3,1,2,259.0000,259.0000,259.0000,259.0000,NULL),(472,0,1,2,259.0000,259.0000,259.0000,259.0000,NULL),(472,1,1,2,259.0000,259.0000,259.0000,259.0000,NULL),(472,2,1,2,259.0000,259.0000,259.0000,259.0000,NULL),(472,3,1,2,259.0000,259.0000,259.0000,259.0000,NULL),(473,0,1,2,259.0000,259.0000,259.0000,259.0000,NULL),(473,1,1,2,259.0000,259.0000,259.0000,259.0000,NULL),(473,2,1,2,259.0000,259.0000,259.0000,259.0000,NULL),(473,3,1,2,259.0000,259.0000,259.0000,259.0000,NULL),(474,0,1,2,259.0000,259.0000,259.0000,259.0000,NULL),(474,1,1,2,259.0000,259.0000,259.0000,259.0000,NULL),(474,2,1,2,259.0000,259.0000,259.0000,259.0000,NULL),(474,3,1,2,259.0000,259.0000,259.0000,259.0000,NULL),(475,0,1,2,259.0000,259.0000,259.0000,259.0000,NULL),(475,1,1,2,259.0000,259.0000,259.0000,259.0000,NULL),(475,2,1,2,259.0000,259.0000,259.0000,259.0000,NULL),(475,3,1,2,259.0000,259.0000,259.0000,259.0000,NULL),(476,0,1,2,259.0000,259.0000,259.0000,259.0000,NULL),(476,1,1,2,259.0000,259.0000,259.0000,259.0000,NULL),(476,2,1,2,259.0000,259.0000,259.0000,259.0000,NULL),(476,3,1,2,259.0000,259.0000,259.0000,259.0000,NULL),(477,0,1,2,259.0000,259.0000,259.0000,259.0000,NULL),(477,1,1,2,259.0000,259.0000,259.0000,259.0000,NULL),(477,2,1,2,259.0000,259.0000,259.0000,259.0000,NULL),(477,3,1,2,259.0000,259.0000,259.0000,259.0000,NULL),(478,0,1,2,259.0000,259.0000,259.0000,259.0000,NULL),(478,1,1,2,259.0000,259.0000,259.0000,259.0000,NULL),(478,2,1,2,259.0000,259.0000,259.0000,259.0000,NULL),(478,3,1,2,259.0000,259.0000,259.0000,259.0000,NULL),(479,0,1,2,259.0000,259.0000,259.0000,259.0000,NULL),(479,1,1,2,259.0000,259.0000,259.0000,259.0000,NULL),(479,2,1,2,259.0000,259.0000,259.0000,259.0000,NULL),(479,3,1,2,259.0000,259.0000,259.0000,259.0000,NULL),(480,0,1,2,259.0000,259.0000,259.0000,259.0000,NULL),(480,1,1,2,259.0000,259.0000,259.0000,259.0000,NULL),(480,2,1,2,259.0000,259.0000,259.0000,259.0000,NULL),(480,3,1,2,259.0000,259.0000,259.0000,259.0000,NULL),(481,0,1,2,259.0000,259.0000,259.0000,259.0000,NULL),(481,1,1,2,259.0000,259.0000,259.0000,259.0000,NULL),(481,2,1,2,259.0000,259.0000,259.0000,259.0000,NULL),(481,3,1,2,259.0000,259.0000,259.0000,259.0000,NULL),(482,0,1,2,269.0000,269.0000,269.0000,269.0000,NULL),(482,1,1,2,269.0000,269.0000,269.0000,269.0000,NULL),(482,2,1,2,269.0000,269.0000,269.0000,269.0000,NULL),(482,3,1,2,269.0000,269.0000,269.0000,269.0000,NULL),(483,0,1,2,269.0000,269.0000,269.0000,269.0000,NULL),(483,1,1,2,269.0000,269.0000,269.0000,269.0000,NULL),(483,2,1,2,269.0000,269.0000,269.0000,269.0000,NULL),(483,3,1,2,269.0000,269.0000,269.0000,269.0000,NULL),(484,0,1,2,269.0000,269.0000,269.0000,269.0000,NULL),(484,1,1,2,269.0000,269.0000,269.0000,269.0000,NULL),(484,2,1,2,269.0000,269.0000,269.0000,269.0000,NULL),(484,3,1,2,269.0000,269.0000,269.0000,269.0000,NULL),(485,0,1,2,269.0000,269.0000,269.0000,269.0000,NULL),(485,1,1,2,269.0000,269.0000,269.0000,269.0000,NULL),(485,2,1,2,269.0000,269.0000,269.0000,269.0000,NULL),(485,3,1,2,269.0000,269.0000,269.0000,269.0000,NULL),(486,0,1,2,269.0000,269.0000,269.0000,269.0000,NULL),(486,1,1,2,269.0000,269.0000,269.0000,269.0000,NULL),(486,2,1,2,269.0000,269.0000,269.0000,269.0000,NULL),(486,3,1,2,269.0000,269.0000,269.0000,269.0000,NULL),(487,0,1,2,269.0000,269.0000,269.0000,269.0000,NULL),(487,1,1,2,269.0000,269.0000,269.0000,269.0000,NULL),(487,2,1,2,269.0000,269.0000,269.0000,269.0000,NULL),(487,3,1,2,269.0000,269.0000,269.0000,269.0000,NULL),(488,0,1,2,269.0000,269.0000,269.0000,269.0000,NULL),(488,1,1,2,269.0000,269.0000,269.0000,269.0000,NULL),(488,2,1,2,269.0000,269.0000,269.0000,269.0000,NULL),(488,3,1,2,269.0000,269.0000,269.0000,269.0000,NULL),(489,0,1,2,269.0000,269.0000,269.0000,269.0000,NULL),(489,1,1,2,269.0000,269.0000,269.0000,269.0000,NULL),(489,2,1,2,269.0000,269.0000,269.0000,269.0000,NULL),(489,3,1,2,269.0000,269.0000,269.0000,269.0000,NULL),(490,0,1,2,269.0000,269.0000,269.0000,269.0000,NULL),(490,1,1,2,269.0000,269.0000,269.0000,269.0000,NULL),(490,2,1,2,269.0000,269.0000,269.0000,269.0000,NULL),(490,3,1,2,269.0000,269.0000,269.0000,269.0000,NULL),(491,0,1,2,269.0000,269.0000,269.0000,269.0000,NULL),(491,1,1,2,269.0000,269.0000,269.0000,269.0000,NULL),(491,2,1,2,269.0000,269.0000,269.0000,269.0000,NULL),(491,3,1,2,269.0000,269.0000,269.0000,269.0000,NULL),(492,0,1,2,269.0000,269.0000,269.0000,269.0000,NULL),(492,1,1,2,269.0000,269.0000,269.0000,269.0000,NULL),(492,2,1,2,269.0000,269.0000,269.0000,269.0000,NULL),(492,3,1,2,269.0000,269.0000,269.0000,269.0000,NULL),(493,0,1,2,269.0000,269.0000,269.0000,269.0000,NULL),(493,1,1,2,269.0000,269.0000,269.0000,269.0000,NULL),(493,2,1,2,269.0000,269.0000,269.0000,269.0000,NULL),(493,3,1,2,269.0000,269.0000,269.0000,269.0000,NULL),(494,0,1,2,269.0000,269.0000,269.0000,269.0000,NULL),(494,1,1,2,269.0000,269.0000,269.0000,269.0000,NULL),(494,2,1,2,269.0000,269.0000,269.0000,269.0000,NULL),(494,3,1,2,269.0000,269.0000,269.0000,269.0000,NULL),(495,0,1,2,269.0000,269.0000,269.0000,269.0000,NULL),(495,1,1,2,269.0000,269.0000,269.0000,269.0000,NULL),(495,2,1,2,269.0000,269.0000,269.0000,269.0000,NULL),(495,3,1,2,269.0000,269.0000,269.0000,269.0000,NULL),(496,0,1,2,269.0000,269.0000,269.0000,269.0000,NULL),(496,1,1,2,269.0000,269.0000,269.0000,269.0000,NULL),(496,2,1,2,269.0000,269.0000,269.0000,269.0000,NULL),(496,3,1,2,269.0000,269.0000,269.0000,269.0000,NULL),(497,0,1,2,269.0000,269.0000,269.0000,269.0000,NULL),(497,1,1,2,269.0000,269.0000,269.0000,269.0000,NULL),(497,2,1,2,269.0000,269.0000,269.0000,269.0000,NULL),(497,3,1,2,269.0000,269.0000,269.0000,269.0000,NULL),(498,0,1,2,269.0000,269.0000,269.0000,269.0000,NULL),(498,1,1,2,269.0000,269.0000,269.0000,269.0000,NULL),(498,2,1,2,269.0000,269.0000,269.0000,269.0000,NULL),(498,3,1,2,269.0000,269.0000,269.0000,269.0000,NULL),(499,0,1,2,269.0000,269.0000,269.0000,269.0000,NULL),(499,1,1,2,269.0000,269.0000,269.0000,269.0000,NULL),(499,2,1,2,269.0000,269.0000,269.0000,269.0000,NULL),(499,3,1,2,269.0000,269.0000,269.0000,269.0000,NULL),(500,0,1,2,0.0000,0.0000,749.0000,749.0000,NULL),(500,1,1,2,0.0000,0.0000,749.0000,749.0000,NULL),(500,2,1,2,0.0000,0.0000,749.0000,749.0000,NULL),(500,3,1,2,0.0000,0.0000,749.0000,749.0000,NULL),(501,0,1,2,0.0000,0.0000,749.0000,749.0000,NULL),(501,1,1,2,0.0000,0.0000,749.0000,749.0000,NULL),(501,2,1,2,0.0000,0.0000,749.0000,749.0000,NULL),(501,3,1,2,0.0000,0.0000,749.0000,749.0000,NULL),(502,0,1,2,0.0000,0.0000,799.0000,799.0000,NULL),(502,1,1,2,0.0000,0.0000,799.0000,799.0000,NULL),(502,2,1,2,0.0000,0.0000,799.0000,799.0000,NULL),(502,3,1,2,0.0000,0.0000,799.0000,799.0000,NULL),(503,0,1,2,0.0000,0.0000,649.0000,649.0000,NULL),(503,1,1,2,0.0000,0.0000,649.0000,649.0000,NULL),(503,2,1,2,0.0000,0.0000,649.0000,649.0000,NULL),(503,3,1,2,0.0000,0.0000,649.0000,649.0000,NULL),(504,0,1,2,0.0000,0.0000,849.0000,849.0000,NULL),(504,1,1,2,0.0000,0.0000,849.0000,849.0000,NULL),(504,2,1,2,0.0000,0.0000,849.0000,849.0000,NULL),(504,3,1,2,0.0000,0.0000,849.0000,849.0000,NULL),(505,0,1,2,0.0000,0.0000,749.0000,749.0000,NULL),(505,1,1,2,0.0000,0.0000,749.0000,749.0000,NULL),(505,2,1,2,0.0000,0.0000,749.0000,749.0000,NULL),(505,3,1,2,0.0000,0.0000,749.0000,749.0000,NULL),(506,0,1,2,0.0000,0.0000,799.0000,799.0000,NULL),(506,1,1,2,0.0000,0.0000,799.0000,799.0000,NULL),(506,2,1,2,0.0000,0.0000,799.0000,799.0000,NULL),(506,3,1,2,0.0000,0.0000,799.0000,799.0000,NULL),(507,0,1,2,0.0000,0.0000,599.0000,599.0000,NULL),(507,1,1,2,0.0000,0.0000,599.0000,599.0000,NULL),(507,2,1,2,0.0000,0.0000,599.0000,599.0000,NULL),(507,3,1,2,0.0000,0.0000,599.0000,599.0000,NULL),(508,0,1,2,0.0000,0.0000,799.0000,799.0000,NULL),(508,1,1,2,0.0000,0.0000,799.0000,799.0000,NULL),(508,2,1,2,0.0000,0.0000,799.0000,799.0000,NULL),(508,3,1,2,0.0000,0.0000,799.0000,799.0000,NULL),(509,0,1,2,0.0000,0.0000,749.0000,749.0000,NULL),(509,1,1,2,0.0000,0.0000,749.0000,749.0000,NULL),(509,2,1,2,0.0000,0.0000,749.0000,749.0000,NULL),(509,3,1,2,0.0000,0.0000,749.0000,749.0000,NULL),(510,0,1,2,0.0000,0.0000,159.0000,159.0000,NULL),(510,1,1,2,0.0000,0.0000,159.0000,159.0000,NULL),(510,2,1,2,0.0000,0.0000,159.0000,159.0000,NULL),(510,3,1,2,0.0000,0.0000,159.0000,159.0000,NULL),(511,0,1,2,0.0000,0.0000,159.0000,159.0000,NULL),(511,1,1,2,0.0000,0.0000,159.0000,159.0000,NULL),(511,2,1,2,0.0000,0.0000,159.0000,159.0000,NULL),(511,3,1,2,0.0000,0.0000,159.0000,159.0000,NULL),(512,0,1,2,0.0000,0.0000,89.0000,89.0000,NULL),(512,1,1,2,0.0000,0.0000,89.0000,89.0000,NULL),(512,2,1,2,0.0000,0.0000,89.0000,89.0000,NULL),(512,3,1,2,0.0000,0.0000,89.0000,89.0000,NULL),(513,0,1,2,0.0000,0.0000,89.0000,89.0000,NULL),(513,1,1,2,0.0000,0.0000,89.0000,89.0000,NULL),(513,2,1,2,0.0000,0.0000,89.0000,89.0000,NULL),(513,3,1,2,0.0000,0.0000,89.0000,89.0000,NULL),(514,0,1,2,0.0000,0.0000,89.0000,89.0000,NULL),(514,1,1,2,0.0000,0.0000,89.0000,89.0000,NULL),(514,2,1,2,0.0000,0.0000,89.0000,89.0000,NULL),(514,3,1,2,0.0000,0.0000,89.0000,89.0000,NULL),(515,0,1,2,0.0000,0.0000,139.0000,139.0000,NULL),(515,1,1,2,0.0000,0.0000,139.0000,139.0000,NULL),(515,2,1,2,0.0000,0.0000,139.0000,139.0000,NULL),(515,3,1,2,0.0000,0.0000,139.0000,139.0000,NULL),(516,0,1,2,0.0000,0.0000,139.0000,139.0000,NULL),(516,1,1,2,0.0000,0.0000,139.0000,139.0000,NULL),(516,2,1,2,0.0000,0.0000,139.0000,139.0000,NULL),(516,3,1,2,0.0000,0.0000,139.0000,139.0000,NULL),(517,0,1,2,0.0000,0.0000,849.0000,849.0000,NULL),(517,1,1,2,0.0000,0.0000,849.0000,849.0000,NULL),(517,2,1,2,0.0000,0.0000,849.0000,849.0000,NULL),(517,3,1,2,0.0000,0.0000,849.0000,849.0000,NULL),(518,0,1,2,0.0000,0.0000,799.0000,799.0000,NULL),(518,1,1,2,0.0000,0.0000,799.0000,799.0000,NULL),(518,2,1,2,0.0000,0.0000,799.0000,799.0000,NULL),(518,3,1,2,0.0000,0.0000,799.0000,799.0000,NULL),(519,0,1,2,0.0000,0.0000,395.0000,395.0000,NULL),(519,1,1,2,0.0000,0.0000,395.0000,395.0000,NULL),(519,2,1,2,0.0000,0.0000,395.0000,395.0000,NULL),(519,3,1,2,0.0000,0.0000,395.0000,395.0000,NULL),(520,0,1,2,0.0000,0.0000,349.0000,349.0000,NULL),(520,1,1,2,0.0000,0.0000,349.0000,349.0000,NULL),(520,2,1,2,0.0000,0.0000,349.0000,349.0000,NULL),(520,3,1,2,0.0000,0.0000,349.0000,349.0000,NULL),(521,0,1,2,0.0000,0.0000,549.0000,549.0000,NULL),(521,1,1,2,0.0000,0.0000,549.0000,549.0000,NULL),(521,2,1,2,0.0000,0.0000,549.0000,549.0000,NULL),(521,3,1,2,0.0000,0.0000,549.0000,549.0000,NULL),(522,0,1,2,0.0000,0.0000,269.0000,269.0000,NULL),(522,1,1,2,0.0000,0.0000,269.0000,269.0000,NULL),(522,2,1,2,0.0000,0.0000,269.0000,269.0000,NULL),(522,3,1,2,0.0000,0.0000,269.0000,269.0000,NULL),(523,0,1,2,0.0000,0.0000,279.0000,279.0000,NULL),(523,1,1,2,0.0000,0.0000,279.0000,279.0000,NULL),(523,2,1,2,0.0000,0.0000,279.0000,279.0000,NULL),(523,3,1,2,0.0000,0.0000,279.0000,279.0000,NULL),(524,0,1,2,0.0000,0.0000,279.0000,279.0000,NULL),(524,1,1,2,0.0000,0.0000,279.0000,279.0000,NULL),(524,2,1,2,0.0000,0.0000,279.0000,279.0000,NULL),(524,3,1,2,0.0000,0.0000,279.0000,279.0000,NULL),(525,0,1,2,0.0000,0.0000,269.0000,269.0000,NULL),(525,1,1,2,0.0000,0.0000,269.0000,269.0000,NULL),(525,2,1,2,0.0000,0.0000,269.0000,269.0000,NULL),(525,3,1,2,0.0000,0.0000,269.0000,269.0000,NULL),(526,0,1,2,0.0000,0.0000,259.0000,259.0000,NULL),(526,1,1,2,0.0000,0.0000,259.0000,259.0000,NULL),(526,2,1,2,0.0000,0.0000,259.0000,259.0000,NULL),(526,3,1,2,0.0000,0.0000,259.0000,259.0000,NULL),(527,0,1,2,0.0000,0.0000,249.0000,249.0000,NULL),(527,1,1,2,0.0000,0.0000,249.0000,249.0000,NULL),(527,2,1,2,0.0000,0.0000,249.0000,249.0000,NULL),(527,3,1,2,0.0000,0.0000,249.0000,249.0000,NULL),(528,0,1,2,0.0000,0.0000,259.0000,259.0000,NULL),(528,1,1,2,0.0000,0.0000,259.0000,259.0000,NULL),(528,2,1,2,0.0000,0.0000,259.0000,259.0000,NULL),(528,3,1,2,0.0000,0.0000,259.0000,259.0000,NULL),(529,0,1,2,0.0000,0.0000,269.0000,269.0000,NULL),(529,1,1,2,0.0000,0.0000,269.0000,269.0000,NULL),(529,2,1,2,0.0000,0.0000,269.0000,269.0000,NULL),(529,3,1,2,0.0000,0.0000,269.0000,269.0000,NULL),(530,0,1,2,649.0000,649.0000,649.0000,649.0000,NULL),(530,1,1,2,649.0000,649.0000,649.0000,649.0000,NULL),(530,2,1,2,649.0000,649.0000,649.0000,649.0000,NULL),(530,3,1,2,649.0000,649.0000,649.0000,649.0000,NULL),(531,0,1,2,649.0000,649.0000,649.0000,649.0000,NULL),(531,1,1,2,649.0000,649.0000,649.0000,649.0000,NULL),(531,2,1,2,649.0000,649.0000,649.0000,649.0000,NULL),(531,3,1,2,649.0000,649.0000,649.0000,649.0000,NULL),(532,0,1,2,649.0000,649.0000,649.0000,649.0000,NULL),(532,1,1,2,649.0000,649.0000,649.0000,649.0000,NULL),(532,2,1,2,649.0000,649.0000,649.0000,649.0000,NULL),(532,3,1,2,649.0000,649.0000,649.0000,649.0000,NULL),(533,0,1,2,0.0000,0.0000,649.0000,649.0000,NULL),(533,1,1,2,0.0000,0.0000,649.0000,649.0000,NULL),(533,2,1,2,0.0000,0.0000,649.0000,649.0000,NULL),(533,3,1,2,0.0000,0.0000,649.0000,649.0000,NULL);

--
