-- Table structure for table `quote_address_item`
--

CREATE TABLE `quote_address_item` (
  `address_item_id` int(10) unsigned NOT NULL AUTO_INCREMENT COMMENT 'Address Item Id',
  `parent_item_id` int(10) unsigned DEFAULT NULL COMMENT 'Parent Item Id',
  `quote_address_id` int(10) unsigned NOT NULL DEFAULT '0' COMMENT 'Quote Address Id',
  `quote_item_id` int(10) unsigned NOT NULL DEFAULT '0' COMMENT 'Quote Item Id',
  `created_at` timestamp NOT NULL DEFAULT CURRENT_TIMESTAMP COMMENT 'Created At',
  `updated_at` timestamp NOT NULL DEFAULT '0000-00-00 00:00:00' ON UPDATE CURRENT_TIMESTAMP COMMENT 'Updated At',
  `applied_rule_ids` text COMMENT 'Applied Rule Ids',
  `additional_data` text COMMENT 'Additional Data',
  `weight` decimal(12,4) DEFAULT '0.0000' COMMENT 'Weight',
  `qty` decimal(12,4) NOT NULL DEFAULT '0.0000' COMMENT 'Qty',
  `discount_amount` decimal(12,4) DEFAULT '0.0000' COMMENT 'Discount Amount',
  `tax_amount` decimal(12,4) DEFAULT '0.0000' COMMENT 'Tax Amount',
  `row_total` decimal(12,4) NOT NULL DEFAULT '0.0000' COMMENT 'Row Total',
  `base_row_total` decimal(12,4) NOT NULL DEFAULT '0.0000' COMMENT 'Base Row Total',
  `row_total_with_discount` decimal(12,4) DEFAULT '0.0000' COMMENT 'Row Total With Discount',
  `base_discount_amount` decimal(12,4) DEFAULT '0.0000' COMMENT 'Base Discount Amount',
  `base_tax_amount` decimal(12,4) DEFAULT '0.0000' COMMENT 'Base Tax Amount',
  `row_weight` decimal(12,4) DEFAULT '0.0000' COMMENT 'Row Weight',
  `product_id` int(10) unsigned DEFAULT NULL COMMENT 'Product Id',
  `super_product_id` int(10) unsigned DEFAULT NULL COMMENT 'Super Product Id',
  `parent_product_id` int(10) unsigned DEFAULT NULL COMMENT 'Parent Product Id',
  `sku` varchar(255) DEFAULT NULL COMMENT 'Sku',
  `image` varchar(255) DEFAULT NULL COMMENT 'Image',
  `name` varchar(255) DEFAULT NULL COMMENT 'Name',
  `description` text COMMENT 'Description',
  `is_qty_decimal` int(10) unsigned DEFAULT NULL COMMENT 'Is Qty Decimal',
  `price` decimal(12,4) DEFAULT NULL COMMENT 'Price',
  `discount_percent` decimal(12,4) DEFAULT NULL COMMENT 'Discount Percent',
  `no_discount` int(10) unsigned DEFAULT NULL COMMENT 'No Discount',
  `tax_percent` decimal(12,4) DEFAULT NULL COMMENT 'Tax Percent',
  `base_price` decimal(12,4) DEFAULT NULL COMMENT 'Base Price',
  `base_cost` decimal(12,4) DEFAULT NULL COMMENT 'Base Cost',
  `price_incl_tax` decimal(12,4) DEFAULT NULL COMMENT 'Price Incl Tax',
  `base_price_incl_tax` decimal(12,4) DEFAULT NULL COMMENT 'Base Price Incl Tax',
  `row_total_incl_tax` decimal(12,4) DEFAULT NULL COMMENT 'Row Total Incl Tax',
  `base_row_total_incl_tax` decimal(12,4) DEFAULT NULL COMMENT 'Base Row Total Incl Tax',
  `discount_tax_compensation_amount` decimal(12,4) DEFAULT NULL COMMENT 'Discount Tax Compensation Amount',
  `base_discount_tax_compensation_amount` decimal(12,4) DEFAULT NULL COMMENT 'Base Discount Tax Compensation Amount',
  `free_shipping` int(10) unsigned DEFAULT NULL COMMENT 'Free Shipping',
  `gift_message_id` int(11) DEFAULT NULL COMMENT 'Gift Message Id',
  PRIMARY KEY (`address_item_id`),
  KEY `QUOTE_ADDRESS_ITEM_QUOTE_ADDRESS_ID` (`quote_address_id`),
  KEY `QUOTE_ADDRESS_ITEM_PARENT_ITEM_ID` (`parent_item_id`),
  KEY `QUOTE_ADDRESS_ITEM_QUOTE_ITEM_ID` (`quote_item_id`),
  CONSTRAINT `QUOTE_ADDRESS_ITEM_QUOTE_ADDRESS_ID_QUOTE_ADDRESS_ADDRESS_ID` FOREIGN KEY (`quote_address_id`) REFERENCES `quote_address` (`address_id`) ON DELETE CASCADE,
  CONSTRAINT `QUOTE_ADDRESS_ITEM_QUOTE_ITEM_ID_QUOTE_ITEM_ITEM_ID` FOREIGN KEY (`quote_item_id`) REFERENCES `quote_item` (`item_id`) ON DELETE CASCADE,
  CONSTRAINT `QUOTE_ADDR_ITEM_PARENT_ITEM_ID_QUOTE_ADDR_ITEM_ADDR_ITEM_ID` FOREIGN KEY (`parent_item_id`) REFERENCES `quote_address_item` (`address_item_id`) ON DELETE CASCADE
) ENGINE=InnoDB DEFAULT CHARSET=utf8 COMMENT='Sales Flat Quote Address Item';

--
-- Dumping data for table `quote_address_item`
--


--
-- Table structure for table `quote_id_mask`
--

CREATE TABLE `quote_id_mask` (
  `entity_id` int(10) unsigned NOT NULL AUTO_INCREMENT COMMENT 'Entity Id',
  `quote_id` int(10) unsigned NOT NULL COMMENT 'Quote ID',
  `masked_id` varchar(32) DEFAULT NULL COMMENT 'Masked ID',
  PRIMARY KEY (`entity_id`,`quote_id`),
  KEY `QUOTE_ID_MASK_QUOTE_ID` (`quote_id`),
  KEY `QUOTE_ID_MASK_MASKED_ID` (`masked_id`),
  CONSTRAINT `QUOTE_ID_MASK_QUOTE_ID_QUOTE_ENTITY_ID` FOREIGN KEY (`quote_id`) REFERENCES `quote` (`entity_id`) ON DELETE CASCADE
) ENGINE=InnoDB AUTO_INCREMENT=64 DEFAULT CHARSET=utf8 COMMENT='Quote ID and masked ID mapping';

--
-- Dumping data for table `quote_id_mask`
--

INSERT INTO `quote_id_mask` VALUES (24,24,'000e54d000bdbd46f36243f9b0c10e6d'),(54,57,'0884ae206fb9655e1fa4749930833729'),(19,19,'2045686c10e982c784bf98399fc8703c'),(41,43,'205e6492ab46ddad89ef870f79859447'),(29,29,'256b25bd3e998e119de12e64eef013cf'),(38,40,'25a3abff8c1b6633697e0025e90316a8'),(40,42,'290746648ede1dbd03b5b2f896a5f61f'),(13,13,'2bd7a98eec1adb27df732ea517e0144e'),(43,46,'2e08955c3362cde38cc4f0ff74ca1f75'),(14,14,'2e3f70052d08bde1480d6498a0219fae'),(23,23,'30904c69eddc05efd7bf30971acdf6a2'),(6,6,'33299fffac5d1dcbf5502db7a10eaf66'),(25,25,'3ffb9bfadfed045dc5b8236d06b448f4'),(33,33,'40d532cdd9c75c11d4e28dd79a965147'),(1,1,'48923a27b42c4c682d8b4e4cd2a2922f'),(18,18,'4a954fa22e0e1ebef7f1dcb004b46819'),(39,41,'4b80ec1cc4e96297374005fe4d0720c9'),(15,15,'585415ddf6a3029761965f67b94ba919'),(47,50,'5d85a452b4667a386278e81012d0e6d3'),(56,59,'62edaded1def7ee55063ad17daf2e23a'),(20,20,'638135eac71e981586aee707f5c02c75'),(8,8,'64a7372aa31a6e3864441341076ba771'),(10,10,'66af9ac0fe406e1451bede00b0a4599b'),(58,61,'6dffc139d6533849d09c89fea590fbfd'),(42,45,'6e8f1337c21a02a63d8783f2d72812c9'),(59,62,'70eff9ba5f8f528e37fcf459986c18c0'),(48,51,'7e9c11277b6922ccf89a729956966611'),(57,60,'862b3e43baadaab0b4a0f044f044ebcc'),(3,3,'871104b0ef9adbf94d8bb143c470bd5f'),(51,54,'89e5074eec3c6e5053714a1a35320a3c'),(26,26,'8c61808b0c202e97ee5fbd481df43f64'),(46,49,'91a41a4d51bea1f486771d4d38acdef3'),(49,52,'93b43a1dde7dcd21d711989fac851b3b'),(12,12,'981e677cc074721a7be7f94123d30363'),(52,55,'9c605e6cf394cf4b39c3b362ddfe776a'),(53,56,'a1bf9a339cb767e263b7762e26fc381b'),(60,63,'a83d029474d8b9b05f941d57a37ed8e0'),(9,9,'ad2a0e4ef61a1ff58c8301cdcff867f7'),(2,2,'aec409f1757064b1a715c122d0b24148'),(62,65,'b75598f8123317d8a031e8481795b8b2'),(45,48,'b92be439e5ca0ecb582c06a8012826b2'),(21,21,'b99109f80ac3c58f82d8ff33b40ec414'),(50,53,'badc82256c9efddf657a393c84c69e82'),(17,17,'bb85087d2001421cb3eaef63b3c74bc3'),(63,66,'c03dad3aa08dedeacac510f664c4005f'),(28,28,'c2cd0f67608b71f38b322762d2147801'),(61,64,'c3e75af87e46ceebfebfd4fae6c93137'),(27,27,'cb05c8d021c362d7e7202c5d2916bdcd'),(55,58,'d55bc4dddf473e8a520b148e8de800b1'),(4,4,'ddd71e1d1525961684eff828d0fa51e2'),(37,39,'e1c186fa111d0bbb4116c34e0e614202'),(35,35,'e5bf2ffb8e3f073de600c7e5fb61632f'),(16,16,'ea982dbacb0a70674fcadf25b28c1fdd'),(34,34,'eb3d9604f526015c864c06cff51bce5d'),(5,5,'f5f27f8bde8444791f3f2da349cacd98'),(11,11,'fbba3fcc29b890637b03d780a22fae74'),(22,22,'fc51e120f9b30d9f3929798213b2c485'),(7,7,'fe77f236d0c7a9706611361ef814a404'),(36,36,'fea75937c1c75afdeea74b240a05d514');

--
-- Table structure for table `quote_item`
--

CREATE TABLE `quote_item` (
  `item_id` int(10) unsigned NOT NULL AUTO_INCREMENT COMMENT 'Item Id',
  `quote_id` int(10) unsigned NOT NULL DEFAULT '0' COMMENT 'Quote Id',
  `created_at` timestamp NOT NULL DEFAULT CURRENT_TIMESTAMP COMMENT 'Created At',
  `updated_at` timestamp NOT NULL DEFAULT '0000-00-00 00:00:00' ON UPDATE CURRENT_TIMESTAMP COMMENT 'Updated At',
  `product_id` int(10) unsigned DEFAULT NULL COMMENT 'Product Id',
  `store_id` smallint(5) unsigned DEFAULT NULL COMMENT 'Store Id',
  `parent_item_id` int(10) unsigned DEFAULT NULL COMMENT 'Parent Item Id',
  `is_virtual` smallint(5) unsigned DEFAULT NULL COMMENT 'Is Virtual',
  `sku` varchar(255) DEFAULT NULL COMMENT 'Sku',
  `name` varchar(255) DEFAULT NULL COMMENT 'Name',
  `description` text COMMENT 'Description',
  `applied_rule_ids` text COMMENT 'Applied Rule Ids',
  `additional_data` text COMMENT 'Additional Data',
  `is_qty_decimal` smallint(5) unsigned DEFAULT NULL COMMENT 'Is Qty Decimal',
  `no_discount` smallint(5) unsigned DEFAULT '0' COMMENT 'No Discount',
  `weight` decimal(12,4) DEFAULT '0.0000' COMMENT 'Weight',
  `qty` decimal(12,4) NOT NULL DEFAULT '0.0000' COMMENT 'Qty',
  `price` decimal(12,4) NOT NULL DEFAULT '0.0000' COMMENT 'Price',
  `base_price` decimal(12,4) NOT NULL DEFAULT '0.0000' COMMENT 'Base Price',
  `custom_price` decimal(12,4) DEFAULT NULL COMMENT 'Custom Price',
  `discount_percent` decimal(12,4) DEFAULT '0.0000' COMMENT 'Discount Percent',
  `discount_amount` decimal(12,4) DEFAULT '0.0000' COMMENT 'Discount Amount',
  `base_discount_amount` decimal(12,4) DEFAULT '0.0000' COMMENT 'Base Discount Amount',
  `tax_percent` decimal(12,4) DEFAULT '0.0000' COMMENT 'Tax Percent',
  `tax_amount` decimal(12,4) DEFAULT '0.0000' COMMENT 'Tax Amount',
  `base_tax_amount` decimal(12,4) DEFAULT '0.0000' COMMENT 'Base Tax Amount',
  `row_total` decimal(12,4) NOT NULL DEFAULT '0.0000' COMMENT 'Row Total',
  `base_row_total` decimal(12,4) NOT NULL DEFAULT '0.0000' COMMENT 'Base Row Total',
  `row_total_with_discount` decimal(12,4) DEFAULT '0.0000' COMMENT 'Row Total With Discount',
  `row_weight` decimal(12,4) DEFAULT '0.0000' COMMENT 'Row Weight',
  `product_type` varchar(255) DEFAULT NULL COMMENT 'Product Type',
  `base_tax_before_discount` decimal(12,4) DEFAULT NULL COMMENT 'Base Tax Before Discount',
  `tax_before_discount` decimal(12,4) DEFAULT NULL COMMENT 'Tax Before Discount',
  `original_custom_price` decimal(12,4) DEFAULT NULL COMMENT 'Original Custom Price',
  `redirect_url` varchar(255) DEFAULT NULL COMMENT 'Redirect Url',
  `base_cost` decimal(12,4) DEFAULT NULL COMMENT 'Base Cost',
  `price_incl_tax` decimal(12,4) DEFAULT NULL COMMENT 'Price Incl Tax',
  `base_price_incl_tax` decimal(12,4) DEFAULT NULL COMMENT 'Base Price Incl Tax',
  `row_total_incl_tax` decimal(12,4) DEFAULT NULL COMMENT 'Row Total Incl Tax',
  `base_row_total_incl_tax` decimal(12,4) DEFAULT NULL COMMENT 'Base Row Total Incl Tax',
  `discount_tax_compensation_amount` decimal(12,4) DEFAULT NULL COMMENT 'Discount Tax Compensation Amount',
  `base_discount_tax_compensation_amount` decimal(12,4) DEFAULT NULL COMMENT 'Base Discount Tax Compensation Amount',
  `free_shipping` smallint(5) unsigned NOT NULL DEFAULT '0' COMMENT 'Free Shipping',
  `gift_message_id` int(11) DEFAULT NULL COMMENT 'Gift Message Id',
  `weee_tax_applied` text COMMENT 'Weee Tax Applied',
  `weee_tax_applied_amount` decimal(12,4) DEFAULT NULL COMMENT 'Weee Tax Applied Amount',
  `weee_tax_applied_row_amount` decimal(12,4) DEFAULT NULL COMMENT 'Weee Tax Applied Row Amount',
  `weee_tax_disposition` decimal(12,4) DEFAULT NULL COMMENT 'Weee Tax Disposition',
  `weee_tax_row_disposition` decimal(12,4) DEFAULT NULL COMMENT 'Weee Tax Row Disposition',
  `base_weee_tax_applied_amount` decimal(12,4) DEFAULT NULL COMMENT 'Base Weee Tax Applied Amount',
  `base_weee_tax_applied_row_amnt` decimal(12,4) DEFAULT NULL COMMENT 'Base Weee Tax Applied Row Amnt',
  `base_weee_tax_disposition` decimal(12,4) DEFAULT NULL COMMENT 'Base Weee Tax Disposition',
  `base_weee_tax_row_disposition` decimal(12,4) DEFAULT NULL COMMENT 'Base Weee Tax Row Disposition',
  PRIMARY KEY (`item_id`),
  KEY `QUOTE_ITEM_PARENT_ITEM_ID` (`parent_item_id`),
  KEY `QUOTE_ITEM_PRODUCT_ID` (`product_id`),
  KEY `QUOTE_ITEM_QUOTE_ID` (`quote_id`),
  KEY `QUOTE_ITEM_STORE_ID` (`store_id`),
  CONSTRAINT `QUOTE_ITEM_PARENT_ITEM_ID_QUOTE_ITEM_ITEM_ID` FOREIGN KEY (`parent_item_id`) REFERENCES `quote_item` (`item_id`) ON DELETE CASCADE,
  CONSTRAINT `QUOTE_ITEM_QUOTE_ID_QUOTE_ENTITY_ID` FOREIGN KEY (`quote_id`) REFERENCES `quote` (`entity_id`) ON DELETE CASCADE,
  CONSTRAINT `QUOTE_ITEM_STORE_ID_STORE_STORE_ID` FOREIGN KEY (`store_id`) REFERENCES `store` (`store_id`) ON DELETE SET NULL
) ENGINE=InnoDB AUTO_INCREMENT=195 DEFAULT CHARSET=utf8 COMMENT='Sales Flat Quote Item';

--
-- Dumping data for table `quote_item`
--

INSERT INTO `quote_item` VALUES (69,28,'2018-03-15 14:59:02','0000-00-00 00:00:00',503,1,NULL,0,'ALJ1780102 9900 RUBOFF BLACK - m','HEAVY APE 01',NULL,NULL,NULL,0,0,1.0000,1.0000,649.0000,649.0000,NULL,0.0000,0.0000,0.0000,0.0000,0.0000,0.0000,649.0000,649.0000,0.0000,1.0000,'configurable',NULL,NULL,NULL,NULL,NULL,649.0000,649.0000,649.0000,649.0000,0.0000,0.0000,0,NULL,NULL,NULL,NULL,NULL,NULL,NULL,NULL,NULL,NULL),(70,28,'2018-03-15 14:59:02','0000-00-00 00:00:00',324,1,69,0,'ALJ1780102 9900 RUBOFF BLACK - m','HEAVY APE 01 - m',NULL,NULL,NULL,0,0,1.0000,1.0000,0.0000,0.0000,NULL,0.0000,0.0000,0.0000,0.0000,0.0000,0.0000,0.0000,0.0000,0.0000,0.0000,'simple',NULL,NULL,NULL,NULL,NULL,NULL,NULL,NULL,NULL,NULL,NULL,0,NULL,NULL,NULL,NULL,NULL,NULL,NULL,NULL,NULL,NULL),(71,28,'2018-03-15 15:00:38','0000-00-00 00:00:00',503,1,NULL,0,'ALJ1780102 9900 RUBOFF BLACK - l','HEAVY APE 01',NULL,NULL,NULL,0,0,1.0000,1.0000,649.0000,649.0000,NULL,0.0000,0.0000,0.0000,0.0000,0.0000,0.0000,649.0000,649.0000,0.0000,1.0000,'configurable',NULL,NULL,NULL,NULL,NULL,649.0000,649.0000,649.0000,649.0000,0.0000,0.0000,0,NULL,NULL,NULL,NULL,NULL,NULL,NULL,NULL,NULL,NULL),(72,28,'2018-03-15 15:00:38','0000-00-00 00:00:00',325,1,71,0,'ALJ1780102 9900 RUBOFF BLACK - l','HEAVY APE 01 - l',NULL,NULL,NULL,0,0,1.0000,1.0000,0.0000,0.0000,NULL,0.0000,0.0000,0.0000,0.0000,0.0000,0.0000,0.0000,0.0000,0.0000,0.0000,'simple',NULL,NULL,NULL,NULL,NULL,NULL,NULL,NULL,NULL,NULL,NULL,0,NULL,NULL,NULL,NULL,NULL,NULL,NULL,NULL,NULL,NULL),(73,27,'2018-03-15 17:35:51','0000-00-00 00:00:00',513,1,NULL,0,'AWTS1780654 9000 WHITE-BLACK - m','ARTY APE 01',NULL,NULL,NULL,0,0,1.0000,1.0000,89.0000,89.0000,NULL,0.0000,0.0000,0.0000,0.0000,0.0000,0.0000,89.0000,89.0000,0.0000,1.0000,'configurable',NULL,NULL,NULL,NULL,NULL,89.0000,89.0000,89.0000,89.0000,0.0000,0.0000,0,NULL,NULL,NULL,NULL,NULL,NULL,NULL,NULL,NULL,NULL),(74,27,'2018-03-15 17:35:51','0000-00-00 00:00:00',359,1,73,0,'AWTS1780654 9000 WHITE-BLACK - m','ARTY APE 01 - m',NULL,NULL,NULL,0,0,1.0000,1.0000,0.0000,0.0000,NULL,0.0000,0.0000,0.0000,0.0000,0.0000,0.0000,0.0000,0.0000,0.0000,0.0000,'simple',NULL,NULL,NULL,NULL,NULL,NULL,NULL,NULL,NULL,NULL,NULL,0,NULL,NULL,NULL,NULL,NULL,NULL,NULL,NULL,NULL,NULL),(75,29,'2018-03-15 17:38:22','0000-00-00 00:00:00',507,1,NULL,0,'AWLJ1780152 9900 RUBOFF BLACK - m','BUFFY APE 01',NULL,NULL,NULL,0,0,1.0000,1.0000,599.0000,599.0000,NULL,0.0000,0.0000,0.0000,0.0000,0.0000,0.0000,599.0000,599.0000,0.0000,1.0000,'configurable',NULL,NULL,NULL,NULL,NULL,599.0000,599.0000,599.0000,599.0000,0.0000,0.0000,0,NULL,NULL,NULL,NULL,NULL,NULL,NULL,NULL,NULL,NULL),(76,29,'2018-03-15 17:38:22','0000-00-00 00:00:00',337,1,75,0,'AWLJ1780152 9900 RUBOFF BLACK - m','BUFFY APE 01 - m',NULL,NULL,NULL,0,0,1.0000,1.0000,0.0000,0.0000,NULL,0.0000,0.0000,0.0000,0.0000,0.0000,0.0000,0.0000,0.0000,0.0000,0.0000,'simple',NULL,NULL,NULL,NULL,NULL,NULL,NULL,NULL,NULL,NULL,NULL,0,NULL,NULL,NULL,NULL,NULL,NULL,NULL,NULL,NULL,NULL),(89,34,'2018-03-16 21:54:43','0000-00-00 00:00:00',507,1,NULL,0,'AWLJ1780152 9900 RUBOFF BLACK - m','BUFFY APE 01',NULL,NULL,NULL,0,0,1.0000,1.0000,599.0000,599.0000,NULL,0.0000,0.0000,0.0000,0.0000,0.0000,0.0000,599.0000,599.0000,0.0000,1.0000,'configurable',NULL,NULL,NULL,NULL,NULL,599.0000,599.0000,599.0000,599.0000,0.0000,0.0000,0,NULL,NULL,NULL,NULL,NULL,NULL,NULL,NULL,NULL,NULL),(90,34,'2018-03-16 21:54:43','0000-00-00 00:00:00',337,1,89,0,'AWLJ1780152 9900 RUBOFF BLACK - m','BUFFY APE 01 - m',NULL,NULL,NULL,0,0,1.0000,1.0000,0.0000,0.0000,NULL,0.0000,0.0000,0.0000,0.0000,0.0000,0.0000,0.0000,0.0000,0.0000,0.0000,'simple',NULL,NULL,NULL,NULL,NULL,NULL,NULL,NULL,NULL,NULL,NULL,0,NULL,NULL,NULL,NULL,NULL,NULL,NULL,NULL,NULL,NULL),(91,35,'2018-03-17 23:00:36','0000-00-00 00:00:00',502,1,NULL,0,'ALJ1780100 9900 BLACK WHITE - l','PERFECT APE 01',NULL,NULL,NULL,0,0,1.0000,1.0000,799.0000,799.0000,NULL,0.0000,0.0000,0.0000,0.0000,0.0000,0.0000,799.0000,799.0000,0.0000,1.0000,'configurable',NULL,NULL,NULL,NULL,NULL,799.0000,799.0000,799.0000,799.0000,0.0000,0.0000,0,NULL,NULL,NULL,NULL,NULL,NULL,NULL,NULL,NULL,NULL),(92,35,'2018-03-17 23:00:36','0000-00-00 00:00:00',322,1,91,0,'ALJ1780100 9900 BLACK WHITE - l','PERFECT APE 01 - l',NULL,NULL,NULL,0,0,1.0000,1.0000,0.0000,0.0000,NULL,0.0000,0.0000,0.0000,0.0000,0.0000,0.0000,0.0000,0.0000,0.0000,0.0000,'simple',NULL,NULL,NULL,NULL,NULL,NULL,NULL,NULL,NULL,NULL,NULL,0,NULL,NULL,NULL,NULL,NULL,NULL,NULL,NULL,NULL,NULL),(93,36,'2018-03-20 12:28:43','0000-00-00 00:00:00',500,1,NULL,0,'ALJ1780100 9900 GOAT NUBUCK BLACK - l','PERFECT APE 01',NULL,NULL,NULL,0,0,1.0000,1.0000,749.0000,749.0000,NULL,0.0000,0.0000,0.0000,0.0000,0.0000,0.0000,749.0000,749.0000,0.0000,1.0000,'configurable',NULL,NULL,NULL,NULL,NULL,749.0000,749.0000,749.0000,749.0000,0.0000,0.0000,0,NULL,NULL,NULL,NULL,NULL,NULL,NULL,NULL,NULL,NULL),(94,36,'2018-03-20 12:28:43','0000-00-00 00:00:00',316,1,93,0,'ALJ1780100 9900 GOAT NUBUCK BLACK - l','PERFECT APE 01 - l',NULL,NULL,NULL,0,0,1.0000,1.0000,0.0000,0.0000,NULL,0.0000,0.0000,0.0000,0.0000,0.0000,0.0000,0.0000,0.0000,0.0000,0.0000,'simple',NULL,NULL,NULL,NULL,NULL,NULL,NULL,NULL,NULL,NULL,NULL,0,NULL,NULL,NULL,NULL,NULL,NULL,NULL,NULL,NULL,NULL),(95,39,'2018-03-21 13:48:17','0000-00-00 00:00:00',509,1,NULL,0,'AWLJ1780154 9900 BLACK - m','GLAMOROUS APE 01',NULL,NULL,NULL,0,0,1.0000,1.0000,749.0000,749.0000,NULL,0.0000,0.0000,0.0000,0.0000,0.0000,0.0000,749.0000,749.0000,0.0000,1.0000,'configurable',NULL,NULL,NULL,NULL,NULL,749.0000,749.0000,749.0000,749.0000,0.0000,0.0000,0,NULL,NULL,NULL,NULL,NULL,NULL,NULL,NULL,NULL,NULL),(96,39,'2018-03-21 13:48:17','0000-00-00 00:00:00',343,1,95,0,'AWLJ1780154 9900 BLACK - m','GLAMOROUS APE 01 - m',NULL,NULL,NULL,0,0,1.0000,1.0000,0.0000,0.0000,NULL,0.0000,0.0000,0.0000,0.0000,0.0000,0.0000,0.0000,0.0000,0.0000,0.0000,'simple',NULL,NULL,NULL,NULL,NULL,NULL,NULL,NULL,NULL,NULL,NULL,0,NULL,NULL,NULL,NULL,NULL,NULL,NULL,NULL,NULL,NULL),(97,40,'2018-03-22 16:27:38','0000-00-00 00:00:00',504,1,NULL,0,'ALJ1780104 9900 BLACK STUDS - m','HIDDEN APE 01',NULL,NULL,NULL,0,0,1.0000,1.0000,849.0000,849.0000,NULL,0.0000,0.0000,0.0000,0.0000,0.0000,0.0000,849.0000,849.0000,0.0000,1.0000,'configurable',NULL,NULL,NULL,NULL,NULL,849.0000,849.0000,849.0000,849.0000,0.0000,0.0000,0,NULL,NULL,NULL,NULL,NULL,NULL,NULL,NULL,NULL,NULL),(98,40,'2018-03-22 16:27:38','0000-00-00 00:00:00',327,1,97,0,'ALJ1780104 9900 BLACK STUDS - m','HIDDEN APE 01 - m',NULL,NULL,NULL,0,0,1.0000,1.0000,0.0000,0.0000,NULL,0.0000,0.0000,0.0000,0.0000,0.0000,0.0000,0.0000,0.0000,0.0000,0.0000,'simple',NULL,NULL,NULL,NULL,NULL,NULL,NULL,NULL,NULL,NULL,NULL,0,NULL,NULL,NULL,NULL,NULL,NULL,NULL,NULL,NULL,NULL),(99,41,'2018-03-23 09:30:11','0000-00-00 00:00:00',504,1,NULL,0,'ALJ1780104 9900 BLACK STUDS - m','HIDDEN APE 01',NULL,NULL,NULL,0,0,1.0000,1.0000,849.0000,849.0000,NULL,0.0000,0.0000,0.0000,0.0000,0.0000,0.0000,849.0000,849.0000,0.0000,1.0000,'configurable',NULL,NULL,NULL,NULL,NULL,849.0000,849.0000,849.0000,849.0000,0.0000,0.0000,0,NULL,NULL,NULL,NULL,NULL,NULL,NULL,NULL,NULL,NULL),(100,41,'2018-03-23 09:30:11','0000-00-00 00:00:00',327,1,99,0,'ALJ1780104 9900 BLACK STUDS - m','HIDDEN APE 01 - m',NULL,NULL,NULL,0,0,1.0000,1.0000,0.0000,0.0000,NULL,0.0000,0.0000,0.0000,0.0000,0.0000,0.0000,0.0000,0.0000,0.0000,0.0000,'simple',NULL,NULL,NULL,NULL,NULL,NULL,NULL,NULL,NULL,NULL,NULL,0,NULL,NULL,NULL,NULL,NULL,NULL,NULL,NULL,NULL,NULL),(101,42,'2018-03-23 09:30:22','0000-00-00 00:00:00',504,1,NULL,0,'ALJ1780104 9900 BLACK STUDS - m','HIDDEN APE 01',NULL,NULL,NULL,0,0,1.0000,1.0000,849.0000,849.0000,NULL,0.0000,0.0000,0.0000,0.0000,0.0000,0.0000,849.0000,849.0000,0.0000,1.0000,'configurable',NULL,NULL,NULL,NULL,NULL,849.0000,849.0000,849.0000,849.0000,0.0000,0.0000,0,NULL,NULL,NULL,NULL,NULL,NULL,NULL,NULL,NULL,NULL),(102,42,'2018-03-23 09:30:22','0000-00-00 00:00:00',327,1,101,0,'ALJ1780104 9900 BLACK STUDS - m','HIDDEN APE 01 - m',NULL,NULL,NULL,0,0,1.0000,1.0000,0.0000,0.0000,NULL,0.0000,0.0000,0.0000,0.0000,0.0000,0.0000,0.0000,0.0000,0.0000,0.0000,'simple',NULL,NULL,NULL,NULL,NULL,NULL,NULL,NULL,NULL,NULL,NULL,0,NULL,NULL,NULL,NULL,NULL,NULL,NULL,NULL,NULL,NULL),(103,43,'2018-03-23 12:22:42','0000-00-00 00:00:00',501,1,NULL,0,'ALJ1780100 9900 LAMB DD BLACK - m','PERFECT APE 01',NULL,NULL,NULL,0,0,1.0000,1.0000,749.0000,749.0000,NULL,0.0000,0.0000,0.0000,0.0000,0.0000,0.0000,749.0000,749.0000,0.0000,1.0000,'configurable',NULL,NULL,NULL,NULL,NULL,749.0000,749.0000,749.0000,749.0000,0.0000,0.0000,0,NULL,NULL,NULL,NULL,NULL,NULL,NULL,NULL,NULL,NULL),(104,43,'2018-03-23 12:22:42','0000-00-00 00:00:00',318,1,103,0,'ALJ1780100 9900 LAMB DD BLACK - m','PERFECT APE 01 - m',NULL,NULL,NULL,0,0,1.0000,1.0000,0.0000,0.0000,NULL,0.0000,0.0000,0.0000,0.0000,0.0000,0.0000,0.0000,0.0000,0.0000,0.0000,'simple',NULL,NULL,NULL,NULL,NULL,NULL,NULL,NULL,NULL,NULL,NULL,0,NULL,NULL,NULL,NULL,NULL,NULL,NULL,NULL,NULL,NULL),(105,45,'2018-03-26 12:54:57','0000-00-00 00:00:00',504,1,NULL,0,'ALJ1780104 9900 BLACK STUDS - l','HIDDEN APE 01',NULL,NULL,NULL,0,0,1.0000,1.0000,849.0000,849.0000,NULL,0.0000,0.0000,0.0000,0.0000,0.0000,0.0000,849.0000,849.0000,0.0000,1.0000,'configurable',NULL,NULL,NULL,NULL,NULL,849.0000,849.0000,849.0000,849.0000,0.0000,0.0000,0,NULL,NULL,NULL,NULL,NULL,NULL,NULL,NULL,NULL,NULL),(106,45,'2018-03-26 12:54:57','0000-00-00 00:00:00',328,1,105,0,'ALJ1780104 9900 BLACK STUDS - l','HIDDEN APE 01 - l',NULL,NULL,NULL,0,0,1.0000,1.0000,0.0000,0.0000,NULL,0.0000,0.0000,0.0000,0.0000,0.0000,0.0000,0.0000,0.0000,0.0000,0.0000,'simple',NULL,NULL,NULL,NULL,NULL,NULL,NULL,NULL,NULL,NULL,NULL,0,NULL,NULL,NULL,NULL,NULL,NULL,NULL,NULL,NULL,NULL),(107,46,'2018-03-26 13:10:23','0000-00-00 00:00:00',533,1,NULL,0,'AJA1780206 9900 BRUT NUBUCK BLACK - l','BRUT APE 01',NULL,NULL,NULL,0,0,1.0000,1.0000,649.0000,649.0000,NULL,0.0000,0.0000,0.0000,0.0000,0.0000,0.0000,649.0000,649.0000,0.0000,1.0000,'configurable',NULL,NULL,NULL,NULL,NULL,649.0000,649.0000,649.0000,649.0000,0.0000,0.0000,0,NULL,NULL,NULL,NULL,NULL,NULL,NULL,NULL,NULL,NULL),(108,46,'2018-03-26 13:10:23','0000-00-00 00:00:00',531,1,107,0,'AJA1780206 9900 BRUT NUBUCK BLACK - l','BRUT APE 01 - l',NULL,NULL,NULL,0,0,1.0000,1.0000,0.0000,0.0000,NULL,0.0000,0.0000,0.0000,0.0000,0.0000,0.0000,0.0000,0.0000,0.0000,0.0000,'simple',NULL,NULL,NULL,NULL,NULL,NULL,NULL,NULL,NULL,NULL,NULL,0,NULL,NULL,NULL,NULL,NULL,NULL,NULL,NULL,NULL,NULL),(111,46,'2018-03-26 14:14:21','0000-00-00 00:00:00',504,1,NULL,0,'ALJ1780104 9900 BLACK STUDS - l','HIDDEN APE 01',NULL,NULL,NULL,0,0,1.0000,1.0000,849.0000,849.0000,NULL,0.0000,0.0000,0.0000,0.0000,0.0000,0.0000,849.0000,849.0000,0.0000,1.0000,'configurable',NULL,NULL,NULL,NULL,NULL,849.0000,849.0000,849.0000,849.0000,0.0000,0.0000,0,NULL,NULL,NULL,NULL,NULL,NULL,NULL,NULL,NULL,NULL),(112,46,'2018-03-26 14:14:21','0000-00-00 00:00:00',328,1,111,0,'ALJ1780104 9900 BLACK STUDS - l','HIDDEN APE 01 - l',NULL,NULL,NULL,0,0,1.0000,1.0000,0.0000,0.0000,NULL,0.0000,0.0000,0.0000,0.0000,0.0000,0.0000,0.0000,0.0000,0.0000,0.0000,'simple',NULL,NULL,NULL,NULL,NULL,NULL,NULL,NULL,NULL,NULL,NULL,0,NULL,NULL,NULL,NULL,NULL,NULL,NULL,NULL,NULL,NULL),(113,48,'2018-03-27 15:51:31','0000-00-00 00:00:00',511,1,NULL,0,'AWSW1780850 9000 WHITE - s','BOLT APE 01',NULL,NULL,NULL,0,0,1.0000,1.0000,159.0000,159.0000,NULL,0.0000,0.0000,0.0000,0.0000,0.0000,0.0000,159.0000,159.0000,0.0000,1.0000,'configurable',NULL,NULL,NULL,NULL,NULL,159.0000,159.0000,159.0000,159.0000,0.0000,0.0000,0,NULL,NULL,NULL,NULL,NULL,NULL,NULL,NULL,NULL,NULL),(114,48,'2018-03-27 15:51:31','0000-00-00 00:00:00',350,1,113,0,'AWSW1780850 9000 WHITE - s','BOLT APE 01 - s',NULL,NULL,NULL,0,0,1.0000,1.0000,0.0000,0.0000,NULL,0.0000,0.0000,0.0000,0.0000,0.0000,0.0000,0.0000,0.0000,0.0000,0.0000,'simple',NULL,NULL,NULL,NULL,NULL,NULL,NULL,NULL,NULL,NULL,NULL,0,NULL,NULL,NULL,NULL,NULL,NULL,NULL,NULL,NULL,NULL),(117,49,'2018-03-27 20:11:56','0000-00-00 00:00:00',514,1,NULL,0,'AWTS1780654 9000 WHITE-COPPER - l','ARTY APE 01',NULL,NULL,NULL,0,0,1.0000,1.0000,89.0000,89.0000,NULL,0.0000,0.0000,0.0000,0.0000,0.0000,0.0000,89.0000,89.0000,0.0000,1.0000,'configurable',NULL,NULL,NULL,NULL,NULL,89.0000,89.0000,89.0000,89.0000,0.0000,0.0000,0,NULL,NULL,NULL,NULL,NULL,NULL,NULL,NULL,NULL,NULL),(118,49,'2018-03-27 20:11:56','0000-00-00 00:00:00',364,1,117,0,'AWTS1780654 9000 WHITE-COPPER - l','ARTY APE 01 - l',NULL,NULL,NULL,0,0,1.0000,1.0000,0.0000,0.0000,NULL,0.0000,0.0000,0.0000,0.0000,0.0000,0.0000,0.0000,0.0000,0.0000,0.0000,'simple',NULL,NULL,NULL,NULL,NULL,NULL,NULL,NULL,NULL,NULL,NULL,0,NULL,NULL,NULL,NULL,NULL,NULL,NULL,NULL,NULL,NULL),(119,50,'2018-03-28 13:07:44','0000-00-00 00:00:00',500,1,NULL,0,'ALJ1780100 9900 GOAT NUBUCK BLACK - m','PERFECT APE 01',NULL,NULL,NULL,0,0,1.0000,1.0000,749.0000,749.0000,NULL,0.0000,0.0000,0.0000,0.0000,0.0000,0.0000,749.0000,749.0000,0.0000,1.0000,'configurable',NULL,NULL,NULL,NULL,NULL,749.0000,749.0000,749.0000,749.0000,0.0000,0.0000,0,NULL,NULL,NULL,NULL,NULL,NULL,NULL,NULL,NULL,NULL),(120,50,'2018-03-28 13:07:44','0000-00-00 00:00:00',315,1,119,0,'ALJ1780100 9900 GOAT NUBUCK BLACK - m','PERFECT APE 01 - m',NULL,NULL,NULL,0,0,1.0000,1.0000,0.0000,0.0000,NULL,0.0000,0.0000,0.0000,0.0000,0.0000,0.0000,0.0000,0.0000,0.0000,0.0000,'simple',NULL,NULL,NULL,NULL,NULL,NULL,NULL,NULL,NULL,NULL,NULL,0,NULL,NULL,NULL,NULL,NULL,NULL,NULL,NULL,NULL,NULL),(121,51,'2018-03-28 13:08:13','0000-00-00 00:00:00',500,1,NULL,0,'ALJ1780100 9900 GOAT NUBUCK BLACK - m','PERFECT APE 01',NULL,NULL,NULL,0,0,1.0000,1.0000,749.0000,749.0000,NULL,0.0000,0.0000,0.0000,0.0000,0.0000,0.0000,749.0000,749.0000,0.0000,1.0000,'configurable',NULL,NULL,NULL,NULL,NULL,749.0000,749.0000,749.0000,749.0000,0.0000,0.0000,0,NULL,NULL,NULL,NULL,NULL,NULL,NULL,NULL,NULL,NULL),(122,51,'2018-03-28 13:08:13','0000-00-00 00:00:00',315,1,121,0,'ALJ1780100 9900 GOAT NUBUCK BLACK - m','PERFECT APE 01 - m',NULL,NULL,NULL,0,0,1.0000,1.0000,0.0000,0.0000,NULL,0.0000,0.0000,0.0000,0.0000,0.0000,0.0000,0.0000,0.0000,0.0000,0.0000,'simple',NULL,NULL,NULL,NULL,NULL,NULL,NULL,NULL,NULL,NULL,NULL,0,NULL,NULL,NULL,NULL,NULL,NULL,NULL,NULL,NULL,NULL),(123,52,'2018-03-29 13:50:22','0000-00-00 00:00:00',500,1,NULL,0,'ALJ1780100 9900 GOAT NUBUCK BLACK - xl','PERFECT APE 01',NULL,NULL,NULL,0,0,1.0000,1.0000,749.0000,749.0000,NULL,0.0000,0.0000,0.0000,0.0000,0.0000,0.0000,749.0000,749.0000,0.0000,1.0000,'configurable',NULL,NULL,NULL,NULL,NULL,749.0000,749.0000,749.0000,749.0000,0.0000,0.0000,0,NULL,NULL,NULL,NULL,NULL,NULL,NULL,NULL,NULL,NULL),(124,52,'2018-03-29 13:50:22','0000-00-00 00:00:00',317,1,123,0,'ALJ1780100 9900 GOAT NUBUCK BLACK - xl','PERFECT APE 01 - xl',NULL,NULL,NULL,0,0,1.0000,1.0000,0.0000,0.0000,NULL,0.0000,0.0000,0.0000,0.0000,0.0000,0.0000,0.0000,0.0000,0.0000,0.0000,'simple',NULL,NULL,NULL,NULL,NULL,NULL,NULL,NULL,NULL,NULL,NULL,0,NULL,NULL,NULL,NULL,NULL,NULL,NULL,NULL,NULL,NULL),(125,53,'2018-03-29 15:06:03','0000-00-00 00:00:00',500,1,NULL,0,'ALJ1780100 9900 GOAT NUBUCK BLACK - xl','PERFECT APE 01',NULL,NULL,NULL,0,0,1.0000,1.0000,749.0000,749.0000,NULL,0.0000,0.0000,0.0000,0.0000,0.0000,0.0000,749.0000,749.0000,0.0000,1.0000,'configurable',NULL,NULL,NULL,NULL,NULL,749.0000,749.0000,749.0000,749.0000,0.0000,0.0000,0,NULL,NULL,NULL,NULL,NULL,NULL,NULL,NULL,NULL,NULL),(126,53,'2018-03-29 15:06:03','0000-00-00 00:00:00',317,1,125,0,'ALJ1780100 9900 GOAT NUBUCK BLACK - xl','PERFECT APE 01 - xl',NULL,NULL,NULL,0,0,1.0000,1.0000,0.0000,0.0000,NULL,0.0000,0.0000,0.0000,0.0000,0.0000,0.0000,0.0000,0.0000,0.0000,0.0000,'simple',NULL,NULL,NULL,NULL,NULL,NULL,NULL,NULL,NULL,NULL,NULL,0,NULL,NULL,NULL,NULL,NULL,NULL,NULL,NULL,NULL,NULL),(127,54,'2018-04-04 08:03:30','0000-00-00 00:00:00',502,1,NULL,0,'ALJ1780100 9900 BLACK WHITE - m','PERFECT APE 01',NULL,NULL,NULL,0,0,1.0000,1.0000,799.0000,799.0000,NULL,0.0000,0.0000,0.0000,0.0000,0.0000,0.0000,799.0000,799.0000,0.0000,1.0000,'configurable',NULL,NULL,NULL,NULL,NULL,799.0000,799.0000,799.0000,799.0000,0.0000,0.0000,0,NULL,NULL,NULL,NULL,NULL,NULL,NULL,NULL,NULL,NULL),(128,54,'2018-04-04 08:03:30','0000-00-00 00:00:00',321,1,127,0,'ALJ1780100 9900 BLACK WHITE - m','PERFECT APE 01 - m',NULL,NULL,NULL,0,0,1.0000,1.0000,0.0000,0.0000,NULL,0.0000,0.0000,0.0000,0.0000,0.0000,0.0000,0.0000,0.0000,0.0000,0.0000,'simple',NULL,NULL,NULL,NULL,NULL,NULL,NULL,NULL,NULL,NULL,NULL,0,NULL,NULL,NULL,NULL,NULL,NULL,NULL,NULL,NULL,NULL),(129,55,'2018-04-04 12:30:51','0000-00-00 00:00:00',511,1,NULL,0,'AWSW1780850 9000 WHITE - s','BOLT APE 01',NULL,NULL,NULL,0,0,1.0000,1.0000,159.0000,159.0000,NULL,0.0000,0.0000,0.0000,0.0000,0.0000,0.0000,159.0000,159.0000,0.0000,1.0000,'configurable',NULL,NULL,NULL,NULL,NULL,159.0000,159.0000,159.0000,159.0000,0.0000,0.0000,0,NULL,NULL,NULL,NULL,NULL,NULL,NULL,NULL,NULL,NULL),(130,55,'2018-04-04 12:30:51','0000-00-00 00:00:00',350,1,129,0,'AWSW1780850 9000 WHITE - s','BOLT APE 01 - s',NULL,NULL,NULL,0,0,1.0000,1.0000,0.0000,0.0000,NULL,0.0000,0.0000,0.0000,0.0000,0.0000,0.0000,0.0000,0.0000,0.0000,0.0000,'simple',NULL,NULL,NULL,NULL,NULL,NULL,NULL,NULL,NULL,NULL,NULL,0,NULL,NULL,NULL,NULL,NULL,NULL,NULL,NULL,NULL,NULL),(131,56,'2018-04-05 08:34:02','0000-00-00 00:00:00',516,1,NULL,0,'ASH1780400 9000 WHITE - l','DRESSED APE 01',NULL,NULL,NULL,0,0,1.0000,1.0000,139.0000,139.0000,NULL,0.0000,0.0000,0.0000,0.0000,0.0000,0.0000,139.0000,139.0000,0.0000,1.0000,'configurable',NULL,NULL,NULL,NULL,NULL,139.0000,139.0000,139.0000,139.0000,0.0000,0.0000,0,NULL,NULL,NULL,NULL,NULL,NULL,NULL,NULL,NULL,NULL),(132,56,'2018-04-05 08:34:02','0000-00-00 00:00:00',371,1,131,0,'ASH1780400 9000 WHITE - l','DRESSED APE 01 - l',NULL,NULL,NULL,0,0,1.0000,1.0000,0.0000,0.0000,NULL,0.0000,0.0000,0.0000,0.0000,0.0000,0.0000,0.0000,0.0000,0.0000,0.0000,'simple',NULL,NULL,NULL,NULL,NULL,NULL,NULL,NULL,NULL,NULL,NULL,0,NULL,NULL,NULL,NULL,NULL,NULL,NULL,NULL,NULL,NULL),(133,56,'2018-04-05 08:34:19','0000-00-00 00:00:00',502,1,NULL,0,'ALJ1780100 9900 BLACK WHITE - xl','PERFECT APE 01',NULL,NULL,NULL,0,0,1.0000,1.0000,799.0000,799.0000,NULL,0.0000,0.0000,0.0000,0.0000,0.0000,0.0000,799.0000,799.0000,0.0000,1.0000,'configurable',NULL,NULL,NULL,NULL,NULL,799.0000,799.0000,799.0000,799.0000,0.0000,0.0000,0,NULL,NULL,NULL,NULL,NULL,NULL,NULL,NULL,NULL,NULL),(134,56,'2018-04-05 08:34:19','0000-00-00 00:00:00',323,1,133,0,'ALJ1780100 9900 BLACK WHITE - xl','PERFECT APE 01 - xl',NULL,NULL,NULL,0,0,1.0000,1.0000,0.0000,0.0000,NULL,0.0000,0.0000,0.0000,0.0000,0.0000,0.0000,0.0000,0.0000,0.0000,0.0000,'simple',NULL,NULL,NULL,NULL,NULL,NULL,NULL,NULL,NULL,NULL,NULL,0,NULL,NULL,NULL,NULL,NULL,NULL,NULL,NULL,NULL,NULL),(135,56,'2018-04-05 08:35:12','0000-00-00 00:00:00',500,1,NULL,0,'ALJ1780100 9900 GOAT NUBUCK BLACK - l','PERFECT APE 01 - NUBUCK',NULL,NULL,NULL,0,0,1.0000,1.0000,749.0000,749.0000,NULL,0.0000,0.0000,0.0000,0.0000,0.0000,0.0000,749.0000,749.0000,0.0000,1.0000,'configurable',NULL,NULL,NULL,NULL,NULL,749.0000,749.0000,749.0000,749.0000,0.0000,0.0000,0,NULL,NULL,NULL,NULL,NULL,NULL,NULL,NULL,NULL,NULL),(136,56,'2018-04-05 08:35:12','0000-00-00 00:00:00',316,1,135,0,'ALJ1780100 9900 GOAT NUBUCK BLACK - l','PERFECT APE 01 - l',NULL,NULL,NULL,0,0,1.0000,1.0000,0.0000,0.0000,NULL,0.0000,0.0000,0.0000,0.0000,0.0000,0.0000,0.0000,0.0000,0.0000,0.0000,'simple',NULL,NULL,NULL,NULL,NULL,NULL,NULL,NULL,NULL,NULL,NULL,0,NULL,NULL,NULL,NULL,NULL,NULL,NULL,NULL,NULL,NULL),(137,57,'2018-04-05 09:12:37','0000-00-00 00:00:00',500,1,NULL,0,'ALJ1780100 9900 GOAT NUBUCK BLACK - xl','PERFECT APE 01 - NUBUCK',NULL,NULL,NULL,0,0,1.0000,1.0000,749.0000,749.0000,NULL,0.0000,0.0000,0.0000,0.0000,0.0000,0.0000,749.0000,749.0000,0.0000,1.0000,'configurable',NULL,NULL,NULL,NULL,NULL,749.0000,749.0000,749.0000,749.0000,0.0000,0.0000,0,NULL,NULL,NULL,NULL,NULL,NULL,NULL,NULL,NULL,NULL),(138,57,'2018-04-05 09:12:37','0000-00-00 00:00:00',317,1,137,0,'ALJ1780100 9900 GOAT NUBUCK BLACK - xl','PERFECT APE 01 - xl',NULL,NULL,NULL,0,0,1.0000,1.0000,0.0000,0.0000,NULL,0.0000,0.0000,0.0000,0.0000,0.0000,0.0000,0.0000,0.0000,0.0000,0.0000,'simple',NULL,NULL,NULL,NULL,NULL,NULL,NULL,NULL,NULL,NULL,NULL,0,NULL,NULL,NULL,NULL,NULL,NULL,NULL,NULL,NULL,NULL),(143,58,'2018-04-05 09:23:52','0000-00-00 00:00:00',502,1,NULL,0,'ALJ1780100 9900 BLACK WHITE - xl','PERFECT APE 01',NULL,NULL,NULL,0,0,1.0000,1.0000,799.0000,799.0000,NULL,0.0000,0.0000,0.0000,0.0000,0.0000,0.0000,799.0000,799.0000,0.0000,1.0000,'configurable',NULL,NULL,NULL,NULL,NULL,799.0000,799.0000,799.0000,799.0000,0.0000,0.0000,0,NULL,NULL,NULL,NULL,NULL,NULL,NULL,NULL,NULL,NULL),(144,58,'2018-04-05 09:23:52','0000-00-00 00:00:00',323,1,143,0,'ALJ1780100 9900 BLACK WHITE - xl','PERFECT APE 01 - xl',NULL,NULL,NULL,0,0,1.0000,1.0000,0.0000,0.0000,NULL,0.0000,0.0000,0.0000,0.0000,0.0000,0.0000,0.0000,0.0000,0.0000,0.0000,'simple',NULL,NULL,NULL,NULL,NULL,NULL,NULL,NULL,NULL,NULL,NULL,0,NULL,NULL,NULL,NULL,NULL,NULL,NULL,NULL,NULL,NULL),(145,58,'2018-04-05 09:24:03','0000-00-00 00:00:00',515,1,NULL,0,'ASH1780400 9900 BLACK - xl','DRESSED APE 01',NULL,NULL,NULL,0,0,1.0000,1.0000,139.0000,139.0000,NULL,0.0000,0.0000,0.0000,0.0000,0.0000,0.0000,139.0000,139.0000,0.0000,1.0000,'configurable',NULL,NULL,NULL,NULL,NULL,139.0000,139.0000,139.0000,139.0000,0.0000,0.0000,0,NULL,NULL,NULL,NULL,NULL,NULL,NULL,NULL,NULL,NULL),(146,58,'2018-04-05 09:24:03','0000-00-00 00:00:00',368,1,145,0,'ASH1780400 9900 BLACK - xl','DRESSED APE 01 - xl',NULL,NULL,NULL,0,0,1.0000,1.0000,0.0000,0.0000,NULL,0.0000,0.0000,0.0000,0.0000,0.0000,0.0000,0.0000,0.0000,0.0000,0.0000,'simple',NULL,NULL,NULL,NULL,NULL,NULL,NULL,NULL,NULL,NULL,NULL,0,NULL,NULL,NULL,NULL,NULL,NULL,NULL,NULL,NULL,NULL),(147,58,'2018-04-05 09:24:19','0000-00-00 00:00:00',533,1,NULL,0,'AJA1780206 9900 BRUT NUBUCK BLACK - l','BRUT APE 01',NULL,NULL,NULL,0,0,1.0000,1.0000,649.0000,649.0000,NULL,0.0000,0.0000,0.0000,0.0000,0.0000,0.0000,649.0000,649.0000,0.0000,1.0000,'configurable',NULL,NULL,NULL,NULL,NULL,649.0000,649.0000,649.0000,649.0000,0.0000,0.0000,0,NULL,NULL,NULL,NULL,NULL,NULL,NULL,NULL,NULL,NULL),(148,58,'2018-04-05 09:24:19','0000-00-00 00:00:00',531,1,147,0,'AJA1780206 9900 BRUT NUBUCK BLACK - l','BRUT APE 01 - l',NULL,NULL,NULL,0,0,1.0000,1.0000,0.0000,0.0000,NULL,0.0000,0.0000,0.0000,0.0000,0.0000,0.0000,0.0000,0.0000,0.0000,0.0000,'simple',NULL,NULL,NULL,NULL,NULL,NULL,NULL,NULL,NULL,NULL,NULL,0,NULL,NULL,NULL,NULL,NULL,NULL,NULL,NULL,NULL,NULL),(153,59,'2018-04-05 10:17:23','0000-00-00 00:00:00',513,1,NULL,0,'AWTS1780654 9000 WHITE-BLACK - m','ARTY APE 01',NULL,NULL,NULL,0,0,1.0000,1.0000,89.0000,89.0000,NULL,0.0000,0.0000,0.0000,0.0000,0.0000,0.0000,89.0000,89.0000,0.0000,1.0000,'configurable',NULL,NULL,NULL,NULL,NULL,89.0000,89.0000,89.0000,89.0000,0.0000,0.0000,0,NULL,NULL,NULL,NULL,NULL,NULL,NULL,NULL,NULL,NULL),(154,59,'2018-04-05 10:17:23','0000-00-00 00:00:00',359,1,153,0,'AWTS1780654 9000 WHITE-BLACK - m','ARTY APE 01 - m',NULL,NULL,NULL,0,0,1.0000,1.0000,0.0000,0.0000,NULL,0.0000,0.0000,0.0000,0.0000,0.0000,0.0000,0.0000,0.0000,0.0000,0.0000,'simple',NULL,NULL,NULL,NULL,NULL,NULL,NULL,NULL,NULL,NULL,NULL,0,NULL,NULL,NULL,NULL,NULL,NULL,NULL,NULL,NULL,NULL),(155,59,'2018-04-05 10:17:41','0000-00-00 00:00:00',500,1,NULL,0,'ALJ1780100 9900 GOAT NUBUCK BLACK - l','PERFECT APE 01 - NUBUCK',NULL,NULL,NULL,0,0,1.0000,1.0000,749.0000,749.0000,NULL,0.0000,0.0000,0.0000,0.0000,0.0000,0.0000,749.0000,749.0000,0.0000,1.0000,'configurable',NULL,NULL,NULL,NULL,NULL,749.0000,749.0000,749.0000,749.0000,0.0000,0.0000,0,NULL,NULL,NULL,NULL,NULL,NULL,NULL,NULL,NULL,NULL),(156,59,'2018-04-05 10:17:41','0000-00-00 00:00:00',316,1,155,0,'ALJ1780100 9900 GOAT NUBUCK BLACK - l','PERFECT APE 01 - l',NULL,NULL,NULL,0,0,1.0000,1.0000,0.0000,0.0000,NULL,0.0000,0.0000,0.0000,0.0000,0.0000,0.0000,0.0000,0.0000,0.0000,0.0000,'simple',NULL,NULL,NULL,NULL,NULL,NULL,NULL,NULL,NULL,NULL,NULL,0,NULL,NULL,NULL,NULL,NULL,NULL,NULL,NULL,NULL,NULL),(157,60,'2018-04-05 10:19:52','0000-00-00 00:00:00',510,1,NULL,0,'ASW1780800 9900 BLACK - l','SWEATY APE 01',NULL,NULL,NULL,0,0,1.0000,1.0000,159.0000,159.0000,NULL,0.0000,0.0000,0.0000,0.0000,0.0000,0.0000,159.0000,159.0000,0.0000,1.0000,'configurable',NULL,NULL,NULL,NULL,NULL,159.0000,159.0000,159.0000,159.0000,0.0000,0.0000,0,NULL,NULL,NULL,NULL,NULL,NULL,NULL,NULL,NULL,NULL),(158,60,'2018-04-05 10:19:52','0000-00-00 00:00:00',347,1,157,0,'ASW1780800 9900 BLACK - l','SWEATY APE 01 - l',NULL,NULL,NULL,0,0,1.0000,1.0000,0.0000,0.0000,NULL,0.0000,0.0000,0.0000,0.0000,0.0000,0.0000,0.0000,0.0000,0.0000,0.0000,'simple',NULL,NULL,NULL,NULL,NULL,NULL,NULL,NULL,NULL,NULL,NULL,0,NULL,NULL,NULL,NULL,NULL,NULL,NULL,NULL,NULL,NULL),(159,60,'2018-04-05 10:20:03','0000-00-00 00:00:00',515,1,NULL,0,'ASH1780400 9900 BLACK - l','DRESSED APE 01',NULL,NULL,NULL,0,0,1.0000,1.0000,139.0000,139.0000,NULL,0.0000,0.0000,0.0000,0.0000,0.0000,0.0000,139.0000,139.0000,0.0000,1.0000,'configurable',NULL,NULL,NULL,NULL,NULL,139.0000,139.0000,139.0000,139.0000,0.0000,0.0000,0,NULL,NULL,NULL,NULL,NULL,NULL,NULL,NULL,NULL,NULL),(160,60,'2018-04-05 10:20:03','0000-00-00 00:00:00',367,1,159,0,'ASH1780400 9900 BLACK - l','DRESSED APE 01 - l',NULL,NULL,NULL,0,0,1.0000,1.0000,0.0000,0.0000,NULL,0.0000,0.0000,0.0000,0.0000,0.0000,0.0000,0.0000,0.0000,0.0000,0.0000,'simple',NULL,NULL,NULL,NULL,NULL,NULL,NULL,NULL,NULL,NULL,NULL,0,NULL,NULL,NULL,NULL,NULL,NULL,NULL,NULL,NULL,NULL),(183,62,'2018-04-05 13:49:49','0000-00-00 00:00:00',510,1,NULL,0,'ASW1780800 9900 BLACK - l','SWEATY APE 01',NULL,NULL,NULL,0,0,1.0000,1.0000,159.0000,159.0000,NULL,0.0000,0.0000,0.0000,0.0000,0.0000,0.0000,159.0000,159.0000,0.0000,1.0000,'configurable',NULL,NULL,NULL,NULL,NULL,159.0000,159.0000,159.0000,159.0000,0.0000,0.0000,0,NULL,NULL,NULL,NULL,NULL,NULL,NULL,NULL,NULL,NULL),(184,62,'2018-04-05 13:49:49','0000-00-00 00:00:00',347,1,183,0,'ASW1780800 9900 BLACK - l','SWEATY APE 01 - l',NULL,NULL,NULL,0,0,1.0000,1.0000,0.0000,0.0000,NULL,0.0000,0.0000,0.0000,0.0000,0.0000,0.0000,0.0000,0.0000,0.0000,0.0000,'simple',NULL,NULL,NULL,NULL,NULL,NULL,NULL,NULL,NULL,NULL,NULL,0,NULL,NULL,NULL,NULL,NULL,NULL,NULL,NULL,NULL,NULL),(185,63,'2018-04-05 13:53:40','0000-00-00 00:00:00',502,1,NULL,0,'ALJ1780100 9900 BLACK WHITE - l','PERFECT APE 01',NULL,NULL,NULL,0,0,1.0000,1.0000,799.0000,799.0000,NULL,0.0000,0.0000,0.0000,0.0000,0.0000,0.0000,799.0000,799.0000,0.0000,1.0000,'configurable',NULL,NULL,NULL,NULL,NULL,799.0000,799.0000,799.0000,799.0000,0.0000,0.0000,0,NULL,NULL,NULL,NULL,NULL,NULL,NULL,NULL,NULL,NULL),(186,63,'2018-04-05 13:53:40','0000-00-00 00:00:00',322,1,185,0,'ALJ1780100 9900 BLACK WHITE - l','PERFECT APE 01 - l',NULL,NULL,NULL,0,0,1.0000,1.0000,0.0000,0.0000,NULL,0.0000,0.0000,0.0000,0.0000,0.0000,0.0000,0.0000,0.0000,0.0000,0.0000,'simple',NULL,NULL,NULL,NULL,NULL,NULL,NULL,NULL,NULL,NULL,NULL,0,NULL,NULL,NULL,NULL,NULL,NULL,NULL,NULL,NULL,NULL),(187,63,'2018-04-05 13:54:07','0000-00-00 00:00:00',512,1,NULL,0,'ATS1780602 9900 BLACK - xl','SHY APE 01',NULL,NULL,NULL,0,0,1.0000,1.0000,89.0000,89.0000,NULL,0.0000,0.0000,0.0000,0.0000,0.0000,0.0000,89.0000,89.0000,0.0000,1.0000,'configurable',NULL,NULL,NULL,NULL,NULL,89.0000,89.0000,89.0000,89.0000,0.0000,0.0000,0,NULL,NULL,NULL,NULL,NULL,NULL,NULL,NULL,NULL,NULL),(188,63,'2018-04-05 13:54:07','0000-00-00 00:00:00',356,1,187,0,'ATS1780602 9900 BLACK - xl','SHY APE 01 - xl',NULL,NULL,NULL,0,0,1.0000,1.0000,0.0000,0.0000,NULL,0.0000,0.0000,0.0000,0.0000,0.0000,0.0000,0.0000,0.0000,0.0000,0.0000,'simple',NULL,NULL,NULL,NULL,NULL,NULL,NULL,NULL,NULL,NULL,NULL,0,NULL,NULL,NULL,NULL,NULL,NULL,NULL,NULL,NULL,NULL),(189,64,'2018-04-08 14:37:57','0000-00-00 00:00:00',500,1,NULL,0,'ALJ1780100 9900 GOAT NUBUCK BLACK - m','PERFECT APE 01 - NUBUCK',NULL,NULL,NULL,0,0,1.0000,1.0000,749.0000,749.0000,NULL,0.0000,0.0000,0.0000,0.0000,0.0000,0.0000,749.0000,749.0000,0.0000,1.0000,'configurable',NULL,NULL,NULL,NULL,NULL,749.0000,749.0000,749.0000,749.0000,0.0000,0.0000,0,NULL,NULL,NULL,NULL,NULL,NULL,NULL,NULL,NULL,NULL),(190,64,'2018-04-08 14:37:57','0000-00-00 00:00:00',315,1,189,0,'ALJ1780100 9900 GOAT NUBUCK BLACK - m','PERFECT APE 01 - m',NULL,NULL,NULL,0,0,1.0000,1.0000,0.0000,0.0000,NULL,0.0000,0.0000,0.0000,0.0000,0.0000,0.0000,0.0000,0.0000,0.0000,0.0000,'simple',NULL,NULL,NULL,NULL,NULL,NULL,NULL,NULL,NULL,NULL,NULL,0,NULL,NULL,NULL,NULL,NULL,NULL,NULL,NULL,NULL,NULL),(191,65,'2018-04-09 09:13:49','0000-00-00 00:00:00',502,1,NULL,0,'ALJ1780100 9900 BLACK WHITE - l','PERFECT APE 01',NULL,NULL,NULL,0,0,1.0000,1.0000,799.0000,799.0000,NULL,0.0000,0.0000,0.0000,0.0000,0.0000,0.0000,799.0000,799.0000,0.0000,1.0000,'configurable',NULL,NULL,NULL,NULL,NULL,799.0000,799.0000,799.0000,799.0000,0.0000,0.0000,0,NULL,NULL,NULL,NULL,NULL,NULL,NULL,NULL,NULL,NULL),(192,65,'2018-04-09 09:13:49','0000-00-00 00:00:00',322,1,191,0,'ALJ1780100 9900 BLACK WHITE - l','PERFECT APE 01 - l',NULL,NULL,NULL,0,0,1.0000,1.0000,0.0000,0.0000,NULL,0.0000,0.0000,0.0000,0.0000,0.0000,0.0000,0.0000,0.0000,0.0000,0.0000,'simple',NULL,NULL,NULL,NULL,NULL,NULL,NULL,NULL,NULL,NULL,NULL,0,NULL,NULL,NULL,NULL,NULL,NULL,NULL,NULL,NULL,NULL),(193,66,'2018-04-09 11:17:43','0000-00-00 00:00:00',510,1,NULL,0,'ASW1780800 9900 BLACK - l','SWEATY APE 01',NULL,NULL,NULL,0,0,1.0000,1.0000,159.0000,159.0000,NULL,0.0000,0.0000,0.0000,0.0000,0.0000,0.0000,159.0000,159.0000,0.0000,1.0000,'configurable',NULL,NULL,NULL,NULL,NULL,159.0000,159.0000,159.0000,159.0000,0.0000,0.0000,0,NULL,NULL,NULL,NULL,NULL,NULL,NULL,NULL,NULL,NULL),(194,66,'2018-04-09 11:17:43','0000-00-00 00:00:00',347,1,193,0,'ASW1780800 9900 BLACK - l','SWEATY APE 01 - l',NULL,NULL,NULL,0,0,1.0000,1.0000,0.0000,0.0000,NULL,0.0000,0.0000,0.0000,0.0000,0.0000,0.0000,0.0000,0.0000,0.0000,0.0000,'simple',NULL,NULL,NULL,NULL,NULL,NULL,NULL,NULL,NULL,NULL,NULL,0,NULL,NULL,NULL,NULL,NULL,NULL,NULL,NULL,NULL,NULL);

--
-- Table structure for table `quote_item_option`
--

CREATE TABLE `quote_item_option` (
  `option_id` int(10) unsigned NOT NULL AUTO_INCREMENT COMMENT 'Option Id',
  `item_id` int(10) unsigned NOT NULL COMMENT 'Item Id',
  `product_id` int(10) unsigned NOT NULL COMMENT 'Product Id',
  `code` varchar(255) NOT NULL COMMENT 'Code',
  `value` text COMMENT 'Value',
  PRIMARY KEY (`option_id`),
  KEY `QUOTE_ITEM_OPTION_ITEM_ID` (`item_id`),
  CONSTRAINT `QUOTE_ITEM_OPTION_ITEM_ID_QUOTE_ITEM_ITEM_ID` FOREIGN KEY (`item_id`) REFERENCES `quote_item` (`item_id`) ON DELETE CASCADE
) ENGINE=InnoDB AUTO_INCREMENT=583 DEFAULT CHARSET=utf8 COMMENT='Sales Flat Quote Item Option';

--
-- Dumping data for table `quote_item_option`
--

INSERT INTO `quote_item_option` VALUES (205,69,503,'info_buyRequest','{\"uenc\":\"aHR0cDovL3Nob3Auc2FpbnQtYXBlLmNvbS9hbGoxNzgwMTAyOTkwMHJ1Ym9mZmJsYWNrLWhlYXZ5YXBlMDEuaHRtbA,,\",\"product\":\"503\",\"selected_configurable_option\":\"\",\"related_product\":\"\",\"super_attribute\":{\"135\":\"6\"},\"qty\":1}'),(206,69,503,'attributes','{\"135\":\"6\"}'),(207,69,324,'product_qty_324','1'),(208,69,324,'simple_product','324'),(209,70,324,'info_buyRequest','{\"uenc\":\"aHR0cDovL3Nob3Auc2FpbnQtYXBlLmNvbS9hbGoxNzgwMTAyOTkwMHJ1Ym9mZmJsYWNrLWhlYXZ5YXBlMDEuaHRtbA,,\",\"product\":\"503\",\"selected_configurable_option\":\"\",\"related_product\":\"\",\"super_attribute\":{\"135\":\"6\"},\"qty\":1}'),(210,70,324,'parent_product_id','503'),(211,71,503,'info_buyRequest','{\"uenc\":\"aHR0cDovL3Nob3Auc2FpbnQtYXBlLmNvbS9hbGoxNzgwMTAyOTkwMHJ1Ym9mZmJsYWNrLWhlYXZ5YXBlMDEuaHRtbA,,\",\"product\":\"503\",\"selected_configurable_option\":\"\",\"related_product\":\"\",\"super_attribute\":{\"135\":\"4\"},\"qty\":1}'),(212,71,503,'attributes','{\"135\":\"4\"}'),(213,71,325,'product_qty_325','1'),(214,71,325,'simple_product','325'),(215,72,325,'info_buyRequest','{\"uenc\":\"aHR0cDovL3Nob3Auc2FpbnQtYXBlLmNvbS9hbGoxNzgwMTAyOTkwMHJ1Ym9mZmJsYWNrLWhlYXZ5YXBlMDEuaHRtbA,,\",\"product\":\"503\",\"selected_configurable_option\":\"\",\"related_product\":\"\",\"super_attribute\":{\"135\":\"4\"},\"qty\":1}'),(216,72,325,'parent_product_id','503'),(217,73,513,'info_buyRequest','{\"uenc\":\"aHR0cDovL3Nob3Auc2FpbnQtYXBlLmNvbS9hd3RzMTc4MDY1NDkwMDB3aGl0ZWJsYWNrLWFydHlhcGUwMS5odG1s\",\"product\":\"513\",\"selected_configurable_option\":\"\",\"related_product\":\"\",\"super_attribute\":{\"135\":\"6\"},\"qty\":1}'),(218,73,513,'attributes','{\"135\":\"6\"}'),(219,73,359,'product_qty_359','1'),(220,73,359,'simple_product','359'),(221,74,359,'info_buyRequest','{\"uenc\":\"aHR0cDovL3Nob3Auc2FpbnQtYXBlLmNvbS9hd3RzMTc4MDY1NDkwMDB3aGl0ZWJsYWNrLWFydHlhcGUwMS5odG1s\",\"product\":\"513\",\"selected_configurable_option\":\"\",\"related_product\":\"\",\"super_attribute\":{\"135\":\"6\"},\"qty\":1}'),(222,74,359,'parent_product_id','513'),(223,75,507,'info_buyRequest','{\"uenc\":\"aHR0cDovL3Nob3Auc2FpbnQtYXBlLmNvbS9hd2xqMTc4MDE1Mjk5MDBydWJvZmZibGFjay1idWZmeWFwZTAxLmh0bWw,\",\"product\":\"507\",\"selected_configurable_option\":\"\",\"related_product\":\"\",\"super_attribute\":{\"135\":\"6\"},\"qty\":1}'),(224,75,507,'attributes','{\"135\":\"6\"}'),(225,75,337,'product_qty_337','1'),(226,75,337,'simple_product','337'),(227,76,337,'info_buyRequest','{\"uenc\":\"aHR0cDovL3Nob3Auc2FpbnQtYXBlLmNvbS9hd2xqMTc4MDE1Mjk5MDBydWJvZmZibGFjay1idWZmeWFwZTAxLmh0bWw,\",\"product\":\"507\",\"selected_configurable_option\":\"\",\"related_product\":\"\",\"super_attribute\":{\"135\":\"6\"},\"qty\":1}'),(228,76,337,'parent_product_id','507'),(265,89,507,'info_buyRequest','{\"uenc\":\"aHR0cDovL3Nob3Auc2FpbnQtYXBlLmNvbS9hd2xqMTc4MDE1Mjk5MDBydWJvZmZibGFjay1idWZmeWFwZTAxLmh0bWw,\",\"product\":\"507\",\"selected_configurable_option\":\"\",\"related_product\":\"\",\"super_attribute\":{\"135\":\"6\"},\"qty\":1}'),(266,89,507,'attributes','{\"135\":\"6\"}'),(267,89,337,'product_qty_337','1'),(268,89,337,'simple_product','337'),(269,90,337,'info_buyRequest','{\"uenc\":\"aHR0cDovL3Nob3Auc2FpbnQtYXBlLmNvbS9hd2xqMTc4MDE1Mjk5MDBydWJvZmZibGFjay1idWZmeWFwZTAxLmh0bWw,\",\"product\":\"507\",\"selected_configurable_option\":\"\",\"related_product\":\"\",\"super_attribute\":{\"135\":\"6\"},\"qty\":1}'),(270,90,337,'parent_product_id','507'),(271,91,502,'info_buyRequest','{\"uenc\":\"aHR0cDovL3Nob3Auc2FpbnQtYXBlLmNvbS9hbGoxNzgwMTAwOTkwMGJsYWNrd2hpdGUtcGVyZmVjdGFwZTAxLmh0bWw,\",\"product\":\"502\",\"selected_configurable_option\":\"\",\"related_product\":\"\",\"super_attribute\":{\"135\":\"4\"},\"qty\":1}'),(272,91,502,'attributes','{\"135\":\"4\"}'),(273,91,322,'product_qty_322','1'),(274,91,322,'simple_product','322'),(275,92,322,'info_buyRequest','{\"uenc\":\"aHR0cDovL3Nob3Auc2FpbnQtYXBlLmNvbS9hbGoxNzgwMTAwOTkwMGJsYWNrd2hpdGUtcGVyZmVjdGFwZTAxLmh0bWw,\",\"product\":\"502\",\"selected_configurable_option\":\"\",\"related_product\":\"\",\"super_attribute\":{\"135\":\"4\"},\"qty\":1}'),(276,92,322,'parent_product_id','502'),(277,93,500,'info_buyRequest','{\"uenc\":\"aHR0cHM6Ly9zaG9wLnNhaW50LWFwZS5jb20vYWxqMTc4MDEwMDk5MDBnb2F0bnVidWNrYmxhY2stcGVyZmVjdGFwZTAxLmh0bWw,\",\"product\":\"500\",\"selected_configurable_option\":\"\",\"related_product\":\"\",\"super_attribute\":{\"135\":\"4\"},\"qty\":1}'),(278,93,500,'attributes','{\"135\":\"4\"}'),(279,93,316,'product_qty_316','1'),(280,93,316,'simple_product','316'),(281,94,316,'info_buyRequest','{\"uenc\":\"aHR0cHM6Ly9zaG9wLnNhaW50LWFwZS5jb20vYWxqMTc4MDEwMDk5MDBnb2F0bnVidWNrYmxhY2stcGVyZmVjdGFwZTAxLmh0bWw,\",\"product\":\"500\",\"selected_configurable_option\":\"\",\"related_product\":\"\",\"super_attribute\":{\"135\":\"4\"},\"qty\":1}'),(282,94,316,'parent_product_id','500'),(283,95,509,'info_buyRequest','{\"uenc\":\"aHR0cHM6Ly9zaG9wLnNhaW50LWFwZS5jb20vYXdsajE3ODAxNTQ5OTAwYmxhY2stZ2xhbW9yb3VzYXBlMDEuaHRtbA,,\",\"product\":\"509\",\"selected_configurable_option\":\"\",\"related_product\":\"\",\"super_attribute\":{\"135\":\"6\"},\"qty\":1}'),(284,95,509,'attributes','{\"135\":\"6\"}'),(285,95,343,'product_qty_343','1'),(286,95,343,'simple_product','343'),(287,96,343,'info_buyRequest','{\"uenc\":\"aHR0cHM6Ly9zaG9wLnNhaW50LWFwZS5jb20vYXdsajE3ODAxNTQ5OTAwYmxhY2stZ2xhbW9yb3VzYXBlMDEuaHRtbA,,\",\"product\":\"509\",\"selected_configurable_option\":\"\",\"related_product\":\"\",\"super_attribute\":{\"135\":\"6\"},\"qty\":1}'),(288,96,343,'parent_product_id','509'),(289,97,504,'info_buyRequest','{\"uenc\":\"aHR0cHM6Ly9zaG9wLnNhaW50LWFwZS5jb20vYWxqMTc4MDEwNDk5MDBibGFja3N0dWRzLWhpZGRlbmFwZTAxLmh0bWw,\",\"product\":\"504\",\"selected_configurable_option\":\"\",\"related_product\":\"\",\"super_attribute\":{\"135\":\"6\"},\"qty\":1}'),(290,97,504,'attributes','{\"135\":\"6\"}'),(291,97,327,'product_qty_327','1'),(292,97,327,'simple_product','327'),(293,98,327,'info_buyRequest','{\"uenc\":\"aHR0cHM6Ly9zaG9wLnNhaW50LWFwZS5jb20vYWxqMTc4MDEwNDk5MDBibGFja3N0dWRzLWhpZGRlbmFwZTAxLmh0bWw,\",\"product\":\"504\",\"selected_configurable_option\":\"\",\"related_product\":\"\",\"super_attribute\":{\"135\":\"6\"},\"qty\":1}'),(294,98,327,'parent_product_id','504'),(295,99,504,'info_buyRequest','{\"uenc\":\"aHR0cHM6Ly9zaG9wLnNhaW50LWFwZS5jb20vYWxqMTc4MDEwNDk5MDBibGFja3N0dWRzLWhpZGRlbmFwZTAxLmh0bWw,\",\"product\":\"504\",\"selected_configurable_option\":\"\",\"related_product\":\"\",\"super_attribute\":{\"135\":\"6\"},\"qty\":1}'),(296,99,504,'attributes','{\"135\":\"6\"}'),(297,99,327,'product_qty_327','1'),(298,99,327,'simple_product','327'),(299,100,327,'info_buyRequest','{\"uenc\":\"aHR0cHM6Ly9zaG9wLnNhaW50LWFwZS5jb20vYWxqMTc4MDEwNDk5MDBibGFja3N0dWRzLWhpZGRlbmFwZTAxLmh0bWw,\",\"product\":\"504\",\"selected_configurable_option\":\"\",\"related_product\":\"\",\"super_attribute\":{\"135\":\"6\"},\"qty\":1}'),(300,100,327,'parent_product_id','504'),(301,101,504,'info_buyRequest','{\"uenc\":\"aHR0cHM6Ly9zaG9wLnNhaW50LWFwZS5jb20vYWxqMTc4MDEwNDk5MDBibGFja3N0dWRzLWhpZGRlbmFwZTAxLmh0bWw,\",\"product\":\"504\",\"selected_configurable_option\":\"\",\"related_product\":\"\",\"super_attribute\":{\"135\":\"6\"},\"qty\":1}'),(302,101,504,'attributes','{\"135\":\"6\"}'),(303,101,327,'product_qty_327','1'),(304,101,327,'simple_product','327'),(305,102,327,'info_buyRequest','{\"uenc\":\"aHR0cHM6Ly9zaG9wLnNhaW50LWFwZS5jb20vYWxqMTc4MDEwNDk5MDBibGFja3N0dWRzLWhpZGRlbmFwZTAxLmh0bWw,\",\"product\":\"504\",\"selected_configurable_option\":\"\",\"related_product\":\"\",\"super_attribute\":{\"135\":\"6\"},\"qty\":1}'),(306,102,327,'parent_product_id','504'),(307,103,501,'info_buyRequest','{\"uenc\":\"aHR0cHM6Ly9zaG9wLnNhaW50LWFwZS5jb20vYWxqMTc4MDEwMDk5MDBsYW1iZGRibGFjay1wZXJmZWN0YXBlMDEuaHRtbA,,\",\"product\":\"501\",\"selected_configurable_option\":\"\",\"related_product\":\"\",\"super_attribute\":{\"135\":\"6\"},\"qty\":1}'),(308,103,501,'attributes','{\"135\":\"6\"}'),(309,103,318,'product_qty_318','1'),(310,103,318,'simple_product','318'),(311,104,318,'info_buyRequest','{\"uenc\":\"aHR0cHM6Ly9zaG9wLnNhaW50LWFwZS5jb20vYWxqMTc4MDEwMDk5MDBsYW1iZGRibGFjay1wZXJmZWN0YXBlMDEuaHRtbA,,\",\"product\":\"501\",\"selected_configurable_option\":\"\",\"related_product\":\"\",\"super_attribute\":{\"135\":\"6\"},\"qty\":1}'),(312,104,318,'parent_product_id','501'),(313,105,504,'info_buyRequest','{\"uenc\":\"aHR0cHM6Ly9zaG9wLnNhaW50LWFwZS5jb20vYWxqMTc4MDEwNDk5MDBibGFja3N0dWRzLWhpZGRlbmFwZTAxLmh0bWw,\",\"product\":\"504\",\"selected_configurable_option\":\"\",\"related_product\":\"\",\"super_attribute\":{\"135\":\"4\"},\"qty\":1}'),(314,105,504,'attributes','{\"135\":\"4\"}'),(315,105,328,'product_qty_328','1'),(316,105,328,'simple_product','328'),(317,106,328,'info_buyRequest','{\"uenc\":\"aHR0cHM6Ly9zaG9wLnNhaW50LWFwZS5jb20vYWxqMTc4MDEwNDk5MDBibGFja3N0dWRzLWhpZGRlbmFwZTAxLmh0bWw,\",\"product\":\"504\",\"selected_configurable_option\":\"\",\"related_product\":\"\",\"super_attribute\":{\"135\":\"4\"},\"qty\":1}'),(318,106,328,'parent_product_id','504'),(319,107,533,'info_buyRequest','{\"uenc\":\"aHR0cHM6Ly9zaG9wLnNhaW50LWFwZS5jb20vYWphMTc4MDIwNjk5MDBicnV0bnViYnVja2JsYWNrLWJydXRhcGUwMS5odG1s\",\"product\":\"533\",\"selected_configurable_option\":\"\",\"related_product\":\"\",\"super_attribute\":{\"135\":\"4\"},\"qty\":1}'),(320,107,533,'attributes','{\"135\":\"4\"}'),(321,107,531,'product_qty_531','1'),(322,107,531,'simple_product','531'),(323,108,531,'info_buyRequest','{\"uenc\":\"aHR0cHM6Ly9zaG9wLnNhaW50LWFwZS5jb20vYWphMTc4MDIwNjk5MDBicnV0bnViYnVja2JsYWNrLWJydXRhcGUwMS5odG1s\",\"product\":\"533\",\"selected_configurable_option\":\"\",\"related_product\":\"\",\"super_attribute\":{\"135\":\"4\"},\"qty\":1}'),(324,108,531,'parent_product_id','533'),(331,111,504,'info_buyRequest','{\"uenc\":\"aHR0cHM6Ly9zaG9wLnNhaW50LWFwZS5jb20vYWxqMTc4MDEwNDk5MDBibGFja3N0dWRzLWhpZGRlbmFwZTAxLmh0bWw,\",\"product\":\"504\",\"selected_configurable_option\":\"\",\"related_product\":\"\",\"super_attribute\":{\"135\":\"4\"},\"qty\":1}'),(332,111,504,'attributes','{\"135\":\"4\"}'),(333,111,328,'product_qty_328','1'),(334,111,328,'simple_product','328'),(335,112,328,'info_buyRequest','{\"uenc\":\"aHR0cHM6Ly9zaG9wLnNhaW50LWFwZS5jb20vYWxqMTc4MDEwNDk5MDBibGFja3N0dWRzLWhpZGRlbmFwZTAxLmh0bWw,\",\"product\":\"504\",\"selected_configurable_option\":\"\",\"related_product\":\"\",\"super_attribute\":{\"135\":\"4\"},\"qty\":1}'),(336,112,328,'parent_product_id','504'),(337,113,511,'info_buyRequest','{\"uenc\":\"aHR0cHM6Ly9zaG9wLnNhaW50LWFwZS5jb20vYXdzdzE3ODA4NTA5MDAwd2hpdGUtYm9sdGFwZTAxLmh0bWw,\",\"product\":\"511\",\"selected_configurable_option\":\"\",\"related_product\":\"\",\"super_attribute\":{\"135\":\"7\"},\"qty\":1}'),(338,113,511,'attributes','{\"135\":\"7\"}'),(339,113,350,'product_qty_350','1'),(340,113,350,'simple_product','350'),(341,114,350,'info_buyRequest','{\"uenc\":\"aHR0cHM6Ly9zaG9wLnNhaW50LWFwZS5jb20vYXdzdzE3ODA4NTA5MDAwd2hpdGUtYm9sdGFwZTAxLmh0bWw,\",\"product\":\"511\",\"selected_configurable_option\":\"\",\"related_product\":\"\",\"super_attribute\":{\"135\":\"7\"},\"qty\":1}'),(342,114,350,'parent_product_id','511'),(349,117,514,'info_buyRequest','{\"uenc\":\"aHR0cHM6Ly9zaG9wLnNhaW50LWFwZS5jb20vYXd0czE3ODA2NTQ5MDAwd2hpdGVjb3BwZXItYXJ0eWFwZTAxLmh0bWw,\",\"product\":\"514\",\"selected_configurable_option\":\"\",\"related_product\":\"\",\"super_attribute\":{\"135\":\"4\"},\"qty\":1}'),(350,117,514,'attributes','{\"135\":\"4\"}'),(351,117,364,'product_qty_364','1'),(352,117,364,'simple_product','364'),(353,118,364,'info_buyRequest','{\"uenc\":\"aHR0cHM6Ly9zaG9wLnNhaW50LWFwZS5jb20vYXd0czE3ODA2NTQ5MDAwd2hpdGVjb3BwZXItYXJ0eWFwZTAxLmh0bWw,\",\"product\":\"514\",\"selected_configurable_option\":\"\",\"related_product\":\"\",\"super_attribute\":{\"135\":\"4\"},\"qty\":1}'),(354,118,364,'parent_product_id','514'),(355,119,500,'info_buyRequest','{\"uenc\":\"aHR0cHM6Ly9zaG9wLnNhaW50LWFwZS5jb20vYWxqMTc4MDEwMDk5MDBnb2F0bnVidWNrYmxhY2stcGVyZmVjdGFwZTAxLmh0bWw,\",\"product\":\"500\",\"selected_configurable_option\":\"\",\"related_product\":\"\",\"super_attribute\":{\"135\":\"6\"},\"qty\":1}'),(356,119,500,'attributes','{\"135\":\"6\"}'),(357,119,315,'product_qty_315','1'),(358,119,315,'simple_product','315'),(359,120,315,'info_buyRequest','{\"uenc\":\"aHR0cHM6Ly9zaG9wLnNhaW50LWFwZS5jb20vYWxqMTc4MDEwMDk5MDBnb2F0bnVidWNrYmxhY2stcGVyZmVjdGFwZTAxLmh0bWw,\",\"product\":\"500\",\"selected_configurable_option\":\"\",\"related_product\":\"\",\"super_attribute\":{\"135\":\"6\"},\"qty\":1}'),(360,120,315,'parent_product_id','500'),(361,121,500,'info_buyRequest','{\"uenc\":\"aHR0cHM6Ly9zaG9wLnNhaW50LWFwZS5jb20vYWxqMTc4MDEwMDk5MDBnb2F0bnVidWNrYmxhY2stcGVyZmVjdGFwZTAxLmh0bWw,\",\"product\":\"500\",\"selected_configurable_option\":\"\",\"related_product\":\"\",\"super_attribute\":{\"135\":\"6\"},\"qty\":1}'),(362,121,500,'attributes','{\"135\":\"6\"}'),(363,121,315,'product_qty_315','1'),(364,121,315,'simple_product','315'),(365,122,315,'info_buyRequest','{\"uenc\":\"aHR0cHM6Ly9zaG9wLnNhaW50LWFwZS5jb20vYWxqMTc4MDEwMDk5MDBnb2F0bnVidWNrYmxhY2stcGVyZmVjdGFwZTAxLmh0bWw,\",\"product\":\"500\",\"selected_configurable_option\":\"\",\"related_product\":\"\",\"super_attribute\":{\"135\":\"6\"},\"qty\":1}'),(366,122,315,'parent_product_id','500'),(367,123,500,'info_buyRequest','{\"uenc\":\"aHR0cHM6Ly9zaG9wLnNhaW50LWFwZS5jb20vYWxqMTc4MDEwMDk5MDBnb2F0bnVidWNrYmxhY2stcGVyZmVjdGFwZTAxLmh0bWw,\",\"product\":\"500\",\"selected_configurable_option\":\"\",\"related_product\":\"\",\"super_attribute\":{\"135\":\"5\"},\"qty\":1}'),(368,123,500,'attributes','{\"135\":\"5\"}'),(369,123,317,'product_qty_317','1'),(370,123,317,'simple_product','317'),(371,124,317,'info_buyRequest','{\"uenc\":\"aHR0cHM6Ly9zaG9wLnNhaW50LWFwZS5jb20vYWxqMTc4MDEwMDk5MDBnb2F0bnVidWNrYmxhY2stcGVyZmVjdGFwZTAxLmh0bWw,\",\"product\":\"500\",\"selected_configurable_option\":\"\",\"related_product\":\"\",\"super_attribute\":{\"135\":\"5\"},\"qty\":1}'),(372,124,317,'parent_product_id','500'),(373,125,500,'info_buyRequest','{\"uenc\":\"aHR0cHM6Ly9zaG9wLnNhaW50LWFwZS5jb20vYWxqMTc4MDEwMDk5MDBnb2F0bnVidWNrYmxhY2stcGVyZmVjdGFwZTAxLmh0bWw,\",\"product\":\"500\",\"selected_configurable_option\":\"\",\"related_product\":\"\",\"super_attribute\":{\"135\":\"5\"},\"qty\":1}'),(374,125,500,'attributes','{\"135\":\"5\"}'),(375,125,317,'product_qty_317','1'),(376,125,317,'simple_product','317'),(377,126,317,'info_buyRequest','{\"uenc\":\"aHR0cHM6Ly9zaG9wLnNhaW50LWFwZS5jb20vYWxqMTc4MDEwMDk5MDBnb2F0bnVidWNrYmxhY2stcGVyZmVjdGFwZTAxLmh0bWw,\",\"product\":\"500\",\"selected_configurable_option\":\"\",\"related_product\":\"\",\"super_attribute\":{\"135\":\"5\"},\"qty\":1}'),(378,126,317,'parent_product_id','500'),(379,127,502,'info_buyRequest','{\"uenc\":\"aHR0cHM6Ly9zaG9wLnNhaW50LWFwZS5jb20vYWxqMTc4MDEwMDk5MDBibGFja3doaXRlLXBlcmZlY3RhcGUwMS5odG1s\",\"product\":\"502\",\"selected_configurable_option\":\"\",\"related_product\":\"\",\"super_attribute\":{\"135\":\"6\"},\"qty\":1}'),(380,127,502,'attributes','{\"135\":\"6\"}'),(381,127,321,'product_qty_321','1'),(382,127,321,'simple_product','321'),(383,128,321,'info_buyRequest','{\"uenc\":\"aHR0cHM6Ly9zaG9wLnNhaW50LWFwZS5jb20vYWxqMTc4MDEwMDk5MDBibGFja3doaXRlLXBlcmZlY3RhcGUwMS5odG1s\",\"product\":\"502\",\"selected_configurable_option\":\"\",\"related_product\":\"\",\"super_attribute\":{\"135\":\"6\"},\"qty\":1}'),(384,128,321,'parent_product_id','502'),(385,129,511,'info_buyRequest','{\"uenc\":\"aHR0cHM6Ly9zaG9wLnNhaW50LWFwZS5jb20vYXdzdzE3ODA4NTA5MDAwd2hpdGUtYm9sdGFwZTAxLmh0bWw,\",\"product\":\"511\",\"selected_configurable_option\":\"\",\"related_product\":\"\",\"super_attribute\":{\"135\":\"7\"},\"qty\":1}'),(386,129,511,'attributes','{\"135\":\"7\"}'),(387,129,350,'product_qty_350','1'),(388,129,350,'simple_product','350'),(389,130,350,'info_buyRequest','{\"uenc\":\"aHR0cHM6Ly9zaG9wLnNhaW50LWFwZS5jb20vYXdzdzE3ODA4NTA5MDAwd2hpdGUtYm9sdGFwZTAxLmh0bWw,\",\"product\":\"511\",\"selected_configurable_option\":\"\",\"related_product\":\"\",\"super_attribute\":{\"135\":\"7\"},\"qty\":1}'),(390,130,350,'parent_product_id','511'),(391,131,516,'info_buyRequest','{\"uenc\":\"aHR0cHM6Ly9zaG9wLnNhaW50LWFwZS5jb20vYXNoMTc4MDQwMDkwMDB3aGl0ZS1kcmVzc2VkYXBlMDEuaHRtbA,,\",\"product\":\"516\",\"selected_configurable_option\":\"\",\"related_product\":\"\",\"super_attribute\":{\"135\":\"4\"},\"qty\":1}'),(392,131,516,'attributes','{\"135\":\"4\"}'),(393,131,371,'product_qty_371','1'),(394,131,371,'simple_product','371'),(395,132,371,'info_buyRequest','{\"uenc\":\"aHR0cHM6Ly9zaG9wLnNhaW50LWFwZS5jb20vYXNoMTc4MDQwMDkwMDB3aGl0ZS1kcmVzc2VkYXBlMDEuaHRtbA,,\",\"product\":\"516\",\"selected_configurable_option\":\"\",\"related_product\":\"\",\"super_attribute\":{\"135\":\"4\"},\"qty\":1}'),(396,132,371,'parent_product_id','516'),(397,133,502,'info_buyRequest','{\"uenc\":\"aHR0cHM6Ly9zaG9wLnNhaW50LWFwZS5jb20vYWxqMTc4MDEwMDk5MDBibGFja3doaXRlLXBlcmZlY3RhcGUwMS5odG1s\",\"product\":\"502\",\"selected_configurable_option\":\"\",\"related_product\":\"\",\"super_attribute\":{\"135\":\"5\"},\"qty\":1}'),(398,133,502,'attributes','{\"135\":\"5\"}'),(399,133,323,'product_qty_323','1'),(400,133,323,'simple_product','323'),(401,134,323,'info_buyRequest','{\"uenc\":\"aHR0cHM6Ly9zaG9wLnNhaW50LWFwZS5jb20vYWxqMTc4MDEwMDk5MDBibGFja3doaXRlLXBlcmZlY3RhcGUwMS5odG1s\",\"product\":\"502\",\"selected_configurable_option\":\"\",\"related_product\":\"\",\"super_attribute\":{\"135\":\"5\"},\"qty\":1}'),(402,134,323,'parent_product_id','502'),(403,135,500,'info_buyRequest','{\"uenc\":\"aHR0cHM6Ly9zaG9wLnNhaW50LWFwZS5jb20vYWxqMTc4MDEwMDk5MDBnb2F0bnVidWNrYmxhY2stcGVyZmVjdGFwZTAxLmh0bWw,\",\"product\":\"500\",\"selected_configurable_option\":\"\",\"related_product\":\"\",\"super_attribute\":{\"135\":\"4\"},\"qty\":1}'),(404,135,500,'attributes','{\"135\":\"4\"}'),(405,135,316,'product_qty_316','1'),(406,135,316,'simple_product','316'),(407,136,316,'info_buyRequest','{\"uenc\":\"aHR0cHM6Ly9zaG9wLnNhaW50LWFwZS5jb20vYWxqMTc4MDEwMDk5MDBnb2F0bnVidWNrYmxhY2stcGVyZmVjdGFwZTAxLmh0bWw,\",\"product\":\"500\",\"selected_configurable_option\":\"\",\"related_product\":\"\",\"super_attribute\":{\"135\":\"4\"},\"qty\":1}'),(408,136,316,'parent_product_id','500'),(409,137,500,'info_buyRequest','{\"uenc\":\"aHR0cHM6Ly9zaG9wLnNhaW50LWFwZS5jb20vYWxqMTc4MDEwMDk5MDBnb2F0bnVidWNrYmxhY2stcGVyZmVjdGFwZTAxLmh0bWw,\",\"product\":\"500\",\"selected_configurable_option\":\"\",\"related_product\":\"\",\"super_attribute\":{\"135\":\"5\"},\"qty\":1}'),(410,137,500,'attributes','{\"135\":\"5\"}'),(411,137,317,'product_qty_317','1'),(412,137,317,'simple_product','317'),(413,138,317,'info_buyRequest','{\"uenc\":\"aHR0cHM6Ly9zaG9wLnNhaW50LWFwZS5jb20vYWxqMTc4MDEwMDk5MDBnb2F0bnVidWNrYmxhY2stcGVyZmVjdGFwZTAxLmh0bWw,\",\"product\":\"500\",\"selected_configurable_option\":\"\",\"related_product\":\"\",\"super_attribute\":{\"135\":\"5\"},\"qty\":1}'),(414,138,317,'parent_product_id','500'),(427,143,502,'info_buyRequest','{\"uenc\":\"aHR0cHM6Ly9zaG9wLnNhaW50LWFwZS5jb20vYWxqMTc4MDEwMDk5MDBibGFja3doaXRlLXBlcmZlY3RhcGUwMS5odG1s\",\"product\":\"502\",\"selected_configurable_option\":\"\",\"related_product\":\"\",\"super_attribute\":{\"135\":\"5\"},\"qty\":1}'),(428,143,502,'attributes','{\"135\":\"5\"}'),(429,143,323,'product_qty_323','1'),(430,143,323,'simple_product','323'),(431,144,323,'info_buyRequest','{\"uenc\":\"aHR0cHM6Ly9zaG9wLnNhaW50LWFwZS5jb20vYWxqMTc4MDEwMDk5MDBibGFja3doaXRlLXBlcmZlY3RhcGUwMS5odG1s\",\"product\":\"502\",\"selected_configurable_option\":\"\",\"related_product\":\"\",\"super_attribute\":{\"135\":\"5\"},\"qty\":1}'),(432,144,323,'parent_product_id','502'),(433,145,515,'info_buyRequest','{\"uenc\":\"aHR0cHM6Ly9zaG9wLnNhaW50LWFwZS5jb20vYXNoMTc4MDQwMDk5MDBibGFjay1kcmVzc2VkYXBlMDEuaHRtbA,,\",\"product\":\"515\",\"selected_configurable_option\":\"\",\"related_product\":\"\",\"super_attribute\":{\"135\":\"5\"},\"qty\":1}'),(434,145,515,'attributes','{\"135\":\"5\"}'),(435,145,368,'product_qty_368','1'),(436,145,368,'simple_product','368'),(437,146,368,'info_buyRequest','{\"uenc\":\"aHR0cHM6Ly9zaG9wLnNhaW50LWFwZS5jb20vYXNoMTc4MDQwMDk5MDBibGFjay1kcmVzc2VkYXBlMDEuaHRtbA,,\",\"product\":\"515\",\"selected_configurable_option\":\"\",\"related_product\":\"\",\"super_attribute\":{\"135\":\"5\"},\"qty\":1}'),(438,146,368,'parent_product_id','515'),(439,147,533,'info_buyRequest','{\"uenc\":\"aHR0cHM6Ly9zaG9wLnNhaW50LWFwZS5jb20vYWphMTc4MDIwNjk5MDBicnV0bnViYnVja2JsYWNrLWJydXRhcGUwMS5odG1s\",\"product\":\"533\",\"selected_configurable_option\":\"\",\"related_product\":\"\",\"super_attribute\":{\"135\":\"4\"},\"qty\":1}'),(440,147,533,'attributes','{\"135\":\"4\"}'),(441,147,531,'product_qty_531','1'),(442,147,531,'simple_product','531'),(443,148,531,'info_buyRequest','{\"uenc\":\"aHR0cHM6Ly9zaG9wLnNhaW50LWFwZS5jb20vYWphMTc4MDIwNjk5MDBicnV0bnViYnVja2JsYWNrLWJydXRhcGUwMS5odG1s\",\"product\":\"533\",\"selected_configurable_option\":\"\",\"related_product\":\"\",\"super_attribute\":{\"135\":\"4\"},\"qty\":1}'),(444,148,531,'parent_product_id','533'),(457,153,513,'info_buyRequest','{\"uenc\":\"aHR0cHM6Ly9zaG9wLnNhaW50LWFwZS5jb20vYXd0czE3ODA2NTQ5MDAwd2hpdGVibGFjay1hcnR5YXBlMDEuaHRtbA,,\",\"product\":\"513\",\"selected_configurable_option\":\"\",\"related_product\":\"\",\"super_attribute\":{\"135\":\"6\"},\"qty\":1}'),(458,153,513,'attributes','{\"135\":\"6\"}'),(459,153,359,'product_qty_359','1'),(460,153,359,'simple_product','359'),(461,154,359,'info_buyRequest','{\"uenc\":\"aHR0cHM6Ly9zaG9wLnNhaW50LWFwZS5jb20vYXd0czE3ODA2NTQ5MDAwd2hpdGVibGFjay1hcnR5YXBlMDEuaHRtbA,,\",\"product\":\"513\",\"selected_configurable_option\":\"\",\"related_product\":\"\",\"super_attribute\":{\"135\":\"6\"},\"qty\":1}'),(462,154,359,'parent_product_id','513'),(463,155,500,'info_buyRequest','{\"uenc\":\"aHR0cHM6Ly9zaG9wLnNhaW50LWFwZS5jb20vYWxqMTc4MDEwMDk5MDBnb2F0bnVidWNrYmxhY2stcGVyZmVjdGFwZTAxLmh0bWw,\",\"product\":\"500\",\"selected_configurable_option\":\"\",\"related_product\":\"\",\"super_attribute\":{\"135\":\"4\"},\"qty\":1}'),(464,155,500,'attributes','{\"135\":\"4\"}'),(465,155,316,'product_qty_316','1'),(466,155,316,'simple_product','316'),(467,156,316,'info_buyRequest','{\"uenc\":\"aHR0cHM6Ly9zaG9wLnNhaW50LWFwZS5jb20vYWxqMTc4MDEwMDk5MDBnb2F0bnVidWNrYmxhY2stcGVyZmVjdGFwZTAxLmh0bWw,\",\"product\":\"500\",\"selected_configurable_option\":\"\",\"related_product\":\"\",\"super_attribute\":{\"135\":\"4\"},\"qty\":1}'),(468,156,316,'parent_product_id','500'),(469,157,510,'info_buyRequest','{\"uenc\":\"aHR0cHM6Ly9zaG9wLnNhaW50LWFwZS5jb20vYXN3MTc4MDgwMDk5MDBibGFjay1zd2VhdHlhcGUwMS5odG1s\",\"product\":\"510\",\"selected_configurable_option\":\"\",\"related_product\":\"\",\"super_attribute\":{\"135\":\"4\"},\"qty\":1}'),(470,157,510,'attributes','{\"135\":\"4\"}'),(471,157,347,'product_qty_347','1'),(472,157,347,'simple_product','347'),(473,158,347,'info_buyRequest','{\"uenc\":\"aHR0cHM6Ly9zaG9wLnNhaW50LWFwZS5jb20vYXN3MTc4MDgwMDk5MDBibGFjay1zd2VhdHlhcGUwMS5odG1s\",\"product\":\"510\",\"selected_configurable_option\":\"\",\"related_product\":\"\",\"super_attribute\":{\"135\":\"4\"},\"qty\":1}'),(474,158,347,'parent_product_id','510'),(475,159,515,'info_buyRequest','{\"uenc\":\"aHR0cHM6Ly9zaG9wLnNhaW50LWFwZS5jb20vYXNoMTc4MDQwMDk5MDBibGFjay1kcmVzc2VkYXBlMDEuaHRtbA,,\",\"product\":\"515\",\"selected_configurable_option\":\"\",\"related_product\":\"\",\"super_attribute\":{\"135\":\"4\"},\"qty\":1}'),(476,159,515,'attributes','{\"135\":\"4\"}'),(477,159,367,'product_qty_367','1'),(478,159,367,'simple_product','367'),(479,160,367,'info_buyRequest','{\"uenc\":\"aHR0cHM6Ly9zaG9wLnNhaW50LWFwZS5jb20vYXNoMTc4MDQwMDk5MDBibGFjay1kcmVzc2VkYXBlMDEuaHRtbA,,\",\"product\":\"515\",\"selected_configurable_option\":\"\",\"related_product\":\"\",\"super_attribute\":{\"135\":\"4\"},\"qty\":1}'),(480,160,367,'parent_product_id','515'),(547,183,510,'info_buyRequest','{\"uenc\":\"aHR0cHM6Ly9zaG9wLnNhaW50LWFwZS5jb20vYXN3MTc4MDgwMDk5MDBibGFjay1zd2VhdHlhcGUwMS5odG1s\",\"product\":\"510\",\"selected_configurable_option\":\"\",\"related_product\":\"\",\"super_attribute\":{\"135\":\"4\"},\"qty\":1}'),(548,183,510,'attributes','{\"135\":\"4\"}'),(549,183,347,'product_qty_347','1'),(550,183,347,'simple_product','347'),(551,184,347,'info_buyRequest','{\"uenc\":\"aHR0cHM6Ly9zaG9wLnNhaW50LWFwZS5jb20vYXN3MTc4MDgwMDk5MDBibGFjay1zd2VhdHlhcGUwMS5odG1s\",\"product\":\"510\",\"selected_configurable_option\":\"\",\"related_product\":\"\",\"super_attribute\":{\"135\":\"4\"},\"qty\":1}'),(552,184,347,'parent_product_id','510'),(553,185,502,'info_buyRequest','{\"uenc\":\"aHR0cHM6Ly9zaG9wLnNhaW50LWFwZS5jb20vYWxqMTc4MDEwMDk5MDBibGFja3doaXRlLXBlcmZlY3RhcGUwMS5odG1s\",\"product\":\"502\",\"selected_configurable_option\":\"\",\"related_product\":\"\",\"super_attribute\":{\"135\":\"4\"},\"qty\":1}'),(554,185,502,'attributes','{\"135\":\"4\"}'),(555,185,322,'product_qty_322','1'),(556,185,322,'simple_product','322'),(557,186,322,'info_buyRequest','{\"uenc\":\"aHR0cHM6Ly9zaG9wLnNhaW50LWFwZS5jb20vYWxqMTc4MDEwMDk5MDBibGFja3doaXRlLXBlcmZlY3RhcGUwMS5odG1s\",\"product\":\"502\",\"selected_configurable_option\":\"\",\"related_product\":\"\",\"super_attribute\":{\"135\":\"4\"},\"qty\":1}'),(558,186,322,'parent_product_id','502'),(559,187,512,'info_buyRequest','{\"uenc\":\"aHR0cHM6Ly9zaG9wLnNhaW50LWFwZS5jb20vYXRzMTc4MDYwMjk5MDBibGFjay1zaHlhcGUwMS5odG1s\",\"product\":\"512\",\"selected_configurable_option\":\"\",\"related_product\":\"\",\"super_attribute\":{\"135\":\"5\"},\"qty\":1}'),(560,187,512,'attributes','{\"135\":\"5\"}'),(561,187,356,'product_qty_356','1'),(562,187,356,'simple_product','356'),(563,188,356,'info_buyRequest','{\"uenc\":\"aHR0cHM6Ly9zaG9wLnNhaW50LWFwZS5jb20vYXRzMTc4MDYwMjk5MDBibGFjay1zaHlhcGUwMS5odG1s\",\"product\":\"512\",\"selected_configurable_option\":\"\",\"related_product\":\"\",\"super_attribute\":{\"135\":\"5\"},\"qty\":1}'),(564,188,356,'parent_product_id','512'),(565,189,500,'info_buyRequest','{\"uenc\":\"aHR0cHM6Ly9zaG9wLnNhaW50LWFwZS5jb20vYWxqMTc4MDEwMDk5MDBnb2F0bnVidWNrYmxhY2stcGVyZmVjdGFwZTAxLmh0bWw,\",\"product\":\"500\",\"selected_configurable_option\":\"\",\"related_product\":\"\",\"super_attribute\":{\"135\":\"6\"},\"qty\":1}'),(566,189,500,'attributes','{\"135\":\"6\"}'),(567,189,315,'product_qty_315','1'),(568,189,315,'simple_product','315'),(569,190,315,'info_buyRequest','{\"uenc\":\"aHR0cHM6Ly9zaG9wLnNhaW50LWFwZS5jb20vYWxqMTc4MDEwMDk5MDBnb2F0bnVidWNrYmxhY2stcGVyZmVjdGFwZTAxLmh0bWw,\",\"product\":\"500\",\"selected_configurable_option\":\"\",\"related_product\":\"\",\"super_attribute\":{\"135\":\"6\"},\"qty\":1}'),(570,190,315,'parent_product_id','500'),(571,191,502,'info_buyRequest','{\"uenc\":\"aHR0cHM6Ly9zaG9wLnNhaW50LWFwZS5jb20vYWxqMTc4MDEwMDk5MDBibGFja3doaXRlLXBlcmZlY3RhcGUwMS5odG1s\",\"product\":\"502\",\"selected_configurable_option\":\"\",\"related_product\":\"\",\"super_attribute\":{\"135\":\"4\"},\"qty\":1}'),(572,191,502,'attributes','{\"135\":\"4\"}'),(573,191,322,'product_qty_322','1'),(574,191,322,'simple_product','322'),(575,192,322,'info_buyRequest','{\"uenc\":\"aHR0cHM6Ly9zaG9wLnNhaW50LWFwZS5jb20vYWxqMTc4MDEwMDk5MDBibGFja3doaXRlLXBlcmZlY3RhcGUwMS5odG1s\",\"product\":\"502\",\"selected_configurable_option\":\"\",\"related_product\":\"\",\"super_attribute\":{\"135\":\"4\"},\"qty\":1}'),(576,192,322,'parent_product_id','502'),(577,193,510,'info_buyRequest','{\"uenc\":\"aHR0cHM6Ly9zaG9wLnNhaW50LWFwZS5jb20vYXN3MTc4MDgwMDk5MDBibGFjay1zd2VhdHlhcGUwMS5odG1s\",\"product\":\"510\",\"selected_configurable_option\":\"\",\"related_product\":\"\",\"super_attribute\":{\"135\":\"4\"},\"qty\":1}'),(578,193,510,'attributes','{\"135\":\"4\"}'),(579,193,347,'product_qty_347','1'),(580,193,347,'simple_product','347'),(581,194,347,'info_buyRequest','{\"uenc\":\"aHR0cHM6Ly9zaG9wLnNhaW50LWFwZS5jb20vYXN3MTc4MDgwMDk5MDBibGFjay1zd2VhdHlhcGUwMS5odG1s\",\"product\":\"510\",\"selected_configurable_option\":\"\",\"related_product\":\"\",\"super_attribute\":{\"135\":\"4\"},\"qty\":1}'),(582,194,347,'parent_product_id','510');

--
-- Table structure for table `quote_shipping_rate`
--

CREATE TABLE `quote_shipping_rate` (
  `rate_id` int(10) unsigned NOT NULL AUTO_INCREMENT COMMENT 'Rate Id',
  `address_id` int(10) unsigned NOT NULL DEFAULT '0' COMMENT 'Address Id',
  `created_at` timestamp NOT NULL DEFAULT CURRENT_TIMESTAMP COMMENT 'Created At',
  `updated_at` timestamp NOT NULL DEFAULT '0000-00-00 00:00:00' ON UPDATE CURRENT_TIMESTAMP COMMENT 'Updated At',
  `carrier` varchar(255) DEFAULT NULL COMMENT 'Carrier',
  `carrier_title` varchar(255) DEFAULT NULL COMMENT 'Carrier Title',
  `code` varchar(255) DEFAULT NULL COMMENT 'Code',
  `method` varchar(255) DEFAULT NULL COMMENT 'Method',
  `method_description` text COMMENT 'Method Description',
  `price` decimal(12,4) NOT NULL DEFAULT '0.0000' COMMENT 'Price',
  `error_message` text COMMENT 'Error Message',
  `method_title` text COMMENT 'Method Title',
  PRIMARY KEY (`rate_id`),
  KEY `QUOTE_SHIPPING_RATE_ADDRESS_ID` (`address_id`),
  CONSTRAINT `QUOTE_SHIPPING_RATE_ADDRESS_ID_QUOTE_ADDRESS_ADDRESS_ID` FOREIGN KEY (`address_id`) REFERENCES `quote_address` (`address_id`) ON DELETE CASCADE
) ENGINE=InnoDB AUTO_INCREMENT=147 DEFAULT CHARSET=utf8 COMMENT='Sales Flat Quote Shipping Rate';

--
-- Dumping data for table `quote_shipping_rate`
--

INSERT INTO `quote_shipping_rate` VALUES (1,4,'2018-03-12 21:35:57','0000-00-00 00:00:00','flatrate','Flat Rate','flatrate_flatrate','flatrate',NULL,5.0000,NULL,'Fixed'),(5,10,'2018-03-13 12:21:17','0000-00-00 00:00:00','flatrate','Flat Rate','flatrate_flatrate','flatrate',NULL,5.0000,NULL,'Fixed'),(9,15,'2018-03-13 12:30:58','0000-00-00 00:00:00','flatrate','Flat Rate','flatrate_flatrate','flatrate',NULL,5.0000,NULL,'Fixed'),(14,18,'2018-03-13 12:37:20','0000-00-00 00:00:00','flatrate','Flat Rate','flatrate_flatrate','flatrate',NULL,5.0000,NULL,'Fixed'),(15,21,'2018-03-13 12:46:09','0000-00-00 00:00:00','flatrate','Flat Rate','flatrate_flatrate','flatrate',NULL,5.0000,NULL,'Fixed'),(17,23,'2018-03-13 12:50:14','0000-00-00 00:00:00','flatrate','Flat Rate','flatrate_flatrate','flatrate',NULL,5.0000,NULL,'Fixed'),(22,25,'2018-03-13 14:39:16','0000-00-00 00:00:00','flatrate','Flat Rate','flatrate_flatrate','flatrate',NULL,5.0000,NULL,'Fixed'),(27,29,'2018-03-13 15:45:56','0000-00-00 00:00:00','flatrate','Flat Rate','flatrate_flatrate','flatrate',NULL,5.0000,NULL,'Fixed'),(32,27,'2018-03-13 17:21:20','0000-00-00 00:00:00','flatrate','Flat Rate','flatrate_flatrate','flatrate',NULL,10.0000,NULL,'Fixed'),(36,34,'2018-03-13 20:45:37','0000-00-00 00:00:00','flatrate','Flat Rate','flatrate_flatrate','flatrate',NULL,5.0000,NULL,'Fixed'),(37,36,'2018-03-13 21:35:34','0000-00-00 00:00:00','flatrate','Flat Rate','flatrate_flatrate','flatrate',NULL,5.0000,NULL,'Fixed'),(38,38,'2018-03-13 21:53:53','0000-00-00 00:00:00','flatrate','Flat Rate','flatrate_flatrate','flatrate',NULL,5.0000,NULL,'Fixed'),(39,40,'2018-03-13 22:10:42','0000-00-00 00:00:00','flatrate','Flat Rate','flatrate_flatrate','flatrate',NULL,5.0000,NULL,'Fixed'),(40,42,'2018-03-14 07:33:19','0000-00-00 00:00:00','flatrate','Flat Rate','flatrate_flatrate','flatrate',NULL,5.0000,NULL,'Fixed'),(41,44,'2018-03-14 09:54:09','0000-00-00 00:00:00','flatrate','Flat Rate','flatrate_flatrate','flatrate',NULL,5.0000,NULL,'Fixed'),(42,46,'2018-03-14 10:03:17','0000-00-00 00:00:00','flatrate','Flat Rate','flatrate_flatrate','flatrate',NULL,5.0000,NULL,'Fixed'),(43,48,'2018-03-14 13:00:48','0000-00-00 00:00:00','flatrate','Flat Rate','flatrate_flatrate','flatrate',NULL,5.0000,NULL,'Fixed'),(45,50,'2018-03-14 14:19:04','0000-00-00 00:00:00','flatrate','Flat Rate','flatrate_flatrate','flatrate',NULL,5.0000,NULL,'Fixed'),(48,52,'2018-03-14 14:50:38','0000-00-00 00:00:00','flatrate','Flat Rate','flatrate_flatrate','flatrate',NULL,5.0000,NULL,'Fixed'),(51,54,'2018-03-14 20:22:21','0000-00-00 00:00:00','flatrate','Flat Rate','flatrate_flatrate','flatrate',NULL,5.0000,NULL,'Fixed'),(52,56,'2018-03-14 22:25:44','0000-00-00 00:00:00','flatrate','Flat Rate','flatrate_flatrate','flatrate',NULL,5.0000,NULL,'Fixed'),(58,60,'2018-03-15 15:03:37','0000-00-00 00:00:00','flatrate','Flat Rate','flatrate_flatrate','flatrate',NULL,10.0000,NULL,'Fixed'),(62,58,'2018-03-15 17:37:24','0000-00-00 00:00:00','flatrate','Flat Rate','flatrate_flatrate','flatrate',NULL,5.0000,NULL,'Fixed'),(63,64,'2018-03-15 17:38:22','0000-00-00 00:00:00','flatrate','Flat Rate','flatrate_flatrate','flatrate',NULL,5.0000,NULL,'Fixed'),(68,32,'2018-03-16 09:49:31','0000-00-00 00:00:00','flatrate','Flat Rate','flatrate_flatrate','flatrate',NULL,10.0000,NULL,'Fixed'),(69,72,'2018-03-16 14:32:16','0000-00-00 00:00:00','flatrate','Flat Rate','flatrate_flatrate','flatrate',NULL,5.0000,NULL,'Fixed'),(70,74,'2018-03-16 21:54:43','0000-00-00 00:00:00','flatrate','Flat Rate','flatrate_flatrate','flatrate',NULL,5.0000,NULL,'Fixed'),(71,76,'2018-03-17 23:00:36','0000-00-00 00:00:00','flatrate','Flat Rate','flatrate_flatrate','flatrate',NULL,5.0000,NULL,'Fixed'),(72,78,'2018-03-20 12:28:43','0000-00-00 00:00:00','flatrate','Flat Rate','flatrate_flatrate','flatrate',NULL,5.0000,NULL,'Fixed'),(73,84,'2018-03-21 13:48:17','0000-00-00 00:00:00','flatrate','Flat Rate','flatrate_flatrate','flatrate',NULL,5.0000,NULL,'Fixed'),(74,86,'2018-03-22 16:27:38','0000-00-00 00:00:00','flatrate','Flat Rate','flatrate_flatrate','flatrate',NULL,5.0000,NULL,'Fixed'),(75,88,'2018-03-23 09:30:11','0000-00-00 00:00:00','flatrate','Flat Rate','flatrate_flatrate','flatrate',NULL,5.0000,NULL,'Fixed'),(77,90,'2018-03-23 09:31:16','0000-00-00 00:00:00','flatrate','Flat Rate','flatrate_flatrate','flatrate',NULL,5.0000,NULL,'Fixed'),(78,92,'2018-03-23 12:22:42','0000-00-00 00:00:00','flatrate','Flat Rate','flatrate_flatrate','flatrate',NULL,5.0000,NULL,'Fixed'),(79,96,'2018-03-26 12:54:57','0000-00-00 00:00:00','flatrate','Flat Rate','flatrate_flatrate','flatrate',NULL,5.0000,NULL,'Fixed'),(84,98,'2018-03-26 14:17:00','0000-00-00 00:00:00','flatrate','Flat Rate','flatrate_flatrate','flatrate',NULL,10.0000,NULL,'Fixed'),(85,102,'2018-03-27 15:51:31','0000-00-00 00:00:00','flatrate','Flat Rate','flatrate_flatrate','flatrate',NULL,5.0000,NULL,'Fixed'),(89,104,'2018-03-27 20:12:27','0000-00-00 00:00:00','flatrate','Flat Rate','flatrate_flatrate','flatrate',NULL,5.0000,NULL,'Fixed'),(90,106,'2018-03-28 13:07:44','0000-00-00 00:00:00','flatrate','Flat Rate','flatrate_flatrate','flatrate',NULL,5.0000,NULL,'Fixed'),(91,108,'2018-03-28 13:08:13','0000-00-00 00:00:00','flatrate','Flat Rate','flatrate_flatrate','flatrate',NULL,5.0000,NULL,'Fixed'),(94,110,'2018-03-29 14:36:06','0000-00-00 00:00:00','flatrate','Flat Rate','flatrate_flatrate','flatrate',NULL,5.0000,NULL,'Fixed'),(96,112,'2018-03-29 15:06:33','0000-00-00 00:00:00','flatrate','Flat Rate','flatrate_flatrate','flatrate',NULL,5.0000,NULL,'Fixed'),(97,114,'2018-04-04 08:03:30','0000-00-00 00:00:00','flatrate','Flat Rate','flatrate_flatrate','flatrate',NULL,5.0000,NULL,'Fixed'),(98,116,'2018-04-04 12:30:51','0000-00-00 00:00:00','flatrate','Flat Rate','flatrate_flatrate','flatrate',NULL,5.0000,NULL,'Fixed'),(101,118,'2018-04-05 08:35:12','0000-00-00 00:00:00','flatrate','Flat Rate','flatrate_flatrate','flatrate',NULL,15.0000,NULL,'Fixed'),(108,122,'2018-04-05 09:24:19','0000-00-00 00:00:00','flatrate','Flat Rate','flatrate_flatrate','flatrate',NULL,15.0000,NULL,'Fixed'),(113,124,'2018-04-05 10:17:41','0000-00-00 00:00:00','flatrate','Flat Rate','flatrate_flatrate','flatrate',NULL,10.0000,NULL,'Fixed'),(115,126,'2018-04-05 10:20:03','0000-00-00 00:00:00','flatrate','Flat Rate','flatrate_flatrate','flatrate',NULL,10.0000,NULL,'Fixed'),(117,120,'2018-04-05 10:38:06','0000-00-00 00:00:00','flatrate','Flat Rate','flatrate_flatrate','flatrate',NULL,5.0000,NULL,'Fixed'),(130,128,'2018-04-05 12:52:11','0000-00-00 00:00:00','flatrate','Flat Rate','flatrate_flatrate','flatrate',NULL,5.0000,NULL,'Fixed'),(138,130,'2018-04-05 13:49:49','0000-00-00 00:00:00','flatrate','Flat Rate','flatrate_flatrate','flatrate',NULL,5.0000,NULL,'Fixed'),(140,132,'2018-04-05 13:54:07','0000-00-00 00:00:00','flatrate','Flat Rate','flatrate_flatrate','flatrate',NULL,10.0000,NULL,'Fixed'),(141,134,'2018-04-08 14:37:57','0000-00-00 00:00:00','flatrate','Flat Rate','flatrate_flatrate','flatrate',NULL,5.0000,NULL,'Fixed'),(142,136,'2018-04-09 09:13:49','0000-00-00 00:00:00','flatrate','Flat Rate','flatrate_flatrate','flatrate',NULL,5.0000,NULL,'Fixed'),(146,138,'2018-04-09 11:19:19','0000-00-00 00:00:00','flatrate','Flat Rate','flatrate_flatrate','flatrate',NULL,5.0000,NULL,'Fixed');

--
-- Table structure for table `rating`
--

CREATE TABLE `rating` (
  `rating_id` smallint(5) unsigned NOT NULL AUTO_INCREMENT COMMENT 'Rating Id',
  `entity_id` smallint(5) unsigned NOT NULL DEFAULT '0' COMMENT 'Entity Id',
  `rating_code` varchar(64) NOT NULL COMMENT 'Rating Code',
  `position` smallint(5) unsigned NOT NULL DEFAULT '0' COMMENT 'Rating Position On Storefront',
  `is_active` smallint(6) NOT NULL DEFAULT '1' COMMENT 'Rating is active.',
  PRIMARY KEY (`rating_id`),
  UNIQUE KEY `RATING_RATING_CODE` (`rating_code`),
  KEY `RATING_ENTITY_ID` (`entity_id`),
  CONSTRAINT `RATING_ENTITY_ID_RATING_ENTITY_ENTITY_ID` FOREIGN KEY (`entity_id`) REFERENCES `rating_entity` (`entity_id`) ON DELETE CASCADE
) ENGINE=InnoDB AUTO_INCREMENT=4 DEFAULT CHARSET=utf8 COMMENT='Ratings';

--
-- Dumping data for table `rating`
--

INSERT INTO `rating` VALUES (1,1,'Quality',0,1),(2,1,'Value',0,1),(3,1,'Price',0,1);

--
-- Table structure for table `rating_entity`
--

CREATE TABLE `rating_entity` (
  `entity_id` smallint(5) unsigned NOT NULL AUTO_INCREMENT COMMENT 'Entity Id',
  `entity_code` varchar(64) NOT NULL COMMENT 'Entity Code',
  PRIMARY KEY (`entity_id`),
  UNIQUE KEY `RATING_ENTITY_ENTITY_CODE` (`entity_code`)
) ENGINE=InnoDB AUTO_INCREMENT=4 DEFAULT CHARSET=utf8 COMMENT='Rating entities';

--
-- Dumping data for table `rating_entity`
--

INSERT INTO `rating_entity` VALUES (1,'product'),(2,'product_review'),(3,'review');

--
-- Table structure for table `rating_option`
--

CREATE TABLE `rating_option` (
  `option_id` int(10) unsigned NOT NULL AUTO_INCREMENT COMMENT 'Rating Option Id',
  `rating_id` smallint(5) unsigned NOT NULL DEFAULT '0' COMMENT 'Rating Id',
  `code` varchar(32) NOT NULL COMMENT 'Rating Option Code',
  `value` smallint(5) unsigned NOT NULL DEFAULT '0' COMMENT 'Rating Option Value',
  `position` smallint(5) unsigned NOT NULL DEFAULT '0' COMMENT 'Ration option position on Storefront',
  PRIMARY KEY (`option_id`),
  KEY `RATING_OPTION_RATING_ID` (`rating_id`),
  CONSTRAINT `RATING_OPTION_RATING_ID_RATING_RATING_ID` FOREIGN KEY (`rating_id`) REFERENCES `rating` (`rating_id`) ON DELETE CASCADE
) ENGINE=InnoDB AUTO_INCREMENT=16 DEFAULT CHARSET=utf8 COMMENT='Rating options';

--
-- Dumping data for table `rating_option`
--

INSERT INTO `rating_option` VALUES (1,1,'1',1,1),(2,1,'2',2,2),(3,1,'3',3,3),(4,1,'4',4,4),(5,1,'5',5,5),(6,2,'1',1,1),(7,2,'2',2,2),(8,2,'3',3,3),(9,2,'4',4,4),(10,2,'5',5,5),(11,3,'1',1,1),(12,3,'2',2,2),(13,3,'3',3,3),(14,3,'4',4,4),(15,3,'5',5,5);

--
-- Table structure for table `rating_option_vote`
--

CREATE TABLE `rating_option_vote` (
  `vote_id` bigint(20) unsigned NOT NULL AUTO_INCREMENT COMMENT 'Vote id',
  `option_id` int(10) unsigned NOT NULL DEFAULT '0' COMMENT 'Vote option id',
  `remote_ip` varchar(16) NOT NULL COMMENT 'Customer IP',
  `remote_ip_long` bigint(20) NOT NULL DEFAULT '0' COMMENT 'Customer IP converted to long integer format',
  `customer_id` int(10) unsigned DEFAULT '0' COMMENT 'Customer Id',
  `entity_pk_value` bigint(20) unsigned NOT NULL DEFAULT '0' COMMENT 'Product id',
  `rating_id` smallint(5) unsigned NOT NULL DEFAULT '0' COMMENT 'Rating id',
  `review_id` bigint(20) unsigned DEFAULT NULL COMMENT 'Review id',
  `percent` smallint(6) NOT NULL DEFAULT '0' COMMENT 'Percent amount',
  `value` smallint(6) NOT NULL DEFAULT '0' COMMENT 'Vote option value',
  PRIMARY KEY (`vote_id`),
  KEY `RATING_OPTION_VOTE_OPTION_ID` (`option_id`),
  KEY `RATING_OPTION_VOTE_REVIEW_ID_REVIEW_REVIEW_ID` (`review_id`),
  CONSTRAINT `RATING_OPTION_VOTE_OPTION_ID_RATING_OPTION_OPTION_ID` FOREIGN KEY (`option_id`) REFERENCES `rating_option` (`option_id`) ON DELETE CASCADE,
  CONSTRAINT `RATING_OPTION_VOTE_REVIEW_ID_REVIEW_REVIEW_ID` FOREIGN KEY (`review_id`) REFERENCES `review` (`review_id`) ON DELETE CASCADE
) ENGINE=InnoDB DEFAULT CHARSET=utf8 COMMENT='Rating option values';

--
-- Dumping data for table `rating_option_vote`
--


--
-- Table structure for table `rating_option_vote_aggregated`
--

CREATE TABLE `rating_option_vote_aggregated` (
  `primary_id` int(11) NOT NULL AUTO_INCREMENT COMMENT 'Vote aggregation id',
  `rating_id` smallint(5) unsigned NOT NULL DEFAULT '0' COMMENT 'Rating id',
  `entity_pk_value` bigint(20) unsigned NOT NULL DEFAULT '0' COMMENT 'Product id',
  `vote_count` int(10) unsigned NOT NULL DEFAULT '0' COMMENT 'Vote dty',
  `vote_value_sum` int(10) unsigned NOT NULL DEFAULT '0' COMMENT 'General vote sum',
  `percent` smallint(6) NOT NULL DEFAULT '0' COMMENT 'Vote percent',
  `percent_approved` smallint(6) DEFAULT '0' COMMENT 'Vote percent approved by admin',
  `store_id` smallint(5) unsigned NOT NULL DEFAULT '0' COMMENT 'Store Id',
  PRIMARY KEY (`primary_id`),
  KEY `RATING_OPTION_VOTE_AGGREGATED_RATING_ID` (`rating_id`),
  KEY `RATING_OPTION_VOTE_AGGREGATED_STORE_ID` (`store_id`),
  CONSTRAINT `RATING_OPTION_VOTE_AGGREGATED_RATING_ID_RATING_RATING_ID` FOREIGN KEY (`rating_id`) REFERENCES `rating` (`rating_id`) ON DELETE CASCADE,
  CONSTRAINT `RATING_OPTION_VOTE_AGGREGATED_STORE_ID_STORE_STORE_ID` FOREIGN KEY (`store_id`) REFERENCES `store` (`store_id`) ON DELETE CASCADE
) ENGINE=InnoDB DEFAULT CHARSET=utf8 COMMENT='Rating vote aggregated';

--
-- Dumping data for table `rating_option_vote_aggregated`
--


--
-- Table structure for table `rating_store`
--

CREATE TABLE `rating_store` (
  `rating_id` smallint(5) unsigned NOT NULL DEFAULT '0' COMMENT 'Rating id',
  `store_id` smallint(5) unsigned NOT NULL DEFAULT '0' COMMENT 'Store id',
  PRIMARY KEY (`rating_id`,`store_id`),
  KEY `RATING_STORE_STORE_ID` (`store_id`),
  CONSTRAINT `RATING_STORE_RATING_ID_RATING_RATING_ID` FOREIGN KEY (`rating_id`) REFERENCES `rating` (`rating_id`) ON DELETE CASCADE,
  CONSTRAINT `RATING_STORE_STORE_ID_STORE_STORE_ID` FOREIGN KEY (`store_id`) REFERENCES `store` (`store_id`) ON DELETE CASCADE
) ENGINE=InnoDB DEFAULT CHARSET=utf8 COMMENT='Rating Store';

--
-- Dumping data for table `rating_store`
--


--
-- Table structure for table `rating_title`
--

CREATE TABLE `rating_title` (
  `rating_id` smallint(5) unsigned NOT NULL DEFAULT '0' COMMENT 'Rating Id',
  `store_id` smallint(5) unsigned NOT NULL DEFAULT '0' COMMENT 'Store Id',
  `value` varchar(255) NOT NULL COMMENT 'Rating Label',
  PRIMARY KEY (`rating_id`,`store_id`),
  KEY `RATING_TITLE_STORE_ID` (`store_id`),
  CONSTRAINT `RATING_TITLE_RATING_ID_RATING_RATING_ID` FOREIGN KEY (`rating_id`) REFERENCES `rating` (`rating_id`) ON DELETE CASCADE,
  CONSTRAINT `RATING_TITLE_STORE_ID_STORE_STORE_ID` FOREIGN KEY (`store_id`) REFERENCES `store` (`store_id`) ON DELETE CASCADE
) ENGINE=InnoDB DEFAULT CHARSET=utf8 COMMENT='Rating Title';

--
-- Dumping data for table `rating_title`
--


--
-- Table structure for table `release_notification_viewer_log`
--

CREATE TABLE `release_notification_viewer_log` (
  `id` int(10) unsigned NOT NULL AUTO_INCREMENT COMMENT 'Log ID',
  `viewer_id` int(10) unsigned NOT NULL COMMENT 'Viewer admin user ID',
  `last_view_version` varchar(16) NOT NULL COMMENT 'Viewer last view on product version',
  PRIMARY KEY (`id`),
  UNIQUE KEY `RELEASE_NOTIFICATION_VIEWER_LOG_VIEWER_ID` (`viewer_id`),
  CONSTRAINT `RELEASE_NOTIFICATION_VIEWER_LOG_VIEWER_ID_ADMIN_USER_USER_ID` FOREIGN KEY (`viewer_id`) REFERENCES `admin_user` (`user_id`) ON DELETE CASCADE
) ENGINE=InnoDB AUTO_INCREMENT=4 DEFAULT CHARSET=utf8 COMMENT='Release Notification Viewer Log Table';

--
-- Dumping data for table `release_notification_viewer_log`
--

INSERT INTO `release_notification_viewer_log` VALUES (1,1,'2.2.3'),(2,2,'2.2.3'),(3,3,'2.2.3');

--
-- Table structure for table `report_compared_product_index`
--

CREATE TABLE `report_compared_product_index` (
  `index_id` bigint(20) unsigned NOT NULL AUTO_INCREMENT COMMENT 'Index Id',
  `visitor_id` int(10) unsigned DEFAULT NULL COMMENT 'Visitor Id',
  `customer_id` int(10) unsigned DEFAULT NULL COMMENT 'Customer Id',
  `product_id` int(10) unsigned NOT NULL COMMENT 'Product Id',
  `store_id` smallint(5) unsigned DEFAULT NULL COMMENT 'Store Id',
  `added_at` timestamp NOT NULL DEFAULT CURRENT_TIMESTAMP COMMENT 'Added At',
  PRIMARY KEY (`index_id`),
  UNIQUE KEY `REPORT_COMPARED_PRODUCT_INDEX_VISITOR_ID_PRODUCT_ID` (`visitor_id`,`product_id`),
  UNIQUE KEY `REPORT_COMPARED_PRODUCT_INDEX_CUSTOMER_ID_PRODUCT_ID` (`customer_id`,`product_id`),
  KEY `REPORT_COMPARED_PRODUCT_INDEX_STORE_ID` (`store_id`),
  KEY `REPORT_COMPARED_PRODUCT_INDEX_ADDED_AT` (`added_at`),
  KEY `REPORT_COMPARED_PRODUCT_INDEX_PRODUCT_ID` (`product_id`),
  CONSTRAINT `REPORT_CMPD_PRD_IDX_CSTR_ID_CSTR_ENTT_ENTT_ID` FOREIGN KEY (`customer_id`) REFERENCES `customer_entity` (`entity_id`) ON DELETE CASCADE,
  CONSTRAINT `REPORT_CMPD_PRD_IDX_PRD_ID_CAT_PRD_ENTT_ENTT_ID` FOREIGN KEY (`product_id`) REFERENCES `catalog_product_entity` (`entity_id`) ON DELETE CASCADE,
  CONSTRAINT `REPORT_COMPARED_PRODUCT_INDEX_STORE_ID_STORE_STORE_ID` FOREIGN KEY (`store_id`) REFERENCES `store` (`store_id`) ON DELETE SET NULL
) ENGINE=InnoDB DEFAULT CHARSET=utf8 COMMENT='Reports Compared Product Index Table';

--
-- Dumping data for table `report_compared_product_index`
--


--
-- Table structure for table `report_event`
--

CREATE TABLE `report_event` (
  `event_id` bigint(20) unsigned NOT NULL AUTO_INCREMENT COMMENT 'Event Id',
  `logged_at` timestamp NOT NULL DEFAULT CURRENT_TIMESTAMP COMMENT 'Logged At',
  `event_type_id` smallint(5) unsigned NOT NULL DEFAULT '0' COMMENT 'Event Type Id',
  `object_id` int(10) unsigned NOT NULL DEFAULT '0' COMMENT 'Object Id',
  `subject_id` int(10) unsigned NOT NULL DEFAULT '0' COMMENT 'Subject Id',
  `subtype` smallint(5) unsigned NOT NULL DEFAULT '0' COMMENT 'Subtype',
  `store_id` smallint(5) unsigned NOT NULL COMMENT 'Store Id',
  PRIMARY KEY (`event_id`),
  KEY `REPORT_EVENT_EVENT_TYPE_ID` (`event_type_id`),
  KEY `REPORT_EVENT_SUBJECT_ID` (`subject_id`),
  KEY `REPORT_EVENT_OBJECT_ID` (`object_id`),
  KEY `REPORT_EVENT_SUBTYPE` (`subtype`),
  KEY `REPORT_EVENT_STORE_ID` (`store_id`),
  CONSTRAINT `REPORT_EVENT_EVENT_TYPE_ID_REPORT_EVENT_TYPES_EVENT_TYPE_ID` FOREIGN KEY (`event_type_id`) REFERENCES `report_event_types` (`event_type_id`) ON DELETE CASCADE,
  CONSTRAINT `REPORT_EVENT_STORE_ID_STORE_STORE_ID` FOREIGN KEY (`store_id`) REFERENCES `store` (`store_id`) ON DELETE CASCADE
) ENGINE=InnoDB AUTO_INCREMENT=2230 DEFAULT CHARSET=utf8 COMMENT='Reports Event Table';

--
-- Dumping data for table `report_event`
--

INSERT INTO `report_event` VALUES (127,'2018-03-14 12:28:34',1,54,1,0,1),(128,'2018-03-14 12:28:42',1,54,1,0,1),(129,'2018-03-14 12:44:27',1,62,1,0,1),(130,'2018-03-14 12:48:55',1,62,1,0,1),(131,'2018-03-14 12:49:46',1,53,1,0,1),(132,'2018-03-14 12:50:14',1,60,1,0,1),(136,'2018-03-14 12:52:28',1,52,1,0,1),(138,'2018-03-14 12:53:18',1,53,1,0,1),(139,'2018-03-14 12:53:29',1,52,1,0,1),(142,'2018-03-14 12:54:42',1,65,1,0,1),(144,'2018-03-14 12:55:17',1,53,1,0,1),(146,'2018-03-14 12:56:17',1,64,1,0,1),(148,'2018-03-14 12:57:30',1,67,1,0,1),(150,'2018-03-14 12:59:18',1,170,1,0,1),(152,'2018-03-14 12:59:36',1,179,1,0,1),(160,'2018-03-14 13:10:55',1,179,1,0,1),(161,'2018-03-14 13:11:49',4,179,1,0,1),(162,'2018-03-14 13:23:38',1,172,1,0,1),(163,'2018-03-14 13:24:43',1,172,1,0,1),(164,'2018-03-14 13:25:31',1,172,1,0,1),(165,'2018-03-14 13:26:13',1,182,1,0,1),(166,'2018-03-14 13:26:38',1,180,1,0,1),(167,'2018-03-14 13:27:27',1,177,1,0,1),(172,'2018-03-14 14:40:34',1,179,1,0,1),(173,'2018-03-14 14:40:35',1,179,1,0,1),(174,'2018-03-14 14:40:44',1,179,1,0,1),(175,'2018-03-14 14:47:45',1,179,1,0,1),(176,'2018-03-14 14:49:39',1,179,1,0,1),(182,'2018-03-14 14:58:25',1,169,1,0,1),(183,'2018-03-14 14:58:31',4,169,1,0,1),(184,'2018-03-14 15:00:09',1,169,1,0,1),(185,'2018-03-14 15:26:34',1,169,1,0,1),(186,'2018-03-14 15:26:35',1,169,1,0,1),(187,'2018-03-14 15:26:36',1,169,1,0,1),(188,'2018-03-14 15:26:37',1,169,1,0,1),(189,'2018-03-14 15:26:48',1,169,1,0,1),(190,'2018-03-14 15:47:00',1,169,1,0,1),(193,'2018-03-14 16:40:40',1,169,1,0,1),(194,'2018-03-14 16:43:26',1,179,1,0,1),(195,'2018-03-14 16:56:35',1,171,1,0,1),(196,'2018-03-14 16:58:53',1,171,1,0,1),(414,'2018-03-15 17:49:32',4,508,1,0,1),(415,'2018-03-15 17:49:56',1,502,1,0,1),(418,'2018-03-15 17:52:14',1,501,1,0,1),(420,'2018-03-15 17:52:36',1,521,1,0,1),(421,'2018-03-15 17:52:58',1,506,1,0,1),(422,'2018-03-15 17:53:04',1,507,1,0,1),(423,'2018-03-15 17:53:05',1,507,1,0,1),(425,'2018-03-15 17:53:32',1,501,1,0,1),(438,'2018-03-15 23:09:14',4,503,1,0,1),(457,'2018-03-16 09:50:50',1,517,1,0,1),(1263,'2018-03-21 08:37:04',1,515,2,0,1),(1264,'2018-03-21 08:37:32',1,524,2,0,1),(1615,'2018-03-26 14:15:55',4,504,5,0,1),(1624,'2018-03-26 14:27:35',1,506,5,0,1),(1629,'2018-03-26 14:30:29',1,515,5,0,1),(2196,'2018-04-09 23:24:56',1,517,3265,1,1),(2197,'2018-04-10 00:40:41',1,520,3268,1,1),(2198,'2018-04-10 06:15:25',1,503,3275,1,1),(2199,'2018-04-10 06:41:45',1,500,3277,1,1),(2200,'2018-04-10 06:43:23',1,524,3278,1,1),(2201,'2018-04-10 08:25:47',1,502,3287,1,1),(2202,'2018-04-10 08:25:58',1,513,3288,1,1),(2203,'2018-04-10 08:26:14',1,522,3287,1,1),(2204,'2018-04-10 08:26:40',1,524,3287,1,1),(2205,'2018-04-10 08:26:59',1,504,3287,1,1),(2206,'2018-04-10 09:41:08',1,527,3296,1,1),(2207,'2018-04-10 12:20:56',1,525,3302,1,1),(2208,'2018-04-10 12:25:07',1,522,3303,1,1),(2209,'2018-04-10 12:25:42',1,512,3303,1,1),(2210,'2018-04-10 14:46:08',1,500,3314,1,1),(2211,'2018-04-10 14:51:20',1,533,3317,1,1),(2212,'2018-04-10 14:51:44',1,512,3317,1,1),(2213,'2018-04-10 14:55:59',1,500,3319,1,1),(2214,'2018-04-10 15:48:52',1,512,3326,1,1),(2215,'2018-04-10 16:28:46',1,527,3330,1,1),(2216,'2018-04-10 17:11:14',1,524,3333,1,1),(2217,'2018-04-10 19:37:30',1,510,3339,1,1),(2218,'2018-04-10 19:38:19',1,512,3339,1,1),(2219,'2018-04-10 19:38:35',1,522,3339,1,1),(2220,'2018-04-10 19:39:03',1,502,3339,1,1),(2221,'2018-04-10 20:20:52',1,501,3341,1,1),(2222,'2018-04-10 20:47:07',1,522,3343,1,1),(2223,'2018-04-10 20:48:26',1,522,3343,1,1),(2224,'2018-04-11 01:10:03',1,505,3360,1,1),(2225,'2018-04-11 02:04:33',1,522,3361,1,1),(2226,'2018-04-11 02:05:09',1,522,3361,1,1),(2227,'2018-04-11 03:15:06',1,501,3362,1,1),(2228,'2018-04-11 03:15:19',1,500,3362,1,1),(2229,'2018-04-11 04:14:16',1,502,3364,1,1);

--
-- Table structure for table `report_event_types`
--

CREATE TABLE `report_event_types` (
  `event_type_id` smallint(5) unsigned NOT NULL AUTO_INCREMENT COMMENT 'Event Type Id',
  `event_name` varchar(64) NOT NULL COMMENT 'Event Name',
  `customer_login` smallint(5) unsigned NOT NULL DEFAULT '0' COMMENT 'Customer Login',
  PRIMARY KEY (`event_type_id`)
) ENGINE=InnoDB AUTO_INCREMENT=7 DEFAULT CHARSET=utf8 COMMENT='Reports Event Type Table';

--
-- Dumping data for table `report_event_types`
--

INSERT INTO `report_event_types` VALUES (1,'catalog_product_view',0),(2,'sendfriend_product',0),(3,'catalog_product_compare_add_product',0),(4,'checkout_cart_add_product',0),(5,'wishlist_add_product',0),(6,'wishlist_share',0);

--
-- Table structure for table `report_viewed_product_aggregated_daily`
--

CREATE TABLE `report_viewed_product_aggregated_daily` (
  `id` int(10) unsigned NOT NULL AUTO_INCREMENT COMMENT 'Id',
  `period` date DEFAULT NULL COMMENT 'Period',
  `store_id` smallint(5) unsigned DEFAULT NULL COMMENT 'Store Id',
  `product_id` int(10) unsigned DEFAULT NULL COMMENT 'Product Id',
  `product_name` varchar(255) DEFAULT NULL COMMENT 'Product Name',
  `product_price` decimal(12,4) NOT NULL DEFAULT '0.0000' COMMENT 'Product Price',
  `views_num` int(11) NOT NULL DEFAULT '0' COMMENT 'Number of Views',
  `rating_pos` smallint(5) unsigned NOT NULL DEFAULT '0' COMMENT 'Rating Pos',
  PRIMARY KEY (`id`),
  UNIQUE KEY `REPORT_VIEWED_PRD_AGGRED_DAILY_PERIOD_STORE_ID_PRD_ID` (`period`,`store_id`,`product_id`),
  KEY `REPORT_VIEWED_PRODUCT_AGGREGATED_DAILY_STORE_ID` (`store_id`),
  KEY `REPORT_VIEWED_PRODUCT_AGGREGATED_DAILY_PRODUCT_ID` (`product_id`),
  CONSTRAINT `REPORT_VIEWED_PRD_AGGRED_DAILY_PRD_ID_CAT_PRD_ENTT_ENTT_ID` FOREIGN KEY (`product_id`) REFERENCES `catalog_product_entity` (`entity_id`) ON DELETE CASCADE,
  CONSTRAINT `REPORT_VIEWED_PRODUCT_AGGREGATED_DAILY_STORE_ID_STORE_STORE_ID` FOREIGN KEY (`store_id`) REFERENCES `store` (`store_id`) ON DELETE CASCADE
) ENGINE=InnoDB DEFAULT CHARSET=utf8 COMMENT='Most Viewed Products Aggregated Daily';

--
-- Dumping data for table `report_viewed_product_aggregated_daily`
--


--
-- Table structure for table `report_viewed_product_aggregated_monthly`
--

CREATE TABLE `report_viewed_product_aggregated_monthly` (
  `id` int(10) unsigned NOT NULL AUTO_INCREMENT COMMENT 'Id',
  `period` date DEFAULT NULL COMMENT 'Period',
  `store_id` smallint(5) unsigned DEFAULT NULL COMMENT 'Store Id',
  `product_id` int(10) unsigned DEFAULT NULL COMMENT 'Product Id',
  `product_name` varchar(255) DEFAULT NULL COMMENT 'Product Name',
  `product_price` decimal(12,4) NOT NULL DEFAULT '0.0000' COMMENT 'Product Price',
  `views_num` int(11) NOT NULL DEFAULT '0' COMMENT 'Number of Views',
  `rating_pos` smallint(5) unsigned NOT NULL DEFAULT '0' COMMENT 'Rating Pos',
  PRIMARY KEY (`id`),
  UNIQUE KEY `REPORT_VIEWED_PRD_AGGRED_MONTHLY_PERIOD_STORE_ID_PRD_ID` (`period`,`store_id`,`product_id`),
  KEY `REPORT_VIEWED_PRODUCT_AGGREGATED_MONTHLY_STORE_ID` (`store_id`),
  KEY `REPORT_VIEWED_PRODUCT_AGGREGATED_MONTHLY_PRODUCT_ID` (`product_id`),
  CONSTRAINT `REPORT_VIEWED_PRD_AGGRED_MONTHLY_PRD_ID_CAT_PRD_ENTT_ENTT_ID` FOREIGN KEY (`product_id`) REFERENCES `catalog_product_entity` (`entity_id`) ON DELETE CASCADE,
  CONSTRAINT `REPORT_VIEWED_PRODUCT_AGGREGATED_MONTHLY_STORE_ID_STORE_STORE_ID` FOREIGN KEY (`store_id`) REFERENCES `store` (`store_id`) ON DELETE CASCADE
) ENGINE=InnoDB DEFAULT CHARSET=utf8 COMMENT='Most Viewed Products Aggregated Monthly';

--
-- Dumping data for table `report_viewed_product_aggregated_monthly`
--


--
-- Table structure for table `report_viewed_product_aggregated_yearly`
--

CREATE TABLE `report_viewed_product_aggregated_yearly` (
  `id` int(10) unsigned NOT NULL AUTO_INCREMENT COMMENT 'Id',
  `period` date DEFAULT NULL COMMENT 'Period',
  `store_id` smallint(5) unsigned DEFAULT NULL COMMENT 'Store Id',
  `product_id` int(10) unsigned DEFAULT NULL COMMENT 'Product Id',
  `product_name` varchar(255) DEFAULT NULL COMMENT 'Product Name',
  `product_price` decimal(12,4) NOT NULL DEFAULT '0.0000' COMMENT 'Product Price',
  `views_num` int(11) NOT NULL DEFAULT '0' COMMENT 'Number of Views',
  `rating_pos` smallint(5) unsigned NOT NULL DEFAULT '0' COMMENT 'Rating Pos',
  PRIMARY KEY (`id`),
  UNIQUE KEY `REPORT_VIEWED_PRD_AGGRED_YEARLY_PERIOD_STORE_ID_PRD_ID` (`period`,`store_id`,`product_id`),
  KEY `REPORT_VIEWED_PRODUCT_AGGREGATED_YEARLY_STORE_ID` (`store_id`),
  KEY `REPORT_VIEWED_PRODUCT_AGGREGATED_YEARLY_PRODUCT_ID` (`product_id`),
  CONSTRAINT `REPORT_VIEWED_PRD_AGGRED_YEARLY_PRD_ID_CAT_PRD_ENTT_ENTT_ID` FOREIGN KEY (`product_id`) REFERENCES `catalog_product_entity` (`entity_id`) ON DELETE CASCADE,
  CONSTRAINT `REPORT_VIEWED_PRODUCT_AGGREGATED_YEARLY_STORE_ID_STORE_STORE_ID` FOREIGN KEY (`store_id`) REFERENCES `store` (`store_id`) ON DELETE CASCADE
) ENGINE=InnoDB DEFAULT CHARSET=utf8 COMMENT='Most Viewed Products Aggregated Yearly';

--
-- Dumping data for table `report_viewed_product_aggregated_yearly`
--


--
-- Table structure for table `report_viewed_product_index`
--

CREATE TABLE `report_viewed_product_index` (
  `index_id` bigint(20) unsigned NOT NULL AUTO_INCREMENT COMMENT 'Index Id',
  `visitor_id` int(10) unsigned DEFAULT NULL COMMENT 'Visitor Id',
  `customer_id` int(10) unsigned DEFAULT NULL COMMENT 'Customer Id',
  `product_id` int(10) unsigned NOT NULL COMMENT 'Product Id',
  `store_id` smallint(5) unsigned DEFAULT NULL COMMENT 'Store Id',
  `added_at` timestamp NOT NULL DEFAULT CURRENT_TIMESTAMP COMMENT 'Added At',
  PRIMARY KEY (`index_id`),
  UNIQUE KEY `REPORT_VIEWED_PRODUCT_INDEX_VISITOR_ID_PRODUCT_ID` (`visitor_id`,`product_id`),
  UNIQUE KEY `REPORT_VIEWED_PRODUCT_INDEX_CUSTOMER_ID_PRODUCT_ID` (`customer_id`,`product_id`),
  KEY `REPORT_VIEWED_PRODUCT_INDEX_STORE_ID` (`store_id`),
  KEY `REPORT_VIEWED_PRODUCT_INDEX_ADDED_AT` (`added_at`),
  KEY `REPORT_VIEWED_PRODUCT_INDEX_PRODUCT_ID` (`product_id`),
  CONSTRAINT `REPORT_VIEWED_PRD_IDX_CSTR_ID_CSTR_ENTT_ENTT_ID` FOREIGN KEY (`customer_id`) REFERENCES `customer_entity` (`entity_id`) ON DELETE CASCADE,
  CONSTRAINT `REPORT_VIEWED_PRD_IDX_PRD_ID_CAT_PRD_ENTT_ENTT_ID` FOREIGN KEY (`product_id`) REFERENCES `catalog_product_entity` (`entity_id`) ON DELETE CASCADE,
  CONSTRAINT `REPORT_VIEWED_PRODUCT_INDEX_STORE_ID_STORE_STORE_ID` FOREIGN KEY (`store_id`) REFERENCES `store` (`store_id`) ON DELETE SET NULL
) ENGINE=InnoDB AUTO_INCREMENT=2132 DEFAULT CHARSET=utf8 COMMENT='Reports Viewed Product Index Table';

--
-- Dumping data for table `report_viewed_product_index`
--

INSERT INTO `report_viewed_product_index` VALUES (382,NULL,1,507,1,'2018-03-15 17:53:04'),(414,NULL,1,517,1,'2018-03-16 09:50:50'),(1215,NULL,2,515,1,'2018-03-21 08:37:04'),(1216,NULL,2,524,1,'2018-03-21 08:37:32'),(1228,NULL,NULL,512,1,'2018-03-21 11:19:12'),(1244,NULL,NULL,512,1,'2018-03-21 15:01:23'),(1245,NULL,NULL,517,1,'2018-03-21 15:01:33'),(1246,NULL,NULL,511,1,'2018-03-21 15:01:38'),(1247,NULL,NULL,519,1,'2018-03-21 15:01:47'),(1248,NULL,NULL,510,1,'2018-03-21 15:01:56'),(1249,NULL,NULL,515,1,'2018-03-21 15:02:05'),(1250,NULL,NULL,516,1,'2018-03-21 15:02:13'),(1251,NULL,NULL,520,1,'2018-03-21 15:02:22'),(1252,NULL,NULL,521,1,'2018-03-21 15:02:30'),(1253,NULL,NULL,518,1,'2018-03-21 15:02:39'),(1254,NULL,NULL,527,1,'2018-03-21 15:02:47'),(1255,NULL,NULL,528,1,'2018-03-21 15:02:56'),(1256,NULL,NULL,513,1,'2018-03-21 15:03:05'),(1257,NULL,NULL,509,1,'2018-03-21 15:03:13'),(1258,NULL,NULL,504,1,'2018-03-21 15:03:21'),(1259,NULL,NULL,514,1,'2018-03-21 15:03:30'),(1260,NULL,NULL,503,1,'2018-03-21 15:03:38'),(1261,NULL,NULL,529,1,'2018-03-21 15:03:46'),(1262,NULL,NULL,506,1,'2018-03-21 15:03:55'),(1263,NULL,NULL,507,1,'2018-03-21 15:04:03'),(1264,NULL,NULL,502,1,'2018-03-21 15:04:12'),(1265,NULL,NULL,501,1,'2018-03-21 15:04:20'),(1266,NULL,NULL,508,1,'2018-03-21 15:04:28'),(1267,NULL,NULL,525,1,'2018-03-21 15:04:37'),(1268,NULL,NULL,524,1,'2018-03-21 15:04:45'),(1269,NULL,NULL,500,1,'2018-03-21 15:04:54'),(1270,NULL,NULL,522,1,'2018-03-21 15:05:03'),(1271,NULL,NULL,523,1,'2018-03-21 15:05:11'),(1272,NULL,NULL,505,1,'2018-03-21 15:05:19'),(1273,NULL,NULL,526,1,'2018-03-21 15:05:28'),(1323,NULL,NULL,511,1,'2018-03-22 05:36:31'),(1324,NULL,NULL,517,1,'2018-03-22 05:36:39'),(1325,NULL,NULL,510,1,'2018-03-22 05:36:48'),(1326,NULL,NULL,519,1,'2018-03-22 05:36:57'),(1327,NULL,NULL,516,1,'2018-03-22 05:37:06'),(1328,NULL,NULL,515,1,'2018-03-22 05:37:15'),(1329,NULL,NULL,520,1,'2018-03-22 05:37:24'),(1330,NULL,NULL,521,1,'2018-03-22 05:37:33'),(1331,NULL,NULL,527,1,'2018-03-22 05:37:42'),(1332,NULL,NULL,509,1,'2018-03-22 05:38:00'),(1333,NULL,NULL,513,1,'2018-03-22 05:38:09'),(1334,NULL,NULL,503,1,'2018-03-22 05:38:18'),(1335,NULL,NULL,504,1,'2018-03-22 05:38:26'),(1336,NULL,NULL,514,1,'2018-03-22 05:38:35'),(1337,NULL,NULL,506,1,'2018-03-22 05:38:44'),(1338,NULL,NULL,502,1,'2018-03-22 05:38:53'),(1339,NULL,NULL,507,1,'2018-03-22 05:39:02'),(1340,NULL,NULL,501,1,'2018-03-22 05:39:11'),(1341,NULL,NULL,508,1,'2018-03-22 05:39:20'),(1342,NULL,NULL,533,1,'2018-03-22 05:39:29'),(1343,NULL,NULL,524,1,'2018-03-22 05:39:38'),(1344,NULL,NULL,525,1,'2018-03-22 05:39:47'),(1345,NULL,NULL,500,1,'2018-03-22 05:40:05'),(1346,NULL,NULL,522,1,'2018-03-22 05:40:14'),(1347,NULL,NULL,505,1,'2018-03-22 05:40:23'),(1348,NULL,NULL,526,1,'2018-03-22 05:40:32'),(1567,NULL,5,506,1,'2018-03-26 14:27:35'),(1572,NULL,5,515,1,'2018-03-26 14:30:29'),(1653,NULL,NULL,511,1,'2018-03-27 02:39:33'),(1728,NULL,NULL,512,1,'2018-03-27 23:47:15'),(1729,NULL,NULL,517,1,'2018-03-28 01:03:03'),(1730,NULL,NULL,510,1,'2018-03-28 02:18:50'),(1732,NULL,NULL,519,1,'2018-03-28 03:34:37'),(1733,NULL,NULL,516,1,'2018-03-28 04:50:24'),(1736,NULL,NULL,515,1,'2018-03-28 06:06:11'),(1741,NULL,NULL,520,1,'2018-03-28 07:21:58'),(1744,NULL,NULL,503,1,'2018-03-28 08:37:45'),(1745,NULL,NULL,504,1,'2018-03-28 09:53:33'),(1749,NULL,NULL,514,1,'2018-03-28 11:09:22'),(1753,NULL,NULL,506,1,'2018-03-28 12:25:08'),(1776,NULL,NULL,502,1,'2018-03-28 13:40:53'),(1778,NULL,NULL,507,1,'2018-03-28 14:56:40'),(1781,NULL,NULL,501,1,'2018-03-28 16:12:27'),(1783,NULL,NULL,508,1,'2018-03-28 17:28:14'),(1785,NULL,NULL,533,1,'2018-03-28 18:44:02'),(1789,NULL,NULL,524,1,'2018-03-28 19:59:48'),(1791,NULL,NULL,525,1,'2018-03-28 21:15:36'),(1792,NULL,NULL,500,1,'2018-03-28 22:31:22'),(1793,NULL,NULL,522,1,'2018-03-28 23:47:10'),(1794,NULL,NULL,521,1,'2018-03-29 03:47:52'),(1795,NULL,NULL,527,1,'2018-03-29 03:49:15'),(1796,NULL,NULL,509,1,'2018-03-29 03:50:33'),(1797,NULL,NULL,513,1,'2018-03-29 03:52:06'),(1808,NULL,NULL,505,1,'2018-03-29 10:17:52'),(1809,NULL,NULL,526,1,'2018-03-29 10:19:38'),(2098,3265,NULL,517,1,'2018-04-09 23:24:56'),(2099,3268,NULL,520,1,'2018-04-10 00:40:41'),(2100,3275,NULL,503,1,'2018-04-10 06:15:25'),(2101,3277,NULL,500,1,'2018-04-10 06:41:45'),(2102,3278,NULL,524,1,'2018-04-10 06:43:23'),(2103,3287,NULL,502,1,'2018-04-10 08:25:47'),(2104,3288,NULL,513,1,'2018-04-10 08:25:58'),(2105,3287,NULL,522,1,'2018-04-10 08:26:14'),(2106,3287,NULL,524,1,'2018-04-10 08:26:40'),(2107,3287,NULL,504,1,'2018-04-10 08:26:59'),(2108,3296,NULL,527,1,'2018-04-10 09:41:08'),(2109,3302,NULL,525,1,'2018-04-10 12:20:56'),(2110,3303,NULL,522,1,'2018-04-10 12:25:07'),(2111,3303,NULL,512,1,'2018-04-10 12:25:42'),(2112,3314,NULL,500,1,'2018-04-10 14:46:08'),(2113,3317,NULL,533,1,'2018-04-10 14:51:20'),(2114,3317,NULL,512,1,'2018-04-10 14:51:44'),(2115,3319,NULL,500,1,'2018-04-10 14:55:59'),(2116,3326,NULL,512,1,'2018-04-10 15:48:52'),(2117,3330,NULL,527,1,'2018-04-10 16:28:46'),(2118,3333,NULL,524,1,'2018-04-10 17:11:14'),(2119,3339,NULL,510,1,'2018-04-10 19:37:30'),(2120,3339,NULL,512,1,'2018-04-10 19:38:19'),(2121,3339,NULL,522,1,'2018-04-10 19:38:35'),(2122,3339,NULL,502,1,'2018-04-10 19:39:03'),(2123,3341,NULL,501,1,'2018-04-10 20:20:52'),(2124,3343,NULL,522,1,'2018-04-10 20:47:07'),(2126,3360,NULL,505,1,'2018-04-11 01:10:03'),(2127,3361,NULL,522,1,'2018-04-11 02:04:33'),(2129,3362,NULL,501,1,'2018-04-11 03:15:06'),(2130,3362,NULL,500,1,'2018-04-11 03:15:19'),(2131,3364,NULL,502,1,'2018-04-11 04:14:16');

--
-- Table structure for table `reporting_counts`
--

CREATE TABLE `reporting_counts` (
  `entity_id` int(10) unsigned NOT NULL AUTO_INCREMENT COMMENT 'Entity Id',
  `type` varchar(255) DEFAULT NULL COMMENT 'Item Reported',
  `count` int(10) unsigned DEFAULT NULL COMMENT 'Count Value',
  `updated_at` timestamp NOT NULL DEFAULT CURRENT_TIMESTAMP ON UPDATE CURRENT_TIMESTAMP COMMENT 'Updated At',
  PRIMARY KEY (`entity_id`)
) ENGINE=InnoDB DEFAULT CHARSET=utf8 COMMENT='Reporting for all count related events generated via the cron job';

--
-- Dumping data for table `reporting_counts`
--


--
-- Table structure for table `reporting_module_status`
--

CREATE TABLE `reporting_module_status` (
  `entity_id` int(10) unsigned NOT NULL AUTO_INCREMENT COMMENT 'Module Id',
  `name` varchar(255) DEFAULT NULL COMMENT 'Module Name',
  `active` varchar(255) DEFAULT NULL COMMENT 'Module Active Status',
  `setup_version` varchar(255) DEFAULT NULL COMMENT 'Module Version',
  `state` varchar(255) DEFAULT NULL COMMENT 'Module State',
  `updated_at` timestamp NOT NULL DEFAULT CURRENT_TIMESTAMP ON UPDATE CURRENT_TIMESTAMP COMMENT 'Updated At',
  PRIMARY KEY (`entity_id`)
) ENGINE=InnoDB DEFAULT CHARSET=utf8 COMMENT='Module Status Table';

--
-- Dumping data for table `reporting_module_status`
--


--
-- Table structure for table `reporting_orders`
--

CREATE TABLE `reporting_orders` (
  `entity_id` int(10) unsigned NOT NULL AUTO_INCREMENT COMMENT 'Entity Id',
  `customer_id` int(10) unsigned DEFAULT NULL COMMENT 'Customer Id',
  `total` decimal(10,0) unsigned DEFAULT NULL,
  `total_base` decimal(10,0) unsigned DEFAULT NULL,
  `item_count` int(10) unsigned NOT NULL COMMENT 'Line Item Count',
  `updated_at` timestamp NOT NULL DEFAULT CURRENT_TIMESTAMP COMMENT 'Updated At',
  PRIMARY KEY (`entity_id`)
) ENGINE=InnoDB DEFAULT CHARSET=utf8 COMMENT='Reporting for all orders';

--
-- Dumping data for table `reporting_orders`
--


--
-- Table structure for table `reporting_system_updates`
--

CREATE TABLE `reporting_system_updates` (
  `entity_id` int(10) unsigned NOT NULL AUTO_INCREMENT COMMENT 'Entity Id',
  `type` varchar(255) DEFAULT NULL COMMENT 'Update Type',
  `action` varchar(255) DEFAULT NULL COMMENT 'Action Performed',
  `updated_at` timestamp NOT NULL DEFAULT CURRENT_TIMESTAMP COMMENT 'Updated At',
  PRIMARY KEY (`entity_id`)
) ENGINE=InnoDB DEFAULT CHARSET=utf8 COMMENT='Reporting for system updates';

--
-- Dumping data for table `reporting_system_updates`
--


--
-- Table structure for table `reporting_users`
--

CREATE TABLE `reporting_users` (
  `entity_id` int(10) unsigned NOT NULL AUTO_INCREMENT COMMENT 'Entity Id',
  `type` varchar(255) DEFAULT NULL COMMENT 'User Type',
  `action` varchar(255) DEFAULT NULL COMMENT 'Action Performed',
  `updated_at` timestamp NOT NULL DEFAULT CURRENT_TIMESTAMP COMMENT 'Updated At',
  PRIMARY KEY (`entity_id`)
) ENGINE=InnoDB DEFAULT CHARSET=utf8 COMMENT='Reporting for user actions';

--
-- Dumping data for table `reporting_users`
--


--
-- Table structure for table `review`
--

CREATE TABLE `review` (
  `review_id` bigint(20) unsigned NOT NULL AUTO_INCREMENT COMMENT 'Review id',
  `created_at` timestamp NOT NULL DEFAULT CURRENT_TIMESTAMP COMMENT 'Review create date',
  `entity_id` smallint(5) unsigned NOT NULL DEFAULT '0' COMMENT 'Entity id',
  `entity_pk_value` int(10) unsigned NOT NULL DEFAULT '0' COMMENT 'Product id',
  `status_id` smallint(5) unsigned NOT NULL DEFAULT '0' COMMENT 'Status code',
  PRIMARY KEY (`review_id`),
  KEY `REVIEW_ENTITY_ID` (`entity_id`),
  KEY `REVIEW_STATUS_ID` (`status_id`),
  KEY `REVIEW_ENTITY_PK_VALUE` (`entity_pk_value`),
  CONSTRAINT `REVIEW_ENTITY_ID_REVIEW_ENTITY_ENTITY_ID` FOREIGN KEY (`entity_id`) REFERENCES `review_entity` (`entity_id`) ON DELETE CASCADE,
  CONSTRAINT `REVIEW_STATUS_ID_REVIEW_STATUS_STATUS_ID` FOREIGN KEY (`status_id`) REFERENCES `review_status` (`status_id`) ON DELETE NO ACTION
) ENGINE=InnoDB DEFAULT CHARSET=utf8 COMMENT='Review base information';

--
-- Dumping data for table `review`
--


--
-- Table structure for table `review_detail`
--

CREATE TABLE `review_detail` (
  `detail_id` bigint(20) unsigned NOT NULL AUTO_INCREMENT COMMENT 'Review detail id',
  `review_id` bigint(20) unsigned NOT NULL DEFAULT '0' COMMENT 'Review id',
  `store_id` smallint(5) unsigned DEFAULT '0' COMMENT 'Store id',
  `title` varchar(255) NOT NULL COMMENT 'Title',
  `detail` text NOT NULL COMMENT 'Detail description',
  `nickname` varchar(128) NOT NULL COMMENT 'User nickname',
  `customer_id` int(10) unsigned DEFAULT NULL COMMENT 'Customer Id',
  PRIMARY KEY (`detail_id`),
  KEY `REVIEW_DETAIL_REVIEW_ID` (`review_id`),
  KEY `REVIEW_DETAIL_STORE_ID` (`store_id`),
  KEY `REVIEW_DETAIL_CUSTOMER_ID` (`customer_id`),
  CONSTRAINT `REVIEW_DETAIL_CUSTOMER_ID_CUSTOMER_ENTITY_ENTITY_ID` FOREIGN KEY (`customer_id`) REFERENCES `customer_entity` (`entity_id`) ON DELETE SET NULL,
  CONSTRAINT `REVIEW_DETAIL_REVIEW_ID_REVIEW_REVIEW_ID` FOREIGN KEY (`review_id`) REFERENCES `review` (`review_id`) ON DELETE CASCADE,
  CONSTRAINT `REVIEW_DETAIL_STORE_ID_STORE_STORE_ID` FOREIGN KEY (`store_id`) REFERENCES `store` (`store_id`) ON DELETE SET NULL
) ENGINE=InnoDB DEFAULT CHARSET=utf8 COMMENT='Review detail information';

--
-- Dumping data for table `review_detail`
--


--
-- Table structure for table `review_entity`
--

CREATE TABLE `review_entity` (
  `entity_id` smallint(5) unsigned NOT NULL AUTO_INCREMENT COMMENT 'Review entity id',
  `entity_code` varchar(32) NOT NULL COMMENT 'Review entity code',
  PRIMARY KEY (`entity_id`)
) ENGINE=InnoDB AUTO_INCREMENT=4 DEFAULT CHARSET=utf8 COMMENT='Review entities';

--
-- Dumping data for table `review_entity`
--

INSERT INTO `review_entity` VALUES (1,'product'),(2,'customer'),(3,'category');

--
-- Table structure for table `review_entity_summary`
--

CREATE TABLE `review_entity_summary` (
  `primary_id` bigint(20) NOT NULL AUTO_INCREMENT COMMENT 'Summary review entity id',
  `entity_pk_value` bigint(20) NOT NULL DEFAULT '0' COMMENT 'Product id',
  `entity_type` smallint(6) NOT NULL DEFAULT '0' COMMENT 'Entity type id',
  `reviews_count` smallint(6) NOT NULL DEFAULT '0' COMMENT 'Qty of reviews',
  `rating_summary` smallint(6) NOT NULL DEFAULT '0' COMMENT 'Summarized rating',
  `store_id` smallint(5) unsigned NOT NULL DEFAULT '0' COMMENT 'Store id',
  PRIMARY KEY (`primary_id`),
  KEY `REVIEW_ENTITY_SUMMARY_STORE_ID` (`store_id`),
  CONSTRAINT `REVIEW_ENTITY_SUMMARY_STORE_ID_STORE_STORE_ID` FOREIGN KEY (`store_id`) REFERENCES `store` (`store_id`) ON DELETE CASCADE
) ENGINE=InnoDB DEFAULT CHARSET=utf8 COMMENT='Review aggregates';

--
-- Dumping data for table `review_entity_summary`
--


--
-- Table structure for table `review_status`
--

CREATE TABLE `review_status` (
  `status_id` smallint(5) unsigned NOT NULL AUTO_INCREMENT COMMENT 'Status id',
  `status_code` varchar(32) NOT NULL COMMENT 'Status code',
  PRIMARY KEY (`status_id`)
) ENGINE=InnoDB AUTO_INCREMENT=4 DEFAULT CHARSET=utf8 COMMENT='Review statuses';

--
-- Dumping data for table `review_status`
--

INSERT INTO `review_status` VALUES (1,'Approved'),(2,'Pending'),(3,'Not Approved');

--
-- Table structure for table `review_store`
--

CREATE TABLE `review_store` (
  `review_id` bigint(20) unsigned NOT NULL COMMENT 'Review Id',
  `store_id` smallint(5) unsigned NOT NULL COMMENT 'Store Id',
  PRIMARY KEY (`review_id`,`store_id`),
  KEY `REVIEW_STORE_STORE_ID` (`store_id`),
  CONSTRAINT `REVIEW_STORE_REVIEW_ID_REVIEW_REVIEW_ID` FOREIGN KEY (`review_id`) REFERENCES `review` (`review_id`) ON DELETE CASCADE,
  CONSTRAINT `REVIEW_STORE_STORE_ID_STORE_STORE_ID` FOREIGN KEY (`store_id`) REFERENCES `store` (`store_id`) ON DELETE CASCADE
) ENGINE=InnoDB DEFAULT CHARSET=utf8 COMMENT='Review Store';

--
-- Dumping data for table `review_store`
--


--
-- Table structure for table `sales_bestsellers_aggregated_daily`
--

CREATE TABLE `sales_bestsellers_aggregated_daily` (
  `id` int(10) unsigned NOT NULL AUTO_INCREMENT COMMENT 'Id',
  `period` date DEFAULT NULL COMMENT 'Period',
  `store_id` smallint(5) unsigned DEFAULT NULL COMMENT 'Store Id',
  `product_id` int(10) unsigned DEFAULT NULL COMMENT 'Product Id',
  `product_name` varchar(255) DEFAULT NULL COMMENT 'Product Name',
  `product_price` decimal(12,4) NOT NULL DEFAULT '0.0000' COMMENT 'Product Price',
  `qty_ordered` decimal(12,4) NOT NULL DEFAULT '0.0000' COMMENT 'Qty Ordered',
  `rating_pos` smallint(5) unsigned NOT NULL DEFAULT '0' COMMENT 'Rating Pos',
  PRIMARY KEY (`id`),
  UNIQUE KEY `SALES_BESTSELLERS_AGGREGATED_DAILY_PERIOD_STORE_ID_PRODUCT_ID` (`period`,`store_id`,`product_id`),
  KEY `SALES_BESTSELLERS_AGGREGATED_DAILY_STORE_ID` (`store_id`),
  KEY `SALES_BESTSELLERS_AGGREGATED_DAILY_PRODUCT_ID` (`product_id`),
  CONSTRAINT `SALES_BESTSELLERS_AGGREGATED_DAILY_STORE_ID_STORE_STORE_ID` FOREIGN KEY (`store_id`) REFERENCES `store` (`store_id`) ON DELETE CASCADE
) ENGINE=InnoDB AUTO_INCREMENT=5 DEFAULT CHARSET=utf8 COMMENT='Sales Bestsellers Aggregated Daily';

--
-- Dumping data for table `sales_bestsellers_aggregated_daily`
--

INSERT INTO `sales_bestsellers_aggregated_daily` VALUES (3,'2018-04-09',1,347,'SWEATY APE 01 - l',159.0000,1.0000,1),(4,'2018-04-09',0,347,'SWEATY APE 01 - l',159.0000,1.0000,1);

--
-- Table structure for table `sales_bestsellers_aggregated_monthly`
--

CREATE TABLE `sales_bestsellers_aggregated_monthly` (
  `id` int(10) unsigned NOT NULL AUTO_INCREMENT COMMENT 'Id',
  `period` date DEFAULT NULL COMMENT 'Period',
  `store_id` smallint(5) unsigned DEFAULT NULL COMMENT 'Store Id',
  `product_id` int(10) unsigned DEFAULT NULL COMMENT 'Product Id',
  `product_name` varchar(255) DEFAULT NULL COMMENT 'Product Name',
  `product_price` decimal(12,4) NOT NULL DEFAULT '0.0000' COMMENT 'Product Price',
  `qty_ordered` decimal(12,4) NOT NULL DEFAULT '0.0000' COMMENT 'Qty Ordered',
  `rating_pos` smallint(5) unsigned NOT NULL DEFAULT '0' COMMENT 'Rating Pos',
  PRIMARY KEY (`id`),
  UNIQUE KEY `SALES_BESTSELLERS_AGGREGATED_MONTHLY_PERIOD_STORE_ID_PRODUCT_ID` (`period`,`store_id`,`product_id`),
  KEY `SALES_BESTSELLERS_AGGREGATED_MONTHLY_STORE_ID` (`store_id`),
  KEY `SALES_BESTSELLERS_AGGREGATED_MONTHLY_PRODUCT_ID` (`product_id`),
  CONSTRAINT `SALES_BESTSELLERS_AGGREGATED_MONTHLY_STORE_ID_STORE_STORE_ID` FOREIGN KEY (`store_id`) REFERENCES `store` (`store_id`) ON DELETE CASCADE
) ENGINE=InnoDB AUTO_INCREMENT=31 DEFAULT CHARSET=utf8 COMMENT='Sales Bestsellers Aggregated Monthly';

--
-- Dumping data for table `sales_bestsellers_aggregated_monthly`
--

INSERT INTO `sales_bestsellers_aggregated_monthly` VALUES (1,'2018-03-01',0,22,'SWEATY APE 01 - l',159.0000,1.0000,5),(2,'2018-03-01',0,6,'PERFECT APE 01 - xl',799.0000,1.0000,7),(3,'2018-03-01',0,39,'DRESSED APE 01 - m',139.0000,1.0000,1),(4,'2018-03-01',0,10,'HIDDEN APE 01 - xl',849.0000,1.0000,3),(5,'2018-03-01',1,39,'DRESSED APE 01 - m',139.0000,1.0000,4),(6,'2018-03-01',1,10,'HIDDEN APE 01 - xl',849.0000,1.0000,6),(7,'2018-03-01',1,22,'SWEATY APE 01 - l',159.0000,1.0000,1),(8,'2018-03-01',1,6,'PERFECT APE 01 - xl',799.0000,1.0000,2),(19,'2018-03-01',0,359,'ARTY APE 01 - m',89.0000,1.0000,4),(20,'2018-03-01',0,324,'HEAVY APE 01 - m',649.0000,1.0000,6),(21,'2018-03-01',0,325,'HEAVY APE 01 - l',649.0000,1.0000,2),(22,'2018-03-01',1,324,'HEAVY APE 01 - m',649.0000,1.0000,5),(23,'2018-03-01',1,325,'HEAVY APE 01 - l',649.0000,1.0000,7),(24,'2018-03-01',1,359,'ARTY APE 01 - m',89.0000,1.0000,3),(25,'2018-04-01',0,347,'SWEATY APE 01 - l',159.0000,1.0000,1),(26,'2018-04-01',1,347,'SWEATY APE 01 - l',159.0000,1.0000,1);

--
-- Table structure for table `sales_bestsellers_aggregated_yearly`
--

CREATE TABLE `sales_bestsellers_aggregated_yearly` (
  `id` int(10) unsigned NOT NULL AUTO_INCREMENT COMMENT 'Id',
  `period` date DEFAULT NULL COMMENT 'Period',
  `store_id` smallint(5) unsigned DEFAULT NULL COMMENT 'Store Id',
  `product_id` int(10) unsigned DEFAULT NULL COMMENT 'Product Id',
  `product_name` varchar(255) DEFAULT NULL COMMENT 'Product Name',
  `product_price` decimal(12,4) NOT NULL DEFAULT '0.0000' COMMENT 'Product Price',
  `qty_ordered` decimal(12,4) NOT NULL DEFAULT '0.0000' COMMENT 'Qty Ordered',
  `rating_pos` smallint(5) unsigned NOT NULL DEFAULT '0' COMMENT 'Rating Pos',
  PRIMARY KEY (`id`),
  UNIQUE KEY `SALES_BESTSELLERS_AGGREGATED_YEARLY_PERIOD_STORE_ID_PRODUCT_ID` (`period`,`store_id`,`product_id`),
  KEY `SALES_BESTSELLERS_AGGREGATED_YEARLY_STORE_ID` (`store_id`),
  KEY `SALES_BESTSELLERS_AGGREGATED_YEARLY_PRODUCT_ID` (`product_id`),
  CONSTRAINT `SALES_BESTSELLERS_AGGREGATED_YEARLY_STORE_ID_STORE_STORE_ID` FOREIGN KEY (`store_id`) REFERENCES `store` (`store_id`) ON DELETE CASCADE
) ENGINE=InnoDB AUTO_INCREMENT=31 DEFAULT CHARSET=utf8 COMMENT='Sales Bestsellers Aggregated Yearly';

--
-- Dumping data for table `sales_bestsellers_aggregated_yearly`
--

INSERT INTO `sales_bestsellers_aggregated_yearly` VALUES (1,'2018-01-01',0,22,'SWEATY APE 01 - l',159.0000,1.0000,5),(2,'2018-01-01',0,6,'PERFECT APE 01 - xl',799.0000,1.0000,7),(3,'2018-01-01',0,39,'DRESSED APE 01 - m',139.0000,1.0000,1),(4,'2018-01-01',0,10,'HIDDEN APE 01 - xl',849.0000,1.0000,3),(5,'2018-01-01',1,39,'DRESSED APE 01 - m',139.0000,1.0000,4),(6,'2018-01-01',1,10,'HIDDEN APE 01 - xl',849.0000,1.0000,6),(7,'2018-01-01',1,22,'SWEATY APE 01 - l',159.0000,1.0000,1),(8,'2018-01-01',1,6,'PERFECT APE 01 - xl',799.0000,1.0000,2),(19,'2018-01-01',0,359,'ARTY APE 01 - m',89.0000,1.0000,4),(20,'2018-01-01',0,324,'HEAVY APE 01 - m',649.0000,1.0000,6),(21,'2018-01-01',0,325,'HEAVY APE 01 - l',649.0000,1.0000,2),(22,'2018-01-01',1,324,'HEAVY APE 01 - m',649.0000,1.0000,5),(23,'2018-01-01',1,325,'HEAVY APE 01 - l',649.0000,1.0000,7),(24,'2018-01-01',1,359,'ARTY APE 01 - m',89.0000,1.0000,3),(25,'2018-01-01',0,347,'SWEATY APE 01 - l',159.0000,1.0000,1),(26,'2018-01-01',1,347,'SWEATY APE 01 - l',159.0000,1.0000,1);

--
-- Table structure for table `sales_creditmemo`
--

CREATE TABLE `sales_creditmemo` (
  `entity_id` int(10) unsigned NOT NULL AUTO_INCREMENT COMMENT 'Entity Id',
  `store_id` smallint(5) unsigned DEFAULT NULL COMMENT 'Store Id',
  `adjustment_positive` decimal(12,4) DEFAULT NULL COMMENT 'Adjustment Positive',
  `base_shipping_tax_amount` decimal(12,4) DEFAULT NULL COMMENT 'Base Shipping Tax Amount',
  `store_to_order_rate` decimal(12,4) DEFAULT NULL COMMENT 'Store To Order Rate',
  `base_discount_amount` decimal(12,4) DEFAULT NULL COMMENT 'Base Discount Amount',
  `base_to_order_rate` decimal(12,4) DEFAULT NULL COMMENT 'Base To Order Rate',
  `grand_total` decimal(12,4) DEFAULT NULL COMMENT 'Grand Total',
  `base_adjustment_negative` decimal(12,4) DEFAULT NULL COMMENT 'Base Adjustment Negative',
  `base_subtotal_incl_tax` decimal(12,4) DEFAULT NULL COMMENT 'Base Subtotal Incl Tax',
  `shipping_amount` decimal(12,4) DEFAULT NULL COMMENT 'Shipping Amount',
  `subtotal_incl_tax` decimal(12,4) DEFAULT NULL COMMENT 'Subtotal Incl Tax',
  `adjustment_negative` decimal(12,4) DEFAULT NULL COMMENT 'Adjustment Negative',
  `base_shipping_amount` decimal(12,4) DEFAULT NULL COMMENT 'Base Shipping Amount',
  `store_to_base_rate` decimal(12,4) DEFAULT NULL COMMENT 'Store To Base Rate',
  `base_to_global_rate` decimal(12,4) DEFAULT NULL COMMENT 'Base To Global Rate',
  `base_adjustment` decimal(12,4) DEFAULT NULL COMMENT 'Base Adjustment',
  `base_subtotal` decimal(12,4) DEFAULT NULL COMMENT 'Base Subtotal',
  `discount_amount` decimal(12,4) DEFAULT NULL COMMENT 'Discount Amount',
  `subtotal` decimal(12,4) DEFAULT NULL COMMENT 'Subtotal',
  `adjustment` decimal(12,4) DEFAULT NULL COMMENT 'Adjustment',
  `base_grand_total` decimal(12,4) DEFAULT NULL COMMENT 'Base Grand Total',
  `base_adjustment_positive` decimal(12,4) DEFAULT NULL COMMENT 'Base Adjustment Positive',
  `base_tax_amount` decimal(12,4) DEFAULT NULL COMMENT 'Base Tax Amount',
  `shipping_tax_amount` decimal(12,4) DEFAULT NULL COMMENT 'Shipping Tax Amount',
  `tax_amount` decimal(12,4) DEFAULT NULL COMMENT 'Tax Amount',
  `order_id` int(10) unsigned NOT NULL COMMENT 'Order Id',
  `email_sent` smallint(5) unsigned DEFAULT NULL COMMENT 'Email Sent',
  `send_email` smallint(5) unsigned DEFAULT NULL COMMENT 'Send Email',
  `creditmemo_status` int(11) DEFAULT NULL COMMENT 'Creditmemo Status',
  `state` int(11) DEFAULT NULL COMMENT 'State',
  `shipping_address_id` int(11) DEFAULT NULL COMMENT 'Shipping Address Id',
  `billing_address_id` int(11) DEFAULT NULL COMMENT 'Billing Address Id',
  `invoice_id` int(11) DEFAULT NULL COMMENT 'Invoice Id',
  `store_currency_code` varchar(3) DEFAULT NULL COMMENT 'Store Currency Code',
  `order_currency_code` varchar(3) DEFAULT NULL COMMENT 'Order Currency Code',
  `base_currency_code` varchar(3) DEFAULT NULL COMMENT 'Base Currency Code',
  `global_currency_code` varchar(3) DEFAULT NULL COMMENT 'Global Currency Code',
  `transaction_id` varchar(255) DEFAULT NULL COMMENT 'Transaction Id',
  `increment_id` varchar(50) DEFAULT NULL COMMENT 'Increment Id',
  `created_at` timestamp NOT NULL DEFAULT CURRENT_TIMESTAMP COMMENT 'Created At',
  `updated_at` timestamp NOT NULL DEFAULT CURRENT_TIMESTAMP ON UPDATE CURRENT_TIMESTAMP COMMENT 'Updated At',
  `discount_tax_compensation_amount` decimal(12,4) DEFAULT NULL COMMENT 'Discount Tax Compensation Amount',
  `base_discount_tax_compensation_amount` decimal(12,4) DEFAULT NULL COMMENT 'Base Discount Tax Compensation Amount',
  `shipping_discount_tax_compensation_amount` decimal(12,4) DEFAULT NULL COMMENT 'Shipping Discount Tax Compensation Amount',
  `base_shipping_discount_tax_compensation_amnt` decimal(12,4) DEFAULT NULL COMMENT 'Base Shipping Discount Tax Compensation Amount',
  `shipping_incl_tax` decimal(12,4) DEFAULT NULL COMMENT 'Shipping Incl Tax',
  `base_shipping_incl_tax` decimal(12,4) DEFAULT NULL COMMENT 'Base Shipping Incl Tax',
  `discount_description` varchar(255) DEFAULT NULL COMMENT 'Discount Description',
  `customer_note` text COMMENT 'Customer Note',
  `customer_note_notify` smallint(5) unsigned DEFAULT NULL COMMENT 'Customer Note Notify',
  PRIMARY KEY (`entity_id`),
  UNIQUE KEY `SALES_CREDITMEMO_INCREMENT_ID_STORE_ID` (`increment_id`,`store_id`),
  KEY `SALES_CREDITMEMO_STORE_ID` (`store_id`),
  KEY `SALES_CREDITMEMO_ORDER_ID` (`order_id`),
  KEY `SALES_CREDITMEMO_CREDITMEMO_STATUS` (`creditmemo_status`),
  KEY `SALES_CREDITMEMO_STATE` (`state`),
  KEY `SALES_CREDITMEMO_CREATED_AT` (`created_at`),
  KEY `SALES_CREDITMEMO_UPDATED_AT` (`updated_at`),
  KEY `SALES_CREDITMEMO_SEND_EMAIL` (`send_email`),
  KEY `SALES_CREDITMEMO_EMAIL_SENT` (`email_sent`),
  CONSTRAINT `SALES_CREDITMEMO_ORDER_ID_SALES_ORDER_ENTITY_ID` FOREIGN KEY (`order_id`) REFERENCES `sales_order` (`entity_id`) ON DELETE CASCADE,
  CONSTRAINT `SALES_CREDITMEMO_STORE_ID_STORE_STORE_ID` FOREIGN KEY (`store_id`) REFERENCES `store` (`store_id`) ON DELETE SET NULL
) ENGINE=InnoDB DEFAULT CHARSET=utf8 COMMENT='Sales Flat Creditmemo';

--
-- Dumping data for table `sales_creditmemo`
--


--
-- Table structure for table `sales_creditmemo_comment`
--

CREATE TABLE `sales_creditmemo_comment` (
  `entity_id` int(10) unsigned NOT NULL AUTO_INCREMENT COMMENT 'Entity Id',
  `parent_id` int(10) unsigned NOT NULL COMMENT 'Parent Id',
  `is_customer_notified` int(11) DEFAULT NULL COMMENT 'Is Customer Notified',
  `is_visible_on_front` smallint(5) unsigned NOT NULL DEFAULT '0' COMMENT 'Is Visible On Front',
  `comment` text COMMENT 'Comment',
  `created_at` timestamp NOT NULL DEFAULT CURRENT_TIMESTAMP COMMENT 'Created At',
  PRIMARY KEY (`entity_id`),
  KEY `SALES_CREDITMEMO_COMMENT_CREATED_AT` (`created_at`),
  KEY `SALES_CREDITMEMO_COMMENT_PARENT_ID` (`parent_id`),
  CONSTRAINT `SALES_CREDITMEMO_COMMENT_PARENT_ID_SALES_CREDITMEMO_ENTITY_ID` FOREIGN KEY (`parent_id`) REFERENCES `sales_creditmemo` (`entity_id`) ON DELETE CASCADE
) ENGINE=InnoDB DEFAULT CHARSET=utf8 COMMENT='Sales Flat Creditmemo Comment';

--
-- Dumping data for table `sales_creditmemo_comment`
--


--
-- Table structure for table `sales_creditmemo_grid`
--

CREATE TABLE `sales_creditmemo_grid` (
  `entity_id` int(10) unsigned NOT NULL COMMENT 'Entity Id',
  `increment_id` varchar(50) DEFAULT NULL COMMENT 'Increment Id',
  `created_at` timestamp NULL DEFAULT NULL COMMENT 'Created At',
  `updated_at` timestamp NULL DEFAULT NULL COMMENT 'Updated At',
  `order_id` int(10) unsigned NOT NULL COMMENT 'Order Id',
  `order_increment_id` varchar(50) DEFAULT NULL COMMENT 'Order Increment Id',
  `order_created_at` timestamp NULL DEFAULT NULL COMMENT 'Order Created At',
  `billing_name` varchar(255) DEFAULT NULL COMMENT 'Billing Name',
  `state` int(11) DEFAULT NULL COMMENT 'Status',
  `base_grand_total` decimal(12,4) DEFAULT NULL COMMENT 'Base Grand Total',
  `order_status` varchar(32) DEFAULT NULL COMMENT 'Order Status',
  `store_id` smallint(5) unsigned DEFAULT NULL COMMENT 'Store Id',
  `billing_address` varchar(255) DEFAULT NULL COMMENT 'Billing Address',
  `shipping_address` varchar(255) DEFAULT NULL COMMENT 'Shipping Address',
  `customer_name` varchar(128) NOT NULL COMMENT 'Customer Name',
  `customer_email` varchar(128) DEFAULT NULL COMMENT 'Customer Email',
  `customer_group_id` smallint(6) DEFAULT NULL COMMENT 'Customer Group Id',
  `payment_method` varchar(32) DEFAULT NULL COMMENT 'Payment Method',
  `shipping_information` varchar(255) DEFAULT NULL COMMENT 'Shipping Method Name',
  `subtotal` decimal(12,4) DEFAULT NULL COMMENT 'Subtotal',
  `shipping_and_handling` decimal(12,4) DEFAULT NULL COMMENT 'Shipping and handling amount',
  `adjustment_positive` decimal(12,4) DEFAULT NULL COMMENT 'Adjustment Positive',
  `adjustment_negative` decimal(12,4) DEFAULT NULL COMMENT 'Adjustment Negative',
  `order_base_grand_total` decimal(12,4) DEFAULT NULL COMMENT 'Order Grand Total',
  PRIMARY KEY (`entity_id`),
  UNIQUE KEY `SALES_CREDITMEMO_GRID_INCREMENT_ID_STORE_ID` (`increment_id`,`store_id`),
  KEY `SALES_CREDITMEMO_GRID_ORDER_INCREMENT_ID` (`order_increment_id`),
  KEY `SALES_CREDITMEMO_GRID_CREATED_AT` (`created_at`),
  KEY `SALES_CREDITMEMO_GRID_UPDATED_AT` (`updated_at`),
  KEY `SALES_CREDITMEMO_GRID_ORDER_CREATED_AT` (`order_created_at`),
  KEY `SALES_CREDITMEMO_GRID_STATE` (`state`),
  KEY `SALES_CREDITMEMO_GRID_BILLING_NAME` (`billing_name`),
  KEY `SALES_CREDITMEMO_GRID_ORDER_STATUS` (`order_status`),
  KEY `SALES_CREDITMEMO_GRID_BASE_GRAND_TOTAL` (`base_grand_total`),
  KEY `SALES_CREDITMEMO_GRID_STORE_ID` (`store_id`),
  KEY `SALES_CREDITMEMO_GRID_ORDER_BASE_GRAND_TOTAL` (`order_base_grand_total`),
  KEY `SALES_CREDITMEMO_GRID_ORDER_ID` (`order_id`),
  FULLTEXT KEY `FTI_32B7BA885941A8254EE84AE650ABDC86` (`increment_id`,`order_increment_id`,`billing_name`,`billing_address`,`shipping_address`,`customer_name`,`customer_email`)
) ENGINE=InnoDB DEFAULT CHARSET=utf8 COMMENT='Sales Flat Creditmemo Grid';

--
-- Dumping data for table `sales_creditmemo_grid`
--


--
-- Table structure for table `sales_creditmemo_item`
--

CREATE TABLE `sales_creditmemo_item` (
  `entity_id` int(10) unsigned NOT NULL AUTO_INCREMENT COMMENT 'Entity Id',
  `parent_id` int(10) unsigned NOT NULL COMMENT 'Parent Id',
  `base_price` decimal(12,4) DEFAULT NULL COMMENT 'Base Price',
  `tax_amount` decimal(12,4) DEFAULT NULL COMMENT 'Tax Amount',
  `base_row_total` decimal(12,4) DEFAULT NULL COMMENT 'Base Row Total',
  `discount_amount` decimal(12,4) DEFAULT NULL COMMENT 'Discount Amount',
  `row_total` decimal(12,4) DEFAULT NULL COMMENT 'Row Total',
  `base_discount_amount` decimal(12,4) DEFAULT NULL COMMENT 'Base Discount Amount',
  `price_incl_tax` decimal(12,4) DEFAULT NULL COMMENT 'Price Incl Tax',
  `base_tax_amount` decimal(12,4) DEFAULT NULL COMMENT 'Base Tax Amount',
  `base_price_incl_tax` decimal(12,4) DEFAULT NULL COMMENT 'Base Price Incl Tax',
  `qty` decimal(12,4) DEFAULT NULL COMMENT 'Qty',
  `base_cost` decimal(12,4) DEFAULT NULL COMMENT 'Base Cost',
  `price` decimal(12,4) DEFAULT NULL COMMENT 'Price',
  `base_row_total_incl_tax` decimal(12,4) DEFAULT NULL COMMENT 'Base Row Total Incl Tax',
  `row_total_incl_tax` decimal(12,4) DEFAULT NULL COMMENT 'Row Total Incl Tax',
  `product_id` int(11) DEFAULT NULL COMMENT 'Product Id',
  `order_item_id` int(11) DEFAULT NULL COMMENT 'Order Item Id',
  `additional_data` text COMMENT 'Additional Data',
  `description` text COMMENT 'Description',
  `sku` varchar(255) DEFAULT NULL COMMENT 'Sku',
  `name` varchar(255) DEFAULT NULL COMMENT 'Name',
  `discount_tax_compensation_amount` decimal(12,4) DEFAULT NULL COMMENT 'Discount Tax Compensation Amount',
  `base_discount_tax_compensation_amount` decimal(12,4) DEFAULT NULL COMMENT 'Base Discount Tax Compensation Amount',
  `tax_ratio` text COMMENT 'Ratio of tax in the creditmemo item over tax of the order item',
  `weee_tax_applied` text COMMENT 'Weee Tax Applied',
  `weee_tax_applied_amount` decimal(12,4) DEFAULT NULL COMMENT 'Weee Tax Applied Amount',
  `weee_tax_applied_row_amount` decimal(12,4) DEFAULT NULL COMMENT 'Weee Tax Applied Row Amount',
  `weee_tax_disposition` decimal(12,4) DEFAULT NULL COMMENT 'Weee Tax Disposition',
  `weee_tax_row_disposition` decimal(12,4) DEFAULT NULL COMMENT 'Weee Tax Row Disposition',
  `base_weee_tax_applied_amount` decimal(12,4) DEFAULT NULL COMMENT 'Base Weee Tax Applied Amount',
  `base_weee_tax_applied_row_amnt` decimal(12,4) DEFAULT NULL COMMENT 'Base Weee Tax Applied Row Amnt',
  `base_weee_tax_disposition` decimal(12,4) DEFAULT NULL COMMENT 'Base Weee Tax Disposition',
  `base_weee_tax_row_disposition` decimal(12,4) DEFAULT NULL COMMENT 'Base Weee Tax Row Disposition',
  PRIMARY KEY (`entity_id`),
  KEY `SALES_CREDITMEMO_ITEM_PARENT_ID` (`parent_id`),
  CONSTRAINT `SALES_CREDITMEMO_ITEM_PARENT_ID_SALES_CREDITMEMO_ENTITY_ID` FOREIGN KEY (`parent_id`) REFERENCES `sales_creditmemo` (`entity_id`) ON DELETE CASCADE
) ENGINE=InnoDB DEFAULT CHARSET=utf8 COMMENT='Sales Flat Creditmemo Item';

--
-- Dumping data for table `sales_creditmemo_item`
--


--
-- Table structure for table `sales_invoice`
--

CREATE TABLE `sales_invoice` (
  `entity_id` int(10) unsigned NOT NULL AUTO_INCREMENT COMMENT 'Entity Id',
  `store_id` smallint(5) unsigned DEFAULT NULL COMMENT 'Store Id',
  `base_grand_total` decimal(12,4) DEFAULT NULL COMMENT 'Base Grand Total',
  `shipping_tax_amount` decimal(12,4) DEFAULT NULL COMMENT 'Shipping Tax Amount',
  `tax_amount` decimal(12,4) DEFAULT NULL COMMENT 'Tax Amount',
  `base_tax_amount` decimal(12,4) DEFAULT NULL COMMENT 'Base Tax Amount',
  `store_to_order_rate` decimal(12,4) DEFAULT NULL COMMENT 'Store To Order Rate',
  `base_shipping_tax_amount` decimal(12,4) DEFAULT NULL COMMENT 'Base Shipping Tax Amount',
  `base_discount_amount` decimal(12,4) DEFAULT NULL COMMENT 'Base Discount Amount',
  `base_to_order_rate` decimal(12,4) DEFAULT NULL COMMENT 'Base To Order Rate',
  `grand_total` decimal(12,4) DEFAULT NULL COMMENT 'Grand Total',
  `shipping_amount` decimal(12,4) DEFAULT NULL COMMENT 'Shipping Amount',
  `subtotal_incl_tax` decimal(12,4) DEFAULT NULL COMMENT 'Subtotal Incl Tax',
  `base_subtotal_incl_tax` decimal(12,4) DEFAULT NULL COMMENT 'Base Subtotal Incl Tax',
  `store_to_base_rate` decimal(12,4) DEFAULT NULL COMMENT 'Store To Base Rate',
  `base_shipping_amount` decimal(12,4) DEFAULT NULL COMMENT 'Base Shipping Amount',
  `total_qty` decimal(12,4) DEFAULT NULL COMMENT 'Total Qty',
  `base_to_global_rate` decimal(12,4) DEFAULT NULL COMMENT 'Base To Global Rate',
  `subtotal` decimal(12,4) DEFAULT NULL COMMENT 'Subtotal',
  `base_subtotal` decimal(12,4) DEFAULT NULL COMMENT 'Base Subtotal',
  `discount_amount` decimal(12,4) DEFAULT NULL COMMENT 'Discount Amount',
  `billing_address_id` int(11) DEFAULT NULL COMMENT 'Billing Address Id',
  `is_used_for_refund` smallint(5) unsigned DEFAULT NULL COMMENT 'Is Used For Refund',
  `order_id` int(10) unsigned NOT NULL COMMENT 'Order Id',
  `email_sent` smallint(5) unsigned DEFAULT NULL COMMENT 'Email Sent',
  `send_email` smallint(5) unsigned DEFAULT NULL COMMENT 'Send Email',
  `can_void_flag` smallint(5) unsigned DEFAULT NULL COMMENT 'Can Void Flag',
  `state` int(11) DEFAULT NULL COMMENT 'State',
  `shipping_address_id` int(11) DEFAULT NULL COMMENT 'Shipping Address Id',
  `store_currency_code` varchar(3) DEFAULT NULL COMMENT 'Store Currency Code',
  `transaction_id` varchar(255) DEFAULT NULL COMMENT 'Transaction Id',
  `order_currency_code` varchar(3) DEFAULT NULL COMMENT 'Order Currency Code',
  `base_currency_code` varchar(3) DEFAULT NULL COMMENT 'Base Currency Code',
  `global_currency_code` varchar(3) DEFAULT NULL COMMENT 'Global Currency Code',
  `increment_id` varchar(50) DEFAULT NULL COMMENT 'Increment Id',
  `created_at` timestamp NOT NULL DEFAULT CURRENT_TIMESTAMP COMMENT 'Created At',
  `updated_at` timestamp NOT NULL DEFAULT CURRENT_TIMESTAMP ON UPDATE CURRENT_TIMESTAMP COMMENT 'Updated At',
  `discount_tax_compensation_amount` decimal(12,4) DEFAULT NULL COMMENT 'Discount Tax Compensation Amount',
  `base_discount_tax_compensation_amount` decimal(12,4) DEFAULT NULL COMMENT 'Base Discount Tax Compensation Amount',
  `shipping_discount_tax_compensation_amount` decimal(12,4) DEFAULT NULL COMMENT 'Shipping Discount Tax Compensation Amount',
  `base_shipping_discount_tax_compensation_amnt` decimal(12,4) DEFAULT NULL COMMENT 'Base Shipping Discount Tax Compensation Amount',
  `shipping_incl_tax` decimal(12,4) DEFAULT NULL COMMENT 'Shipping Incl Tax',
  `base_shipping_incl_tax` decimal(12,4) DEFAULT NULL COMMENT 'Base Shipping Incl Tax',
  `base_total_refunded` decimal(12,4) DEFAULT NULL COMMENT 'Base Total Refunded',
  `discount_description` varchar(255) DEFAULT NULL COMMENT 'Discount Description',
  `customer_note` text COMMENT 'Customer Note',
  `customer_note_notify` smallint(5) unsigned DEFAULT NULL COMMENT 'Customer Note Notify',
  PRIMARY KEY (`entity_id`),
  UNIQUE KEY `SALES_INVOICE_INCREMENT_ID_STORE_ID` (`increment_id`,`store_id`),
  KEY `SALES_INVOICE_STORE_ID` (`store_id`),
  KEY `SALES_INVOICE_GRAND_TOTAL` (`grand_total`),
  KEY `SALES_INVOICE_ORDER_ID` (`order_id`),
  KEY `SALES_INVOICE_STATE` (`state`),
  KEY `SALES_INVOICE_CREATED_AT` (`created_at`),
  KEY `SALES_INVOICE_UPDATED_AT` (`updated_at`),
  KEY `SALES_INVOICE_SEND_EMAIL` (`send_email`),
  KEY `SALES_INVOICE_EMAIL_SENT` (`email_sent`),
  CONSTRAINT `SALES_INVOICE_ORDER_ID_SALES_ORDER_ENTITY_ID` FOREIGN KEY (`order_id`) REFERENCES `sales_order` (`entity_id`) ON DELETE CASCADE,
  CONSTRAINT `SALES_INVOICE_STORE_ID_STORE_STORE_ID` FOREIGN KEY (`store_id`) REFERENCES `store` (`store_id`) ON DELETE SET NULL
) ENGINE=InnoDB DEFAULT CHARSET=utf8 COMMENT='Sales Flat Invoice';

--
-- Dumping data for table `sales_invoice`
--


--
-- Table structure for table `sales_invoice_comment`
--

CREATE TABLE `sales_invoice_comment` (
  `entity_id` int(10) unsigned NOT NULL AUTO_INCREMENT COMMENT 'Entity Id',
  `parent_id` int(10) unsigned NOT NULL COMMENT 'Parent Id',
  `is_customer_notified` smallint(5) unsigned DEFAULT NULL COMMENT 'Is Customer Notified',
  `is_visible_on_front` smallint(5) unsigned NOT NULL DEFAULT '0' COMMENT 'Is Visible On Front',
  `comment` text COMMENT 'Comment',
  `created_at` timestamp NOT NULL DEFAULT CURRENT_TIMESTAMP COMMENT 'Created At',
  PRIMARY KEY (`entity_id`),
  KEY `SALES_INVOICE_COMMENT_CREATED_AT` (`created_at`),
  KEY `SALES_INVOICE_COMMENT_PARENT_ID` (`parent_id`),
  CONSTRAINT `SALES_INVOICE_COMMENT_PARENT_ID_SALES_INVOICE_ENTITY_ID` FOREIGN KEY (`parent_id`) REFERENCES `sales_invoice` (`entity_id`) ON DELETE CASCADE
) ENGINE=InnoDB DEFAULT CHARSET=utf8 COMMENT='Sales Flat Invoice Comment';

--
-- Dumping data for table `sales_invoice_comment`
--


--
-- Table structure for table `sales_invoice_grid`
--

CREATE TABLE `sales_invoice_grid` (
  `entity_id` int(10) unsigned NOT NULL COMMENT 'Entity Id',
  `increment_id` varchar(50) DEFAULT NULL COMMENT 'Increment Id',
  `state` int(11) DEFAULT NULL COMMENT 'State',
  `store_id` smallint(5) unsigned DEFAULT NULL COMMENT 'Store Id',
  `store_name` varchar(255) DEFAULT NULL COMMENT 'Store Name',
  `order_id` int(10) unsigned NOT NULL COMMENT 'Order Id',
  `order_increment_id` varchar(50) DEFAULT NULL COMMENT 'Order Increment Id',
  `order_created_at` timestamp NULL DEFAULT NULL COMMENT 'Order Created At',
  `customer_name` varchar(255) DEFAULT NULL COMMENT 'Customer Name',
  `customer_email` varchar(255) DEFAULT NULL COMMENT 'Customer Email',
  `customer_group_id` int(11) DEFAULT NULL,
  `payment_method` varchar(128) DEFAULT NULL COMMENT 'Payment Method',
  `store_currency_code` varchar(3) DEFAULT NULL COMMENT 'Store Currency Code',
  `order_currency_code` varchar(3) DEFAULT NULL COMMENT 'Order Currency Code',
  `base_currency_code` varchar(3) DEFAULT NULL COMMENT 'Base Currency Code',
  `global_currency_code` varchar(3) DEFAULT NULL COMMENT 'Global Currency Code',
  `billing_name` varchar(255) DEFAULT NULL COMMENT 'Billing Name',
  `billing_address` varchar(255) DEFAULT NULL COMMENT 'Billing Address',
  `shipping_address` varchar(255) DEFAULT NULL COMMENT 'Shipping Address',
  `shipping_information` varchar(255) DEFAULT NULL COMMENT 'Shipping Method Name',
  `subtotal` decimal(12,4) DEFAULT NULL COMMENT 'Subtotal',
  `shipping_and_handling` decimal(12,4) DEFAULT NULL COMMENT 'Shipping and handling amount',
  `grand_total` decimal(12,4) DEFAULT NULL COMMENT 'Grand Total',
  `base_grand_total` decimal(12,4) DEFAULT NULL COMMENT 'Base Grand Total',
  `created_at` timestamp NULL DEFAULT NULL COMMENT 'Created At',
  `updated_at` timestamp NULL DEFAULT NULL COMMENT 'Updated At',
  PRIMARY KEY (`entity_id`),
  UNIQUE KEY `SALES_INVOICE_GRID_INCREMENT_ID_STORE_ID` (`increment_id`,`store_id`),
  KEY `SALES_INVOICE_GRID_STORE_ID` (`store_id`),
  KEY `SALES_INVOICE_GRID_GRAND_TOTAL` (`grand_total`),
  KEY `SALES_INVOICE_GRID_ORDER_ID` (`order_id`),
  KEY `SALES_INVOICE_GRID_STATE` (`state`),
  KEY `SALES_INVOICE_GRID_ORDER_INCREMENT_ID` (`order_increment_id`),
  KEY `SALES_INVOICE_GRID_CREATED_AT` (`created_at`),
  KEY `SALES_INVOICE_GRID_UPDATED_AT` (`updated_at`),
  KEY `SALES_INVOICE_GRID_ORDER_CREATED_AT` (`order_created_at`),
  KEY `SALES_INVOICE_GRID_BILLING_NAME` (`billing_name`),
  KEY `SALES_INVOICE_GRID_BASE_GRAND_TOTAL` (`base_grand_total`),
  FULLTEXT KEY `FTI_95D9C924DD6A8734EB8B5D01D60F90DE` (`increment_id`,`order_increment_id`,`billing_name`,`billing_address`,`shipping_address`,`customer_name`,`customer_email`)
) ENGINE=InnoDB DEFAULT CHARSET=utf8 COMMENT='Sales Flat Invoice Grid';

--
-- Dumping data for table `sales_invoice_grid`
--


--
-- Table structure for table `sales_invoice_item`
--

CREATE TABLE `sales_invoice_item` (
  `entity_id` int(10) unsigned NOT NULL AUTO_INCREMENT COMMENT 'Entity Id',
  `parent_id` int(10) unsigned NOT NULL COMMENT 'Parent Id',
  `base_price` decimal(12,4) DEFAULT NULL COMMENT 'Base Price',
  `tax_amount` decimal(12,4) DEFAULT NULL COMMENT 'Tax Amount',
  `base_row_total` decimal(12,4) DEFAULT NULL COMMENT 'Base Row Total',
  `discount_amount` decimal(12,4) DEFAULT NULL COMMENT 'Discount Amount',
  `row_total` decimal(12,4) DEFAULT NULL COMMENT 'Row Total',
  `base_discount_amount` decimal(12,4) DEFAULT NULL COMMENT 'Base Discount Amount',
  `price_incl_tax` decimal(12,4) DEFAULT NULL COMMENT 'Price Incl Tax',
  `base_tax_amount` decimal(12,4) DEFAULT NULL COMMENT 'Base Tax Amount',
  `base_price_incl_tax` decimal(12,4) DEFAULT NULL COMMENT 'Base Price Incl Tax',
  `qty` decimal(12,4) DEFAULT NULL COMMENT 'Qty',
  `base_cost` decimal(12,4) DEFAULT NULL COMMENT 'Base Cost',
  `price` decimal(12,4) DEFAULT NULL COMMENT 'Price',
  `base_row_total_incl_tax` decimal(12,4) DEFAULT NULL COMMENT 'Base Row Total Incl Tax',
  `row_total_incl_tax` decimal(12,4) DEFAULT NULL COMMENT 'Row Total Incl Tax',
  `product_id` int(11) DEFAULT NULL COMMENT 'Product Id',
  `order_item_id` int(11) DEFAULT NULL COMMENT 'Order Item Id',
  `additional_data` text COMMENT 'Additional Data',
  `description` text COMMENT 'Description',
  `sku` varchar(255) DEFAULT NULL COMMENT 'Sku',
  `name` varchar(255) DEFAULT NULL COMMENT 'Name',
  `discount_tax_compensation_amount` decimal(12,4) DEFAULT NULL COMMENT 'Discount Tax Compensation Amount',
  `base_discount_tax_compensation_amount` decimal(12,4) DEFAULT NULL COMMENT 'Base Discount Tax Compensation Amount',
  `tax_ratio` text COMMENT 'Ratio of tax invoiced over tax of the order item',
  `weee_tax_applied` text COMMENT 'Weee Tax Applied',
  `weee_tax_applied_amount` decimal(12,4) DEFAULT NULL COMMENT 'Weee Tax Applied Amount',
  `weee_tax_applied_row_amount` decimal(12,4) DEFAULT NULL COMMENT 'Weee Tax Applied Row Amount',
  `weee_tax_disposition` decimal(12,4) DEFAULT NULL COMMENT 'Weee Tax Disposition',
  `weee_tax_row_disposition` decimal(12,4) DEFAULT NULL COMMENT 'Weee Tax Row Disposition',
  `base_weee_tax_applied_amount` decimal(12,4) DEFAULT NULL COMMENT 'Base Weee Tax Applied Amount',
  `base_weee_tax_applied_row_amnt` decimal(12,4) DEFAULT NULL COMMENT 'Base Weee Tax Applied Row Amnt',
  `base_weee_tax_disposition` decimal(12,4) DEFAULT NULL COMMENT 'Base Weee Tax Disposition',
  `base_weee_tax_row_disposition` decimal(12,4) DEFAULT NULL COMMENT 'Base Weee Tax Row Disposition',
  PRIMARY KEY (`entity_id`),
  KEY `SALES_INVOICE_ITEM_PARENT_ID` (`parent_id`),
  CONSTRAINT `SALES_INVOICE_ITEM_PARENT_ID_SALES_INVOICE_ENTITY_ID` FOREIGN KEY (`parent_id`) REFERENCES `sales_invoice` (`entity_id`) ON DELETE CASCADE
) ENGINE=InnoDB DEFAULT CHARSET=utf8 COMMENT='Sales Flat Invoice Item';

--
-- Dumping data for table `sales_invoice_item`
--


--
-- Table structure for table `sales_invoiced_aggregated`
--

CREATE TABLE `sales_invoiced_aggregated` (
  `id` int(10) unsigned NOT NULL AUTO_INCREMENT COMMENT 'Id',
  `period` date DEFAULT NULL COMMENT 'Period',
  `store_id` smallint(5) unsigned DEFAULT NULL COMMENT 'Store Id',
  `order_status` varchar(50) DEFAULT NULL COMMENT 'Order Status',
  `orders_count` int(11) NOT NULL DEFAULT '0' COMMENT 'Orders Count',
  `orders_invoiced` decimal(12,4) DEFAULT NULL COMMENT 'Orders Invoiced',
  `invoiced` decimal(12,4) DEFAULT NULL COMMENT 'Invoiced',
  `invoiced_captured` decimal(12,4) DEFAULT NULL COMMENT 'Invoiced Captured',
  `invoiced_not_captured` decimal(12,4) DEFAULT NULL COMMENT 'Invoiced Not Captured',
  PRIMARY KEY (`id`),
  UNIQUE KEY `SALES_INVOICED_AGGREGATED_PERIOD_STORE_ID_ORDER_STATUS` (`period`,`store_id`,`order_status`),
  KEY `SALES_INVOICED_AGGREGATED_STORE_ID` (`store_id`),
  CONSTRAINT `SALES_INVOICED_AGGREGATED_STORE_ID_STORE_STORE_ID` FOREIGN KEY (`store_id`) REFERENCES `store` (`store_id`) ON DELETE SET NULL
) ENGINE=InnoDB DEFAULT CHARSET=utf8 COMMENT='Sales Invoiced Aggregated';

--
-- Dumping data for table `sales_invoiced_aggregated`
--


--
-- Table structure for table `sales_invoiced_aggregated_order`
--

CREATE TABLE `sales_invoiced_aggregated_order` (
  `id` int(10) unsigned NOT NULL AUTO_INCREMENT COMMENT 'Id',
  `period` date DEFAULT NULL COMMENT 'Period',
  `store_id` smallint(5) unsigned DEFAULT NULL COMMENT 'Store Id',
  `order_status` varchar(50) NOT NULL COMMENT 'Order Status',
  `orders_count` int(11) NOT NULL DEFAULT '0' COMMENT 'Orders Count',
  `orders_invoiced` decimal(12,4) DEFAULT NULL COMMENT 'Orders Invoiced',
  `invoiced` decimal(12,4) DEFAULT NULL COMMENT 'Invoiced',
  `invoiced_captured` decimal(12,4) DEFAULT NULL COMMENT 'Invoiced Captured',
  `invoiced_not_captured` decimal(12,4) DEFAULT NULL COMMENT 'Invoiced Not Captured',
  PRIMARY KEY (`id`),
  UNIQUE KEY `SALES_INVOICED_AGGREGATED_ORDER_PERIOD_STORE_ID_ORDER_STATUS` (`period`,`store_id`,`order_status`),
  KEY `SALES_INVOICED_AGGREGATED_ORDER_STORE_ID` (`store_id`),
  CONSTRAINT `SALES_INVOICED_AGGREGATED_ORDER_STORE_ID_STORE_STORE_ID` FOREIGN KEY (`store_id`) REFERENCES `store` (`store_id`) ON DELETE SET NULL
) ENGINE=InnoDB DEFAULT CHARSET=utf8 COMMENT='Sales Invoiced Aggregated Order';

--
-- Dumping data for table `sales_invoiced_aggregated_order`
--


--
-- Table structure for table `sales_order_address`
--

CREATE TABLE `sales_order_address` (
  `entity_id` int(10) unsigned NOT NULL AUTO_INCREMENT COMMENT 'Entity Id',
  `parent_id` int(10) unsigned DEFAULT NULL COMMENT 'Parent Id',
  `customer_address_id` int(11) DEFAULT NULL COMMENT 'Customer Address Id',
  `quote_address_id` int(11) DEFAULT NULL COMMENT 'Quote Address Id',
  `region_id` int(11) DEFAULT NULL COMMENT 'Region Id',
  `customer_id` int(11) DEFAULT NULL COMMENT 'Customer Id',
  `fax` varchar(255) DEFAULT NULL COMMENT 'Fax',
  `region` varchar(255) DEFAULT NULL COMMENT 'Region',
  `postcode` varchar(255) DEFAULT NULL COMMENT 'Postcode',
  `lastname` varchar(255) DEFAULT NULL COMMENT 'Lastname',
  `street` varchar(255) DEFAULT NULL COMMENT 'Street',
  `city` varchar(255) DEFAULT NULL COMMENT 'City',
  `email` varchar(255) DEFAULT NULL COMMENT 'Email',
  `telephone` varchar(255) DEFAULT NULL COMMENT 'Phone Number',
  `country_id` varchar(2) DEFAULT NULL COMMENT 'Country Id',
  `firstname` varchar(255) DEFAULT NULL COMMENT 'Firstname',
  `address_type` varchar(255) DEFAULT NULL COMMENT 'Address Type',
  `prefix` varchar(255) DEFAULT NULL COMMENT 'Prefix',
  `middlename` varchar(255) DEFAULT NULL COMMENT 'Middlename',
  `suffix` varchar(255) DEFAULT NULL COMMENT 'Suffix',
  `company` varchar(255) DEFAULT NULL COMMENT 'Company',
  `vat_id` text COMMENT 'Vat Id',
  `vat_is_valid` smallint(6) DEFAULT NULL COMMENT 'Vat Is Valid',
  `vat_request_id` text COMMENT 'Vat Request Id',
  `vat_request_date` text COMMENT 'Vat Request Date',
  `vat_request_success` smallint(6) DEFAULT NULL COMMENT 'Vat Request Success',
  PRIMARY KEY (`entity_id`),
  KEY `SALES_ORDER_ADDRESS_PARENT_ID` (`parent_id`),
  CONSTRAINT `SALES_ORDER_ADDRESS_PARENT_ID_SALES_ORDER_ENTITY_ID` FOREIGN KEY (`parent_id`) REFERENCES `sales_order` (`entity_id`) ON DELETE CASCADE
) ENGINE=InnoDB AUTO_INCREMENT=15 DEFAULT CHARSET=utf8 COMMENT='Sales Flat Order Address';

--
-- Dumping data for table `sales_order_address`
--

INSERT INTO `sales_order_address` VALUES (1,1,NULL,NULL,NULL,NULL,NULL,'Utrecht','3816BN','van Tol','Randenbroekerweg 2','Amersfoort','dennis@flirtcreativity.com','0337079933','NL','Dennis','shipping',NULL,NULL,NULL,NULL,NULL,NULL,NULL,NULL,NULL),(2,1,NULL,NULL,NULL,NULL,NULL,'Utrecht','3816BN','van Tol','Randenbroekerweg 2','Amersfoort','dennis@flirtcreativity.com','0337079933','NL','Dennis','billing',NULL,NULL,NULL,NULL,NULL,NULL,NULL,NULL,NULL),(3,2,NULL,NULL,NULL,NULL,NULL,NULL,'3816BN','van Tol','Randenbroekerweg 2','Amersfoort','dennis@flirtcreativity.com','0337079933','NL','Dennis','shipping',NULL,NULL,NULL,NULL,NULL,NULL,NULL,NULL,NULL),(4,2,NULL,NULL,NULL,NULL,NULL,NULL,'3816BN','van Tol','Randenbroekerweg 2','Amersfoort','dennis@flirtcreativity.com','0337079933','NL','Dennis','billing',NULL,NULL,NULL,NULL,NULL,NULL,NULL,NULL,NULL),(5,3,NULL,NULL,NULL,NULL,NULL,NULL,'3811ER','van tol','Hogeweg 103','Amersfoort','denvantol@gmail.com','0337079933','NL','Dennis','shipping',NULL,NULL,NULL,NULL,NULL,NULL,NULL,NULL,NULL),(6,3,NULL,NULL,NULL,NULL,NULL,NULL,'3811ER','van tol','Hogeweg 103','Amersfoort','denvantol@gmail.com','0337079933','NL','Dennis','billing',NULL,NULL,NULL,NULL,NULL,NULL,NULL,NULL,NULL),(7,4,NULL,NULL,NULL,NULL,NULL,NULL,'3811ER','van tol','Hogeweg 103','Amersfoort','dennis@flirtcreativity.com','0337079933','NL','Dennis','shipping',NULL,NULL,NULL,NULL,NULL,NULL,NULL,NULL,NULL),(8,4,NULL,NULL,NULL,NULL,NULL,NULL,'3811ER','van tol','Hogeweg 103','Amersfoort','dennis@flirtcreativity.com','0337079933','NL','Dennis','billing',NULL,NULL,NULL,NULL,NULL,NULL,NULL,NULL,NULL),(9,5,NULL,NULL,NULL,NULL,NULL,NULL,'3817ac','smolovyk','25 joannes van siestraat','amersfoort','denvantol@gmail.com','+44 7714267936','NL','anna','shipping',NULL,NULL,NULL,NULL,NULL,NULL,NULL,NULL,NULL),(10,5,NULL,NULL,NULL,NULL,NULL,NULL,'3817ac','smolovyk','25 joannes van siestraat','amersfoort','denvantol@gmail.com','+44 7714267936','NL','anna','billing',NULL,NULL,NULL,NULL,NULL,NULL,NULL,NULL,NULL),(11,6,NULL,NULL,NULL,NULL,NULL,NULL,'3811ER','van tol','Hogeweg 103','Amersfoort','denvantol@gmail.com','123125415161','NL','Dennis','shipping',NULL,NULL,NULL,NULL,NULL,NULL,NULL,NULL,NULL),(12,6,NULL,NULL,NULL,NULL,NULL,NULL,'3811ER','van tol','Hogeweg 103','Amersfoort','denvantol@gmail.com','123125415161','NL','Dennis','billing',NULL,NULL,NULL,NULL,NULL,NULL,NULL,NULL,NULL),(13,7,NULL,NULL,NULL,NULL,NULL,NULL,'3811ER','van tol','Hogeweg 103','Amersfoort','dennis@flirtcreativity.com','0337709933','NL','Dennis','shipping',NULL,NULL,NULL,NULL,NULL,NULL,NULL,NULL,NULL),(14,7,NULL,NULL,NULL,NULL,NULL,NULL,'3811ER','van tol','Hogeweg 103','Amersfoort','dennis@flirtcreativity.com','0337709933','NL','Dennis','billing',NULL,NULL,NULL,NULL,NULL,NULL,NULL,NULL,NULL);

--
-- Table structure for table `sales_order_aggregated_created`
--

CREATE TABLE `sales_order_aggregated_created` (
  `id` int(10) unsigned NOT NULL AUTO_INCREMENT COMMENT 'Id',
  `period` date DEFAULT NULL COMMENT 'Period',
  `store_id` smallint(5) unsigned DEFAULT NULL COMMENT 'Store Id',
  `order_status` varchar(50) NOT NULL COMMENT 'Order Status',
  `orders_count` int(11) NOT NULL DEFAULT '0' COMMENT 'Orders Count',
  `total_qty_ordered` decimal(12,4) NOT NULL DEFAULT '0.0000' COMMENT 'Total Qty Ordered',
  `total_qty_invoiced` decimal(12,4) NOT NULL DEFAULT '0.0000' COMMENT 'Total Qty Invoiced',
  `total_income_amount` decimal(12,4) NOT NULL DEFAULT '0.0000' COMMENT 'Total Income Amount',
  `total_revenue_amount` decimal(12,4) NOT NULL DEFAULT '0.0000' COMMENT 'Total Revenue Amount',
  `total_profit_amount` decimal(12,4) NOT NULL DEFAULT '0.0000' COMMENT 'Total Profit Amount',
  `total_invoiced_amount` decimal(12,4) NOT NULL DEFAULT '0.0000' COMMENT 'Total Invoiced Amount',
  `total_canceled_amount` decimal(12,4) NOT NULL DEFAULT '0.0000' COMMENT 'Total Canceled Amount',
  `total_paid_amount` decimal(12,4) NOT NULL DEFAULT '0.0000' COMMENT 'Total Paid Amount',
  `total_refunded_amount` decimal(12,4) NOT NULL DEFAULT '0.0000' COMMENT 'Total Refunded Amount',
  `total_tax_amount` decimal(12,4) NOT NULL DEFAULT '0.0000' COMMENT 'Total Tax Amount',
  `total_tax_amount_actual` decimal(12,4) NOT NULL DEFAULT '0.0000' COMMENT 'Total Tax Amount Actual',
  `total_shipping_amount` decimal(12,4) NOT NULL DEFAULT '0.0000' COMMENT 'Total Shipping Amount',
  `total_shipping_amount_actual` decimal(12,4) NOT NULL DEFAULT '0.0000' COMMENT 'Total Shipping Amount Actual',
  `total_discount_amount` decimal(12,4) NOT NULL DEFAULT '0.0000' COMMENT 'Total Discount Amount',
  `total_discount_amount_actual` decimal(12,4) NOT NULL DEFAULT '0.0000' COMMENT 'Total Discount Amount Actual',
  PRIMARY KEY (`id`),
  UNIQUE KEY `SALES_ORDER_AGGREGATED_CREATED_PERIOD_STORE_ID_ORDER_STATUS` (`period`,`store_id`,`order_status`),
  KEY `SALES_ORDER_AGGREGATED_CREATED_STORE_ID` (`store_id`),
  CONSTRAINT `SALES_ORDER_AGGREGATED_CREATED_STORE_ID_STORE_STORE_ID` FOREIGN KEY (`store_id`) REFERENCES `store` (`store_id`) ON DELETE SET NULL
) ENGINE=InnoDB AUTO_INCREMENT=7 DEFAULT CHARSET=utf8 COMMENT='Sales Order Aggregated Created';

--
-- Dumping data for table `sales_order_aggregated_created`
--

INSERT INTO `sales_order_aggregated_created` VALUES (5,'2018-03-13',1,'canceled',1,0.0000,0.0000,0.0000,0.0000,0.0000,0.0000,854.0000,0.0000,0.0000,0.0000,0.0000,0.0000,0.0000,0.0000,0.0000),(6,'2018-03-13',0,'canceled',1,0.0000,0.0000,0.0000,0.0000,0.0000,0.0000,854.0000,0.0000,0.0000,0.0000,0.0000,0.0000,0.0000,0.0000,0.0000);

--
-- Table structure for table `sales_order_aggregated_updated`
--

CREATE TABLE `sales_order_aggregated_updated` (
  `id` int(10) unsigned NOT NULL AUTO_INCREMENT COMMENT 'Id',
  `period` date DEFAULT NULL COMMENT 'Period',
  `store_id` smallint(5) unsigned DEFAULT NULL COMMENT 'Store Id',
  `order_status` varchar(50) NOT NULL COMMENT 'Order Status',
  `orders_count` int(11) NOT NULL DEFAULT '0' COMMENT 'Orders Count',
  `total_qty_ordered` decimal(12,4) NOT NULL DEFAULT '0.0000' COMMENT 'Total Qty Ordered',
  `total_qty_invoiced` decimal(12,4) NOT NULL DEFAULT '0.0000' COMMENT 'Total Qty Invoiced',
  `total_income_amount` decimal(12,4) NOT NULL DEFAULT '0.0000' COMMENT 'Total Income Amount',
  `total_revenue_amount` decimal(12,4) NOT NULL DEFAULT '0.0000' COMMENT 'Total Revenue Amount',
  `total_profit_amount` decimal(12,4) NOT NULL DEFAULT '0.0000' COMMENT 'Total Profit Amount',
  `total_invoiced_amount` decimal(12,4) NOT NULL DEFAULT '0.0000' COMMENT 'Total Invoiced Amount',
  `total_canceled_amount` decimal(12,4) NOT NULL DEFAULT '0.0000' COMMENT 'Total Canceled Amount',
  `total_paid_amount` decimal(12,4) NOT NULL DEFAULT '0.0000' COMMENT 'Total Paid Amount',
  `total_refunded_amount` decimal(12,4) NOT NULL DEFAULT '0.0000' COMMENT 'Total Refunded Amount',
  `total_tax_amount` decimal(12,4) NOT NULL DEFAULT '0.0000' COMMENT 'Total Tax Amount',
  `total_tax_amount_actual` decimal(12,4) NOT NULL DEFAULT '0.0000' COMMENT 'Total Tax Amount Actual',
  `total_shipping_amount` decimal(12,4) NOT NULL DEFAULT '0.0000' COMMENT 'Total Shipping Amount',
  `total_shipping_amount_actual` decimal(12,4) NOT NULL DEFAULT '0.0000' COMMENT 'Total Shipping Amount Actual',
  `total_discount_amount` decimal(12,4) NOT NULL DEFAULT '0.0000' COMMENT 'Total Discount Amount',
  `total_discount_amount_actual` decimal(12,4) NOT NULL DEFAULT '0.0000' COMMENT 'Total Discount Amount Actual',
  PRIMARY KEY (`id`),
  UNIQUE KEY `SALES_ORDER_AGGREGATED_UPDATED_PERIOD_STORE_ID_ORDER_STATUS` (`period`,`store_id`,`order_status`),
  KEY `SALES_ORDER_AGGREGATED_UPDATED_STORE_ID` (`store_id`),
  CONSTRAINT `SALES_ORDER_AGGREGATED_UPDATED_STORE_ID_STORE_STORE_ID` FOREIGN KEY (`store_id`) REFERENCES `store` (`store_id`) ON DELETE SET NULL
) ENGINE=InnoDB AUTO_INCREMENT=11 DEFAULT CHARSET=utf8 COMMENT='Sales Order Aggregated Updated';

--
-- Dumping data for table `sales_order_aggregated_updated`
--

INSERT INTO `sales_order_aggregated_updated` VALUES (5,'2018-03-13',1,'canceled',1,0.0000,0.0000,0.0000,0.0000,0.0000,0.0000,854.0000,0.0000,0.0000,0.0000,0.0000,0.0000,0.0000,0.0000,0.0000),(6,'2018-03-13',0,'canceled',1,0.0000,0.0000,0.0000,0.0000,0.0000,0.0000,854.0000,0.0000,0.0000,0.0000,0.0000,0.0000,0.0000,0.0000,0.0000),(9,'2018-03-17',1,'canceled',5,0.0000,0.0000,0.0000,0.0000,0.0000,0.0000,3368.0000,0.0000,0.0000,0.0000,0.0000,0.0000,0.0000,0.0000,0.0000),(10,'2018-03-17',0,'canceled',5,0.0000,0.0000,0.0000,0.0000,0.0000,0.0000,3368.0000,0.0000,0.0000,0.0000,0.0000,0.0000,0.0000,0.0000,0.0000);

--
-- Table structure for table `sales_order_grid`
--

CREATE TABLE `sales_order_grid` (
  `entity_id` int(10) unsigned NOT NULL COMMENT 'Entity Id',
  `status` varchar(32) DEFAULT NULL COMMENT 'Status',
  `store_id` smallint(5) unsigned DEFAULT NULL COMMENT 'Store Id',
  `store_name` varchar(255) DEFAULT NULL COMMENT 'Store Name',
  `customer_id` int(10) unsigned DEFAULT NULL COMMENT 'Customer Id',
  `base_grand_total` decimal(12,4) DEFAULT NULL COMMENT 'Base Grand Total',
  `base_total_paid` decimal(12,4) DEFAULT NULL COMMENT 'Base Total Paid',
  `grand_total` decimal(12,4) DEFAULT NULL COMMENT 'Grand Total',
  `total_paid` decimal(12,4) DEFAULT NULL COMMENT 'Total Paid',
  `increment_id` varchar(50) DEFAULT NULL COMMENT 'Increment Id',
  `base_currency_code` varchar(3) DEFAULT NULL COMMENT 'Base Currency Code',
  `order_currency_code` varchar(255) DEFAULT NULL COMMENT 'Order Currency Code',
  `shipping_name` varchar(255) DEFAULT NULL COMMENT 'Shipping Name',
  `billing_name` varchar(255) DEFAULT NULL COMMENT 'Billing Name',
  `created_at` timestamp NULL DEFAULT NULL COMMENT 'Created At',
  `updated_at` timestamp NULL DEFAULT NULL COMMENT 'Updated At',
  `billing_address` varchar(255) DEFAULT NULL COMMENT 'Billing Address',
  `shipping_address` varchar(255) DEFAULT NULL COMMENT 'Shipping Address',
  `shipping_information` varchar(255) DEFAULT NULL COMMENT 'Shipping Method Name',
  `customer_email` varchar(255) DEFAULT NULL COMMENT 'Customer Email',
  `customer_group` varchar(255) DEFAULT NULL COMMENT 'Customer Group',
  `subtotal` decimal(12,4) DEFAULT NULL COMMENT 'Subtotal',
  `shipping_and_handling` decimal(12,4) DEFAULT NULL COMMENT 'Shipping and handling amount',
  `customer_name` varchar(255) DEFAULT NULL COMMENT 'Customer Name',
  `payment_method` varchar(255) DEFAULT NULL COMMENT 'Payment Method',
  `total_refunded` decimal(12,4) DEFAULT NULL COMMENT 'Total Refunded',
  `signifyd_guarantee_status` varchar(32) DEFAULT NULL COMMENT 'Signifyd Guarantee Disposition Status',
  PRIMARY KEY (`entity_id`),
  UNIQUE KEY `SALES_ORDER_GRID_INCREMENT_ID_STORE_ID` (`increment_id`,`store_id`),
  KEY `SALES_ORDER_GRID_STATUS` (`status`),
  KEY `SALES_ORDER_GRID_STORE_ID` (`store_id`),
  KEY `SALES_ORDER_GRID_BASE_GRAND_TOTAL` (`base_grand_total`),
  KEY `SALES_ORDER_GRID_BASE_TOTAL_PAID` (`base_total_paid`),
  KEY `SALES_ORDER_GRID_GRAND_TOTAL` (`grand_total`),
  KEY `SALES_ORDER_GRID_TOTAL_PAID` (`total_paid`),
  KEY `SALES_ORDER_GRID_SHIPPING_NAME` (`shipping_name`),
  KEY `SALES_ORDER_GRID_BILLING_NAME` (`billing_name`),
  KEY `SALES_ORDER_GRID_CREATED_AT` (`created_at`),
  KEY `SALES_ORDER_GRID_CUSTOMER_ID` (`customer_id`),
  KEY `SALES_ORDER_GRID_UPDATED_AT` (`updated_at`),
  FULLTEXT KEY `FTI_65B9E9925EC58F0C7C2E2F6379C233E7` (`increment_id`,`billing_name`,`shipping_name`,`shipping_address`,`billing_address`,`customer_name`,`customer_email`)
) ENGINE=InnoDB DEFAULT CHARSET=utf8 COMMENT='Sales Flat Order Grid';

--
-- Dumping data for table `sales_order_grid`
--

INSERT INTO `sales_order_grid` VALUES (1,'canceled',1,'Main Website\nMain Website Store\n',NULL,144.0000,NULL,144.0000,NULL,'000000001','EUR','EUR','Dennis van Tol','Dennis van Tol','2018-03-13 12:21:17','2018-03-17 10:03:09','Randenbroekerweg 2 Amersfoort Utrecht 3816BN','Randenbroekerweg 2 Amersfoort Utrecht 3816BN','Flat Rate - Fixed','dennis@flirtcreativity.com','0',139.0000,5.0000,'','checkmo',NULL,NULL),(2,'canceled',1,'Main Website\nMain Website Store\n',NULL,854.0000,NULL,854.0000,NULL,'000000002','EUR','EUR','Dennis van Tol','Dennis van Tol','2018-03-13 12:30:58','2018-03-17 10:03:09','Randenbroekerweg 2 Amersfoort 3816BN','Randenbroekerweg 2 Amersfoort 3816BN','Flat Rate - Fixed','dennis@flirtcreativity.com','0',849.0000,5.0000,'','checkmo',NULL,NULL),(3,'canceled',1,'Main Website\nMain Website Store\n',NULL,854.0000,NULL,854.0000,NULL,'000000003','EUR','EUR','Dennis van tol','Dennis van tol','2018-03-13 12:36:11','2018-03-13 13:39:59','Hogeweg 103 Amersfoort 3811ER','Hogeweg 103 Amersfoort 3811ER','Flat Rate - Fixed','denvantol@gmail.com','0',849.0000,5.0000,'','ideal',NULL,NULL),(4,'canceled',1,'Main Website\nMain Website Store\n',NULL,968.0000,NULL,968.0000,NULL,'000000004','EUR','EUR','Dennis van tol','Dennis van tol','2018-03-13 17:21:20','2018-03-17 10:03:09','Hogeweg 103 Amersfoort 3811ER','Hogeweg 103 Amersfoort 3811ER','Flat Rate - Fixed','dennis@flirtcreativity.com','0',958.0000,10.0000,'','checkmo',NULL,NULL),(5,'canceled',1,'Main Website\nMain Website Store\n',NULL,1308.0000,NULL,1308.0000,NULL,'000000005','EUR','EUR','anna smolovyk','anna smolovyk','2018-03-15 15:03:37','2018-03-17 10:03:09','25 joannes van siestraat amersfoort 3817ac','25 joannes van siestraat amersfoort 3817ac','Flat Rate - Fixed','denvantol@gmail.com','0',1298.0000,10.0000,'','checkmo',NULL,NULL),(6,'canceled',1,'Main Website\nMain Website Store\n',NULL,94.0000,NULL,94.0000,NULL,'000000006','EUR','EUR','Dennis van tol','Dennis van tol','2018-03-15 17:37:24','2018-03-17 10:03:10','Hogeweg 103 Amersfoort 3811ER','Hogeweg 103 Amersfoort 3811ER','Flat Rate - Fixed','denvantol@gmail.com','0',89.0000,5.0000,'','checkmo',NULL,NULL),(7,'pending',1,'Saint Ape\nSaint Ape | EN\nDefault',NULL,164.0000,NULL,164.0000,NULL,'000000007','EUR','EUR','Dennis van tol','Dennis van tol','2018-04-09 11:19:19','2018-04-09 11:19:19','Hogeweg 103 Amersfoort 3811ER','Hogeweg 103 Amersfoort 3811ER','Flat Rate - Fixed','dennis@flirtcreativity.com','0',159.0000,5.0000,'','checkmo',NULL,NULL);

--
-- Table structure for table `sales_order_item`
--

CREATE TABLE `sales_order_item` (
  `item_id` int(10) unsigned NOT NULL AUTO_INCREMENT COMMENT 'Item Id',
  `order_id` int(10) unsigned NOT NULL DEFAULT '0' COMMENT 'Order Id',
  `parent_item_id` int(10) unsigned DEFAULT NULL COMMENT 'Parent Item Id',
  `quote_item_id` int(10) unsigned DEFAULT NULL COMMENT 'Quote Item Id',
  `store_id` smallint(5) unsigned DEFAULT NULL COMMENT 'Store Id',
  `created_at` timestamp NOT NULL DEFAULT CURRENT_TIMESTAMP COMMENT 'Created At',
  `updated_at` timestamp NOT NULL DEFAULT CURRENT_TIMESTAMP ON UPDATE CURRENT_TIMESTAMP COMMENT 'Updated At',
  `product_id` int(10) unsigned DEFAULT NULL COMMENT 'Product Id',
  `product_type` varchar(255) DEFAULT NULL COMMENT 'Product Type',
  `product_options` text COMMENT 'Product Options',
  `weight` decimal(12,4) DEFAULT '0.0000' COMMENT 'Weight',
  `is_virtual` smallint(5) unsigned DEFAULT NULL COMMENT 'Is Virtual',
  `sku` varchar(255) DEFAULT NULL COMMENT 'Sku',
  `name` varchar(255) DEFAULT NULL COMMENT 'Name',
  `description` text COMMENT 'Description',
  `applied_rule_ids` text COMMENT 'Applied Rule Ids',
  `additional_data` text COMMENT 'Additional Data',
  `is_qty_decimal` smallint(5) unsigned DEFAULT NULL COMMENT 'Is Qty Decimal',
  `no_discount` smallint(5) unsigned NOT NULL DEFAULT '0' COMMENT 'No Discount',
  `qty_backordered` decimal(12,4) DEFAULT '0.0000' COMMENT 'Qty Backordered',
  `qty_canceled` decimal(12,4) DEFAULT '0.0000' COMMENT 'Qty Canceled',
  `qty_invoiced` decimal(12,4) DEFAULT '0.0000' COMMENT 'Qty Invoiced',
  `qty_ordered` decimal(12,4) DEFAULT '0.0000' COMMENT 'Qty Ordered',
  `qty_refunded` decimal(12,4) DEFAULT '0.0000' COMMENT 'Qty Refunded',
  `qty_shipped` decimal(12,4) DEFAULT '0.0000' COMMENT 'Qty Shipped',
  `base_cost` decimal(12,4) DEFAULT '0.0000' COMMENT 'Base Cost',
  `price` decimal(12,4) NOT NULL DEFAULT '0.0000' COMMENT 'Price',
  `base_price` decimal(12,4) NOT NULL DEFAULT '0.0000' COMMENT 'Base Price',
  `original_price` decimal(12,4) DEFAULT NULL COMMENT 'Original Price',
  `base_original_price` decimal(12,4) DEFAULT NULL COMMENT 'Base Original Price',
  `tax_percent` decimal(12,4) DEFAULT '0.0000' COMMENT 'Tax Percent',
  `tax_amount` decimal(12,4) DEFAULT '0.0000' COMMENT 'Tax Amount',
  `base_tax_amount` decimal(12,4) DEFAULT '0.0000' COMMENT 'Base Tax Amount',
  `tax_invoiced` decimal(12,4) DEFAULT '0.0000' COMMENT 'Tax Invoiced',
  `base_tax_invoiced` decimal(12,4) DEFAULT '0.0000' COMMENT 'Base Tax Invoiced',
  `discount_percent` decimal(12,4) DEFAULT '0.0000' COMMENT 'Discount Percent',
  `discount_amount` decimal(12,4) DEFAULT '0.0000' COMMENT 'Discount Amount',
  `base_discount_amount` decimal(12,4) DEFAULT '0.0000' COMMENT 'Base Discount Amount',
  `discount_invoiced` decimal(12,4) DEFAULT '0.0000' COMMENT 'Discount Invoiced',
  `base_discount_invoiced` decimal(12,4) DEFAULT '0.0000' COMMENT 'Base Discount Invoiced',
  `amount_refunded` decimal(12,4) DEFAULT '0.0000' COMMENT 'Amount Refunded',
  `base_amount_refunded` decimal(12,4) DEFAULT '0.0000' COMMENT 'Base Amount Refunded',
  `row_total` decimal(12,4) NOT NULL DEFAULT '0.0000' COMMENT 'Row Total',
  `base_row_total` decimal(12,4) NOT NULL DEFAULT '0.0000' COMMENT 'Base Row Total',
  `row_invoiced` decimal(12,4) NOT NULL DEFAULT '0.0000' COMMENT 'Row Invoiced',
  `base_row_invoiced` decimal(12,4) NOT NULL DEFAULT '0.0000' COMMENT 'Base Row Invoiced',
  `row_weight` decimal(12,4) DEFAULT '0.0000' COMMENT 'Row Weight',
  `base_tax_before_discount` decimal(12,4) DEFAULT NULL COMMENT 'Base Tax Before Discount',
  `tax_before_discount` decimal(12,4) DEFAULT NULL COMMENT 'Tax Before Discount',
  `ext_order_item_id` varchar(255) DEFAULT NULL COMMENT 'Ext Order Item Id',
  `locked_do_invoice` smallint(5) unsigned DEFAULT NULL COMMENT 'Locked Do Invoice',
  `locked_do_ship` smallint(5) unsigned DEFAULT NULL COMMENT 'Locked Do Ship',
  `price_incl_tax` decimal(12,4) DEFAULT NULL COMMENT 'Price Incl Tax',
  `base_price_incl_tax` decimal(12,4) DEFAULT NULL COMMENT 'Base Price Incl Tax',
  `row_total_incl_tax` decimal(12,4) DEFAULT NULL COMMENT 'Row Total Incl Tax',
  `base_row_total_incl_tax` decimal(12,4) DEFAULT NULL COMMENT 'Base Row Total Incl Tax',
  `discount_tax_compensation_amount` decimal(12,4) DEFAULT NULL COMMENT 'Discount Tax Compensation Amount',
  `base_discount_tax_compensation_amount` decimal(12,4) DEFAULT NULL COMMENT 'Base Discount Tax Compensation Amount',
  `discount_tax_compensation_invoiced` decimal(12,4) DEFAULT NULL COMMENT 'Discount Tax Compensation Invoiced',
  `base_discount_tax_compensation_invoiced` decimal(12,4) DEFAULT NULL COMMENT 'Base Discount Tax Compensation Invoiced',
  `discount_tax_compensation_refunded` decimal(12,4) DEFAULT NULL COMMENT 'Discount Tax Compensation Refunded',
  `base_discount_tax_compensation_refunded` decimal(12,4) DEFAULT NULL COMMENT 'Base Discount Tax Compensation Refunded',
  `tax_canceled` decimal(12,4) DEFAULT NULL COMMENT 'Tax Canceled',
  `discount_tax_compensation_canceled` decimal(12,4) DEFAULT NULL COMMENT 'Discount Tax Compensation Canceled',
  `tax_refunded` decimal(12,4) DEFAULT NULL COMMENT 'Tax Refunded',
  `base_tax_refunded` decimal(12,4) DEFAULT NULL COMMENT 'Base Tax Refunded',
  `discount_refunded` decimal(12,4) DEFAULT NULL COMMENT 'Discount Refunded',
  `base_discount_refunded` decimal(12,4) DEFAULT NULL COMMENT 'Base Discount Refunded',
  `free_shipping` smallint(5) unsigned NOT NULL DEFAULT '0' COMMENT 'Free Shipping',
  `gift_message_id` int(11) DEFAULT NULL COMMENT 'Gift Message Id',
  `gift_message_available` int(11) DEFAULT NULL COMMENT 'Gift Message Available',
  `weee_tax_applied` text COMMENT 'Weee Tax Applied',
  `weee_tax_applied_amount` decimal(12,4) DEFAULT NULL COMMENT 'Weee Tax Applied Amount',
  `weee_tax_applied_row_amount` decimal(12,4) DEFAULT NULL COMMENT 'Weee Tax Applied Row Amount',
  `weee_tax_disposition` decimal(12,4) DEFAULT NULL COMMENT 'Weee Tax Disposition',
  `weee_tax_row_disposition` decimal(12,4) DEFAULT NULL COMMENT 'Weee Tax Row Disposition',
  `base_weee_tax_applied_amount` decimal(12,4) DEFAULT NULL COMMENT 'Base Weee Tax Applied Amount',
  `base_weee_tax_applied_row_amnt` decimal(12,4) DEFAULT NULL COMMENT 'Base Weee Tax Applied Row Amnt',
  `base_weee_tax_disposition` decimal(12,4) DEFAULT NULL COMMENT 'Base Weee Tax Disposition',
  `base_weee_tax_row_disposition` decimal(12,4) DEFAULT NULL COMMENT 'Base Weee Tax Row Disposition',
  PRIMARY KEY (`item_id`),
  KEY `SALES_ORDER_ITEM_ORDER_ID` (`order_id`),
  KEY `SALES_ORDER_ITEM_STORE_ID` (`store_id`),
  CONSTRAINT `SALES_ORDER_ITEM_ORDER_ID_SALES_ORDER_ENTITY_ID` FOREIGN KEY (`order_id`) REFERENCES `sales_order` (`entity_id`) ON DELETE CASCADE,
  CONSTRAINT `SALES_ORDER_ITEM_STORE_ID_STORE_STORE_ID` FOREIGN KEY (`store_id`) REFERENCES `store` (`store_id`) ON DELETE SET NULL
) ENGINE=InnoDB AUTO_INCREMENT=19 DEFAULT CHARSET=utf8 COMMENT='Sales Flat Order Item';

--
-- Dumping data for table `sales_order_item`
--

INSERT INTO `sales_order_item` VALUES (1,1,NULL,11,1,'2018-03-13 12:21:17','2018-03-17 10:03:09',68,'configurable','{\"info_buyRequest\":{\"uenc\":\"aHR0cDovL3Nob3Auc2FpbnQtYXBlLmNvbS9hc2gxNzgwNDAwOTkwMHdoaXRlLWRyZXNzZWRhcGUwMS5odG1s\",\"product\":\"68\",\"selected_configurable_option\":\"39\",\"related_product\":\"\",\"super_attribute\":{\"135\":\"6\"},\"qty\":1},\"attributes_info\":[{\"label\":\"size\",\"value\":\"m\",\"option_id\":135,\"option_value\":\"6\"}],\"simple_name\":\"DRESSED APE 01 - m\",\"simple_sku\":\"ASH1780400 9900 WHITE - m\",\"product_calculations\":1,\"shipment_type\":0}',1.0000,0,'ASH1780400 9900 WHITE - m','DRESSED APE 01',NULL,NULL,NULL,0,0,NULL,1.0000,0.0000,1.0000,0.0000,0.0000,NULL,139.0000,139.0000,139.0000,139.0000,0.0000,0.0000,0.0000,0.0000,0.0000,0.0000,0.0000,0.0000,0.0000,0.0000,0.0000,0.0000,139.0000,139.0000,0.0000,0.0000,1.0000,NULL,NULL,NULL,NULL,NULL,139.0000,139.0000,139.0000,139.0000,0.0000,0.0000,NULL,NULL,NULL,NULL,0.0000,0.0000,NULL,NULL,NULL,NULL,0,NULL,NULL,NULL,NULL,NULL,NULL,NULL,NULL,NULL,NULL,NULL),(2,1,1,12,1,'2018-03-13 12:21:17','2018-03-17 10:03:09',39,'simple','{\"info_buyRequest\":{\"uenc\":\"aHR0cDovL3Nob3Auc2FpbnQtYXBlLmNvbS9hc2gxNzgwNDAwOTkwMHdoaXRlLWRyZXNzZWRhcGUwMS5odG1s\",\"product\":\"68\",\"selected_configurable_option\":\"39\",\"related_product\":\"\",\"super_attribute\":{\"135\":\"6\"},\"qty\":1}}',1.0000,0,'ASH1780400 9900 WHITE - m','DRESSED APE 01 - m',NULL,NULL,NULL,0,0,NULL,0.0000,0.0000,1.0000,0.0000,0.0000,NULL,0.0000,0.0000,0.0000,NULL,0.0000,0.0000,0.0000,0.0000,0.0000,0.0000,0.0000,0.0000,0.0000,0.0000,0.0000,0.0000,0.0000,0.0000,0.0000,0.0000,0.0000,NULL,NULL,NULL,NULL,NULL,NULL,NULL,NULL,NULL,NULL,NULL,NULL,NULL,NULL,NULL,0.0000,0.0000,NULL,NULL,NULL,NULL,0,NULL,NULL,NULL,NULL,NULL,NULL,NULL,NULL,NULL,NULL,NULL),(3,2,NULL,15,1,'2018-03-13 12:30:58','2018-03-17 10:03:09',56,'configurable','{\"info_buyRequest\":{\"uenc\":\"aHR0cDovL3Nob3Auc2FpbnQtYXBlLmNvbS9hbGoxNzgwMTA0OTkwMGJsYWNrc3R1ZHMtaGlkZGVuYXBlMDEuaHRtbA,,\",\"product\":\"56\",\"selected_configurable_option\":\"10\",\"related_product\":\"\",\"super_attribute\":{\"135\":\"5\"},\"qty\":1},\"attributes_info\":[{\"label\":\"size\",\"value\":\"xl\",\"option_id\":135,\"option_value\":\"5\"}],\"simple_name\":\"HIDDEN APE 01 - xl\",\"simple_sku\":\"ALJ1780104 9900  BLACK STUDS - xl\",\"product_calculations\":1,\"shipment_type\":0}',1.0000,0,'ALJ1780104 9900  BLACK STUDS - xl','HIDDEN APE 01',NULL,NULL,NULL,0,0,NULL,1.0000,0.0000,1.0000,0.0000,0.0000,NULL,849.0000,849.0000,849.0000,849.0000,0.0000,0.0000,0.0000,0.0000,0.0000,0.0000,0.0000,0.0000,0.0000,0.0000,0.0000,0.0000,849.0000,849.0000,0.0000,0.0000,1.0000,NULL,NULL,NULL,NULL,NULL,849.0000,849.0000,849.0000,849.0000,0.0000,0.0000,NULL,NULL,NULL,NULL,0.0000,0.0000,NULL,NULL,NULL,NULL,0,NULL,NULL,NULL,NULL,NULL,NULL,NULL,NULL,NULL,NULL,NULL),(4,2,3,16,1,'2018-03-13 12:30:58','2018-03-17 10:03:09',10,'simple','{\"info_buyRequest\":{\"uenc\":\"aHR0cDovL3Nob3Auc2FpbnQtYXBlLmNvbS9hbGoxNzgwMTA0OTkwMGJsYWNrc3R1ZHMtaGlkZGVuYXBlMDEuaHRtbA,,\",\"product\":\"56\",\"selected_configurable_option\":\"10\",\"related_product\":\"\",\"super_attribute\":{\"135\":\"5\"},\"qty\":1}}',1.0000,0,'ALJ1780104 9900  BLACK STUDS - xl','HIDDEN APE 01 - xl',NULL,NULL,NULL,0,0,NULL,0.0000,0.0000,1.0000,0.0000,0.0000,NULL,0.0000,0.0000,0.0000,NULL,0.0000,0.0000,0.0000,0.0000,0.0000,0.0000,0.0000,0.0000,0.0000,0.0000,0.0000,0.0000,0.0000,0.0000,0.0000,0.0000,0.0000,NULL,NULL,NULL,NULL,NULL,NULL,NULL,NULL,NULL,NULL,NULL,NULL,NULL,NULL,NULL,0.0000,0.0000,NULL,NULL,NULL,NULL,0,NULL,NULL,NULL,NULL,NULL,NULL,NULL,NULL,NULL,NULL,NULL),(5,3,NULL,17,1,'2018-03-13 12:36:11','2018-03-13 13:39:59',56,'configurable','{\"info_buyRequest\":{\"uenc\":\"aHR0cDovL3Nob3Auc2FpbnQtYXBlLmNvbS9hbGoxNzgwMTA0OTkwMGJsYWNrc3R1ZHMtaGlkZGVuYXBlMDEuaHRtbA,,\",\"product\":\"56\",\"selected_configurable_option\":\"9\",\"related_product\":\"\",\"super_attribute\":{\"135\":\"4\"},\"qty\":1},\"attributes_info\":[{\"label\":\"size\",\"value\":\"l\",\"option_id\":135,\"option_value\":\"4\"}],\"simple_name\":\"HIDDEN APE 01 - l\",\"simple_sku\":\"ALJ1780104 9900  BLACK STUDS - l\",\"product_calculations\":1,\"shipment_type\":0}',1.0000,0,'ALJ1780104 9900  BLACK STUDS - l','HIDDEN APE 01',NULL,NULL,NULL,0,0,NULL,1.0000,0.0000,1.0000,0.0000,0.0000,NULL,849.0000,849.0000,849.0000,849.0000,0.0000,0.0000,0.0000,0.0000,0.0000,0.0000,0.0000,0.0000,0.0000,0.0000,0.0000,0.0000,849.0000,849.0000,0.0000,0.0000,1.0000,NULL,NULL,NULL,NULL,NULL,849.0000,849.0000,849.0000,849.0000,0.0000,0.0000,NULL,NULL,NULL,NULL,0.0000,0.0000,NULL,NULL,NULL,NULL,0,NULL,NULL,NULL,NULL,NULL,NULL,NULL,NULL,NULL,NULL,NULL),(6,3,5,18,1,'2018-03-13 12:36:11','2018-03-13 13:39:59',9,'simple','{\"info_buyRequest\":{\"uenc\":\"aHR0cDovL3Nob3Auc2FpbnQtYXBlLmNvbS9hbGoxNzgwMTA0OTkwMGJsYWNrc3R1ZHMtaGlkZGVuYXBlMDEuaHRtbA,,\",\"product\":\"56\",\"selected_configurable_option\":\"9\",\"related_product\":\"\",\"super_attribute\":{\"135\":\"4\"},\"qty\":1}}',1.0000,0,'ALJ1780104 9900  BLACK STUDS - l','HIDDEN APE 01 - l',NULL,NULL,NULL,0,0,NULL,0.0000,0.0000,1.0000,0.0000,0.0000,NULL,0.0000,0.0000,0.0000,NULL,0.0000,0.0000,0.0000,0.0000,0.0000,0.0000,0.0000,0.0000,0.0000,0.0000,0.0000,0.0000,0.0000,0.0000,0.0000,0.0000,0.0000,NULL,NULL,NULL,NULL,NULL,NULL,NULL,NULL,NULL,NULL,NULL,NULL,NULL,NULL,NULL,0.0000,0.0000,NULL,NULL,NULL,NULL,0,NULL,NULL,NULL,NULL,NULL,NULL,NULL,NULL,NULL,NULL,NULL),(7,4,NULL,29,1,'2018-03-13 17:21:20','2018-03-17 10:03:09',62,'configurable','{\"info_buyRequest\":{\"uenc\":\"aHR0cDovL3Nob3Auc2FpbnQtYXBlLmNvbS9tZW4vc3dlYXRlci5odG1s\",\"product\":\"62\",\"super_attribute\":{\"135\":\"4\"},\"qty\":1},\"attributes_info\":[{\"label\":\"size\",\"value\":\"l\",\"option_id\":135,\"option_value\":\"4\"}],\"simple_name\":\"SWEATY APE 01 - l\",\"simple_sku\":\"ASW1780800 9900 BLACK - l\",\"product_calculations\":1,\"shipment_type\":0}',1.0000,0,'ASW1780800 9900 BLACK - l','SWEATY APE 01',NULL,NULL,NULL,0,0,NULL,1.0000,0.0000,1.0000,0.0000,0.0000,NULL,159.0000,159.0000,159.0000,159.0000,0.0000,0.0000,0.0000,0.0000,0.0000,0.0000,0.0000,0.0000,0.0000,0.0000,0.0000,0.0000,159.0000,159.0000,0.0000,0.0000,1.0000,NULL,NULL,NULL,NULL,NULL,159.0000,159.0000,159.0000,159.0000,0.0000,0.0000,NULL,NULL,NULL,NULL,0.0000,0.0000,NULL,NULL,NULL,NULL,0,NULL,NULL,NULL,NULL,NULL,NULL,NULL,NULL,NULL,NULL,NULL),(8,4,7,30,1,'2018-03-13 17:21:20','2018-03-17 10:03:09',22,'simple','{\"info_buyRequest\":{\"uenc\":\"aHR0cDovL3Nob3Auc2FpbnQtYXBlLmNvbS9tZW4vc3dlYXRlci5odG1s\",\"product\":\"62\",\"super_attribute\":{\"135\":\"4\"},\"qty\":1}}',1.0000,0,'ASW1780800 9900 BLACK - l','SWEATY APE 01 - l',NULL,NULL,NULL,0,0,NULL,0.0000,0.0000,1.0000,0.0000,0.0000,NULL,0.0000,0.0000,0.0000,NULL,0.0000,0.0000,0.0000,0.0000,0.0000,0.0000,0.0000,0.0000,0.0000,0.0000,0.0000,0.0000,0.0000,0.0000,0.0000,0.0000,0.0000,NULL,NULL,NULL,NULL,NULL,NULL,NULL,NULL,NULL,NULL,NULL,NULL,NULL,NULL,NULL,0.0000,0.0000,NULL,NULL,NULL,NULL,0,NULL,NULL,NULL,NULL,NULL,NULL,NULL,NULL,NULL,NULL,NULL),(9,4,NULL,31,1,'2018-03-13 17:21:20','2018-03-17 10:03:09',54,'configurable','{\"info_buyRequest\":{\"uenc\":\"aHR0cDovL3Nob3Auc2FpbnQtYXBlLmNvbS9hbGoxNzgwMTAwOTkwMGJsYWNrd2hpdGUtcGVyZmVjdGFwZTAxLmh0bWw,\",\"product\":\"54\",\"selected_configurable_option\":\"\",\"related_product\":\"\",\"super_attribute\":{\"135\":\"5\"},\"qty\":1},\"attributes_info\":[{\"label\":\"size\",\"value\":\"xl\",\"option_id\":135,\"option_value\":\"5\"}],\"simple_name\":\"PERFECT APE 01 - xl\",\"simple_sku\":\"ALJ1780100 9900  BLACK \\/ WHITE - xl\",\"product_calculations\":1,\"shipment_type\":0}',1.0000,0,'ALJ1780100 9900  BLACK / WHITE - xl','PERFECT APE 01',NULL,NULL,NULL,0,0,NULL,1.0000,0.0000,1.0000,0.0000,0.0000,NULL,799.0000,799.0000,799.0000,799.0000,0.0000,0.0000,0.0000,0.0000,0.0000,0.0000,0.0000,0.0000,0.0000,0.0000,0.0000,0.0000,799.0000,799.0000,0.0000,0.0000,1.0000,NULL,NULL,NULL,NULL,NULL,799.0000,799.0000,799.0000,799.0000,0.0000,0.0000,NULL,NULL,NULL,NULL,0.0000,0.0000,NULL,NULL,NULL,NULL,0,NULL,NULL,NULL,NULL,NULL,NULL,NULL,NULL,NULL,NULL,NULL),(10,4,9,32,1,'2018-03-13 17:21:20','2018-03-17 10:03:09',6,'simple','{\"info_buyRequest\":{\"uenc\":\"aHR0cDovL3Nob3Auc2FpbnQtYXBlLmNvbS9hbGoxNzgwMTAwOTkwMGJsYWNrd2hpdGUtcGVyZmVjdGFwZTAxLmh0bWw,\",\"product\":\"54\",\"selected_configurable_option\":\"\",\"related_product\":\"\",\"super_attribute\":{\"135\":\"5\"},\"qty\":1}}',1.0000,0,'ALJ1780100 9900  BLACK / WHITE - xl','PERFECT APE 01 - xl',NULL,NULL,NULL,0,0,NULL,0.0000,0.0000,1.0000,0.0000,0.0000,NULL,0.0000,0.0000,0.0000,NULL,0.0000,0.0000,0.0000,0.0000,0.0000,0.0000,0.0000,0.0000,0.0000,0.0000,0.0000,0.0000,0.0000,0.0000,0.0000,0.0000,0.0000,NULL,NULL,NULL,NULL,NULL,NULL,NULL,NULL,NULL,NULL,NULL,NULL,NULL,NULL,NULL,0.0000,0.0000,NULL,NULL,NULL,NULL,0,NULL,NULL,NULL,NULL,NULL,NULL,NULL,NULL,NULL,NULL,NULL),(11,5,NULL,69,1,'2018-03-15 15:03:37','2018-03-17 10:03:09',503,'configurable','{\"info_buyRequest\":{\"uenc\":\"aHR0cDovL3Nob3Auc2FpbnQtYXBlLmNvbS9hbGoxNzgwMTAyOTkwMHJ1Ym9mZmJsYWNrLWhlYXZ5YXBlMDEuaHRtbA,,\",\"product\":\"503\",\"selected_configurable_option\":\"\",\"related_product\":\"\",\"super_attribute\":{\"135\":\"6\"},\"qty\":1},\"attributes_info\":[{\"label\":\" size\",\"value\":\"m\",\"option_id\":135,\"option_value\":\"6\"}],\"simple_name\":\"HEAVY APE 01 - m\",\"simple_sku\":\"ALJ1780102 9900 RUBOFF BLACK - m\",\"product_calculations\":1,\"shipment_type\":0}',1.0000,0,'ALJ1780102 9900 RUBOFF BLACK - m','HEAVY APE 01',NULL,NULL,NULL,0,0,NULL,1.0000,0.0000,1.0000,0.0000,0.0000,NULL,649.0000,649.0000,649.0000,649.0000,0.0000,0.0000,0.0000,0.0000,0.0000,0.0000,0.0000,0.0000,0.0000,0.0000,0.0000,0.0000,649.0000,649.0000,0.0000,0.0000,1.0000,NULL,NULL,NULL,NULL,NULL,649.0000,649.0000,649.0000,649.0000,0.0000,0.0000,NULL,NULL,NULL,NULL,0.0000,0.0000,NULL,NULL,NULL,NULL,0,NULL,NULL,NULL,NULL,NULL,NULL,NULL,NULL,NULL,NULL,NULL),(12,5,11,70,1,'2018-03-15 15:03:37','2018-03-17 10:03:09',324,'simple','{\"info_buyRequest\":{\"uenc\":\"aHR0cDovL3Nob3Auc2FpbnQtYXBlLmNvbS9hbGoxNzgwMTAyOTkwMHJ1Ym9mZmJsYWNrLWhlYXZ5YXBlMDEuaHRtbA,,\",\"product\":\"503\",\"selected_configurable_option\":\"\",\"related_product\":\"\",\"super_attribute\":{\"135\":\"6\"},\"qty\":1}}',1.0000,0,'ALJ1780102 9900 RUBOFF BLACK - m','HEAVY APE 01 - m',NULL,NULL,NULL,0,0,NULL,0.0000,0.0000,1.0000,0.0000,0.0000,NULL,0.0000,0.0000,0.0000,NULL,0.0000,0.0000,0.0000,0.0000,0.0000,0.0000,0.0000,0.0000,0.0000,0.0000,0.0000,0.0000,0.0000,0.0000,0.0000,0.0000,0.0000,NULL,NULL,NULL,NULL,NULL,NULL,NULL,NULL,NULL,NULL,NULL,NULL,NULL,NULL,NULL,0.0000,0.0000,NULL,NULL,NULL,NULL,0,NULL,NULL,NULL,NULL,NULL,NULL,NULL,NULL,NULL,NULL,NULL),(13,5,NULL,71,1,'2018-03-15 15:03:37','2018-03-17 10:03:09',503,'configurable','{\"info_buyRequest\":{\"uenc\":\"aHR0cDovL3Nob3Auc2FpbnQtYXBlLmNvbS9hbGoxNzgwMTAyOTkwMHJ1Ym9mZmJsYWNrLWhlYXZ5YXBlMDEuaHRtbA,,\",\"product\":\"503\",\"selected_configurable_option\":\"\",\"related_product\":\"\",\"super_attribute\":{\"135\":\"4\"},\"qty\":1},\"attributes_info\":[{\"label\":\" size\",\"value\":\"l\",\"option_id\":135,\"option_value\":\"4\"}],\"simple_name\":\"HEAVY APE 01 - l\",\"simple_sku\":\"ALJ1780102 9900 RUBOFF BLACK - l\",\"product_calculations\":1,\"shipment_type\":0}',1.0000,0,'ALJ1780102 9900 RUBOFF BLACK - l','HEAVY APE 01',NULL,NULL,NULL,0,0,NULL,1.0000,0.0000,1.0000,0.0000,0.0000,NULL,649.0000,649.0000,649.0000,649.0000,0.0000,0.0000,0.0000,0.0000,0.0000,0.0000,0.0000,0.0000,0.0000,0.0000,0.0000,0.0000,649.0000,649.0000,0.0000,0.0000,1.0000,NULL,NULL,NULL,NULL,NULL,649.0000,649.0000,649.0000,649.0000,0.0000,0.0000,NULL,NULL,NULL,NULL,0.0000,0.0000,NULL,NULL,NULL,NULL,0,NULL,NULL,NULL,NULL,NULL,NULL,NULL,NULL,NULL,NULL,NULL),(14,5,13,72,1,'2018-03-15 15:03:37','2018-03-17 10:03:09',325,'simple','{\"info_buyRequest\":{\"uenc\":\"aHR0cDovL3Nob3Auc2FpbnQtYXBlLmNvbS9hbGoxNzgwMTAyOTkwMHJ1Ym9mZmJsYWNrLWhlYXZ5YXBlMDEuaHRtbA,,\",\"product\":\"503\",\"selected_configurable_option\":\"\",\"related_product\":\"\",\"super_attribute\":{\"135\":\"4\"},\"qty\":1}}',1.0000,0,'ALJ1780102 9900 RUBOFF BLACK - l','HEAVY APE 01 - l',NULL,NULL,NULL,0,0,NULL,0.0000,0.0000,1.0000,0.0000,0.0000,NULL,0.0000,0.0000,0.0000,NULL,0.0000,0.0000,0.0000,0.0000,0.0000,0.0000,0.0000,0.0000,0.0000,0.0000,0.0000,0.0000,0.0000,0.0000,0.0000,0.0000,0.0000,NULL,NULL,NULL,NULL,NULL,NULL,NULL,NULL,NULL,NULL,NULL,NULL,NULL,NULL,NULL,0.0000,0.0000,NULL,NULL,NULL,NULL,0,NULL,NULL,NULL,NULL,NULL,NULL,NULL,NULL,NULL,NULL,NULL),(15,6,NULL,73,1,'2018-03-15 17:37:24','2018-03-17 10:03:10',513,'configurable','{\"info_buyRequest\":{\"uenc\":\"aHR0cDovL3Nob3Auc2FpbnQtYXBlLmNvbS9hd3RzMTc4MDY1NDkwMDB3aGl0ZWJsYWNrLWFydHlhcGUwMS5odG1s\",\"product\":\"513\",\"selected_configurable_option\":\"\",\"related_product\":\"\",\"super_attribute\":{\"135\":\"6\"},\"qty\":1},\"attributes_info\":[{\"label\":\" size\",\"value\":\"m\",\"option_id\":135,\"option_value\":\"6\"}],\"simple_name\":\"ARTY APE 01 - m\",\"simple_sku\":\"AWTS1780654 9000 WHITE-BLACK - m\",\"product_calculations\":1,\"shipment_type\":0}',1.0000,0,'AWTS1780654 9000 WHITE-BLACK - m','ARTY APE 01',NULL,NULL,NULL,0,0,NULL,1.0000,0.0000,1.0000,0.0000,0.0000,NULL,89.0000,89.0000,89.0000,89.0000,0.0000,0.0000,0.0000,0.0000,0.0000,0.0000,0.0000,0.0000,0.0000,0.0000,0.0000,0.0000,89.0000,89.0000,0.0000,0.0000,1.0000,NULL,NULL,NULL,NULL,NULL,89.0000,89.0000,89.0000,89.0000,0.0000,0.0000,NULL,NULL,NULL,NULL,0.0000,0.0000,NULL,NULL,NULL,NULL,0,NULL,NULL,NULL,NULL,NULL,NULL,NULL,NULL,NULL,NULL,NULL),(16,6,15,74,1,'2018-03-15 17:37:24','2018-03-17 10:03:10',359,'simple','{\"info_buyRequest\":{\"uenc\":\"aHR0cDovL3Nob3Auc2FpbnQtYXBlLmNvbS9hd3RzMTc4MDY1NDkwMDB3aGl0ZWJsYWNrLWFydHlhcGUwMS5odG1s\",\"product\":\"513\",\"selected_configurable_option\":\"\",\"related_product\":\"\",\"super_attribute\":{\"135\":\"6\"},\"qty\":1}}',1.0000,0,'AWTS1780654 9000 WHITE-BLACK - m','ARTY APE 01 - m',NULL,NULL,NULL,0,0,NULL,0.0000,0.0000,1.0000,0.0000,0.0000,NULL,0.0000,0.0000,0.0000,NULL,0.0000,0.0000,0.0000,0.0000,0.0000,0.0000,0.0000,0.0000,0.0000,0.0000,0.0000,0.0000,0.0000,0.0000,0.0000,0.0000,0.0000,NULL,NULL,NULL,NULL,NULL,NULL,NULL,NULL,NULL,NULL,NULL,NULL,NULL,NULL,NULL,0.0000,0.0000,NULL,NULL,NULL,NULL,0,NULL,NULL,NULL,NULL,NULL,NULL,NULL,NULL,NULL,NULL,NULL),(17,7,NULL,193,1,'2018-04-09 11:19:19','2018-04-09 11:19:19',510,'configurable','{\"info_buyRequest\":{\"uenc\":\"aHR0cHM6Ly9zaG9wLnNhaW50LWFwZS5jb20vYXN3MTc4MDgwMDk5MDBibGFjay1zd2VhdHlhcGUwMS5odG1s\",\"product\":\"510\",\"selected_configurable_option\":\"\",\"related_product\":\"\",\"super_attribute\":{\"135\":\"4\"},\"qty\":1},\"attributes_info\":[{\"label\":\" size\",\"value\":\"l\",\"option_id\":135,\"option_value\":\"4\"}],\"simple_name\":\"SWEATY APE 01 - l\",\"simple_sku\":\"ASW1780800 9900 BLACK - l\",\"product_calculations\":1,\"shipment_type\":0}',1.0000,0,'ASW1780800 9900 BLACK - l','SWEATY APE 01',NULL,NULL,NULL,0,0,NULL,0.0000,0.0000,1.0000,0.0000,0.0000,NULL,159.0000,159.0000,159.0000,159.0000,0.0000,0.0000,0.0000,0.0000,0.0000,0.0000,0.0000,0.0000,0.0000,0.0000,0.0000,0.0000,159.0000,159.0000,0.0000,0.0000,1.0000,NULL,NULL,NULL,NULL,NULL,159.0000,159.0000,159.0000,159.0000,0.0000,0.0000,NULL,NULL,NULL,NULL,NULL,NULL,NULL,NULL,NULL,NULL,0,NULL,0,NULL,NULL,NULL,NULL,NULL,NULL,NULL,NULL,NULL),(18,7,17,194,1,'2018-04-09 11:19:19','2018-04-09 11:19:19',347,'simple','{\"info_buyRequest\":{\"uenc\":\"aHR0cHM6Ly9zaG9wLnNhaW50LWFwZS5jb20vYXN3MTc4MDgwMDk5MDBibGFjay1zd2VhdHlhcGUwMS5odG1s\",\"product\":\"510\",\"selected_configurable_option\":\"\",\"related_product\":\"\",\"super_attribute\":{\"135\":\"4\"},\"qty\":1}}',1.0000,0,'ASW1780800 9900 BLACK - l','SWEATY APE 01 - l',NULL,NULL,NULL,0,0,NULL,0.0000,0.0000,1.0000,0.0000,0.0000,NULL,0.0000,0.0000,0.0000,NULL,0.0000,0.0000,0.0000,0.0000,0.0000,0.0000,0.0000,0.0000,0.0000,0.0000,0.0000,0.0000,0.0000,0.0000,0.0000,0.0000,0.0000,NULL,NULL,NULL,NULL,NULL,NULL,NULL,NULL,NULL,NULL,NULL,NULL,NULL,NULL,NULL,NULL,NULL,NULL,NULL,NULL,NULL,0,NULL,NULL,NULL,NULL,NULL,NULL,NULL,NULL,NULL,NULL,NULL);

--
-- Table structure for table `sales_order_status`
--

CREATE TABLE `sales_order_status` (
  `status` varchar(32) NOT NULL COMMENT 'Status',
  `label` varchar(128) NOT NULL COMMENT 'Label',
  PRIMARY KEY (`status`)
) ENGINE=InnoDB DEFAULT CHARSET=utf8 COMMENT='Sales Order Status Table';

--
-- Dumping data for table `sales_order_status`
--

INSERT INTO `sales_order_status` VALUES ('canceled','Canceled'),('closed','Closed'),('complete','Complete'),('fraud','Suspected Fraud'),('holded','On Hold'),('payment_review','Payment Review'),('paypal_canceled_reversal','PayPal Canceled Reversal'),('paypal_reversed','PayPal Reversed'),('pending','Pending'),('pending_payment','Pending Payment'),('pending_paypal','Pending PayPal'),('processing','Processing');

--
-- Table structure for table `sales_order_status_history`
--

CREATE TABLE `sales_order_status_history` (
  `entity_id` int(10) unsigned NOT NULL AUTO_INCREMENT COMMENT 'Entity Id',
  `parent_id` int(10) unsigned NOT NULL COMMENT 'Parent Id',
  `is_customer_notified` int(11) DEFAULT NULL COMMENT 'Is Customer Notified',
  `is_visible_on_front` smallint(5) unsigned NOT NULL DEFAULT '0' COMMENT 'Is Visible On Front',
  `comment` text COMMENT 'Comment',
  `status` varchar(32) DEFAULT NULL COMMENT 'Status',
  `created_at` timestamp NOT NULL DEFAULT CURRENT_TIMESTAMP COMMENT 'Created At',
  `entity_name` varchar(32) DEFAULT NULL COMMENT 'Shows what entity history is bind to.',
  PRIMARY KEY (`entity_id`),
  KEY `SALES_ORDER_STATUS_HISTORY_PARENT_ID` (`parent_id`),
  KEY `SALES_ORDER_STATUS_HISTORY_CREATED_AT` (`created_at`),
  CONSTRAINT `SALES_ORDER_STATUS_HISTORY_PARENT_ID_SALES_ORDER_ENTITY_ID` FOREIGN KEY (`parent_id`) REFERENCES `sales_order` (`entity_id`) ON DELETE CASCADE
) ENGINE=InnoDB AUTO_INCREMENT=4 DEFAULT CHARSET=utf8 COMMENT='Sales Flat Order Status History';

--
-- Dumping data for table `sales_order_status_history`
--

INSERT INTO `sales_order_status_history` VALUES (1,3,1,0,NULL,'pending_payment','2018-03-13 12:36:11','order'),(2,3,0,0,'User redirected to MultiSafepay<br/>Payment link:<br/>https://betalen.rabobank.nl/ideal-betaling/landingpage?random=e9197502e707a79cd494089a0e409ca6a3fcc9d37f9e1f0af3cbcd8b21a348ee&trxid=1150000848758927','pending_payment','2018-03-13 12:36:14','order'),(3,3,NULL,0,'<b>Transaction voided</b><br />','canceled','2018-03-13 13:39:59','order');

--
-- Table structure for table `sales_order_status_label`
--

CREATE TABLE `sales_order_status_label` (
  `status` varchar(32) NOT NULL COMMENT 'Status',
  `store_id` smallint(5) unsigned NOT NULL COMMENT 'Store Id',
  `label` varchar(128) NOT NULL COMMENT 'Label',
  PRIMARY KEY (`status`,`store_id`),
  KEY `SALES_ORDER_STATUS_LABEL_STORE_ID` (`store_id`),
  CONSTRAINT `SALES_ORDER_STATUS_LABEL_STATUS_SALES_ORDER_STATUS_STATUS` FOREIGN KEY (`status`) REFERENCES `sales_order_status` (`status`) ON DELETE CASCADE,
  CONSTRAINT `SALES_ORDER_STATUS_LABEL_STORE_ID_STORE_STORE_ID` FOREIGN KEY (`store_id`) REFERENCES `store` (`store_id`) ON DELETE CASCADE
) ENGINE=InnoDB DEFAULT CHARSET=utf8 COMMENT='Sales Order Status Label Table';

--
-- Dumping data for table `sales_order_status_label`
--


--
-- Table structure for table `sales_order_status_state`
--

CREATE TABLE `sales_order_status_state` (
  `status` varchar(32) NOT NULL COMMENT 'Status',
  `state` varchar(32) NOT NULL COMMENT 'Label',
  `is_default` smallint(5) unsigned NOT NULL DEFAULT '0' COMMENT 'Is Default',
  `visible_on_front` smallint(5) unsigned NOT NULL DEFAULT '0' COMMENT 'Visible on front',
  PRIMARY KEY (`status`,`state`),
  CONSTRAINT `SALES_ORDER_STATUS_STATE_STATUS_SALES_ORDER_STATUS_STATUS` FOREIGN KEY (`status`) REFERENCES `sales_order_status` (`status`) ON DELETE CASCADE
) ENGINE=InnoDB DEFAULT CHARSET=utf8 COMMENT='Sales Order Status Table';

--
-- Dumping data for table `sales_order_status_state`
--

INSERT INTO `sales_order_status_state` VALUES ('canceled','canceled',1,1),('closed','closed',1,1),('complete','complete',1,1),('fraud','payment_review',0,1),('fraud','processing',0,1),('holded','holded',1,1),('payment_review','payment_review',1,1),('pending','new',1,1),('pending_payment','pending_payment',1,0),('processing','processing',1,1);

--
-- Table structure for table `sales_order_tax`
--

CREATE TABLE `sales_order_tax` (
  `tax_id` int(10) unsigned NOT NULL AUTO_INCREMENT COMMENT 'Tax Id',
  `order_id` int(10) unsigned NOT NULL COMMENT 'Order Id',
  `code` varchar(255) DEFAULT NULL COMMENT 'Code',
  `title` varchar(255) DEFAULT NULL COMMENT 'Title',
  `percent` decimal(12,4) DEFAULT NULL COMMENT 'Percent',
  `amount` decimal(12,4) DEFAULT NULL COMMENT 'Amount',
  `priority` int(11) NOT NULL COMMENT 'Priority',
  `position` int(11) NOT NULL COMMENT 'Position',
  `base_amount` decimal(12,4) DEFAULT NULL COMMENT 'Base Amount',
  `process` smallint(6) NOT NULL COMMENT 'Process',
  `base_real_amount` decimal(12,4) DEFAULT NULL COMMENT 'Base Real Amount',
  PRIMARY KEY (`tax_id`),
  KEY `SALES_ORDER_TAX_ORDER_ID_PRIORITY_POSITION` (`order_id`,`priority`,`position`)
) ENGINE=InnoDB DEFAULT CHARSET=utf8 COMMENT='Sales Order Tax Table';

--
-- Dumping data for table `sales_order_tax`
--


--
-- Table structure for table `sales_order_tax_item`
--

CREATE TABLE `sales_order_tax_item` (
  `tax_item_id` int(10) unsigned NOT NULL AUTO_INCREMENT COMMENT 'Tax Item Id',
  `tax_id` int(10) unsigned NOT NULL COMMENT 'Tax Id',
  `item_id` int(10) unsigned DEFAULT NULL COMMENT 'Item Id',
  `tax_percent` decimal(12,4) NOT NULL COMMENT 'Real Tax Percent For Item',
  `amount` decimal(12,4) NOT NULL COMMENT 'Tax amount for the item and tax rate',
  `base_amount` decimal(12,4) NOT NULL COMMENT 'Base tax amount for the item and tax rate',
  `real_amount` decimal(12,4) NOT NULL COMMENT 'Real tax amount for the item and tax rate',
  `real_base_amount` decimal(12,4) NOT NULL COMMENT 'Real base tax amount for the item and tax rate',
  `associated_item_id` int(10) unsigned DEFAULT NULL COMMENT 'Id of the associated item',
  `taxable_item_type` varchar(32) NOT NULL COMMENT 'Type of the taxable item',
  PRIMARY KEY (`tax_item_id`),
  UNIQUE KEY `SALES_ORDER_TAX_ITEM_TAX_ID_ITEM_ID` (`tax_id`,`item_id`),
  KEY `SALES_ORDER_TAX_ITEM_ITEM_ID` (`item_id`),
  KEY `SALES_ORDER_TAX_ITEM_ASSOCIATED_ITEM_ID_SALES_ORDER_ITEM_ITEM_ID` (`associated_item_id`),
  CONSTRAINT `SALES_ORDER_TAX_ITEM_ASSOCIATED_ITEM_ID_SALES_ORDER_ITEM_ITEM_ID` FOREIGN KEY (`associated_item_id`) REFERENCES `sales_order_item` (`item_id`) ON DELETE CASCADE,
  CONSTRAINT `SALES_ORDER_TAX_ITEM_ITEM_ID_SALES_ORDER_ITEM_ITEM_ID` FOREIGN KEY (`item_id`) REFERENCES `sales_order_item` (`item_id`) ON DELETE CASCADE,
  CONSTRAINT `SALES_ORDER_TAX_ITEM_TAX_ID_SALES_ORDER_TAX_TAX_ID` FOREIGN KEY (`tax_id`) REFERENCES `sales_order_tax` (`tax_id`) ON DELETE CASCADE
) ENGINE=InnoDB DEFAULT CHARSET=utf8 COMMENT='Sales Order Tax Item';

--
-- Dumping data for table `sales_order_tax_item`
--


--
-- Table structure for table `sales_payment_transaction`
--

CREATE TABLE `sales_payment_transaction` (
  `transaction_id` int(10) unsigned NOT NULL AUTO_INCREMENT COMMENT 'Transaction Id',
  `parent_id` int(10) unsigned DEFAULT NULL COMMENT 'Parent Id',
  `order_id` int(10) unsigned NOT NULL DEFAULT '0' COMMENT 'Order Id',
  `payment_id` int(10) unsigned NOT NULL DEFAULT '0' COMMENT 'Payment Id',
  `txn_id` varchar(100) DEFAULT NULL COMMENT 'Txn Id',
  `parent_txn_id` varchar(100) DEFAULT NULL COMMENT 'Parent Txn Id',
  `txn_type` varchar(15) DEFAULT NULL COMMENT 'Txn Type',
  `is_closed` smallint(5) unsigned NOT NULL DEFAULT '1' COMMENT 'Is Closed',
  `additional_information` blob COMMENT 'Additional Information',
  `created_at` timestamp NOT NULL DEFAULT CURRENT_TIMESTAMP COMMENT 'Created At',
  PRIMARY KEY (`transaction_id`),
  UNIQUE KEY `SALES_PAYMENT_TRANSACTION_ORDER_ID_PAYMENT_ID_TXN_ID` (`order_id`,`payment_id`,`txn_id`),
  KEY `SALES_PAYMENT_TRANSACTION_PARENT_ID` (`parent_id`),
  KEY `SALES_PAYMENT_TRANSACTION_PAYMENT_ID` (`payment_id`),
  CONSTRAINT `FK_B99FF1A06402D725EBDB0F3A7ECD47A2` FOREIGN KEY (`parent_id`) REFERENCES `sales_payment_transaction` (`transaction_id`) ON DELETE CASCADE,
  CONSTRAINT `SALES_PAYMENT_TRANSACTION_ORDER_ID_SALES_ORDER_ENTITY_ID` FOREIGN KEY (`order_id`) REFERENCES `sales_order` (`entity_id`) ON DELETE CASCADE,
  CONSTRAINT `SALES_PAYMENT_TRANSACTION_PAYMENT_ID_SALES_ORDER_PAYMENT_ENTT_ID` FOREIGN KEY (`payment_id`) REFERENCES `sales_order_payment` (`entity_id`) ON DELETE CASCADE
) ENGINE=InnoDB DEFAULT CHARSET=utf8 COMMENT='Sales Payment Transaction';

--
-- Dumping data for table `sales_payment_transaction`
--


--
-- Table structure for table `sales_refunded_aggregated`
--

CREATE TABLE `sales_refunded_aggregated` (
  `id` int(10) unsigned NOT NULL AUTO_INCREMENT COMMENT 'Id',
  `period` date DEFAULT NULL COMMENT 'Period',
  `store_id` smallint(5) unsigned DEFAULT NULL COMMENT 'Store Id',
  `order_status` varchar(50) NOT NULL COMMENT 'Order Status',
  `orders_count` int(11) NOT NULL DEFAULT '0' COMMENT 'Orders Count',
  `refunded` decimal(12,4) DEFAULT NULL COMMENT 'Refunded',
  `online_refunded` decimal(12,4) DEFAULT NULL COMMENT 'Online Refunded',
  `offline_refunded` decimal(12,4) DEFAULT NULL COMMENT 'Offline Refunded',
  PRIMARY KEY (`id`),
  UNIQUE KEY `SALES_REFUNDED_AGGREGATED_PERIOD_STORE_ID_ORDER_STATUS` (`period`,`store_id`,`order_status`),
  KEY `SALES_REFUNDED_AGGREGATED_STORE_ID` (`store_id`),
  CONSTRAINT `SALES_REFUNDED_AGGREGATED_STORE_ID_STORE_STORE_ID` FOREIGN KEY (`store_id`) REFERENCES `store` (`store_id`) ON DELETE SET NULL
) ENGINE=InnoDB DEFAULT CHARSET=utf8 COMMENT='Sales Refunded Aggregated';

--
-- Dumping data for table `sales_refunded_aggregated`
--


--
-- Table structure for table `sales_refunded_aggregated_order`
--

CREATE TABLE `sales_refunded_aggregated_order` (
  `id` int(10) unsigned NOT NULL AUTO_INCREMENT COMMENT 'Id',
  `period` date DEFAULT NULL COMMENT 'Period',
  `store_id` smallint(5) unsigned DEFAULT NULL COMMENT 'Store Id',
  `order_status` varchar(50) DEFAULT NULL COMMENT 'Order Status',
  `orders_count` int(11) NOT NULL DEFAULT '0' COMMENT 'Orders Count',
  `refunded` decimal(12,4) DEFAULT NULL COMMENT 'Refunded',
  `online_refunded` decimal(12,4) DEFAULT NULL COMMENT 'Online Refunded',
  `offline_refunded` decimal(12,4) DEFAULT NULL COMMENT 'Offline Refunded',
  PRIMARY KEY (`id`),
  UNIQUE KEY `SALES_REFUNDED_AGGREGATED_ORDER_PERIOD_STORE_ID_ORDER_STATUS` (`period`,`store_id`,`order_status`),
  KEY `SALES_REFUNDED_AGGREGATED_ORDER_STORE_ID` (`store_id`),
  CONSTRAINT `SALES_REFUNDED_AGGREGATED_ORDER_STORE_ID_STORE_STORE_ID` FOREIGN KEY (`store_id`) REFERENCES `store` (`store_id`) ON DELETE SET NULL
) ENGINE=InnoDB DEFAULT CHARSET=utf8 COMMENT='Sales Refunded Aggregated Order';

--
-- Dumping data for table `sales_refunded_aggregated_order`
--


--
-- Table structure for table `sales_sequence_meta`
--

CREATE TABLE `sales_sequence_meta` (
  `meta_id` int(10) unsigned NOT NULL AUTO_INCREMENT COMMENT 'Id',
  `entity_type` varchar(32) NOT NULL COMMENT 'Prefix',
  `store_id` smallint(5) unsigned NOT NULL COMMENT 'Store Id',
  `sequence_table` varchar(32) NOT NULL COMMENT 'table for sequence',
  PRIMARY KEY (`meta_id`),
  UNIQUE KEY `SALES_SEQUENCE_META_ENTITY_TYPE_STORE_ID` (`entity_type`,`store_id`)
) ENGINE=InnoDB AUTO_INCREMENT=9 DEFAULT CHARSET=utf8 COMMENT='sales_sequence_meta';

--
-- Dumping data for table `sales_sequence_meta`
--

INSERT INTO `sales_sequence_meta` VALUES (1,'order',0,'sequence_order_0'),(2,'invoice',0,'sequence_invoice_0'),(3,'creditmemo',0,'sequence_creditmemo_0'),(4,'shipment',0,'sequence_shipment_0'),(5,'order',1,'sequence_order_1'),(6,'invoice',1,'sequence_invoice_1'),(7,'creditmemo',1,'sequence_creditmemo_1'),(8,'shipment',1,'sequence_shipment_1');

--
-- Table structure for table `sales_sequence_profile`
--

CREATE TABLE `sales_sequence_profile` (
  `profile_id` int(10) unsigned NOT NULL AUTO_INCREMENT COMMENT 'Id',
  `meta_id` int(10) unsigned NOT NULL COMMENT 'Meta_id',
  `prefix` varchar(32) DEFAULT NULL COMMENT 'Prefix',
  `suffix` varchar(32) DEFAULT NULL COMMENT 'Suffix',
  `start_value` int(10) unsigned NOT NULL DEFAULT '1' COMMENT 'Start value for sequence',
  `step` int(10) unsigned NOT NULL DEFAULT '1' COMMENT 'Step for sequence',
  `max_value` int(10) unsigned NOT NULL COMMENT 'MaxValue for sequence',
  `warning_value` int(10) unsigned NOT NULL COMMENT 'WarningValue for sequence',
  `is_active` tinyint(1) NOT NULL DEFAULT '0' COMMENT 'isActive flag',
  PRIMARY KEY (`profile_id`),
  UNIQUE KEY `SALES_SEQUENCE_PROFILE_META_ID_PREFIX_SUFFIX` (`meta_id`,`prefix`,`suffix`),
  CONSTRAINT `SALES_SEQUENCE_PROFILE_META_ID_SALES_SEQUENCE_META_META_ID` FOREIGN KEY (`meta_id`) REFERENCES `sales_sequence_meta` (`meta_id`) ON DELETE CASCADE
) ENGINE=InnoDB AUTO_INCREMENT=9 DEFAULT CHARSET=utf8 COMMENT='sales_sequence_profile';

--
-- Dumping data for table `sales_sequence_profile`
--

INSERT INTO `sales_sequence_profile` VALUES (1,1,NULL,NULL,1,1,4294967295,4294966295,1),(2,2,NULL,NULL,1,1,4294967295,4294966295,1),(3,3,NULL,NULL,1,1,4294967295,4294966295,1),(4,4,NULL,NULL,1,1,4294967295,4294966295,1),(5,5,NULL,NULL,1,1,4294967295,4294966295,1),(6,6,NULL,NULL,1,1,4294967295,4294966295,1),(7,7,NULL,NULL,1,1,4294967295,4294966295,1),(8,8,NULL,NULL,1,1,4294967295,4294966295,1);

--
-- Table structure for table `sales_shipment`
--

CREATE TABLE `sales_shipment` (
  `entity_id` int(10) unsigned NOT NULL AUTO_INCREMENT COMMENT 'Entity Id',
  `store_id` smallint(5) unsigned DEFAULT NULL COMMENT 'Store Id',
  `total_weight` decimal(12,4) DEFAULT NULL COMMENT 'Total Weight',
  `total_qty` decimal(12,4) DEFAULT NULL COMMENT 'Total Qty',
  `email_sent` smallint(5) unsigned DEFAULT NULL COMMENT 'Email Sent',
  `send_email` smallint(5) unsigned DEFAULT NULL COMMENT 'Send Email',
  `order_id` int(10) unsigned NOT NULL COMMENT 'Order Id',
  `customer_id` int(11) DEFAULT NULL COMMENT 'Customer Id',
  `shipping_address_id` int(11) DEFAULT NULL COMMENT 'Shipping Address Id',
  `billing_address_id` int(11) DEFAULT NULL COMMENT 'Billing Address Id',
  `shipment_status` int(11) DEFAULT NULL COMMENT 'Shipment Status',
  `increment_id` varchar(50) DEFAULT NULL COMMENT 'Increment Id',
  `created_at` timestamp NOT NULL DEFAULT CURRENT_TIMESTAMP COMMENT 'Created At',
  `updated_at` timestamp NOT NULL DEFAULT CURRENT_TIMESTAMP ON UPDATE CURRENT_TIMESTAMP COMMENT 'Updated At',
  `packages` text COMMENT 'Packed Products in Packages',
  `shipping_label` mediumblob COMMENT 'Shipping Label Content',
  `customer_note` text COMMENT 'Customer Note',
  `customer_note_notify` smallint(5) unsigned DEFAULT NULL COMMENT 'Customer Note Notify',
  PRIMARY KEY (`entity_id`),
  UNIQUE KEY `SALES_SHIPMENT_INCREMENT_ID_STORE_ID` (`increment_id`,`store_id`),
  KEY `SALES_SHIPMENT_STORE_ID` (`store_id`),
  KEY `SALES_SHIPMENT_TOTAL_QTY` (`total_qty`),
  KEY `SALES_SHIPMENT_ORDER_ID` (`order_id`),
  KEY `SALES_SHIPMENT_CREATED_AT` (`created_at`),
  KEY `SALES_SHIPMENT_UPDATED_AT` (`updated_at`),
  KEY `SALES_SHIPMENT_SEND_EMAIL` (`send_email`),
  KEY `SALES_SHIPMENT_EMAIL_SENT` (`email_sent`),
  CONSTRAINT `SALES_SHIPMENT_ORDER_ID_SALES_ORDER_ENTITY_ID` FOREIGN KEY (`order_id`) REFERENCES `sales_order` (`entity_id`) ON DELETE CASCADE,
  CONSTRAINT `SALES_SHIPMENT_STORE_ID_STORE_STORE_ID` FOREIGN KEY (`store_id`) REFERENCES `store` (`store_id`) ON DELETE SET NULL
) ENGINE=InnoDB DEFAULT CHARSET=utf8 COMMENT='Sales Flat Shipment';

--
-- Dumping data for table `sales_shipment`
--


--
-- Table structure for table `sales_shipment_comment`
--

CREATE TABLE `sales_shipment_comment` (
  `entity_id` int(10) unsigned NOT NULL AUTO_INCREMENT COMMENT 'Entity Id',
  `parent_id` int(10) unsigned NOT NULL COMMENT 'Parent Id',
  `is_customer_notified` int(11) DEFAULT NULL COMMENT 'Is Customer Notified',
  `is_visible_on_front` smallint(5) unsigned NOT NULL DEFAULT '0' COMMENT 'Is Visible On Front',
  `comment` text COMMENT 'Comment',
  `created_at` timestamp NOT NULL DEFAULT CURRENT_TIMESTAMP COMMENT 'Created At',
  PRIMARY KEY (`entity_id`),
  KEY `SALES_SHIPMENT_COMMENT_CREATED_AT` (`created_at`),
  KEY `SALES_SHIPMENT_COMMENT_PARENT_ID` (`parent_id`),
  CONSTRAINT `SALES_SHIPMENT_COMMENT_PARENT_ID_SALES_SHIPMENT_ENTITY_ID` FOREIGN KEY (`parent_id`) REFERENCES `sales_shipment` (`entity_id`) ON DELETE CASCADE
) ENGINE=InnoDB DEFAULT CHARSET=utf8 COMMENT='Sales Flat Shipment Comment';

--
-- Dumping data for table `sales_shipment_comment`
--


--
-- Table structure for table `sales_shipment_grid`
--

CREATE TABLE `sales_shipment_grid` (
  `entity_id` int(10) unsigned NOT NULL COMMENT 'Entity Id',
  `increment_id` varchar(50) DEFAULT NULL COMMENT 'Increment Id',
  `store_id` smallint(5) unsigned DEFAULT NULL COMMENT 'Store Id',
  `order_increment_id` varchar(32) NOT NULL COMMENT 'Order Increment Id',
  `order_id` int(10) unsigned NOT NULL COMMENT 'Order Id',
  `order_created_at` timestamp NOT NULL DEFAULT CURRENT_TIMESTAMP ON UPDATE CURRENT_TIMESTAMP COMMENT 'Order Increment Id',
  `customer_name` varchar(128) NOT NULL COMMENT 'Customer Name',
  `total_qty` decimal(12,4) DEFAULT NULL COMMENT 'Total Qty',
  `shipment_status` int(11) DEFAULT NULL COMMENT 'Shipment Status',
  `order_status` varchar(32) DEFAULT NULL COMMENT 'Order',
  `billing_address` varchar(255) DEFAULT NULL COMMENT 'Billing Address',
  `shipping_address` varchar(255) DEFAULT NULL COMMENT 'Shipping Address',
  `billing_name` varchar(128) DEFAULT NULL COMMENT 'Billing Name',
  `shipping_name` varchar(128) DEFAULT NULL COMMENT 'Shipping Name',
  `customer_email` varchar(128) DEFAULT NULL COMMENT 'Customer Email',
  `customer_group_id` int(11) DEFAULT NULL,
  `payment_method` varchar(32) DEFAULT NULL COMMENT 'Payment Method',
  `shipping_information` varchar(255) DEFAULT NULL COMMENT 'Shipping Method Name',
  `created_at` timestamp NULL DEFAULT NULL COMMENT 'Created At',
  `updated_at` timestamp NULL DEFAULT NULL COMMENT 'Updated At',
  PRIMARY KEY (`entity_id`),
  UNIQUE KEY `SALES_SHIPMENT_GRID_INCREMENT_ID_STORE_ID` (`increment_id`,`store_id`),
  KEY `SALES_SHIPMENT_GRID_STORE_ID` (`store_id`),
  KEY `SALES_SHIPMENT_GRID_TOTAL_QTY` (`total_qty`),
  KEY `SALES_SHIPMENT_GRID_ORDER_INCREMENT_ID` (`order_increment_id`),
  KEY `SALES_SHIPMENT_GRID_SHIPMENT_STATUS` (`shipment_status`),
  KEY `SALES_SHIPMENT_GRID_ORDER_STATUS` (`order_status`),
  KEY `SALES_SHIPMENT_GRID_CREATED_AT` (`created_at`),
  KEY `SALES_SHIPMENT_GRID_UPDATED_AT` (`updated_at`),
  KEY `SALES_SHIPMENT_GRID_ORDER_CREATED_AT` (`order_created_at`),
  KEY `SALES_SHIPMENT_GRID_SHIPPING_NAME` (`shipping_name`),
  KEY `SALES_SHIPMENT_GRID_BILLING_NAME` (`billing_name`),
  FULLTEXT KEY `FTI_086B40C8955F167B8EA76653437879B4` (`increment_id`,`order_increment_id`,`shipping_name`,`customer_name`,`customer_email`,`billing_address`,`shipping_address`)
) ENGINE=InnoDB DEFAULT CHARSET=utf8 COMMENT='Sales Flat Shipment Grid';

--
-- Dumping data for table `sales_shipment_grid`
--


--
-- Table structure for table `sales_shipment_item`
--

CREATE TABLE `sales_shipment_item` (
  `entity_id` int(10) unsigned NOT NULL AUTO_INCREMENT COMMENT 'Entity Id',
  `parent_id` int(10) unsigned NOT NULL COMMENT 'Parent Id',
  `row_total` decimal(12,4) DEFAULT NULL COMMENT 'Row Total',
  `price` decimal(12,4) DEFAULT NULL COMMENT 'Price',
  `weight` decimal(12,4) DEFAULT NULL COMMENT 'Weight',
  `qty` decimal(12,4) DEFAULT NULL COMMENT 'Qty',
  `product_id` int(11) DEFAULT NULL COMMENT 'Product Id',
  `order_item_id` int(11) DEFAULT NULL COMMENT 'Order Item Id',
  `additional_data` text COMMENT 'Additional Data',
  `description` text COMMENT 'Description',
  `name` varchar(255) DEFAULT NULL COMMENT 'Name',
  `sku` varchar(255) DEFAULT NULL COMMENT 'Sku',
  PRIMARY KEY (`entity_id`),
  KEY `SALES_SHIPMENT_ITEM_PARENT_ID` (`parent_id`),
  CONSTRAINT `SALES_SHIPMENT_ITEM_PARENT_ID_SALES_SHIPMENT_ENTITY_ID` FOREIGN KEY (`parent_id`) REFERENCES `sales_shipment` (`entity_id`) ON DELETE CASCADE
) ENGINE=InnoDB DEFAULT CHARSET=utf8 COMMENT='Sales Flat Shipment Item';

--
-- Dumping data for table `sales_shipment_item`
--


--
-- Table structure for table `sales_shipment_track`
--

CREATE TABLE `sales_shipment_track` (
  `entity_id` int(10) unsigned NOT NULL AUTO_INCREMENT COMMENT 'Entity Id',
  `parent_id` int(10) unsigned NOT NULL COMMENT 'Parent Id',
  `weight` decimal(12,4) DEFAULT NULL COMMENT 'Weight',
  `qty` decimal(12,4) DEFAULT NULL COMMENT 'Qty',
  `order_id` int(10) unsigned NOT NULL COMMENT 'Order Id',
  `track_number` text COMMENT 'Number',
  `description` text COMMENT 'Description',
  `title` varchar(255) DEFAULT NULL COMMENT 'Title',
  `carrier_code` varchar(32) DEFAULT NULL COMMENT 'Carrier Code',
  `created_at` timestamp NOT NULL DEFAULT CURRENT_TIMESTAMP COMMENT 'Created At',
  `updated_at` timestamp NOT NULL DEFAULT CURRENT_TIMESTAMP ON UPDATE CURRENT_TIMESTAMP COMMENT 'Updated At',
  PRIMARY KEY (`entity_id`),
  KEY `SALES_SHIPMENT_TRACK_PARENT_ID` (`parent_id`),
  KEY `SALES_SHIPMENT_TRACK_ORDER_ID` (`order_id`),
  KEY `SALES_SHIPMENT_TRACK_CREATED_AT` (`created_at`),
  CONSTRAINT `SALES_SHIPMENT_TRACK_PARENT_ID_SALES_SHIPMENT_ENTITY_ID` FOREIGN KEY (`parent_id`) REFERENCES `sales_shipment` (`entity_id`) ON DELETE CASCADE
) ENGINE=InnoDB DEFAULT CHARSET=utf8 COMMENT='Sales Flat Shipment Track';

--
-- Dumping data for table `sales_shipment_track`
--


--
-- Table structure for table `sales_shipping_aggregated`
--

CREATE TABLE `sales_shipping_aggregated` (
  `id` int(10) unsigned NOT NULL AUTO_INCREMENT COMMENT 'Id',
  `period` date DEFAULT NULL COMMENT 'Period',
  `store_id` smallint(5) unsigned DEFAULT NULL COMMENT 'Store Id',
  `order_status` varchar(50) DEFAULT NULL COMMENT 'Order Status',
  `shipping_description` varchar(255) DEFAULT NULL COMMENT 'Shipping Description',
  `orders_count` int(11) NOT NULL DEFAULT '0' COMMENT 'Orders Count',
  `total_shipping` decimal(12,4) DEFAULT NULL COMMENT 'Total Shipping',
  `total_shipping_actual` decimal(12,4) DEFAULT NULL COMMENT 'Total Shipping Actual',
  PRIMARY KEY (`id`),
  UNIQUE KEY `SALES_SHPP_AGGRED_PERIOD_STORE_ID_ORDER_STS_SHPP_DESCRIPTION` (`period`,`store_id`,`order_status`,`shipping_description`),
  KEY `SALES_SHIPPING_AGGREGATED_STORE_ID` (`store_id`),
  CONSTRAINT `SALES_SHIPPING_AGGREGATED_STORE_ID_STORE_STORE_ID` FOREIGN KEY (`store_id`) REFERENCES `store` (`store_id`) ON DELETE SET NULL
) ENGINE=InnoDB DEFAULT CHARSET=utf8 COMMENT='Sales Shipping Aggregated';

--
-- Dumping data for table `sales_shipping_aggregated`
--


--
-- Table structure for table `sales_shipping_aggregated_order`
--

CREATE TABLE `sales_shipping_aggregated_order` (
  `id` int(10) unsigned NOT NULL AUTO_INCREMENT COMMENT 'Id',
  `period` date DEFAULT NULL COMMENT 'Period',
  `store_id` smallint(5) unsigned DEFAULT NULL COMMENT 'Store Id',
  `order_status` varchar(50) DEFAULT NULL COMMENT 'Order Status',
  `shipping_description` varchar(255) DEFAULT NULL COMMENT 'Shipping Description',
  `orders_count` int(11) NOT NULL DEFAULT '0' COMMENT 'Orders Count',
  `total_shipping` decimal(12,4) DEFAULT NULL COMMENT 'Total Shipping',
  `total_shipping_actual` decimal(12,4) DEFAULT NULL COMMENT 'Total Shipping Actual',
  PRIMARY KEY (`id`),
  UNIQUE KEY `UNQ_C05FAE47282EEA68654D0924E946761F` (`period`,`store_id`,`order_status`,`shipping_description`),
  KEY `SALES_SHIPPING_AGGREGATED_ORDER_STORE_ID` (`store_id`),
  CONSTRAINT `SALES_SHIPPING_AGGREGATED_ORDER_STORE_ID_STORE_STORE_ID` FOREIGN KEY (`store_id`) REFERENCES `store` (`store_id`) ON DELETE SET NULL
) ENGINE=InnoDB AUTO_INCREMENT=18 DEFAULT CHARSET=utf8 COMMENT='Sales Shipping Aggregated Order';

--
-- Dumping data for table `sales_shipping_aggregated_order`
--

INSERT INTO `sales_shipping_aggregated_order` VALUES (13,'2018-03-13',1,'canceled','Flat Rate - Fixed',4,0.0000,NULL),(14,'2018-03-15',1,'canceled','Flat Rate - Fixed',2,0.0000,NULL),(16,'2018-03-13',0,'canceled','Flat Rate - Fixed',4,0.0000,NULL),(17,'2018-03-15',0,'canceled','Flat Rate - Fixed',2,0.0000,NULL);

--
-- Table structure for table `salesrule`
--

CREATE TABLE `salesrule` (
  `rule_id` int(10) unsigned NOT NULL AUTO_INCREMENT COMMENT 'Rule Id',
  `name` varchar(255) DEFAULT NULL COMMENT 'Name',
  `description` text COMMENT 'Description',
  `from_date` date DEFAULT NULL COMMENT 'From',
  `to_date` date DEFAULT NULL COMMENT 'To',
  `uses_per_customer` int(11) NOT NULL DEFAULT '0' COMMENT 'Uses Per Customer',
  `is_active` smallint(6) NOT NULL DEFAULT '0' COMMENT 'Is Active',
  `conditions_serialized` mediumtext COMMENT 'Conditions Serialized',
  `actions_serialized` mediumtext COMMENT 'Actions Serialized',
  `stop_rules_processing` smallint(6) NOT NULL DEFAULT '1' COMMENT 'Stop Rules Processing',
  `is_advanced` smallint(5) unsigned NOT NULL DEFAULT '1' COMMENT 'Is Advanced',
  `product_ids` text COMMENT 'Product Ids',
  `sort_order` int(10) unsigned NOT NULL DEFAULT '0' COMMENT 'Sort Order',
  `simple_action` varchar(32) DEFAULT NULL COMMENT 'Simple Action',
  `discount_amount` decimal(12,4) NOT NULL DEFAULT '0.0000' COMMENT 'Discount Amount',
  `discount_qty` decimal(12,4) DEFAULT NULL COMMENT 'Discount Qty',
  `discount_step` int(10) unsigned NOT NULL DEFAULT '0' COMMENT 'Discount Step',
  `apply_to_shipping` smallint(5) unsigned NOT NULL DEFAULT '0' COMMENT 'Apply To Shipping',
  `times_used` int(10) unsigned NOT NULL DEFAULT '0' COMMENT 'Times Used',
  `is_rss` smallint(6) NOT NULL DEFAULT '0' COMMENT 'Is Rss',
  `coupon_type` smallint(5) unsigned NOT NULL DEFAULT '1' COMMENT 'Coupon Type',
  `use_auto_generation` smallint(6) NOT NULL DEFAULT '0' COMMENT 'Use Auto Generation',
  `uses_per_coupon` int(11) NOT NULL DEFAULT '0' COMMENT 'User Per Coupon',
  `simple_free_shipping` smallint(5) unsigned NOT NULL DEFAULT '0' COMMENT 'Simple Free Shipping',
  PRIMARY KEY (`rule_id`),
  KEY `SALESRULE_IS_ACTIVE_SORT_ORDER_TO_DATE_FROM_DATE` (`is_active`,`sort_order`,`to_date`,`from_date`)
) ENGINE=InnoDB DEFAULT CHARSET=utf8 COMMENT='Salesrule';

--
-- Dumping data for table `salesrule`
--


--
-- Table structure for table `salesrule_coupon`
--

CREATE TABLE `salesrule_coupon` (
  `coupon_id` int(10) unsigned NOT NULL AUTO_INCREMENT COMMENT 'Coupon Id',
  `rule_id` int(10) unsigned NOT NULL COMMENT 'Rule Id',
  `code` varchar(255) DEFAULT NULL COMMENT 'Code',
  `usage_limit` int(10) unsigned DEFAULT NULL COMMENT 'Usage Limit',
  `usage_per_customer` int(10) unsigned DEFAULT NULL COMMENT 'Usage Per Customer',
  `times_used` int(10) unsigned NOT NULL DEFAULT '0' COMMENT 'Times Used',
  `expiration_date` timestamp NULL DEFAULT NULL COMMENT 'Expiration Date',
  `is_primary` smallint(5) unsigned DEFAULT NULL COMMENT 'Is Primary',
  `created_at` timestamp NULL DEFAULT NULL COMMENT 'Coupon Code Creation Date',
  `type` smallint(6) DEFAULT '0' COMMENT 'Coupon Code Type',
  `generated_by_dotmailer` smallint(6) DEFAULT NULL COMMENT '1 = Generated by dotmailer',
  PRIMARY KEY (`coupon_id`),
  UNIQUE KEY `SALESRULE_COUPON_CODE` (`code`),
  UNIQUE KEY `SALESRULE_COUPON_RULE_ID_IS_PRIMARY` (`rule_id`,`is_primary`),
  KEY `SALESRULE_COUPON_RULE_ID` (`rule_id`),
  CONSTRAINT `SALESRULE_COUPON_RULE_ID_SALESRULE_RULE_ID` FOREIGN KEY (`rule_id`) REFERENCES `salesrule` (`rule_id`) ON DELETE CASCADE
) ENGINE=InnoDB DEFAULT CHARSET=utf8 COMMENT='Salesrule Coupon';

--
-- Dumping data for table `salesrule_coupon`
--


--
-- Table structure for table `salesrule_coupon_aggregated`
--

CREATE TABLE `salesrule_coupon_aggregated` (
  `id` int(10) unsigned NOT NULL AUTO_INCREMENT COMMENT 'Id',
  `period` date NOT NULL COMMENT 'Period',
  `store_id` smallint(5) unsigned DEFAULT NULL COMMENT 'Store Id',
  `order_status` varchar(50) DEFAULT NULL COMMENT 'Order Status',
  `coupon_code` varchar(50) DEFAULT NULL COMMENT 'Coupon Code',
  `coupon_uses` int(11) NOT NULL DEFAULT '0' COMMENT 'Coupon Uses',
  `subtotal_amount` decimal(12,4) NOT NULL DEFAULT '0.0000' COMMENT 'Subtotal Amount',
  `discount_amount` decimal(12,4) NOT NULL DEFAULT '0.0000' COMMENT 'Discount Amount',
  `total_amount` decimal(12,4) NOT NULL DEFAULT '0.0000' COMMENT 'Total Amount',
  `subtotal_amount_actual` decimal(12,4) NOT NULL DEFAULT '0.0000' COMMENT 'Subtotal Amount Actual',
  `discount_amount_actual` decimal(12,4) NOT NULL DEFAULT '0.0000' COMMENT 'Discount Amount Actual',
  `total_amount_actual` decimal(12,4) NOT NULL DEFAULT '0.0000' COMMENT 'Total Amount Actual',
  `rule_name` varchar(255) DEFAULT NULL COMMENT 'Rule Name',
  PRIMARY KEY (`id`),
  UNIQUE KEY `SALESRULE_COUPON_AGGRED_PERIOD_STORE_ID_ORDER_STS_COUPON_CODE` (`period`,`store_id`,`order_status`,`coupon_code`),
  KEY `SALESRULE_COUPON_AGGREGATED_STORE_ID` (`store_id`),
  KEY `SALESRULE_COUPON_AGGREGATED_RULE_NAME` (`rule_name`),
  CONSTRAINT `SALESRULE_COUPON_AGGREGATED_STORE_ID_STORE_STORE_ID` FOREIGN KEY (`store_id`) REFERENCES `store` (`store_id`) ON DELETE CASCADE
) ENGINE=InnoDB DEFAULT CHARSET=utf8 COMMENT='Coupon Aggregated';

--
-- Dumping data for table `salesrule_coupon_aggregated`
--


--
-- Table structure for table `salesrule_coupon_aggregated_order`
--

CREATE TABLE `salesrule_coupon_aggregated_order` (
  `id` int(10) unsigned NOT NULL AUTO_INCREMENT COMMENT 'Id',
  `period` date NOT NULL COMMENT 'Period',
  `store_id` smallint(5) unsigned DEFAULT NULL COMMENT 'Store Id',
  `order_status` varchar(50) DEFAULT NULL COMMENT 'Order Status',
  `coupon_code` varchar(50) DEFAULT NULL COMMENT 'Coupon Code',
  `coupon_uses` int(11) NOT NULL DEFAULT '0' COMMENT 'Coupon Uses',
  `subtotal_amount` decimal(12,4) NOT NULL DEFAULT '0.0000' COMMENT 'Subtotal Amount',
  `discount_amount` decimal(12,4) NOT NULL DEFAULT '0.0000' COMMENT 'Discount Amount',
  `total_amount` decimal(12,4) NOT NULL DEFAULT '0.0000' COMMENT 'Total Amount',
  `rule_name` varchar(255) DEFAULT NULL COMMENT 'Rule Name',
  PRIMARY KEY (`id`),
  UNIQUE KEY `UNQ_1094D1FBBCBB11704A29DEF3ACC37D2B` (`period`,`store_id`,`order_status`,`coupon_code`),
  KEY `SALESRULE_COUPON_AGGREGATED_ORDER_STORE_ID` (`store_id`),
  KEY `SALESRULE_COUPON_AGGREGATED_ORDER_RULE_NAME` (`rule_name`),
  CONSTRAINT `SALESRULE_COUPON_AGGREGATED_ORDER_STORE_ID_STORE_STORE_ID` FOREIGN KEY (`store_id`) REFERENCES `store` (`store_id`) ON DELETE CASCADE
) ENGINE=InnoDB DEFAULT CHARSET=utf8 COMMENT='Coupon Aggregated Order';

--
-- Dumping data for table `salesrule_coupon_aggregated_order`
--


--
-- Table structure for table `salesrule_coupon_aggregated_updated`
--

CREATE TABLE `salesrule_coupon_aggregated_updated` (
  `id` int(10) unsigned NOT NULL AUTO_INCREMENT COMMENT 'Id',
  `period` date NOT NULL COMMENT 'Period',
  `store_id` smallint(5) unsigned DEFAULT NULL COMMENT 'Store Id',
  `order_status` varchar(50) DEFAULT NULL COMMENT 'Order Status',
  `coupon_code` varchar(50) DEFAULT NULL COMMENT 'Coupon Code',
  `coupon_uses` int(11) NOT NULL DEFAULT '0' COMMENT 'Coupon Uses',
  `subtotal_amount` decimal(12,4) NOT NULL DEFAULT '0.0000' COMMENT 'Subtotal Amount',
  `discount_amount` decimal(12,4) NOT NULL DEFAULT '0.0000' COMMENT 'Discount Amount',
  `total_amount` decimal(12,4) NOT NULL DEFAULT '0.0000' COMMENT 'Total Amount',
  `subtotal_amount_actual` decimal(12,4) NOT NULL DEFAULT '0.0000' COMMENT 'Subtotal Amount Actual',
  `discount_amount_actual` decimal(12,4) NOT NULL DEFAULT '0.0000' COMMENT 'Discount Amount Actual',
  `total_amount_actual` decimal(12,4) NOT NULL DEFAULT '0.0000' COMMENT 'Total Amount Actual',
  `rule_name` varchar(255) DEFAULT NULL COMMENT 'Rule Name',
  PRIMARY KEY (`id`),
  UNIQUE KEY `UNQ_7196FA120A4F0F84E1B66605E87E213E` (`period`,`store_id`,`order_status`,`coupon_code`),
  KEY `SALESRULE_COUPON_AGGREGATED_UPDATED_STORE_ID` (`store_id`),
  KEY `SALESRULE_COUPON_AGGREGATED_UPDATED_RULE_NAME` (`rule_name`),
  CONSTRAINT `SALESRULE_COUPON_AGGREGATED_UPDATED_STORE_ID_STORE_STORE_ID` FOREIGN KEY (`store_id`) REFERENCES `store` (`store_id`) ON DELETE CASCADE
) ENGINE=InnoDB DEFAULT CHARSET=utf8 COMMENT='Salesrule Coupon Aggregated Updated';

--
-- Dumping data for table `salesrule_coupon_aggregated_updated`
--


--
-- Table structure for table `salesrule_coupon_usage`
--

CREATE TABLE `salesrule_coupon_usage` (
  `coupon_id` int(10) unsigned NOT NULL COMMENT 'Coupon Id',
  `customer_id` int(10) unsigned NOT NULL COMMENT 'Customer Id',
  `times_used` int(10) unsigned NOT NULL DEFAULT '0' COMMENT 'Times Used',
  PRIMARY KEY (`coupon_id`,`customer_id`),
  KEY `SALESRULE_COUPON_USAGE_CUSTOMER_ID` (`customer_id`),
  CONSTRAINT `SALESRULE_COUPON_USAGE_COUPON_ID_SALESRULE_COUPON_COUPON_ID` FOREIGN KEY (`coupon_id`) REFERENCES `salesrule_coupon` (`coupon_id`) ON DELETE CASCADE,
  CONSTRAINT `SALESRULE_COUPON_USAGE_CUSTOMER_ID_CUSTOMER_ENTITY_ENTITY_ID` FOREIGN KEY (`customer_id`) REFERENCES `customer_entity` (`entity_id`) ON DELETE CASCADE
) ENGINE=InnoDB DEFAULT CHARSET=utf8 COMMENT='Salesrule Coupon Usage';

--
-- Dumping data for table `salesrule_coupon_usage`
--


--
-- Table structure for table `salesrule_customer`
--

CREATE TABLE `salesrule_customer` (
  `rule_customer_id` int(10) unsigned NOT NULL AUTO_INCREMENT COMMENT 'Rule Customer Id',
  `rule_id` int(10) unsigned NOT NULL DEFAULT '0' COMMENT 'Rule Id',
  `customer_id` int(10) unsigned NOT NULL DEFAULT '0' COMMENT 'Customer Id',
  `times_used` smallint(5) unsigned NOT NULL DEFAULT '0' COMMENT 'Times Used',
  PRIMARY KEY (`rule_customer_id`),
  KEY `SALESRULE_CUSTOMER_RULE_ID_CUSTOMER_ID` (`rule_id`,`customer_id`),
  KEY `SALESRULE_CUSTOMER_CUSTOMER_ID_RULE_ID` (`customer_id`,`rule_id`),
  CONSTRAINT `SALESRULE_CUSTOMER_CUSTOMER_ID_CUSTOMER_ENTITY_ENTITY_ID` FOREIGN KEY (`customer_id`) REFERENCES `customer_entity` (`entity_id`) ON DELETE CASCADE,
  CONSTRAINT `SALESRULE_CUSTOMER_RULE_ID_SALESRULE_RULE_ID` FOREIGN KEY (`rule_id`) REFERENCES `salesrule` (`rule_id`) ON DELETE CASCADE
) ENGINE=InnoDB DEFAULT CHARSET=utf8 COMMENT='Salesrule Customer';

--
-- Dumping data for table `salesrule_customer`
--


--
-- Table structure for table `salesrule_customer_group`
--

CREATE TABLE `salesrule_customer_group` (
  `rule_id` int(10) unsigned NOT NULL COMMENT 'Rule Id',
  `customer_group_id` int(10) unsigned NOT NULL COMMENT 'Customer Group Id',
  PRIMARY KEY (`rule_id`,`customer_group_id`),
  KEY `SALESRULE_CUSTOMER_GROUP_CUSTOMER_GROUP_ID` (`customer_group_id`),
  CONSTRAINT `SALESRULE_CSTR_GROUP_CSTR_GROUP_ID_CSTR_GROUP_CSTR_GROUP_ID` FOREIGN KEY (`customer_group_id`) REFERENCES `customer_group` (`customer_group_id`) ON DELETE CASCADE,
  CONSTRAINT `SALESRULE_CUSTOMER_GROUP_RULE_ID_SALESRULE_RULE_ID` FOREIGN KEY (`rule_id`) REFERENCES `salesrule` (`rule_id`) ON DELETE CASCADE
) ENGINE=InnoDB DEFAULT CHARSET=utf8 COMMENT='Sales Rules To Customer Groups Relations';

--
-- Dumping data for table `salesrule_customer_group`
--


--
-- Table structure for table `salesrule_label`
--

CREATE TABLE `salesrule_label` (
  `label_id` int(10) unsigned NOT NULL AUTO_INCREMENT COMMENT 'Label Id',
  `rule_id` int(10) unsigned NOT NULL COMMENT 'Rule Id',
  `store_id` smallint(5) unsigned NOT NULL COMMENT 'Store Id',
  `label` varchar(255) DEFAULT NULL COMMENT 'Label',
  PRIMARY KEY (`label_id`),
  UNIQUE KEY `SALESRULE_LABEL_RULE_ID_STORE_ID` (`rule_id`,`store_id`),
  KEY `SALESRULE_LABEL_STORE_ID` (`store_id`),
  CONSTRAINT `SALESRULE_LABEL_RULE_ID_SALESRULE_RULE_ID` FOREIGN KEY (`rule_id`) REFERENCES `salesrule` (`rule_id`) ON DELETE CASCADE,
  CONSTRAINT `SALESRULE_LABEL_STORE_ID_STORE_STORE_ID` FOREIGN KEY (`store_id`) REFERENCES `store` (`store_id`) ON DELETE CASCADE
) ENGINE=InnoDB DEFAULT CHARSET=utf8 COMMENT='Salesrule Label';

--
-- Dumping data for table `salesrule_label`
--


--
-- Table structure for table `salesrule_product_attribute`
--

CREATE TABLE `salesrule_product_attribute` (
  `rule_id` int(10) unsigned NOT NULL COMMENT 'Rule Id',
  `website_id` smallint(5) unsigned NOT NULL COMMENT 'Website Id',
  `customer_group_id` int(10) unsigned NOT NULL COMMENT 'Customer Group Id',
  `attribute_id` smallint(5) unsigned NOT NULL COMMENT 'Attribute Id',
  PRIMARY KEY (`rule_id`,`website_id`,`customer_group_id`,`attribute_id`),
  KEY `SALESRULE_PRODUCT_ATTRIBUTE_WEBSITE_ID` (`website_id`),
  KEY `SALESRULE_PRODUCT_ATTRIBUTE_CUSTOMER_GROUP_ID` (`customer_group_id`),
  KEY `SALESRULE_PRODUCT_ATTRIBUTE_ATTRIBUTE_ID` (`attribute_id`),
  CONSTRAINT `SALESRULE_PRD_ATTR_ATTR_ID_EAV_ATTR_ATTR_ID` FOREIGN KEY (`attribute_id`) REFERENCES `eav_attribute` (`attribute_id`) ON DELETE CASCADE,
  CONSTRAINT `SALESRULE_PRD_ATTR_CSTR_GROUP_ID_CSTR_GROUP_CSTR_GROUP_ID` FOREIGN KEY (`customer_group_id`) REFERENCES `customer_group` (`customer_group_id`) ON DELETE CASCADE,
  CONSTRAINT `SALESRULE_PRODUCT_ATTRIBUTE_RULE_ID_SALESRULE_RULE_ID` FOREIGN KEY (`rule_id`) REFERENCES `salesrule` (`rule_id`) ON DELETE CASCADE,
  CONSTRAINT `SALESRULE_PRODUCT_ATTRIBUTE_WEBSITE_ID_STORE_WEBSITE_WEBSITE_ID` FOREIGN KEY (`website_id`) REFERENCES `store_website` (`website_id`) ON DELETE CASCADE
) ENGINE=InnoDB DEFAULT CHARSET=utf8 COMMENT='Salesrule Product Attribute';

--
-- Dumping data for table `salesrule_product_attribute`
--


--
-- Table structure for table `salesrule_website`
--

CREATE TABLE `salesrule_website` (
  `rule_id` int(10) unsigned NOT NULL COMMENT 'Rule Id',
  `website_id` smallint(5) unsigned NOT NULL COMMENT 'Website Id',
  PRIMARY KEY (`rule_id`,`website_id`),
  KEY `SALESRULE_WEBSITE_WEBSITE_ID` (`website_id`),
  CONSTRAINT `SALESRULE_WEBSITE_RULE_ID_SALESRULE_RULE_ID` FOREIGN KEY (`rule_id`) REFERENCES `salesrule` (`rule_id`) ON DELETE CASCADE,
  CONSTRAINT `SALESRULE_WEBSITE_WEBSITE_ID_STORE_WEBSITE_WEBSITE_ID` FOREIGN KEY (`website_id`) REFERENCES `store_website` (`website_id`) ON DELETE CASCADE
) ENGINE=InnoDB DEFAULT CHARSET=utf8 COMMENT='Sales Rules To Websites Relations';

--
-- Dumping data for table `salesrule_website`
--


--
-- Table structure for table `search_query`
--

CREATE TABLE `search_query` (
  `query_id` int(10) unsigned NOT NULL AUTO_INCREMENT COMMENT 'Query ID',
  `query_text` varchar(255) DEFAULT NULL COMMENT 'Query text',
  `num_results` int(10) unsigned NOT NULL DEFAULT '0' COMMENT 'Num results',
  `popularity` int(10) unsigned NOT NULL DEFAULT '0' COMMENT 'Popularity',
  `redirect` varchar(255) DEFAULT NULL COMMENT 'Redirect',
  `store_id` smallint(5) unsigned NOT NULL DEFAULT '0' COMMENT 'Store ID',
  `display_in_terms` smallint(6) NOT NULL DEFAULT '1' COMMENT 'Display in terms',
  `is_active` smallint(6) DEFAULT '1' COMMENT 'Active status',
  `is_processed` smallint(6) DEFAULT '0' COMMENT 'Processed status',
  `updated_at` timestamp NOT NULL DEFAULT CURRENT_TIMESTAMP ON UPDATE CURRENT_TIMESTAMP COMMENT 'Updated at',
  PRIMARY KEY (`query_id`),
  UNIQUE KEY `SEARCH_QUERY_QUERY_TEXT_STORE_ID` (`query_text`,`store_id`),
  KEY `SEARCH_QUERY_QUERY_TEXT_STORE_ID_POPULARITY` (`query_text`,`store_id`,`popularity`),
  KEY `SEARCH_QUERY_STORE_ID` (`store_id`),
  KEY `SEARCH_QUERY_IS_PROCESSED` (`is_processed`),
  CONSTRAINT `SEARCH_QUERY_STORE_ID_STORE_STORE_ID` FOREIGN KEY (`store_id`) REFERENCES `store` (`store_id`) ON DELETE CASCADE
) ENGINE=InnoDB DEFAULT CHARSET=utf8 COMMENT='Search query table';

--
-- Dumping data for table `search_query`
--


--
-- Table structure for table `search_synonyms`
--

CREATE TABLE `search_synonyms` (
  `group_id` bigint(20) unsigned NOT NULL AUTO_INCREMENT COMMENT 'Synonyms Group Id',
  `synonyms` text NOT NULL COMMENT 'list of synonyms making up this group',
  `store_id` smallint(5) unsigned NOT NULL DEFAULT '0' COMMENT 'Store Id - identifies the store view these synonyms belong to',
  `website_id` smallint(5) unsigned NOT NULL DEFAULT '0' COMMENT 'Website Id - identifies the website id these synonyms belong to',
  PRIMARY KEY (`group_id`),
  KEY `SEARCH_SYNONYMS_STORE_ID` (`store_id`),
  KEY `SEARCH_SYNONYMS_WEBSITE_ID` (`website_id`),
  FULLTEXT KEY `SEARCH_SYNONYMS_SYNONYMS` (`synonyms`),
  CONSTRAINT `SEARCH_SYNONYMS_STORE_ID_STORE_STORE_ID` FOREIGN KEY (`store_id`) REFERENCES `store` (`store_id`) ON DELETE CASCADE,
  CONSTRAINT `SEARCH_SYNONYMS_WEBSITE_ID_STORE_WEBSITE_WEBSITE_ID` FOREIGN KEY (`website_id`) REFERENCES `store_website` (`website_id`) ON DELETE CASCADE
) ENGINE=InnoDB DEFAULT CHARSET=utf8 COMMENT='table storing various synonyms groups';

--
-- Dumping data for table `search_synonyms`
--


--
-- Table structure for table `sendfriend_log`
--

CREATE TABLE `sendfriend_log` (
  `log_id` int(10) unsigned NOT NULL AUTO_INCREMENT COMMENT 'Log ID',
  `ip` bigint(20) unsigned NOT NULL DEFAULT '0' COMMENT 'Customer IP address',
  `time` int(10) unsigned NOT NULL DEFAULT '0' COMMENT 'Log time',
  `website_id` smallint(5) unsigned NOT NULL DEFAULT '0' COMMENT 'Website ID',
  PRIMARY KEY (`log_id`),
  KEY `SENDFRIEND_LOG_IP` (`ip`),
  KEY `SENDFRIEND_LOG_TIME` (`time`)
) ENGINE=InnoDB DEFAULT CHARSET=utf8 COMMENT='Send to friend function log storage table';

--
-- Dumping data for table `sendfriend_log`
--


--
-- Table structure for table `sequence_creditmemo_0`
--

CREATE TABLE `sequence_creditmemo_0` (
  `sequence_value` int(10) unsigned NOT NULL AUTO_INCREMENT,
  PRIMARY KEY (`sequence_value`)
) ENGINE=InnoDB DEFAULT CHARSET=latin1;

--
-- Dumping data for table `sequence_creditmemo_0`
--


--
-- Table structure for table `sequence_creditmemo_1`
--

CREATE TABLE `sequence_creditmemo_1` (
  `sequence_value` int(10) unsigned NOT NULL AUTO_INCREMENT,
  PRIMARY KEY (`sequence_value`)
) ENGINE=InnoDB DEFAULT CHARSET=latin1;

--
-- Dumping data for table `sequence_creditmemo_1`
--


--
-- Table structure for table `sequence_invoice_0`
--

CREATE TABLE `sequence_invoice_0` (
  `sequence_value` int(10) unsigned NOT NULL AUTO_INCREMENT,
  PRIMARY KEY (`sequence_value`)
) ENGINE=InnoDB DEFAULT CHARSET=latin1;

--
-- Dumping data for table `sequence_invoice_0`
--


--
-- Table structure for table `sequence_invoice_1`
--

CREATE TABLE `sequence_invoice_1` (
  `sequence_value` int(10) unsigned NOT NULL AUTO_INCREMENT,
  PRIMARY KEY (`sequence_value`)
) ENGINE=InnoDB DEFAULT CHARSET=latin1;

--
-- Dumping data for table `sequence_invoice_1`
--


--
-- Table structure for table `sequence_order_0`
--

CREATE TABLE `sequence_order_0` (
  `sequence_value` int(10) unsigned NOT NULL AUTO_INCREMENT,
  PRIMARY KEY (`sequence_value`)
) ENGINE=InnoDB DEFAULT CHARSET=latin1;

--
-- Dumping data for table `sequence_order_0`
--


--
-- Table structure for table `sequence_order_1`
--

CREATE TABLE `sequence_order_1` (
  `sequence_value` int(10) unsigned NOT NULL AUTO_INCREMENT,
  PRIMARY KEY (`sequence_value`)
) ENGINE=InnoDB AUTO_INCREMENT=8 DEFAULT CHARSET=latin1;

--
-- Dumping data for table `sequence_order_1`
--

INSERT INTO `sequence_order_1` VALUES (1),(2),(3),(4),(5),(6),(7);

--
-- Table structure for table `sequence_shipment_0`
--

CREATE TABLE `sequence_shipment_0` (
  `sequence_value` int(10) unsigned NOT NULL AUTO_INCREMENT,
  PRIMARY KEY (`sequence_value`)
) ENGINE=InnoDB DEFAULT CHARSET=latin1;

--
-- Dumping data for table `sequence_shipment_0`
--


--
-- Table structure for table `sequence_shipment_1`
--

CREATE TABLE `sequence_shipment_1` (
  `sequence_value` int(10) unsigned NOT NULL AUTO_INCREMENT,
  PRIMARY KEY (`sequence_value`)
) ENGINE=InnoDB DEFAULT CHARSET=latin1;

--
-- Dumping data for table `sequence_shipment_1`
--


--
-- Table structure for table `session`
--

CREATE TABLE `session` (
  `session_id` varchar(255) NOT NULL COMMENT 'Session Id',
  `session_expires` int(10) unsigned NOT NULL DEFAULT '0' COMMENT 'Date of Session Expiration',
  `session_data` mediumblob NOT NULL COMMENT 'Session Data',
  PRIMARY KEY (`session_id`)
) ENGINE=InnoDB DEFAULT CHARSET=utf8 COMMENT='Database Sessions Storage';

--
-- Dumping data for table `session`
--


--
-- Table structure for table `setup_module`
--

CREATE TABLE `setup_module` (
  `module` varchar(50) NOT NULL COMMENT 'Module',
  `schema_version` varchar(50) DEFAULT NULL COMMENT 'Schema Version',
  `data_version` varchar(50) DEFAULT NULL COMMENT 'Data Version',
  PRIMARY KEY (`module`)
) ENGINE=InnoDB DEFAULT CHARSET=utf8 COMMENT='Module versions registry';

--
-- Dumping data for table `setup_module`
--

INSERT INTO `setup_module` VALUES ('Apptrian_FacebookPixel','2.1.5','2.1.5'),('Dotdigitalgroup_Email','2.3.8','2.3.8'),('Evrijn_Specialimport','1.0.0','1.0.0'),('FireGento_ExtendedImport','1.0.0','1.0.0'),('FireGento_FastSimpleImport','1.0.0','1.0.0'),('Magento_AdminNotification','2.0.0','2.0.0'),('Magento_AdvancedPricingImportExport','2.0.0','2.0.0'),('Magento_Analytics','2.0.0','2.0.0'),('Magento_Authorization','2.0.0','2.0.0'),('Magento_Authorizenet','2.0.0','2.0.0'),('Magento_Backend','2.0.0','2.0.0'),('Magento_Backup','2.0.0','2.0.0'),('Magento_Braintree','2.0.1','2.0.1'),('Magento_Bundle','2.0.4','2.0.4'),('Magento_BundleImportExport','2.0.0','2.0.0'),('Magento_CacheInvalidate','2.0.0','2.0.0'),('Magento_Captcha','2.0.0','2.0.0'),('Magento_Catalog','2.2.3','2.2.3'),('Magento_CatalogAnalytics','2.0.0','2.0.0'),('Magento_CatalogImportExport','2.0.0','2.0.0'),('Magento_CatalogInventory','2.3.0','2.3.0'),('Magento_CatalogRule','2.1.0','2.1.0'),('Magento_CatalogRuleConfigurable','2.0.0','2.0.0'),('Magento_CatalogSearch','2.0.0','2.0.0'),('Magento_CatalogUrlRewrite','2.0.0','2.0.0'),('Magento_CatalogWidget','2.0.0','2.0.0'),('Magento_Checkout','2.0.0','2.0.0'),('Magento_CheckoutAgreements','2.2.0','2.2.0'),('Magento_Cms','2.0.2','2.0.2'),('Magento_CmsUrlRewrite','2.0.0','2.0.0'),('Magento_Config','2.0.0','2.0.0'),('Magento_ConfigurableImportExport','2.0.0','2.0.0'),('Magento_ConfigurableProduct','2.2.0','2.2.0'),('Magento_ConfigurableProductSales','2.2.0','2.2.0'),('Magento_Contact','2.0.0','2.0.0'),('Magento_Cookie','2.0.0','2.0.0'),('Magento_Cron','2.0.0','2.0.0'),('Magento_CurrencySymbol','2.0.1','2.0.1'),('Magento_Customer','2.0.12','2.0.12'),('Magento_CustomerAnalytics','2.0.0','2.0.0'),('Magento_CustomerImportExport','2.0.0','2.0.0'),('Magento_Deploy','2.0.0','2.0.0'),('Magento_Developer','2.0.0','2.0.0'),('Magento_Dhl','2.0.0','2.0.0'),('Magento_Directory','2.0.1','2.0.1'),('Magento_Downloadable','2.0.2','2.0.2'),('Magento_DownloadableImportExport','2.0.0','2.0.0'),('Magento_Eav','2.1.1','2.1.1'),('Magento_Email','2.0.0','2.0.0'),('Magento_EncryptionKey','2.0.0','2.0.0'),('Magento_Fedex','2.0.0','2.0.0'),('Magento_GiftMessage','2.0.1','2.0.1'),('Magento_GoogleAdwords','2.0.0','2.0.0'),('Magento_GoogleAnalytics','2.0.0','2.0.0'),('Magento_GoogleOptimizer','2.0.0','2.0.0'),('Magento_GroupedImportExport','2.0.0','2.0.0'),('Magento_GroupedProduct','2.0.1','2.0.1'),('Magento_ImportExport','2.0.1','2.0.1'),('Magento_Indexer','2.1.0','2.1.0'),('Magento_InstantPurchase','1.0.0','1.0.0'),('Magento_Integration','2.2.0','2.2.0'),('Magento_LayeredNavigation','2.0.0','2.0.0'),('Magento_Marketplace','1.0.0','1.0.0'),('Magento_MediaStorage','2.0.0','2.0.0'),('Magento_Msrp','2.1.3','2.1.3'),('Magento_Multishipping','2.0.0','2.0.0'),('Magento_NewRelicReporting','2.0.1','2.0.1'),('Magento_Newsletter','2.0.0','2.0.0'),('Magento_OfflinePayments','2.0.0','2.0.0'),('Magento_OfflineShipping','2.0.1','2.0.1'),('Magento_PageCache','2.0.0','2.0.0'),('Magento_Payment','2.0.0','2.0.0'),('Magento_Paypal','2.0.1','2.0.1'),('Magento_Persistent','2.0.0','2.0.0'),('Magento_ProductAlert','2.0.0','2.0.0'),('Magento_ProductVideo','2.0.0.2','2.0.0.2'),('Magento_Quote','2.0.6','2.0.6'),('Magento_QuoteAnalytics','2.0.0','2.0.0'),('Magento_ReleaseNotification','2.2.0','2.2.0'),('Magento_Reports','2.0.0','2.0.0'),('Magento_RequireJs','2.0.0','2.0.0'),('Magento_Review','2.0.0','2.0.0'),('Magento_ReviewAnalytics','2.0.0','2.0.0'),('Magento_Robots','2.0.0','2.0.0'),('Magento_Rss','2.0.0','2.0.0'),('Magento_Rule','2.0.0','2.0.0'),('Magento_Sales','2.0.7','2.0.7'),('Magento_SalesAnalytics','2.0.0','2.0.0'),('Magento_SalesInventory','1.0.0','1.0.0'),('Magento_SalesRule','2.0.3','2.0.3'),('Magento_SalesSequence','2.0.0','2.0.0'),('Magento_SampleData','2.0.0','2.0.0'),('Magento_Search','2.0.4','2.0.4'),('Magento_Security','2.0.1','2.0.1'),('Magento_SendFriend','2.0.0','2.0.0'),('Magento_Shipping','2.0.0','2.0.0'),('Magento_Signifyd','2.2.0','2.2.0'),('Magento_Sitemap','2.0.0','2.0.0'),('Magento_Store','2.1.0','2.1.0'),('Magento_Swagger','2.0.0','2.0.0'),('Magento_Swatches','2.0.3','2.0.3'),('Magento_SwatchesLayeredNavigation','2.0.0','2.0.0'),('Magento_Tax','2.0.3','2.0.3'),('Magento_TaxImportExport','2.0.0','2.0.0'),('Magento_Theme','2.0.2','2.0.2'),('Magento_Translation','2.0.0','2.0.0'),('Magento_Ui','2.0.0','2.0.0'),('Magento_Ups','2.0.0','2.0.0'),('Magento_UrlRewrite','2.0.1','2.0.1'),('Magento_User','2.0.3','2.0.3'),('Magento_Usps','2.0.1','2.0.1'),('Magento_Variable','2.0.0','2.0.0'),('Magento_Vault','2.0.2','2.0.2'),('Magento_Version','2.0.0','2.0.0'),('Magento_Webapi','2.0.0','2.0.0'),('Magento_WebapiSecurity','2.0.0','2.0.0'),('Magento_Weee','2.0.0','2.0.0'),('Magento_Widget','2.0.1','2.0.1'),('Magento_Wishlist','2.0.1','2.0.1'),('Magento_WishlistAnalytics','2.0.0','2.0.0'),('MultiSafepay_Connect','1.4.9','1.4.9'),('Rubic_CleanCheckout','1.0.0','1.0.0'),('Shopial_Facebook','1.0.0','1.0.0'),('Temando_Shipping','0.3.1','0.3.1');

--
-- Table structure for table `shipping_tablerate`
--

CREATE TABLE `shipping_tablerate` (
  `pk` int(10) unsigned NOT NULL AUTO_INCREMENT COMMENT 'Primary key',
  `website_id` int(11) NOT NULL DEFAULT '0' COMMENT 'Website Id',
  `dest_country_id` varchar(4) NOT NULL DEFAULT '0' COMMENT 'Destination coutry ISO/2 or ISO/3 code',
  `dest_region_id` int(11) NOT NULL DEFAULT '0' COMMENT 'Destination Region Id',
  `dest_zip` varchar(10) NOT NULL DEFAULT '*' COMMENT 'Destination Post Code (Zip)',
  `condition_name` varchar(20) NOT NULL COMMENT 'Rate Condition name',
  `condition_value` decimal(12,4) NOT NULL DEFAULT '0.0000' COMMENT 'Rate condition value',
  `price` decimal(12,4) NOT NULL DEFAULT '0.0000' COMMENT 'Price',
  `cost` decimal(12,4) NOT NULL DEFAULT '0.0000' COMMENT 'Cost',
  PRIMARY KEY (`pk`),
  UNIQUE KEY `UNQ_D60821CDB2AFACEE1566CFC02D0D4CAA` (`website_id`,`dest_country_id`,`dest_region_id`,`dest_zip`,`condition_name`,`condition_value`)
) ENGINE=InnoDB DEFAULT CHARSET=utf8 COMMENT='Shipping Tablerate';

--
-- Dumping data for table `shipping_tablerate`
--


--
-- Table structure for table `signifyd_case`
--

CREATE TABLE `signifyd_case` (
  `entity_id` int(10) unsigned NOT NULL AUTO_INCREMENT COMMENT 'Entity_id',
  `order_id` int(10) unsigned DEFAULT NULL COMMENT 'Order_id',
  `case_id` int(10) unsigned DEFAULT NULL COMMENT 'Case_id',
  `guarantee_eligible` tinyint(1) DEFAULT NULL COMMENT 'Guarantee_eligible',
  `guarantee_disposition` varchar(32) DEFAULT 'PENDING' COMMENT 'Guarantee_disposition',
  `status` varchar(32) DEFAULT 'PENDING' COMMENT 'Status',
  `score` int(10) unsigned DEFAULT NULL COMMENT 'Score',
  `associated_team` text COMMENT 'Associated_team',
  `review_disposition` varchar(32) DEFAULT NULL COMMENT 'Review_disposition',
  `created_at` timestamp NULL DEFAULT NULL COMMENT 'Created_at',
  `updated_at` timestamp NULL DEFAULT NULL COMMENT 'Updated_at',
  PRIMARY KEY (`entity_id`),
  UNIQUE KEY `SIGNIFYD_CASE_ORDER_ID` (`order_id`),
  UNIQUE KEY `SIGNIFYD_CASE_CASE_ID` (`case_id`),
  CONSTRAINT `SIGNIFYD_CASE_ORDER_ID_SALES_ORDER_ENTITY_ID` FOREIGN KEY (`order_id`) REFERENCES `sales_order` (`entity_id`) ON DELETE SET NULL
) ENGINE=InnoDB DEFAULT CHARSET=utf8 COMMENT='signifyd_case';

--
-- Dumping data for table `signifyd_case`
--


--
-- Table structure for table `sitemap`
--

CREATE TABLE `sitemap` (
  `sitemap_id` int(10) unsigned NOT NULL AUTO_INCREMENT COMMENT 'Sitemap Id',
  `sitemap_type` varchar(32) DEFAULT NULL COMMENT 'Sitemap Type',
  `sitemap_filename` varchar(32) DEFAULT NULL COMMENT 'Sitemap Filename',
  `sitemap_path` varchar(255) DEFAULT NULL COMMENT 'Sitemap Path',
  `sitemap_time` timestamp NULL DEFAULT NULL COMMENT 'Sitemap Time',
  `store_id` smallint(5) unsigned NOT NULL DEFAULT '0' COMMENT 'Store id',
  PRIMARY KEY (`sitemap_id`),
  KEY `SITEMAP_STORE_ID` (`store_id`),
  CONSTRAINT `SITEMAP_STORE_ID_STORE_STORE_ID` FOREIGN KEY (`store_id`) REFERENCES `store` (`store_id`) ON DELETE CASCADE
) ENGINE=InnoDB DEFAULT CHARSET=utf8 COMMENT='XML Sitemap';

--
-- Dumping data for table `sitemap`
--


--
-- Table structure for table `store`
--

CREATE TABLE `store` (
  `store_id` smallint(5) unsigned NOT NULL AUTO_INCREMENT COMMENT 'Store Id',
  `code` varchar(32) DEFAULT NULL COMMENT 'Code',
  `website_id` smallint(5) unsigned NOT NULL DEFAULT '0' COMMENT 'Website Id',
  `group_id` smallint(5) unsigned NOT NULL DEFAULT '0' COMMENT 'Group Id',
  `name` varchar(255) NOT NULL COMMENT 'Store Name',
  `sort_order` smallint(5) unsigned NOT NULL DEFAULT '0' COMMENT 'Store Sort Order',
  `is_active` smallint(5) unsigned NOT NULL DEFAULT '0' COMMENT 'Store Activity',
  PRIMARY KEY (`store_id`),
  UNIQUE KEY `STORE_CODE` (`code`),
  KEY `STORE_WEBSITE_ID` (`website_id`),
  KEY `STORE_IS_ACTIVE_SORT_ORDER` (`is_active`,`sort_order`),
  KEY `STORE_GROUP_ID` (`group_id`),
  CONSTRAINT `STORE_GROUP_ID_STORE_GROUP_GROUP_ID` FOREIGN KEY (`group_id`) REFERENCES `store_group` (`group_id`) ON DELETE CASCADE,
  CONSTRAINT `STORE_WEBSITE_ID_STORE_WEBSITE_WEBSITE_ID` FOREIGN KEY (`website_id`) REFERENCES `store_website` (`website_id`) ON DELETE CASCADE
) ENGINE=InnoDB AUTO_INCREMENT=2 DEFAULT CHARSET=utf8 COMMENT='Stores';

--
-- Dumping data for table `store`
--

INSERT INTO `store` VALUES (0,'admin',0,0,'Admin',0,1),(1,'default',1,1,'Default Store View',0,1);

--
-- Table structure for table `store_group`
--

CREATE TABLE `store_group` (
  `group_id` smallint(5) unsigned NOT NULL AUTO_INCREMENT COMMENT 'Group Id',
  `website_id` smallint(5) unsigned NOT NULL DEFAULT '0' COMMENT 'Website Id',
  `code` varchar(32) DEFAULT NULL COMMENT 'Store group unique code',
  `name` varchar(255) NOT NULL COMMENT 'Store Group Name',
  `root_category_id` int(10) unsigned NOT NULL DEFAULT '0' COMMENT 'Root Category Id',
  `default_store_id` smallint(5) unsigned NOT NULL DEFAULT '0' COMMENT 'Default Store Id',
  PRIMARY KEY (`group_id`),
  UNIQUE KEY `STORE_GROUP_CODE` (`code`),
  KEY `STORE_GROUP_WEBSITE_ID` (`website_id`),
  KEY `STORE_GROUP_DEFAULT_STORE_ID` (`default_store_id`),
  CONSTRAINT `STORE_GROUP_WEBSITE_ID_STORE_WEBSITE_WEBSITE_ID` FOREIGN KEY (`website_id`) REFERENCES `store_website` (`website_id`) ON DELETE CASCADE
) ENGINE=InnoDB AUTO_INCREMENT=2 DEFAULT CHARSET=utf8 COMMENT='Store Groups';

--
-- Dumping data for table `store_group`
--

INSERT INTO `store_group` VALUES (0,0,'default','Default',0,0),(1,1,'main_website_store','Saint Ape | EN',2,1);

--
-- Table structure for table `store_website`
--

CREATE TABLE `store_website` (
  `website_id` smallint(5) unsigned NOT NULL AUTO_INCREMENT COMMENT 'Website Id',
  `code` varchar(32) DEFAULT NULL COMMENT 'Code',
  `name` varchar(64) DEFAULT NULL COMMENT 'Website Name',
  `sort_order` smallint(5) unsigned NOT NULL DEFAULT '0' COMMENT 'Sort Order',
  `default_group_id` smallint(5) unsigned NOT NULL DEFAULT '0' COMMENT 'Default Group Id',
  `is_default` smallint(5) unsigned DEFAULT '0' COMMENT 'Defines Is Website Default',
  PRIMARY KEY (`website_id`),
  UNIQUE KEY `STORE_WEBSITE_CODE` (`code`),
  KEY `STORE_WEBSITE_SORT_ORDER` (`sort_order`),
  KEY `STORE_WEBSITE_DEFAULT_GROUP_ID` (`default_group_id`)
) ENGINE=InnoDB AUTO_INCREMENT=2 DEFAULT CHARSET=utf8 COMMENT='Websites';

--
-- Dumping data for table `store_website`
--

INSERT INTO `store_website` VALUES (0,'admin','Admin',0,0,0),(1,'base','Saint Ape',0,1,1);

--
-- Table structure for table `tax_calculation`
--

CREATE TABLE `tax_calculation` (
  `tax_calculation_id` int(11) NOT NULL AUTO_INCREMENT COMMENT 'Tax Calculation Id',
  `tax_calculation_rate_id` int(11) NOT NULL COMMENT 'Tax Calculation Rate Id',
  `tax_calculation_rule_id` int(11) NOT NULL COMMENT 'Tax Calculation Rule Id',
  `customer_tax_class_id` smallint(6) NOT NULL COMMENT 'Customer Tax Class Id',
  `product_tax_class_id` smallint(6) NOT NULL COMMENT 'Product Tax Class Id',
  PRIMARY KEY (`tax_calculation_id`),
  KEY `TAX_CALCULATION_TAX_CALCULATION_RULE_ID` (`tax_calculation_rule_id`),
  KEY `TAX_CALCULATION_CUSTOMER_TAX_CLASS_ID` (`customer_tax_class_id`),
  KEY `TAX_CALCULATION_PRODUCT_TAX_CLASS_ID` (`product_tax_class_id`),
  KEY `TAX_CALC_TAX_CALC_RATE_ID_CSTR_TAX_CLASS_ID_PRD_TAX_CLASS_ID` (`tax_calculation_rate_id`,`customer_tax_class_id`,`product_tax_class_id`),
  CONSTRAINT `TAX_CALCULATION_CUSTOMER_TAX_CLASS_ID_TAX_CLASS_CLASS_ID` FOREIGN KEY (`customer_tax_class_id`) REFERENCES `tax_class` (`class_id`) ON DELETE CASCADE,
  CONSTRAINT `TAX_CALCULATION_PRODUCT_TAX_CLASS_ID_TAX_CLASS_CLASS_ID` FOREIGN KEY (`product_tax_class_id`) REFERENCES `tax_class` (`class_id`) ON DELETE CASCADE,
  CONSTRAINT `TAX_CALC_TAX_CALC_RATE_ID_TAX_CALC_RATE_TAX_CALC_RATE_ID` FOREIGN KEY (`tax_calculation_rate_id`) REFERENCES `tax_calculation_rate` (`tax_calculation_rate_id`) ON DELETE CASCADE,
  CONSTRAINT `TAX_CALC_TAX_CALC_RULE_ID_TAX_CALC_RULE_TAX_CALC_RULE_ID` FOREIGN KEY (`tax_calculation_rule_id`) REFERENCES `tax_calculation_rule` (`tax_calculation_rule_id`) ON DELETE CASCADE
) ENGINE=InnoDB DEFAULT CHARSET=utf8 COMMENT='Tax Calculation';

--
-- Dumping data for table `tax_calculation`
--


--
-- Table structure for table `tax_calculation_rate`
--

CREATE TABLE `tax_calculation_rate` (
  `tax_calculation_rate_id` int(11) NOT NULL AUTO_INCREMENT COMMENT 'Tax Calculation Rate Id',
  `tax_country_id` varchar(2) NOT NULL COMMENT 'Tax Country Id',
  `tax_region_id` int(11) NOT NULL COMMENT 'Tax Region Id',
  `tax_postcode` varchar(21) DEFAULT NULL COMMENT 'Tax Postcode',
  `code` varchar(255) NOT NULL COMMENT 'Code',
  `rate` decimal(12,4) NOT NULL COMMENT 'Rate',
  `zip_is_range` smallint(6) DEFAULT NULL COMMENT 'Zip Is Range',
  `zip_from` int(10) unsigned DEFAULT NULL COMMENT 'Zip From',
  `zip_to` int(10) unsigned DEFAULT NULL COMMENT 'Zip To',
  PRIMARY KEY (`tax_calculation_rate_id`),
  KEY `TAX_CALCULATION_RATE_TAX_COUNTRY_ID_TAX_REGION_ID_TAX_POSTCODE` (`tax_country_id`,`tax_region_id`,`tax_postcode`),
  KEY `TAX_CALCULATION_RATE_CODE` (`code`),
  KEY `IDX_CA799F1E2CB843495F601E56C84A626D` (`tax_calculation_rate_id`,`tax_country_id`,`tax_region_id`,`zip_is_range`,`tax_postcode`)
) ENGINE=InnoDB AUTO_INCREMENT=3 DEFAULT CHARSET=utf8 COMMENT='Tax Calculation Rate';

--
-- Dumping data for table `tax_calculation_rate`
--

INSERT INTO `tax_calculation_rate` VALUES (1,'US',12,'*','US-CA-*-Rate 1',8.2500,NULL,NULL,NULL),(2,'US',43,'*','US-NY-*-Rate 1',8.3750,NULL,NULL,NULL);

--
-- Table structure for table `tax_calculation_rate_title`
--

CREATE TABLE `tax_calculation_rate_title` (
  `tax_calculation_rate_title_id` int(11) NOT NULL AUTO_INCREMENT COMMENT 'Tax Calculation Rate Title Id',
  `tax_calculation_rate_id` int(11) NOT NULL COMMENT 'Tax Calculation Rate Id',
  `store_id` smallint(5) unsigned NOT NULL COMMENT 'Store Id',
  `value` varchar(255) NOT NULL COMMENT 'Value',
  PRIMARY KEY (`tax_calculation_rate_title_id`),
  KEY `TAX_CALCULATION_RATE_TITLE_TAX_CALCULATION_RATE_ID_STORE_ID` (`tax_calculation_rate_id`,`store_id`),
  KEY `TAX_CALCULATION_RATE_TITLE_STORE_ID` (`store_id`),
  CONSTRAINT `FK_37FB965F786AD5897BB3AE90470C42AB` FOREIGN KEY (`tax_calculation_rate_id`) REFERENCES `tax_calculation_rate` (`tax_calculation_rate_id`) ON DELETE CASCADE,
  CONSTRAINT `TAX_CALCULATION_RATE_TITLE_STORE_ID_STORE_STORE_ID` FOREIGN KEY (`store_id`) REFERENCES `store` (`store_id`) ON DELETE CASCADE
) ENGINE=InnoDB DEFAULT CHARSET=utf8 COMMENT='Tax Calculation Rate Title';

--
-- Dumping data for table `tax_calculation_rate_title`
--


--
-- Table structure for table `tax_calculation_rule`
--

CREATE TABLE `tax_calculation_rule` (
  `tax_calculation_rule_id` int(11) NOT NULL AUTO_INCREMENT COMMENT 'Tax Calculation Rule Id',
  `code` varchar(255) NOT NULL COMMENT 'Code',
  `priority` int(11) NOT NULL COMMENT 'Priority',
  `position` int(11) NOT NULL COMMENT 'Position',
  `calculate_subtotal` int(11) NOT NULL COMMENT 'Calculate off subtotal option',
  PRIMARY KEY (`tax_calculation_rule_id`),
  KEY `TAX_CALCULATION_RULE_PRIORITY_POSITION` (`priority`,`position`),
  KEY `TAX_CALCULATION_RULE_CODE` (`code`)
) ENGINE=InnoDB DEFAULT CHARSET=utf8 COMMENT='Tax Calculation Rule';

--
-- Dumping data for table `tax_calculation_rule`
--


--
-- Table structure for table `tax_class`
--

CREATE TABLE `tax_class` (
  `class_id` smallint(6) NOT NULL AUTO_INCREMENT COMMENT 'Class Id',
  `class_name` varchar(255) NOT NULL COMMENT 'Class Name',
  `class_type` varchar(8) NOT NULL DEFAULT 'CUSTOMER' COMMENT 'Class Type',
  PRIMARY KEY (`class_id`)
) ENGINE=InnoDB AUTO_INCREMENT=4 DEFAULT CHARSET=utf8 COMMENT='Tax Class';

--
-- Dumping data for table `tax_class`
--

INSERT INTO `tax_class` VALUES (2,'Taxable Goods','PRODUCT'),(3,'Retail Customer','CUSTOMER');

--
-- Table structure for table `tax_order_aggregated_created`
--

CREATE TABLE `tax_order_aggregated_created` (
  `id` int(10) unsigned NOT NULL AUTO_INCREMENT COMMENT 'Id',
  `period` date DEFAULT NULL COMMENT 'Period',
  `store_id` smallint(5) unsigned DEFAULT NULL COMMENT 'Store Id',
  `code` varchar(255) NOT NULL COMMENT 'Code',
  `order_status` varchar(50) NOT NULL COMMENT 'Order Status',
  `percent` float DEFAULT NULL COMMENT 'Percent',
  `orders_count` int(10) unsigned NOT NULL DEFAULT '0' COMMENT 'Orders Count',
  `tax_base_amount_sum` float DEFAULT NULL COMMENT 'Tax Base Amount Sum',
  PRIMARY KEY (`id`),
  UNIQUE KEY `TAX_ORDER_AGGRED_CREATED_PERIOD_STORE_ID_CODE_PERCENT_ORDER_STS` (`period`,`store_id`,`code`,`percent`,`order_status`),
  KEY `TAX_ORDER_AGGREGATED_CREATED_STORE_ID` (`store_id`),
  CONSTRAINT `TAX_ORDER_AGGREGATED_CREATED_STORE_ID_STORE_STORE_ID` FOREIGN KEY (`store_id`) REFERENCES `store` (`store_id`) ON DELETE CASCADE
) ENGINE=InnoDB DEFAULT CHARSET=utf8 COMMENT='Tax Order Aggregation';

--
-- Dumping data for table `tax_order_aggregated_created`
--


--
-- Table structure for table `tax_order_aggregated_updated`
--

CREATE TABLE `tax_order_aggregated_updated` (
  `id` int(10) unsigned NOT NULL AUTO_INCREMENT COMMENT 'Id',
  `period` date DEFAULT NULL COMMENT 'Period',
  `store_id` smallint(5) unsigned DEFAULT NULL COMMENT 'Store Id',
  `code` varchar(255) NOT NULL COMMENT 'Code',
  `order_status` varchar(50) NOT NULL COMMENT 'Order Status',
  `percent` float DEFAULT NULL COMMENT 'Percent',
  `orders_count` int(10) unsigned NOT NULL DEFAULT '0' COMMENT 'Orders Count',
  `tax_base_amount_sum` float DEFAULT NULL COMMENT 'Tax Base Amount Sum',
  PRIMARY KEY (`id`),
  UNIQUE KEY `TAX_ORDER_AGGRED_UPDATED_PERIOD_STORE_ID_CODE_PERCENT_ORDER_STS` (`period`,`store_id`,`code`,`percent`,`order_status`),
  KEY `TAX_ORDER_AGGREGATED_UPDATED_STORE_ID` (`store_id`),
  CONSTRAINT `TAX_ORDER_AGGREGATED_UPDATED_STORE_ID_STORE_STORE_ID` FOREIGN KEY (`store_id`) REFERENCES `store` (`store_id`) ON DELETE CASCADE
) ENGINE=InnoDB DEFAULT CHARSET=utf8 COMMENT='Tax Order Aggregated Updated';

--
-- Dumping data for table `tax_order_aggregated_updated`
--


--
-- Table structure for table `temando_checkout_address`
--

CREATE TABLE `temando_checkout_address` (
  `entity_id` int(10) unsigned NOT NULL AUTO_INCREMENT COMMENT 'Entity Id',
  `shipping_address_id` int(10) unsigned NOT NULL COMMENT 'Magento Quote Address Id',
  `service_selection` text COMMENT 'Value Added Services',
  PRIMARY KEY (`entity_id`),
  KEY `TEMANDO_CHKT_ADDR_SHPP_ADDR_ID_QUOTE_ADDR_ADDR_ID` (`shipping_address_id`),
  CONSTRAINT `TEMANDO_CHKT_ADDR_SHPP_ADDR_ID_QUOTE_ADDR_ADDR_ID` FOREIGN KEY (`shipping_address_id`) REFERENCES `quote_address` (`address_id`) ON DELETE CASCADE
) ENGINE=InnoDB AUTO_INCREMENT=16 DEFAULT CHARSET=utf8 COMMENT='Temando Checkout Address';

--
-- Dumping data for table `temando_checkout_address`
--

INSERT INTO `temando_checkout_address` VALUES (1,4,'[]'),(2,10,'[]'),(3,15,'[]'),(4,18,'[]'),(5,23,'[]'),(6,25,'[]'),(7,27,'[]'),(8,60,'[]'),(9,58,'[]'),(10,32,'[]'),(11,90,'[]'),(12,98,'[]'),(13,110,'[]'),(14,130,'[]'),(15,138,'[]');

--
-- Table structure for table `temando_order`
--

CREATE TABLE `temando_order` (
  `entity_id` int(10) unsigned NOT NULL AUTO_INCREMENT COMMENT 'Entity Id',
  `order_id` int(10) unsigned NOT NULL COMMENT 'Magento Order Id',
  `ext_order_id` varchar(64) NOT NULL COMMENT 'Temando Order Id',
  PRIMARY KEY (`entity_id`),
  KEY `TEMANDO_ORDER_ORDER_ID_SALES_ORDER_ENTITY_ID` (`order_id`),
  CONSTRAINT `TEMANDO_ORDER_ORDER_ID_SALES_ORDER_ENTITY_ID` FOREIGN KEY (`order_id`) REFERENCES `sales_order` (`entity_id`) ON DELETE CASCADE
) ENGINE=InnoDB DEFAULT CHARSET=utf8 COMMENT='Temando Order';

--
-- Dumping data for table `temando_order`
--


--
-- Table structure for table `temando_shipment`
--

CREATE TABLE `temando_shipment` (
  `entity_id` int(10) unsigned NOT NULL AUTO_INCREMENT COMMENT 'Entity Id',
  `shipment_id` int(10) unsigned NOT NULL COMMENT 'Magento Shipment Id',
  `ext_shipment_id` varchar(64) NOT NULL COMMENT 'External Shipment Id',
  `ext_location_id` varchar(64) DEFAULT NULL,
  `ext_tracking_url` varchar(255) DEFAULT NULL COMMENT 'External Tracking Url',
  `ext_tracking_reference` varchar(255) DEFAULT NULL COMMENT 'External Tracking Reference',
  PRIMARY KEY (`entity_id`),
  UNIQUE KEY `TEMANDO_SHIPMENT_SHIPMENT_ID_EXT_SHIPMENT_ID` (`shipment_id`,`ext_shipment_id`),
  CONSTRAINT `TEMANDO_SHIPMENT_SHIPMENT_ID_SALES_SHIPMENT_ENTITY_ID` FOREIGN KEY (`shipment_id`) REFERENCES `sales_shipment` (`entity_id`) ON DELETE CASCADE
) ENGINE=InnoDB DEFAULT CHARSET=utf8 COMMENT='Temando Shipment';

--
-- Dumping data for table `temando_shipment`
--


--
-- Table structure for table `theme`
--

CREATE TABLE `theme` (
  `theme_id` int(10) unsigned NOT NULL AUTO_INCREMENT COMMENT 'Theme identifier',
  `parent_id` int(11) DEFAULT NULL COMMENT 'Parent Id',
  `theme_path` varchar(255) DEFAULT NULL COMMENT 'Theme Path',
  `theme_title` varchar(255) NOT NULL COMMENT 'Theme Title',
  `preview_image` varchar(255) DEFAULT NULL COMMENT 'Preview Image',
  `is_featured` tinyint(1) NOT NULL DEFAULT '0' COMMENT 'Is Theme Featured',
  `area` varchar(255) NOT NULL COMMENT 'Theme Area',
  `type` smallint(6) NOT NULL COMMENT 'Theme type: 0:physical, 1:virtual, 2:staging',
  `code` text COMMENT 'Full theme code, including package',
  PRIMARY KEY (`theme_id`)
) ENGINE=InnoDB AUTO_INCREMENT=5 DEFAULT CHARSET=utf8 COMMENT='Core theme';

--
-- Dumping data for table `theme`
--

INSERT INTO `theme` VALUES (1,NULL,'Magento/blank','Magento Blank','preview_image_5aa6818ee6bb1.jpeg',0,'frontend',0,'Magento/blank'),(2,1,'Magento/luma','Magento Luma','preview_image_5aa6818f072cb.jpeg',0,'frontend',0,'Magento/luma'),(3,NULL,'Magento/backend','Magento 2 backend',NULL,0,'adminhtml',0,'Magento/backend'),(4,1,'Flirtcreativity/saintape','Flirt Creativity | Saint Ape','preview_image_5aa683b104710.jpeg',0,'frontend',0,'Flirtcreativity/saintape');

--
-- Table structure for table `theme_file`
--

CREATE TABLE `theme_file` (
  `theme_files_id` int(10) unsigned NOT NULL AUTO_INCREMENT COMMENT 'Theme files identifier',
  `theme_id` int(10) unsigned NOT NULL COMMENT 'Theme Id',
  `file_path` varchar(255) DEFAULT NULL COMMENT 'Relative path to file',
  `file_type` varchar(32) NOT NULL COMMENT 'File Type',
  `content` longtext NOT NULL COMMENT 'File Content',
  `sort_order` smallint(6) NOT NULL DEFAULT '0' COMMENT 'Sort Order',
  `is_temporary` tinyint(1) NOT NULL DEFAULT '0' COMMENT 'Is Temporary File',
  PRIMARY KEY (`theme_files_id`),
  KEY `THEME_FILE_THEME_ID_THEME_THEME_ID` (`theme_id`),
  CONSTRAINT `THEME_FILE_THEME_ID_THEME_THEME_ID` FOREIGN KEY (`theme_id`) REFERENCES `theme` (`theme_id`) ON DELETE CASCADE
) ENGINE=InnoDB DEFAULT CHARSET=utf8 COMMENT='Core theme files';

--
-- Dumping data for table `theme_file`
--


--
-- Table structure for table `translation`
--

CREATE TABLE `translation` (
  `key_id` int(10) unsigned NOT NULL AUTO_INCREMENT COMMENT 'Key Id of Translation',
  `string` varchar(255) NOT NULL DEFAULT 'Translate String' COMMENT 'Translation String',
  `store_id` smallint(5) unsigned NOT NULL DEFAULT '0' COMMENT 'Store Id',
  `translate` varchar(255) DEFAULT NULL COMMENT 'Translate',
  `locale` varchar(20) NOT NULL DEFAULT 'en_US' COMMENT 'Locale',
  `crc_string` bigint(20) NOT NULL DEFAULT '1591228201' COMMENT 'Translation String CRC32 Hash',
  PRIMARY KEY (`key_id`),
  UNIQUE KEY `TRANSLATION_STORE_ID_LOCALE_CRC_STRING_STRING` (`store_id`,`locale`,`crc_string`,`string`),
  CONSTRAINT `TRANSLATION_STORE_ID_STORE_STORE_ID` FOREIGN KEY (`store_id`) REFERENCES `store` (`store_id`) ON DELETE CASCADE
) ENGINE=InnoDB DEFAULT CHARSET=utf8 COMMENT='Translations';

--
-- Dumping data for table `translation`
--


--
-- Table structure for table `ui_bookmark`
--

CREATE TABLE `ui_bookmark` (
  `bookmark_id` int(10) unsigned NOT NULL AUTO_INCREMENT COMMENT 'Bookmark identifier',
  `user_id` int(10) unsigned NOT NULL COMMENT 'User Id',
  `namespace` varchar(255) NOT NULL COMMENT 'Bookmark namespace',
  `identifier` varchar(255) NOT NULL COMMENT 'Bookmark Identifier',
  `current` smallint(6) NOT NULL COMMENT 'Mark current bookmark per user and identifier',
  `title` varchar(255) DEFAULT NULL COMMENT 'Bookmark title',
  `config` longtext COMMENT 'Bookmark config',
  `created_at` datetime NOT NULL COMMENT 'Bookmark created at',
  `updated_at` datetime NOT NULL COMMENT 'Bookmark updated at',
  PRIMARY KEY (`bookmark_id`),
  KEY `UI_BOOKMARK_USER_ID_NAMESPACE_IDENTIFIER` (`user_id`,`namespace`,`identifier`),
  CONSTRAINT `UI_BOOKMARK_USER_ID_ADMIN_USER_USER_ID` FOREIGN KEY (`user_id`) REFERENCES `admin_user` (`user_id`) ON DELETE CASCADE
) ENGINE=InnoDB AUTO_INCREMENT=49 DEFAULT CHARSET=utf8 COMMENT='Bookmark';

--
-- Dumping data for table `ui_bookmark`
--

INSERT INTO `ui_bookmark` VALUES (1,1,'design_config_listing','current',0,NULL,'{\"current\":{\"columns\":{\"default\":{\"visible\":true,\"sorting\":false},\"theme_theme_id\":{\"visible\":true,\"sorting\":false},\"store_website_id\":{\"visible\":true,\"sorting\":false},\"store_group_id\":{\"visible\":true,\"sorting\":false},\"store_id\":{\"visible\":true,\"sorting\":false},\"actions\":{\"visible\":true,\"sorting\":false}},\"displayMode\":\"grid\",\"positions\":{\"default\":0,\"store_website_id\":1,\"store_group_id\":2,\"store_id\":3,\"theme_theme_id\":4,\"actions\":5},\"filters\":{\"applied\":{\"placeholder\":true}},\"paging\":{\"options\":{\"20\":{\"value\":20,\"label\":20},\"30\":{\"value\":30,\"label\":30},\"50\":{\"value\":50,\"label\":50},\"100\":{\"value\":100,\"label\":100},\"200\":{\"value\":200,\"label\":200}},\"value\":20}}}','0000-00-00 00:00:00','0000-00-00 00:00:00'),(2,1,'design_config_listing','default',1,'Default View','{\"views\":{\"default\":{\"label\":\"Default View\",\"index\":\"default\",\"editable\":false,\"data\":{\"columns\":{\"default\":{\"visible\":true,\"sorting\":false},\"theme_theme_id\":{\"visible\":true,\"sorting\":false},\"store_website_id\":{\"visible\":true,\"sorting\":false},\"store_group_id\":{\"visible\":true,\"sorting\":false},\"store_id\":{\"visible\":true,\"sorting\":false},\"actions\":{\"visible\":true,\"sorting\":false}},\"displayMode\":\"grid\",\"positions\":{\"default\":0,\"store_website_id\":1,\"store_group_id\":2,\"store_id\":3,\"theme_theme_id\":4,\"actions\":5},\"filters\":{\"applied\":{\"placeholder\":true}},\"paging\":{\"options\":{\"20\":{\"value\":20,\"label\":20},\"30\":{\"value\":30,\"label\":30},\"50\":{\"value\":50,\"label\":50},\"100\":{\"value\":100,\"label\":100},\"200\":{\"value\":200,\"label\":200}},\"value\":20}},\"value\":\"Default View\"}}}','0000-00-00 00:00:00','0000-00-00 00:00:00'),(3,1,'cms_block_listing','current',0,NULL,'{\"current\":{\"filters\":{\"applied\":{\"placeholder\":true}},\"paging\":{\"options\":{\"20\":{\"value\":20,\"label\":20},\"30\":{\"value\":30,\"label\":30},\"50\":{\"value\":50,\"label\":50},\"100\":{\"value\":100,\"label\":100},\"200\":{\"value\":200,\"label\":200}},\"value\":20},\"columns\":{\"block_id\":{\"visible\":true,\"sorting\":\"asc\"},\"title\":{\"visible\":true,\"sorting\":false},\"identifier\":{\"visible\":true,\"sorting\":false},\"store_id\":{\"visible\":true,\"sorting\":false},\"is_active\":{\"visible\":true,\"sorting\":false},\"actions\":{\"visible\":true,\"sorting\":false},\"ids\":{\"visible\":true,\"sorting\":false},\"creation_time\":{\"visible\":true,\"sorting\":false},\"update_time\":{\"visible\":true,\"sorting\":false}},\"displayMode\":\"grid\",\"search\":{\"value\":\"\"},\"positions\":{\"ids\":0,\"block_id\":1,\"title\":2,\"identifier\":3,\"store_id\":4,\"is_active\":5,\"creation_time\":6,\"update_time\":7,\"actions\":8}}}','0000-00-00 00:00:00','0000-00-00 00:00:00'),(4,1,'cms_block_listing','default',1,'Default View','{\"views\":{\"default\":{\"label\":\"Default View\",\"index\":\"default\",\"editable\":false,\"data\":{\"filters\":{\"applied\":{\"placeholder\":true}},\"paging\":{\"options\":{\"20\":{\"value\":20,\"label\":20},\"30\":{\"value\":30,\"label\":30},\"50\":{\"value\":50,\"label\":50},\"100\":{\"value\":100,\"label\":100},\"200\":{\"value\":200,\"label\":200}},\"value\":20},\"columns\":{\"block_id\":{\"visible\":true,\"sorting\":\"asc\"},\"title\":{\"visible\":true,\"sorting\":false},\"identifier\":{\"visible\":true,\"sorting\":false},\"store_id\":{\"visible\":true,\"sorting\":false},\"is_active\":{\"visible\":true,\"sorting\":false},\"actions\":{\"visible\":true,\"sorting\":false},\"ids\":{\"visible\":true,\"sorting\":false},\"creation_time\":{\"visible\":true,\"sorting\":false},\"update_time\":{\"visible\":true,\"sorting\":false}},\"displayMode\":\"grid\",\"search\":{\"value\":\"\"},\"positions\":{\"ids\":0,\"block_id\":1,\"title\":2,\"identifier\":3,\"store_id\":4,\"is_active\":5,\"creation_time\":6,\"update_time\":7,\"actions\":8}},\"value\":\"Default View\"}}}','0000-00-00 00:00:00','0000-00-00 00:00:00'),(5,1,'cms_page_listing','default',1,'Default View','{\"views\":{\"default\":{\"label\":\"Default View\",\"index\":\"default\",\"editable\":false,\"data\":{\"search\":{\"value\":\"\"},\"filters\":{\"applied\":{\"placeholder\":true}},\"displayMode\":\"grid\",\"columns\":{\"page_id\":{\"visible\":true,\"sorting\":\"asc\"},\"title\":{\"visible\":true,\"sorting\":false},\"identifier\":{\"visible\":true,\"sorting\":false},\"store_id\":{\"visible\":true,\"sorting\":false},\"meta_title\":{\"visible\":false,\"sorting\":false},\"meta_keywords\":{\"visible\":false,\"sorting\":false},\"meta_description\":{\"visible\":false,\"sorting\":false},\"ids\":{\"visible\":true,\"sorting\":false},\"creation_time\":{\"visible\":true,\"sorting\":false},\"update_time\":{\"visible\":true,\"sorting\":false},\"custom_theme_from\":{\"visible\":false,\"sorting\":false},\"custom_theme_to\":{\"visible\":false,\"sorting\":false},\"page_layout\":{\"visible\":true,\"sorting\":false},\"is_active\":{\"visible\":true,\"sorting\":false},\"custom_theme\":{\"visible\":false,\"sorting\":false},\"custom_root_template\":{\"visible\":false,\"sorting\":false},\"actions\":{\"visible\":true,\"sorting\":false}},\"paging\":{\"options\":{\"20\":{\"value\":20,\"label\":20},\"30\":{\"value\":30,\"label\":30},\"50\":{\"value\":50,\"label\":50},\"100\":{\"value\":100,\"label\":100},\"200\":{\"value\":200,\"label\":200}},\"value\":20},\"positions\":{\"ids\":0,\"page_id\":1,\"title\":2,\"identifier\":3,\"page_layout\":4,\"store_id\":5,\"is_active\":6,\"creation_time\":7,\"update_time\":8,\"custom_theme_from\":9,\"custom_theme_to\":10,\"custom_theme\":11,\"custom_root_template\":12,\"meta_title\":13,\"meta_keywords\":14,\"meta_description\":15,\"actions\":16}},\"value\":\"Default View\"}}}','0000-00-00 00:00:00','0000-00-00 00:00:00'),(6,1,'cms_page_listing','current',0,NULL,'{\"current\":{\"search\":{\"value\":\"\"},\"filters\":{\"applied\":{\"placeholder\":true}},\"displayMode\":\"grid\",\"columns\":{\"page_id\":{\"visible\":true,\"sorting\":\"asc\"},\"title\":{\"visible\":true,\"sorting\":false},\"identifier\":{\"visible\":true,\"sorting\":false},\"store_id\":{\"visible\":true,\"sorting\":false},\"meta_title\":{\"visible\":false,\"sorting\":false},\"meta_keywords\":{\"visible\":false,\"sorting\":false},\"meta_description\":{\"visible\":false,\"sorting\":false},\"ids\":{\"visible\":true,\"sorting\":false},\"creation_time\":{\"visible\":true,\"sorting\":false},\"update_time\":{\"visible\":true,\"sorting\":false},\"custom_theme_from\":{\"visible\":false,\"sorting\":false},\"custom_theme_to\":{\"visible\":false,\"sorting\":false},\"page_layout\":{\"visible\":true,\"sorting\":false},\"is_active\":{\"visible\":true,\"sorting\":false},\"custom_theme\":{\"visible\":false,\"sorting\":false},\"custom_root_template\":{\"visible\":false,\"sorting\":false},\"actions\":{\"visible\":true,\"sorting\":false}},\"paging\":{\"options\":{\"20\":{\"value\":20,\"label\":20},\"30\":{\"value\":30,\"label\":30},\"50\":{\"value\":50,\"label\":50},\"100\":{\"value\":100,\"label\":100},\"200\":{\"value\":200,\"label\":200}},\"value\":20},\"positions\":{\"ids\":0,\"page_id\":1,\"title\":2,\"identifier\":3,\"page_layout\":4,\"store_id\":5,\"is_active\":6,\"creation_time\":7,\"update_time\":8,\"custom_theme_from\":9,\"custom_theme_to\":10,\"custom_theme\":11,\"custom_root_template\":12,\"meta_title\":13,\"meta_keywords\":14,\"meta_description\":15,\"actions\":16}}}','0000-00-00 00:00:00','0000-00-00 00:00:00'),(7,2,'product_listing','current',0,NULL,'{\"current\":{\"columns\":{\"entity_id\":{\"visible\":true,\"sorting\":\"desc\"},\"name\":{\"visible\":true,\"sorting\":false},\"sku\":{\"visible\":true,\"sorting\":false},\"price\":{\"visible\":true,\"sorting\":false},\"websites\":{\"visible\":true,\"sorting\":false},\"qty\":{\"visible\":true,\"sorting\":false},\"short_description\":{\"visible\":false,\"sorting\":false},\"special_price\":{\"visible\":false,\"sorting\":false},\"cost\":{\"visible\":false,\"sorting\":false},\"weight\":{\"visible\":false,\"sorting\":false},\"meta_title\":{\"visible\":false,\"sorting\":false},\"meta_keyword\":{\"visible\":false,\"sorting\":false},\"meta_description\":{\"visible\":false,\"sorting\":false},\"url_key\":{\"visible\":false,\"sorting\":false},\"msrp\":{\"visible\":false,\"sorting\":false},\"ids\":{\"visible\":true,\"sorting\":false},\"type_id\":{\"visible\":true,\"sorting\":false},\"attribute_set_id\":{\"visible\":true,\"sorting\":false},\"visibility\":{\"visible\":true,\"sorting\":false},\"status\":{\"visible\":true,\"sorting\":false},\"manufacturer\":{\"visible\":false,\"sorting\":false},\"color\":{\"visible\":false,\"sorting\":false},\"custom_design\":{\"visible\":false,\"sorting\":false},\"page_layout\":{\"visible\":false,\"sorting\":false},\"country_of_manufacture\":{\"visible\":false,\"sorting\":false},\"custom_layout\":{\"visible\":false,\"sorting\":false},\"gift_message_available\":{\"visible\":false,\"sorting\":false},\"tax_class_id\":{\"visible\":false,\"sorting\":false},\"size\":{\"visible\":true,\"sorting\":false},\"actions\":{\"visible\":true,\"sorting\":false},\"special_from_date\":{\"visible\":false,\"sorting\":false},\"special_to_date\":{\"visible\":false,\"sorting\":false},\"news_from_date\":{\"visible\":false,\"sorting\":false},\"news_to_date\":{\"visible\":false,\"sorting\":false},\"custom_design_from\":{\"visible\":false,\"sorting\":false},\"custom_design_to\":{\"visible\":false,\"sorting\":false},\"thumbnail\":{\"visible\":true,\"sorting\":false},\"fabric\":{\"visible\":true,\"sorting\":false},\"additional_colors\":{\"visible\":true,\"sorting\":false},\"country_manufacturer\":{\"visible\":true,\"sorting\":false},\"waist\":{\"visible\":true,\"sorting\":false},\"length\":{\"visible\":true,\"sorting\":false}},\"filters\":{\"applied\":{\"placeholder\":true}},\"displayMode\":\"grid\",\"positions\":{\"ids\":0,\"entity_id\":1,\"thumbnail\":2,\"name\":3,\"type_id\":4,\"attribute_set_id\":5,\"sku\":6,\"price\":7,\"qty\":8,\"visibility\":9,\"status\":10,\"websites\":11,\"short_description\":12,\"special_price\":13,\"special_from_date\":14,\"special_to_date\":15,\"cost\":16,\"weight\":17,\"manufacturer\":18,\"meta_title\":19,\"meta_keyword\":20,\"meta_description\":21,\"color\":22,\"news_from_date\":23,\"news_to_date\":24,\"custom_design\":25,\"custom_design_from\":26,\"custom_design_to\":27,\"page_layout\":28,\"country_of_manufacture\":29,\"custom_layout\":30,\"url_key\":31,\"msrp\":32,\"gift_message_available\":33,\"tax_class_id\":34,\"size\":35,\"actions\":36,\"fabric\":37,\"additional_colors\":38,\"country_manufacturer\":39,\"waist\":40,\"length\":41},\"paging\":{\"options\":{\"20\":{\"value\":20,\"label\":20},\"30\":{\"value\":30,\"label\":30},\"50\":{\"value\":50,\"label\":50},\"100\":{\"value\":100,\"label\":100},\"200\":{\"value\":200,\"label\":200}},\"value\":200}}}','0000-00-00 00:00:00','0000-00-00 00:00:00'),(8,2,'product_listing','default',1,'Default View','{\"views\":{\"default\":{\"label\":\"Default View\",\"index\":\"default\",\"editable\":false,\"data\":{\"columns\":{\"entity_id\":{\"visible\":true,\"sorting\":\"asc\"},\"name\":{\"visible\":true,\"sorting\":false},\"sku\":{\"visible\":true,\"sorting\":false},\"price\":{\"visible\":true,\"sorting\":false},\"websites\":{\"visible\":true,\"sorting\":false},\"qty\":{\"visible\":true,\"sorting\":false},\"short_description\":{\"visible\":false,\"sorting\":false},\"special_price\":{\"visible\":false,\"sorting\":false},\"cost\":{\"visible\":false,\"sorting\":false},\"weight\":{\"visible\":false,\"sorting\":false},\"meta_title\":{\"visible\":false,\"sorting\":false},\"meta_keyword\":{\"visible\":false,\"sorting\":false},\"meta_description\":{\"visible\":false,\"sorting\":false},\"url_key\":{\"visible\":false,\"sorting\":false},\"msrp\":{\"visible\":false,\"sorting\":false},\"ids\":{\"visible\":true,\"sorting\":false},\"type_id\":{\"visible\":true,\"sorting\":false},\"attribute_set_id\":{\"visible\":true,\"sorting\":false},\"visibility\":{\"visible\":true,\"sorting\":false},\"status\":{\"visible\":true,\"sorting\":false},\"manufacturer\":{\"visible\":false,\"sorting\":false},\"color\":{\"visible\":false,\"sorting\":false},\"custom_design\":{\"visible\":false,\"sorting\":false},\"page_layout\":{\"visible\":false,\"sorting\":false},\"country_of_manufacture\":{\"visible\":false,\"sorting\":false},\"custom_layout\":{\"visible\":false,\"sorting\":false},\"gift_message_available\":{\"visible\":false,\"sorting\":false},\"tax_class_id\":{\"visible\":false,\"sorting\":false},\"size\":{\"visible\":true,\"sorting\":false},\"actions\":{\"visible\":true,\"sorting\":false},\"special_from_date\":{\"visible\":false,\"sorting\":false},\"special_to_date\":{\"visible\":false,\"sorting\":false},\"news_from_date\":{\"visible\":false,\"sorting\":false},\"news_to_date\":{\"visible\":false,\"sorting\":false},\"custom_design_from\":{\"visible\":false,\"sorting\":false},\"custom_design_to\":{\"visible\":false,\"sorting\":false},\"thumbnail\":{\"visible\":true,\"sorting\":false}},\"filters\":{\"applied\":{\"placeholder\":true}},\"displayMode\":\"grid\",\"positions\":{\"ids\":0,\"entity_id\":1,\"thumbnail\":2,\"name\":3,\"type_id\":4,\"attribute_set_id\":5,\"sku\":6,\"price\":7,\"qty\":8,\"visibility\":9,\"status\":10,\"websites\":11,\"short_description\":12,\"special_price\":13,\"special_from_date\":14,\"special_to_date\":15,\"cost\":16,\"weight\":17,\"manufacturer\":18,\"meta_title\":19,\"meta_keyword\":20,\"meta_description\":21,\"color\":22,\"news_from_date\":23,\"news_to_date\":24,\"custom_design\":25,\"custom_design_from\":26,\"custom_design_to\":27,\"page_layout\":28,\"country_of_manufacture\":29,\"custom_layout\":30,\"url_key\":31,\"msrp\":32,\"gift_message_available\":33,\"tax_class_id\":34,\"size\":35,\"actions\":36},\"paging\":{\"options\":{\"20\":{\"value\":20,\"label\":20},\"30\":{\"value\":30,\"label\":30},\"50\":{\"value\":50,\"label\":50},\"100\":{\"value\":100,\"label\":100},\"200\":{\"value\":200,\"label\":200}},\"value\":20}},\"value\":\"Default View\"}}}','0000-00-00 00:00:00','0000-00-00 00:00:00'),(9,1,'sales_order_grid','current',0,NULL,'{\"current\":{\"filters\":{\"applied\":{\"placeholder\":true}},\"columns\":{\"increment_id\":{\"visible\":true,\"sorting\":false},\"store_id\":{\"visible\":true,\"sorting\":false},\"billing_name\":{\"visible\":true,\"sorting\":false},\"shipping_name\":{\"visible\":true,\"sorting\":false},\"base_grand_total\":{\"visible\":true,\"sorting\":false},\"grand_total\":{\"visible\":true,\"sorting\":false},\"billing_address\":{\"visible\":false,\"sorting\":false},\"shipping_address\":{\"visible\":false,\"sorting\":false},\"shipping_information\":{\"visible\":false,\"sorting\":false},\"customer_email\":{\"visible\":false,\"sorting\":false},\"subtotal\":{\"visible\":false,\"sorting\":false},\"shipping_and_handling\":{\"visible\":false,\"sorting\":false},\"customer_name\":{\"visible\":false,\"sorting\":false},\"total_refunded\":{\"visible\":false,\"sorting\":false},\"ids\":{\"visible\":true,\"sorting\":false},\"created_at\":{\"visible\":true,\"sorting\":\"desc\"},\"status\":{\"visible\":true,\"sorting\":false},\"customer_group\":{\"visible\":false,\"sorting\":false},\"payment_method\":{\"visible\":false,\"sorting\":false},\"signifyd_guarantee_status\":{\"visible\":true,\"sorting\":false},\"actions\":{\"visible\":true,\"sorting\":false}},\"search\":{\"value\":\"\"},\"displayMode\":\"grid\",\"positions\":{\"ids\":0,\"increment_id\":1,\"store_id\":2,\"created_at\":3,\"billing_name\":4,\"shipping_name\":5,\"base_grand_total\":6,\"grand_total\":7,\"status\":8,\"billing_address\":9,\"shipping_address\":10,\"shipping_information\":11,\"customer_email\":12,\"customer_group\":13,\"subtotal\":14,\"shipping_and_handling\":15,\"customer_name\":16,\"payment_method\":17,\"total_refunded\":18,\"actions\":19,\"signifyd_guarantee_status\":20},\"paging\":{\"options\":{\"20\":{\"value\":20,\"label\":20},\"30\":{\"value\":30,\"label\":30},\"50\":{\"value\":50,\"label\":50},\"100\":{\"value\":100,\"label\":100},\"200\":{\"value\":200,\"label\":200}},\"value\":20}}}','0000-00-00 00:00:00','0000-00-00 00:00:00'),(10,1,'sales_order_grid','default',1,'Default View','{\"views\":{\"default\":{\"label\":\"Default View\",\"index\":\"default\",\"editable\":false,\"data\":{\"filters\":{\"applied\":{\"placeholder\":true}},\"columns\":{\"increment_id\":{\"visible\":true,\"sorting\":false},\"store_id\":{\"visible\":true,\"sorting\":false},\"billing_name\":{\"visible\":true,\"sorting\":false},\"shipping_name\":{\"visible\":true,\"sorting\":false},\"base_grand_total\":{\"visible\":true,\"sorting\":false},\"grand_total\":{\"visible\":true,\"sorting\":false},\"billing_address\":{\"visible\":false,\"sorting\":false},\"shipping_address\":{\"visible\":false,\"sorting\":false},\"shipping_information\":{\"visible\":false,\"sorting\":false},\"customer_email\":{\"visible\":false,\"sorting\":false},\"subtotal\":{\"visible\":false,\"sorting\":false},\"shipping_and_handling\":{\"visible\":false,\"sorting\":false},\"customer_name\":{\"visible\":false,\"sorting\":false},\"total_refunded\":{\"visible\":false,\"sorting\":false},\"ids\":{\"visible\":true,\"sorting\":false},\"created_at\":{\"visible\":true,\"sorting\":\"desc\"},\"status\":{\"visible\":true,\"sorting\":false},\"customer_group\":{\"visible\":false,\"sorting\":false},\"payment_method\":{\"visible\":false,\"sorting\":false},\"signifyd_guarantee_status\":{\"visible\":true,\"sorting\":false},\"actions\":{\"visible\":true,\"sorting\":false}},\"search\":{\"value\":\"\"},\"displayMode\":\"grid\",\"positions\":{\"ids\":0,\"increment_id\":1,\"store_id\":2,\"created_at\":3,\"billing_name\":4,\"shipping_name\":5,\"base_grand_total\":6,\"grand_total\":7,\"status\":8,\"billing_address\":9,\"shipping_address\":10,\"shipping_information\":11,\"customer_email\":12,\"customer_group\":13,\"subtotal\":14,\"shipping_and_handling\":15,\"customer_name\":16,\"payment_method\":17,\"total_refunded\":18,\"actions\":19,\"signifyd_guarantee_status\":20},\"paging\":{\"options\":{\"20\":{\"value\":20,\"label\":20},\"30\":{\"value\":30,\"label\":30},\"50\":{\"value\":50,\"label\":50},\"100\":{\"value\":100,\"label\":100},\"200\":{\"value\":200,\"label\":200}},\"value\":20}},\"value\":\"Default View\"}}}','0000-00-00 00:00:00','0000-00-00 00:00:00'),(11,1,'sales_order_view_creditmemo_grid','default',1,'Default View','{\"views\":{\"default\":{\"label\":\"Default View\",\"index\":\"default\",\"editable\":false,\"data\":{\"search\":{\"value\":\"\"},\"filters\":{\"applied\":{\"placeholder\":true}},\"columns\":{\"increment_id\":{\"visible\":true,\"sorting\":false},\"order_increment_id\":{\"visible\":true,\"sorting\":false},\"billing_name\":{\"visible\":true,\"sorting\":false},\"base_grand_total\":{\"visible\":true,\"sorting\":false},\"store_id\":{\"visible\":false,\"sorting\":false},\"billing_address\":{\"visible\":false,\"sorting\":false},\"shipping_address\":{\"visible\":false,\"sorting\":false},\"customer_name\":{\"visible\":false,\"sorting\":false},\"customer_email\":{\"visible\":false,\"sorting\":false},\"shipping_information\":{\"visible\":false,\"sorting\":false},\"subtotal\":{\"visible\":false,\"sorting\":false},\"shipping_and_handling\":{\"visible\":false,\"sorting\":false},\"adjustment_positive\":{\"visible\":false,\"sorting\":false},\"adjustment_negative\":{\"visible\":false,\"sorting\":false},\"order_base_grand_total\":{\"visible\":false,\"sorting\":false},\"ids\":{\"visible\":true,\"sorting\":false},\"created_at\":{\"visible\":true,\"sorting\":false},\"order_created_at\":{\"visible\":true,\"sorting\":false},\"actions\":{\"visible\":true,\"sorting\":false},\"state\":{\"visible\":true,\"sorting\":false},\"order_status\":{\"visible\":false,\"sorting\":false},\"customer_group_id\":{\"visible\":false,\"sorting\":false},\"payment_method\":{\"visible\":false,\"sorting\":false}},\"displayMode\":\"grid\",\"paging\":{\"options\":{\"20\":{\"value\":20,\"label\":20},\"30\":{\"value\":30,\"label\":30},\"50\":{\"value\":50,\"label\":50},\"100\":{\"value\":100,\"label\":100},\"200\":{\"value\":200,\"label\":200}},\"value\":20},\"positions\":{\"ids\":0,\"increment_id\":1,\"created_at\":2,\"order_increment_id\":3,\"order_created_at\":4,\"billing_name\":5,\"state\":6,\"base_grand_total\":7,\"order_status\":8,\"store_id\":9,\"billing_address\":10,\"shipping_address\":11,\"customer_name\":12,\"customer_email\":13,\"customer_group_id\":14,\"payment_method\":15,\"shipping_information\":16,\"subtotal\":17,\"shipping_and_handling\":18,\"adjustment_positive\":19,\"adjustment_negative\":20,\"order_base_grand_total\":21,\"actions\":22}},\"value\":\"Default View\"}}}','0000-00-00 00:00:00','0000-00-00 00:00:00'),(12,1,'sales_order_view_shipment_grid','default',1,'Default View','{\"views\":{\"default\":{\"label\":\"Default View\",\"index\":\"default\",\"editable\":false,\"data\":{\"search\":{\"value\":\"\"},\"filters\":{\"applied\":{\"placeholder\":true}},\"columns\":{\"increment_id\":{\"visible\":true,\"sorting\":\"asc\"},\"order_increment_id\":{\"visible\":true,\"sorting\":false},\"shipping_name\":{\"visible\":true,\"sorting\":false},\"total_qty\":{\"visible\":true,\"sorting\":false},\"store_id\":{\"visible\":false,\"sorting\":false},\"customer_name\":{\"visible\":false,\"sorting\":false},\"customer_email\":{\"visible\":false,\"sorting\":false},\"billing_address\":{\"visible\":false,\"sorting\":false},\"shipping_address\":{\"visible\":false,\"sorting\":false},\"shipping_information\":{\"visible\":false,\"sorting\":false},\"ids\":{\"visible\":true,\"sorting\":false},\"created_at\":{\"visible\":true,\"sorting\":false},\"order_created_at\":{\"visible\":true,\"sorting\":false},\"actions\":{\"visible\":true,\"sorting\":false},\"order_status\":{\"visible\":false,\"sorting\":false},\"customer_group_id\":{\"visible\":false,\"sorting\":false},\"payment_method\":{\"visible\":false,\"sorting\":false}},\"displayMode\":\"grid\",\"paging\":{\"options\":{\"20\":{\"value\":20,\"label\":20},\"30\":{\"value\":30,\"label\":30},\"50\":{\"value\":50,\"label\":50},\"100\":{\"value\":100,\"label\":100},\"200\":{\"value\":200,\"label\":200}},\"value\":20},\"positions\":{\"ids\":0,\"increment_id\":1,\"created_at\":2,\"order_increment_id\":3,\"order_created_at\":4,\"shipping_name\":5,\"total_qty\":6,\"order_status\":7,\"store_id\":8,\"customer_name\":9,\"customer_email\":10,\"customer_group_id\":11,\"billing_address\":12,\"shipping_address\":13,\"payment_method\":14,\"shipping_information\":15,\"actions\":16}},\"value\":\"Default View\"}}}','0000-00-00 00:00:00','0000-00-00 00:00:00'),(13,1,'sales_order_view_invoice_grid','default',1,'Default View','{\"views\":{\"default\":{\"label\":\"Default View\",\"index\":\"default\",\"editable\":false,\"data\":{\"search\":{\"value\":\"\"},\"filters\":{\"applied\":{\"placeholder\":true}},\"columns\":{\"increment_id\":{\"visible\":true,\"sorting\":\"asc\"},\"order_increment_id\":{\"visible\":true,\"sorting\":false},\"billing_name\":{\"visible\":true,\"sorting\":false},\"grand_total\":{\"visible\":true,\"sorting\":false},\"store_id\":{\"visible\":false,\"sorting\":false},\"billing_address\":{\"visible\":false,\"sorting\":false},\"shipping_address\":{\"visible\":false,\"sorting\":false},\"customer_name\":{\"visible\":false,\"sorting\":false},\"customer_email\":{\"visible\":false,\"sorting\":false},\"shipping_information\":{\"visible\":false,\"sorting\":false},\"subtotal\":{\"visible\":false,\"sorting\":false},\"shipping_and_handling\":{\"visible\":false,\"sorting\":false},\"ids\":{\"visible\":true,\"sorting\":false},\"created_at\":{\"visible\":true,\"sorting\":false},\"order_created_at\":{\"visible\":true,\"sorting\":false},\"actions\":{\"visible\":true,\"sorting\":false},\"state\":{\"visible\":true,\"sorting\":false},\"customer_group_id\":{\"visible\":false,\"sorting\":false},\"payment_method\":{\"visible\":false,\"sorting\":false}},\"displayMode\":\"grid\",\"paging\":{\"options\":{\"20\":{\"value\":20,\"label\":20},\"30\":{\"value\":30,\"label\":30},\"50\":{\"value\":50,\"label\":50},\"100\":{\"value\":100,\"label\":100},\"200\":{\"value\":200,\"label\":200}},\"value\":20},\"positions\":{\"ids\":0,\"increment_id\":1,\"created_at\":2,\"order_increment_id\":3,\"order_created_at\":4,\"billing_name\":5,\"state\":6,\"grand_total\":7,\"store_id\":8,\"billing_address\":9,\"shipping_address\":10,\"customer_name\":11,\"customer_email\":12,\"customer_group_id\":13,\"payment_method\":14,\"shipping_information\":15,\"subtotal\":16,\"shipping_and_handling\":17,\"actions\":18}},\"value\":\"Default View\"}}}','0000-00-00 00:00:00','0000-00-00 00:00:00'),(14,1,'sales_order_view_creditmemo_grid','current',0,NULL,'{\"current\":{\"search\":{\"value\":\"\"},\"filters\":{\"applied\":{\"placeholder\":true}},\"columns\":{\"increment_id\":{\"visible\":true,\"sorting\":false},\"order_increment_id\":{\"visible\":true,\"sorting\":false},\"billing_name\":{\"visible\":true,\"sorting\":false},\"base_grand_total\":{\"visible\":true,\"sorting\":false},\"store_id\":{\"visible\":false,\"sorting\":false},\"billing_address\":{\"visible\":false,\"sorting\":false},\"shipping_address\":{\"visible\":false,\"sorting\":false},\"customer_name\":{\"visible\":false,\"sorting\":false},\"customer_email\":{\"visible\":false,\"sorting\":false},\"shipping_information\":{\"visible\":false,\"sorting\":false},\"subtotal\":{\"visible\":false,\"sorting\":false},\"shipping_and_handling\":{\"visible\":false,\"sorting\":false},\"adjustment_positive\":{\"visible\":false,\"sorting\":false},\"adjustment_negative\":{\"visible\":false,\"sorting\":false},\"order_base_grand_total\":{\"visible\":false,\"sorting\":false},\"ids\":{\"visible\":true,\"sorting\":false},\"created_at\":{\"visible\":true,\"sorting\":false},\"order_created_at\":{\"visible\":true,\"sorting\":false},\"actions\":{\"visible\":true,\"sorting\":false},\"state\":{\"visible\":true,\"sorting\":false},\"order_status\":{\"visible\":false,\"sorting\":false},\"customer_group_id\":{\"visible\":false,\"sorting\":false},\"payment_method\":{\"visible\":false,\"sorting\":false}},\"displayMode\":\"grid\",\"paging\":{\"options\":{\"20\":{\"value\":20,\"label\":20},\"30\":{\"value\":30,\"label\":30},\"50\":{\"value\":50,\"label\":50},\"100\":{\"value\":100,\"label\":100},\"200\":{\"value\":200,\"label\":200}},\"value\":20},\"positions\":{\"ids\":0,\"increment_id\":1,\"created_at\":2,\"order_increment_id\":3,\"order_created_at\":4,\"billing_name\":5,\"state\":6,\"base_grand_total\":7,\"order_status\":8,\"store_id\":9,\"billing_address\":10,\"shipping_address\":11,\"customer_name\":12,\"customer_email\":13,\"customer_group_id\":14,\"payment_method\":15,\"shipping_information\":16,\"subtotal\":17,\"shipping_and_handling\":18,\"adjustment_positive\":19,\"adjustment_negative\":20,\"order_base_grand_total\":21,\"actions\":22}}}','0000-00-00 00:00:00','0000-00-00 00:00:00'),(15,1,'sales_order_view_invoice_grid','current',0,NULL,'{\"current\":{\"search\":{\"value\":\"\"},\"filters\":{\"applied\":{\"placeholder\":true}},\"columns\":{\"increment_id\":{\"visible\":true,\"sorting\":\"asc\"},\"order_increment_id\":{\"visible\":true,\"sorting\":false},\"billing_name\":{\"visible\":true,\"sorting\":false},\"grand_total\":{\"visible\":true,\"sorting\":false},\"store_id\":{\"visible\":false,\"sorting\":false},\"billing_address\":{\"visible\":false,\"sorting\":false},\"shipping_address\":{\"visible\":false,\"sorting\":false},\"customer_name\":{\"visible\":false,\"sorting\":false},\"customer_email\":{\"visible\":false,\"sorting\":false},\"shipping_information\":{\"visible\":false,\"sorting\":false},\"subtotal\":{\"visible\":false,\"sorting\":false},\"shipping_and_handling\":{\"visible\":false,\"sorting\":false},\"ids\":{\"visible\":true,\"sorting\":false},\"created_at\":{\"visible\":true,\"sorting\":false},\"order_created_at\":{\"visible\":true,\"sorting\":false},\"actions\":{\"visible\":true,\"sorting\":false},\"state\":{\"visible\":true,\"sorting\":false},\"customer_group_id\":{\"visible\":false,\"sorting\":false},\"payment_method\":{\"visible\":false,\"sorting\":false}},\"displayMode\":\"grid\",\"paging\":{\"options\":{\"20\":{\"value\":20,\"label\":20},\"30\":{\"value\":30,\"label\":30},\"50\":{\"value\":50,\"label\":50},\"100\":{\"value\":100,\"label\":100},\"200\":{\"value\":200,\"label\":200}},\"value\":20},\"positions\":{\"ids\":0,\"increment_id\":1,\"created_at\":2,\"order_increment_id\":3,\"order_created_at\":4,\"billing_name\":5,\"state\":6,\"grand_total\":7,\"store_id\":8,\"billing_address\":9,\"shipping_address\":10,\"customer_name\":11,\"customer_email\":12,\"customer_group_id\":13,\"payment_method\":14,\"shipping_information\":15,\"subtotal\":16,\"shipping_and_handling\":17,\"actions\":18}}}','0000-00-00 00:00:00','0000-00-00 00:00:00'),(16,1,'sales_order_view_shipment_grid','current',0,NULL,'{\"current\":{\"search\":{\"value\":\"\"},\"filters\":{\"applied\":{\"placeholder\":true}},\"columns\":{\"increment_id\":{\"visible\":true,\"sorting\":\"asc\"},\"order_increment_id\":{\"visible\":true,\"sorting\":false},\"shipping_name\":{\"visible\":true,\"sorting\":false},\"total_qty\":{\"visible\":true,\"sorting\":false},\"store_id\":{\"visible\":false,\"sorting\":false},\"customer_name\":{\"visible\":false,\"sorting\":false},\"customer_email\":{\"visible\":false,\"sorting\":false},\"billing_address\":{\"visible\":false,\"sorting\":false},\"shipping_address\":{\"visible\":false,\"sorting\":false},\"shipping_information\":{\"visible\":false,\"sorting\":false},\"ids\":{\"visible\":true,\"sorting\":false},\"created_at\":{\"visible\":true,\"sorting\":false},\"order_created_at\":{\"visible\":true,\"sorting\":false},\"actions\":{\"visible\":true,\"sorting\":false},\"order_status\":{\"visible\":false,\"sorting\":false},\"customer_group_id\":{\"visible\":false,\"sorting\":false},\"payment_method\":{\"visible\":false,\"sorting\":false}},\"displayMode\":\"grid\",\"paging\":{\"options\":{\"20\":{\"value\":20,\"label\":20},\"30\":{\"value\":30,\"label\":30},\"50\":{\"value\":50,\"label\":50},\"100\":{\"value\":100,\"label\":100},\"200\":{\"value\":200,\"label\":200}},\"value\":20},\"positions\":{\"ids\":0,\"increment_id\":1,\"created_at\":2,\"order_increment_id\":3,\"order_created_at\":4,\"shipping_name\":5,\"total_qty\":6,\"order_status\":7,\"store_id\":8,\"customer_name\":9,\"customer_email\":10,\"customer_group_id\":11,\"billing_address\":12,\"shipping_address\":13,\"payment_method\":14,\"shipping_information\":15,\"actions\":16}}}','0000-00-00 00:00:00','0000-00-00 00:00:00'),(17,1,'product_listing','current',0,NULL,'{\"current\":{\"filters\":{\"applied\":{\"placeholder\":true,\"type_id\":\"configurable\"}},\"columns\":{\"entity_id\":{\"visible\":true,\"sorting\":\"asc\"},\"name\":{\"visible\":true,\"sorting\":false},\"sku\":{\"visible\":true,\"sorting\":false},\"price\":{\"visible\":true,\"sorting\":false},\"websites\":{\"visible\":true,\"sorting\":false},\"qty\":{\"visible\":true,\"sorting\":false},\"short_description\":{\"visible\":false,\"sorting\":false},\"special_price\":{\"visible\":false,\"sorting\":false},\"cost\":{\"visible\":false,\"sorting\":false},\"weight\":{\"visible\":false,\"sorting\":false},\"meta_title\":{\"visible\":false,\"sorting\":false},\"meta_keyword\":{\"visible\":false,\"sorting\":false},\"meta_description\":{\"visible\":false,\"sorting\":false},\"url_key\":{\"visible\":false,\"sorting\":false},\"msrp\":{\"visible\":false,\"sorting\":false},\"ids\":{\"visible\":true,\"sorting\":false},\"actions\":{\"visible\":true,\"sorting\":false},\"special_from_date\":{\"visible\":false,\"sorting\":false},\"special_to_date\":{\"visible\":false,\"sorting\":false},\"news_from_date\":{\"visible\":false,\"sorting\":false},\"news_to_date\":{\"visible\":false,\"sorting\":false},\"custom_design_from\":{\"visible\":false,\"sorting\":false},\"custom_design_to\":{\"visible\":false,\"sorting\":false},\"type_id\":{\"visible\":true,\"sorting\":false},\"attribute_set_id\":{\"visible\":true,\"sorting\":false},\"visibility\":{\"visible\":true,\"sorting\":false},\"status\":{\"visible\":true,\"sorting\":false},\"manufacturer\":{\"visible\":false,\"sorting\":false},\"color\":{\"visible\":false,\"sorting\":false},\"custom_design\":{\"visible\":false,\"sorting\":false},\"page_layout\":{\"visible\":false,\"sorting\":false},\"country_of_manufacture\":{\"visible\":false,\"sorting\":false},\"custom_layout\":{\"visible\":false,\"sorting\":false},\"gift_message_available\":{\"visible\":false,\"sorting\":false},\"tax_class_id\":{\"visible\":false,\"sorting\":false},\"size\":{\"visible\":true,\"sorting\":false},\"thumbnail\":{\"visible\":true,\"sorting\":false},\"fabric\":{\"visible\":true,\"sorting\":false},\"additional_colors\":{\"visible\":true,\"sorting\":false},\"country_manufacturer\":{\"visible\":true,\"sorting\":false},\"waist\":{\"visible\":true,\"sorting\":false},\"length\":{\"visible\":true,\"sorting\":false}},\"displayMode\":\"grid\",\"positions\":{\"ids\":0,\"entity_id\":1,\"thumbnail\":2,\"name\":3,\"type_id\":4,\"attribute_set_id\":5,\"sku\":6,\"price\":7,\"qty\":8,\"visibility\":9,\"status\":10,\"websites\":11,\"short_description\":12,\"special_price\":13,\"special_from_date\":14,\"special_to_date\":15,\"cost\":16,\"weight\":17,\"manufacturer\":18,\"meta_title\":19,\"meta_keyword\":20,\"meta_description\":21,\"color\":22,\"news_from_date\":23,\"news_to_date\":24,\"custom_design\":25,\"custom_design_from\":26,\"custom_design_to\":27,\"page_layout\":28,\"country_of_manufacture\":29,\"custom_layout\":30,\"url_key\":31,\"msrp\":32,\"gift_message_available\":33,\"tax_class_id\":34,\"size\":35,\"actions\":36,\"fabric\":37,\"additional_colors\":38,\"country_manufacturer\":39,\"waist\":40,\"length\":41},\"paging\":{\"options\":{\"20\":{\"value\":20,\"label\":20},\"30\":{\"value\":30,\"label\":30},\"50\":{\"value\":50,\"label\":50},\"100\":{\"value\":100,\"label\":100},\"200\":{\"value\":200,\"label\":200}},\"value\":200}}}','0000-00-00 00:00:00','0000-00-00 00:00:00'),(18,1,'product_listing','default',1,'Default View','{\"views\":{\"default\":{\"label\":\"Default View\",\"index\":\"default\",\"editable\":false,\"data\":{\"filters\":{\"applied\":{\"placeholder\":true}},\"columns\":{\"entity_id\":{\"visible\":true,\"sorting\":\"asc\"},\"name\":{\"visible\":true,\"sorting\":false},\"sku\":{\"visible\":true,\"sorting\":false},\"price\":{\"visible\":true,\"sorting\":false},\"websites\":{\"visible\":true,\"sorting\":false},\"qty\":{\"visible\":true,\"sorting\":false},\"short_description\":{\"visible\":false,\"sorting\":false},\"special_price\":{\"visible\":false,\"sorting\":false},\"cost\":{\"visible\":false,\"sorting\":false},\"weight\":{\"visible\":false,\"sorting\":false},\"meta_title\":{\"visible\":false,\"sorting\":false},\"meta_keyword\":{\"visible\":false,\"sorting\":false},\"meta_description\":{\"visible\":false,\"sorting\":false},\"url_key\":{\"visible\":false,\"sorting\":false},\"msrp\":{\"visible\":false,\"sorting\":false},\"ids\":{\"visible\":true,\"sorting\":false},\"actions\":{\"visible\":true,\"sorting\":false},\"special_from_date\":{\"visible\":false,\"sorting\":false},\"special_to_date\":{\"visible\":false,\"sorting\":false},\"news_from_date\":{\"visible\":false,\"sorting\":false},\"news_to_date\":{\"visible\":false,\"sorting\":false},\"custom_design_from\":{\"visible\":false,\"sorting\":false},\"custom_design_to\":{\"visible\":false,\"sorting\":false},\"type_id\":{\"visible\":true,\"sorting\":false},\"attribute_set_id\":{\"visible\":true,\"sorting\":false},\"visibility\":{\"visible\":true,\"sorting\":false},\"status\":{\"visible\":true,\"sorting\":false},\"manufacturer\":{\"visible\":false,\"sorting\":false},\"color\":{\"visible\":false,\"sorting\":false},\"custom_design\":{\"visible\":false,\"sorting\":false},\"page_layout\":{\"visible\":false,\"sorting\":false},\"country_of_manufacture\":{\"visible\":false,\"sorting\":false},\"custom_layout\":{\"visible\":false,\"sorting\":false},\"gift_message_available\":{\"visible\":false,\"sorting\":false},\"tax_class_id\":{\"visible\":false,\"sorting\":false},\"size\":{\"visible\":true,\"sorting\":false},\"thumbnail\":{\"visible\":true,\"sorting\":false}},\"displayMode\":\"grid\",\"positions\":{\"ids\":0,\"entity_id\":1,\"thumbnail\":2,\"name\":3,\"type_id\":4,\"attribute_set_id\":5,\"sku\":6,\"price\":7,\"qty\":8,\"visibility\":9,\"status\":10,\"websites\":11,\"short_description\":12,\"special_price\":13,\"special_from_date\":14,\"special_to_date\":15,\"cost\":16,\"weight\":17,\"manufacturer\":18,\"meta_title\":19,\"meta_keyword\":20,\"meta_description\":21,\"color\":22,\"news_from_date\":23,\"news_to_date\":24,\"custom_design\":25,\"custom_design_from\":26,\"custom_design_to\":27,\"page_layout\":28,\"country_of_manufacture\":29,\"custom_layout\":30,\"url_key\":31,\"msrp\":32,\"gift_message_available\":33,\"tax_class_id\":34,\"size\":35,\"actions\":36},\"paging\":{\"options\":{\"20\":{\"value\":20,\"label\":20},\"30\":{\"value\":30,\"label\":30},\"50\":{\"value\":50,\"label\":50},\"100\":{\"value\":100,\"label\":100},\"200\":{\"value\":200,\"label\":200}},\"value\":20}},\"value\":\"Default View\"}}}','0000-00-00 00:00:00','0000-00-00 00:00:00'),(19,2,'sales_order_grid','current',0,NULL,'{\"current\":{\"columns\":{\"increment_id\":{\"visible\":true,\"sorting\":false},\"store_id\":{\"visible\":true,\"sorting\":false},\"billing_name\":{\"visible\":true,\"sorting\":false},\"shipping_name\":{\"visible\":true,\"sorting\":false},\"base_grand_total\":{\"visible\":true,\"sorting\":false},\"grand_total\":{\"visible\":true,\"sorting\":false},\"billing_address\":{\"visible\":false,\"sorting\":false},\"shipping_address\":{\"visible\":false,\"sorting\":false},\"shipping_information\":{\"visible\":false,\"sorting\":false},\"customer_email\":{\"visible\":false,\"sorting\":false},\"subtotal\":{\"visible\":false,\"sorting\":false},\"shipping_and_handling\":{\"visible\":false,\"sorting\":false},\"customer_name\":{\"visible\":false,\"sorting\":false},\"total_refunded\":{\"visible\":false,\"sorting\":false},\"ids\":{\"visible\":true,\"sorting\":false},\"status\":{\"visible\":true,\"sorting\":false},\"customer_group\":{\"visible\":false,\"sorting\":false},\"payment_method\":{\"visible\":false,\"sorting\":false},\"signifyd_guarantee_status\":{\"visible\":true,\"sorting\":false},\"created_at\":{\"visible\":true,\"sorting\":\"desc\"},\"actions\":{\"visible\":true,\"sorting\":false}},\"search\":{\"value\":\"\"},\"filters\":{\"applied\":{\"placeholder\":true}},\"displayMode\":\"grid\",\"positions\":{\"ids\":0,\"increment_id\":1,\"store_id\":2,\"created_at\":3,\"billing_name\":4,\"shipping_name\":5,\"base_grand_total\":6,\"grand_total\":7,\"status\":8,\"billing_address\":9,\"shipping_address\":10,\"shipping_information\":11,\"customer_email\":12,\"customer_group\":13,\"subtotal\":14,\"shipping_and_handling\":15,\"customer_name\":16,\"payment_method\":17,\"total_refunded\":18,\"actions\":19,\"signifyd_guarantee_status\":20},\"paging\":{\"options\":{\"20\":{\"value\":20,\"label\":20},\"30\":{\"value\":30,\"label\":30},\"50\":{\"value\":50,\"label\":50},\"100\":{\"value\":100,\"label\":100},\"200\":{\"value\":200,\"label\":200}},\"value\":20}}}','0000-00-00 00:00:00','0000-00-00 00:00:00'),(20,2,'sales_order_grid','default',1,'Default View','{\"views\":{\"default\":{\"label\":\"Default View\",\"index\":\"default\",\"editable\":false,\"data\":{\"columns\":{\"increment_id\":{\"visible\":true,\"sorting\":false},\"store_id\":{\"visible\":true,\"sorting\":false},\"billing_name\":{\"visible\":true,\"sorting\":false},\"shipping_name\":{\"visible\":true,\"sorting\":false},\"base_grand_total\":{\"visible\":true,\"sorting\":false},\"grand_total\":{\"visible\":true,\"sorting\":false},\"billing_address\":{\"visible\":false,\"sorting\":false},\"shipping_address\":{\"visible\":false,\"sorting\":false},\"shipping_information\":{\"visible\":false,\"sorting\":false},\"customer_email\":{\"visible\":false,\"sorting\":false},\"subtotal\":{\"visible\":false,\"sorting\":false},\"shipping_and_handling\":{\"visible\":false,\"sorting\":false},\"customer_name\":{\"visible\":false,\"sorting\":false},\"total_refunded\":{\"visible\":false,\"sorting\":false},\"ids\":{\"visible\":true,\"sorting\":false},\"status\":{\"visible\":true,\"sorting\":false},\"customer_group\":{\"visible\":false,\"sorting\":false},\"payment_method\":{\"visible\":false,\"sorting\":false},\"signifyd_guarantee_status\":{\"visible\":true,\"sorting\":false},\"created_at\":{\"visible\":true,\"sorting\":\"desc\"},\"actions\":{\"visible\":true,\"sorting\":false}},\"search\":{\"value\":\"\"},\"filters\":{\"applied\":{\"placeholder\":true}},\"displayMode\":\"grid\",\"positions\":{\"ids\":0,\"increment_id\":1,\"store_id\":2,\"created_at\":3,\"billing_name\":4,\"shipping_name\":5,\"base_grand_total\":6,\"grand_total\":7,\"status\":8,\"billing_address\":9,\"shipping_address\":10,\"shipping_information\":11,\"customer_email\":12,\"customer_group\":13,\"subtotal\":14,\"shipping_and_handling\":15,\"customer_name\":16,\"payment_method\":17,\"total_refunded\":18,\"actions\":19,\"signifyd_guarantee_status\":20},\"paging\":{\"options\":{\"20\":{\"value\":20,\"label\":20},\"30\":{\"value\":30,\"label\":30},\"50\":{\"value\":50,\"label\":50},\"100\":{\"value\":100,\"label\":100},\"200\":{\"value\":200,\"label\":200}},\"value\":20}},\"value\":\"Default View\"}}}','0000-00-00 00:00:00','0000-00-00 00:00:00'),(21,2,'product_attributes_listing','default',1,'Default View','{\"views\":{\"default\":{\"label\":\"Default View\",\"index\":\"default\",\"editable\":false,\"data\":{\"displayMode\":\"grid\",\"columns\":{\"attribute_code\":{\"visible\":true,\"sorting\":\"asc\"},\"frontend_label\":{\"visible\":true,\"sorting\":false},\"is_filterable\":{\"visible\":true,\"sorting\":false},\"is_required\":{\"visible\":true,\"sorting\":false},\"is_user_defined\":{\"visible\":true,\"sorting\":false},\"is_visible\":{\"visible\":true,\"sorting\":false},\"is_global\":{\"visible\":true,\"sorting\":false},\"is_searchable\":{\"visible\":true,\"sorting\":false},\"is_comparable\":{\"visible\":true,\"sorting\":false},\"ids\":{\"visible\":true,\"sorting\":false}},\"paging\":{\"options\":{\"20\":{\"value\":20,\"label\":20},\"30\":{\"value\":30,\"label\":30},\"50\":{\"value\":50,\"label\":50},\"100\":{\"value\":100,\"label\":100},\"200\":{\"value\":200,\"label\":200}},\"value\":20},\"positions\":{\"ids\":0,\"is_filterable\":1,\"attribute_code\":2,\"frontend_label\":3,\"is_required\":4,\"is_user_defined\":5,\"is_visible\":6,\"is_global\":7,\"is_searchable\":8,\"is_comparable\":9}},\"value\":\"Default View\"}}}','0000-00-00 00:00:00','0000-00-00 00:00:00'),(22,2,'product_attributes_listing','current',0,NULL,'{\"current\":{\"displayMode\":\"grid\",\"columns\":{\"attribute_code\":{\"visible\":true,\"sorting\":\"asc\"},\"frontend_label\":{\"visible\":true,\"sorting\":false},\"is_filterable\":{\"visible\":true,\"sorting\":false},\"is_required\":{\"visible\":true,\"sorting\":false},\"is_user_defined\":{\"visible\":true,\"sorting\":false},\"is_visible\":{\"visible\":true,\"sorting\":false},\"is_global\":{\"visible\":true,\"sorting\":false},\"is_searchable\":{\"visible\":true,\"sorting\":false},\"is_comparable\":{\"visible\":true,\"sorting\":false},\"ids\":{\"visible\":true,\"sorting\":false}},\"paging\":{\"options\":{\"20\":{\"value\":20,\"label\":20},\"30\":{\"value\":30,\"label\":30},\"50\":{\"value\":50,\"label\":50},\"100\":{\"value\":100,\"label\":100},\"200\":{\"value\":200,\"label\":200}},\"value\":20},\"positions\":{\"ids\":0,\"is_filterable\":1,\"attribute_code\":2,\"frontend_label\":3,\"is_required\":4,\"is_user_defined\":5,\"is_visible\":6,\"is_global\":7,\"is_searchable\":8,\"is_comparable\":9}}}','0000-00-00 00:00:00','0000-00-00 00:00:00'),(23,1,'sales_order_shipment_grid','default',1,'Default View','{\"views\":{\"default\":{\"label\":\"Default View\",\"index\":\"default\",\"editable\":false,\"data\":{\"search\":{\"value\":\"\"},\"filters\":{\"applied\":{\"placeholder\":true}},\"columns\":{\"increment_id\":{\"visible\":true,\"sorting\":\"asc\"},\"order_increment_id\":{\"visible\":true,\"sorting\":false},\"shipping_name\":{\"visible\":true,\"sorting\":false},\"total_qty\":{\"visible\":true,\"sorting\":false},\"store_id\":{\"visible\":false,\"sorting\":false},\"customer_name\":{\"visible\":false,\"sorting\":false},\"customer_email\":{\"visible\":false,\"sorting\":false},\"billing_address\":{\"visible\":false,\"sorting\":false},\"shipping_address\":{\"visible\":false,\"sorting\":false},\"shipping_information\":{\"visible\":false,\"sorting\":false},\"created_at\":{\"visible\":true,\"sorting\":false},\"order_created_at\":{\"visible\":true,\"sorting\":false},\"ids\":{\"visible\":true,\"sorting\":false},\"order_status\":{\"visible\":false,\"sorting\":false},\"customer_group_id\":{\"visible\":false,\"sorting\":false},\"payment_method\":{\"visible\":false,\"sorting\":false},\"actions\":{\"visible\":true,\"sorting\":false}},\"displayMode\":\"grid\",\"paging\":{\"options\":{\"20\":{\"value\":20,\"label\":20},\"30\":{\"value\":30,\"label\":30},\"50\":{\"value\":50,\"label\":50},\"100\":{\"value\":100,\"label\":100},\"200\":{\"value\":200,\"label\":200}},\"value\":20},\"positions\":{\"ids\":0,\"increment_id\":1,\"created_at\":2,\"order_increment_id\":3,\"order_created_at\":4,\"shipping_name\":5,\"total_qty\":6,\"order_status\":7,\"store_id\":8,\"customer_name\":9,\"customer_email\":10,\"customer_group_id\":11,\"billing_address\":12,\"shipping_address\":13,\"payment_method\":14,\"shipping_information\":15,\"actions\":16}},\"value\":\"Default View\"}}}','0000-00-00 00:00:00','0000-00-00 00:00:00'),(24,1,'sales_order_shipment_grid','current',0,NULL,'{\"current\":{\"search\":{\"value\":\"\"},\"filters\":{\"applied\":{\"placeholder\":true}},\"columns\":{\"increment_id\":{\"visible\":true,\"sorting\":\"asc\"},\"order_increment_id\":{\"visible\":true,\"sorting\":false},\"shipping_name\":{\"visible\":true,\"sorting\":false},\"total_qty\":{\"visible\":true,\"sorting\":false},\"store_id\":{\"visible\":false,\"sorting\":false},\"customer_name\":{\"visible\":false,\"sorting\":false},\"customer_email\":{\"visible\":false,\"sorting\":false},\"billing_address\":{\"visible\":false,\"sorting\":false},\"shipping_address\":{\"visible\":false,\"sorting\":false},\"shipping_information\":{\"visible\":false,\"sorting\":false},\"created_at\":{\"visible\":true,\"sorting\":false},\"order_created_at\":{\"visible\":true,\"sorting\":false},\"ids\":{\"visible\":true,\"sorting\":false},\"order_status\":{\"visible\":false,\"sorting\":false},\"customer_group_id\":{\"visible\":false,\"sorting\":false},\"payment_method\":{\"visible\":false,\"sorting\":false},\"actions\":{\"visible\":true,\"sorting\":false}},\"displayMode\":\"grid\",\"paging\":{\"options\":{\"20\":{\"value\":20,\"label\":20},\"30\":{\"value\":30,\"label\":30},\"50\":{\"value\":50,\"label\":50},\"100\":{\"value\":100,\"label\":100},\"200\":{\"value\":200,\"label\":200}},\"value\":20},\"positions\":{\"ids\":0,\"increment_id\":1,\"created_at\":2,\"order_increment_id\":3,\"order_created_at\":4,\"shipping_name\":5,\"total_qty\":6,\"order_status\":7,\"store_id\":8,\"customer_name\":9,\"customer_email\":10,\"customer_group_id\":11,\"billing_address\":12,\"shipping_address\":13,\"payment_method\":14,\"shipping_information\":15,\"actions\":16}}}','0000-00-00 00:00:00','0000-00-00 00:00:00'),(25,1,'customer_online_grid','default',1,'Default View','{\"views\":{\"default\":{\"label\":\"Default View\",\"index\":\"default\",\"editable\":false,\"data\":{\"filters\":{\"applied\":{\"placeholder\":true}},\"columns\":{\"customer_id\":{\"visible\":true,\"sorting\":\"asc\"},\"firstname\":{\"visible\":true,\"sorting\":false},\"lastname\":{\"visible\":true,\"sorting\":false},\"email\":{\"visible\":true,\"sorting\":false},\"last_visit_at\":{\"visible\":true,\"sorting\":false},\"visitor_type\":{\"visible\":true,\"sorting\":false}},\"displayMode\":\"grid\",\"paging\":{\"options\":{\"20\":{\"value\":20,\"label\":20},\"30\":{\"value\":30,\"label\":30},\"50\":{\"value\":50,\"label\":50},\"100\":{\"value\":100,\"label\":100},\"200\":{\"value\":200,\"label\":200}},\"value\":20},\"positions\":{\"customer_id\":0,\"firstname\":1,\"lastname\":2,\"email\":3,\"last_visit_at\":4,\"visitor_type\":5}},\"value\":\"Default View\"}}}','0000-00-00 00:00:00','0000-00-00 00:00:00'),(26,1,'customer_online_grid','current',0,NULL,'{\"current\":{\"filters\":{\"applied\":{\"placeholder\":true}},\"columns\":{\"customer_id\":{\"visible\":true,\"sorting\":\"asc\"},\"firstname\":{\"visible\":true,\"sorting\":false},\"lastname\":{\"visible\":true,\"sorting\":false},\"email\":{\"visible\":true,\"sorting\":false},\"last_visit_at\":{\"visible\":true,\"sorting\":false},\"visitor_type\":{\"visible\":true,\"sorting\":false}},\"displayMode\":\"grid\",\"paging\":{\"options\":{\"20\":{\"value\":20,\"label\":20},\"30\":{\"value\":30,\"label\":30},\"50\":{\"value\":50,\"label\":50},\"100\":{\"value\":100,\"label\":100},\"200\":{\"value\":200,\"label\":200}},\"value\":20},\"positions\":{\"customer_id\":0,\"firstname\":1,\"lastname\":2,\"email\":3,\"last_visit_at\":4,\"visitor_type\":5}}}','0000-00-00 00:00:00','0000-00-00 00:00:00'),(27,1,'customer_listing','default',1,'Default View','{\"views\":{\"default\":{\"label\":\"Default View\",\"index\":\"default\",\"editable\":false,\"data\":{\"search\":{\"value\":\"\"},\"filters\":{\"applied\":{\"placeholder\":true}},\"columns\":{\"entity_id\":{\"visible\":true,\"sorting\":\"asc\"},\"name\":{\"visible\":true,\"sorting\":false},\"email\":{\"visible\":true,\"sorting\":false},\"billing_telephone\":{\"visible\":true,\"sorting\":false},\"billing_postcode\":{\"visible\":true,\"sorting\":false},\"billing_region\":{\"visible\":true,\"sorting\":false},\"confirmation\":{\"visible\":true,\"sorting\":false},\"created_in\":{\"visible\":true,\"sorting\":false},\"billing_full\":{\"visible\":false,\"sorting\":false},\"shipping_full\":{\"visible\":false,\"sorting\":false},\"taxvat\":{\"visible\":true,\"sorting\":false},\"billing_street\":{\"visible\":false,\"sorting\":false},\"billing_city\":{\"visible\":false,\"sorting\":false},\"billing_fax\":{\"visible\":false,\"sorting\":false},\"billing_vat_id\":{\"visible\":false,\"sorting\":false},\"billing_company\":{\"visible\":false,\"sorting\":false},\"billing_firstname\":{\"visible\":false,\"sorting\":false},\"billing_lastname\":{\"visible\":false,\"sorting\":false},\"lock_expires\":{\"visible\":false,\"sorting\":false},\"group_id\":{\"visible\":true,\"sorting\":false},\"billing_country_id\":{\"visible\":true,\"sorting\":false},\"website_id\":{\"visible\":true,\"sorting\":false},\"gender\":{\"visible\":true,\"sorting\":false},\"created_at\":{\"visible\":true,\"sorting\":false},\"dob\":{\"visible\":true,\"sorting\":false},\"ids\":{\"visible\":true,\"sorting\":false},\"actions\":{\"visible\":true,\"sorting\":false}},\"displayMode\":\"grid\",\"paging\":{\"options\":{\"20\":{\"value\":20,\"label\":20},\"30\":{\"value\":30,\"label\":30},\"50\":{\"value\":50,\"label\":50},\"100\":{\"value\":100,\"label\":100},\"200\":{\"value\":200,\"label\":200}},\"value\":20},\"positions\":{\"ids\":0,\"entity_id\":1,\"name\":2,\"email\":3,\"group_id\":4,\"billing_telephone\":5,\"billing_postcode\":6,\"billing_country_id\":7,\"billing_region\":8,\"created_at\":9,\"website_id\":10,\"confirmation\":11,\"created_in\":12,\"billing_full\":13,\"shipping_full\":14,\"dob\":15,\"taxvat\":16,\"gender\":17,\"billing_street\":18,\"billing_city\":19,\"billing_fax\":20,\"billing_vat_id\":21,\"billing_company\":22,\"billing_firstname\":23,\"billing_lastname\":24,\"lock_expires\":25,\"actions\":26}},\"value\":\"Default View\"}}}','0000-00-00 00:00:00','0000-00-00 00:00:00'),(28,1,'customer_listing','current',0,NULL,'{\"current\":{\"search\":{\"value\":\"\"},\"filters\":{\"applied\":{\"placeholder\":true}},\"columns\":{\"entity_id\":{\"visible\":true,\"sorting\":\"asc\"},\"name\":{\"visible\":true,\"sorting\":false},\"email\":{\"visible\":true,\"sorting\":false},\"billing_telephone\":{\"visible\":true,\"sorting\":false},\"billing_postcode\":{\"visible\":true,\"sorting\":false},\"billing_region\":{\"visible\":true,\"sorting\":false},\"confirmation\":{\"visible\":true,\"sorting\":false},\"created_in\":{\"visible\":true,\"sorting\":false},\"billing_full\":{\"visible\":false,\"sorting\":false},\"shipping_full\":{\"visible\":false,\"sorting\":false},\"taxvat\":{\"visible\":true,\"sorting\":false},\"billing_street\":{\"visible\":false,\"sorting\":false},\"billing_city\":{\"visible\":false,\"sorting\":false},\"billing_fax\":{\"visible\":false,\"sorting\":false},\"billing_vat_id\":{\"visible\":false,\"sorting\":false},\"billing_company\":{\"visible\":false,\"sorting\":false},\"billing_firstname\":{\"visible\":false,\"sorting\":false},\"billing_lastname\":{\"visible\":false,\"sorting\":false},\"lock_expires\":{\"visible\":false,\"sorting\":false},\"group_id\":{\"visible\":true,\"sorting\":false},\"billing_country_id\":{\"visible\":true,\"sorting\":false},\"website_id\":{\"visible\":true,\"sorting\":false},\"gender\":{\"visible\":true,\"sorting\":false},\"created_at\":{\"visible\":true,\"sorting\":false},\"dob\":{\"visible\":true,\"sorting\":false},\"ids\":{\"visible\":true,\"sorting\":false},\"actions\":{\"visible\":true,\"sorting\":false}},\"displayMode\":\"grid\",\"paging\":{\"options\":{\"20\":{\"value\":20,\"label\":20},\"30\":{\"value\":30,\"label\":30},\"50\":{\"value\":50,\"label\":50},\"100\":{\"value\":100,\"label\":100},\"200\":{\"value\":200,\"label\":200}},\"value\":20},\"positions\":{\"ids\":0,\"entity_id\":1,\"name\":2,\"email\":3,\"group_id\":4,\"billing_telephone\":5,\"billing_postcode\":6,\"billing_country_id\":7,\"billing_region\":8,\"created_at\":9,\"website_id\":10,\"confirmation\":11,\"created_in\":12,\"billing_full\":13,\"shipping_full\":14,\"dob\":15,\"taxvat\":16,\"gender\":17,\"billing_street\":18,\"billing_city\":19,\"billing_fax\":20,\"billing_vat_id\":21,\"billing_company\":22,\"billing_firstname\":23,\"billing_lastname\":24,\"lock_expires\":25,\"actions\":26}}}','0000-00-00 00:00:00','0000-00-00 00:00:00'),(29,3,'product_listing','default',1,'Default View','{\"views\":{\"default\":{\"index\":\"default\",\"editable\":false,\"data\":{\"filters\":{\"applied\":{\"placeholder\":true}},\"columns\":{\"ids\":{\"visible\":true,\"sorting\":false},\"type_id\":{\"visible\":true,\"sorting\":false},\"attribute_set_id\":{\"visible\":true,\"sorting\":false},\"visibility\":{\"visible\":true,\"sorting\":false},\"status\":{\"visible\":true,\"sorting\":false},\"manufacturer\":{\"visible\":false,\"sorting\":false},\"color\":{\"visible\":false,\"sorting\":false},\"custom_design\":{\"visible\":false,\"sorting\":false},\"page_layout\":{\"visible\":false,\"sorting\":false},\"country_of_manufacture\":{\"visible\":false,\"sorting\":false},\"custom_layout\":{\"visible\":false,\"sorting\":false},\"gift_message_available\":{\"visible\":false,\"sorting\":false},\"tax_class_id\":{\"visible\":false,\"sorting\":false},\"size\":{\"visible\":true,\"sorting\":false},\"waist\":{\"visible\":true,\"sorting\":false},\"length\":{\"visible\":true,\"sorting\":false},\"special_from_date\":{\"visible\":false,\"sorting\":false},\"special_to_date\":{\"visible\":false,\"sorting\":false},\"news_from_date\":{\"visible\":false,\"sorting\":false},\"news_to_date\":{\"visible\":false,\"sorting\":false},\"custom_design_from\":{\"visible\":false,\"sorting\":false},\"custom_design_to\":{\"visible\":false,\"sorting\":false},\"actions\":{\"visible\":true,\"sorting\":false},\"thumbnail\":{\"visible\":true,\"sorting\":false},\"entity_id\":{\"visible\":true,\"sorting\":\"asc\"},\"name\":{\"visible\":true,\"sorting\":false},\"sku\":{\"visible\":true,\"sorting\":false},\"price\":{\"visible\":true,\"sorting\":false},\"websites\":{\"visible\":true,\"sorting\":false},\"qty\":{\"visible\":true,\"sorting\":false},\"short_description\":{\"visible\":false,\"sorting\":false},\"special_price\":{\"visible\":false,\"sorting\":false},\"cost\":{\"visible\":false,\"sorting\":false},\"weight\":{\"visible\":false,\"sorting\":false},\"meta_title\":{\"visible\":false,\"sorting\":false},\"meta_keyword\":{\"visible\":false,\"sorting\":false},\"meta_description\":{\"visible\":false,\"sorting\":false},\"url_key\":{\"visible\":false,\"sorting\":false},\"msrp\":{\"visible\":false,\"sorting\":false},\"fabric\":{\"visible\":true,\"sorting\":false},\"additional_colors\":{\"visible\":true,\"sorting\":false},\"country_manufacturer\":{\"visible\":true,\"sorting\":false}},\"paging\":{\"options\":{\"20\":{\"value\":20,\"label\":20},\"30\":{\"value\":30,\"label\":30},\"50\":{\"value\":50,\"label\":50},\"100\":{\"value\":100,\"label\":100},\"200\":{\"value\":200,\"label\":200}},\"value\":20},\"positions\":{\"ids\":0,\"entity_id\":1,\"thumbnail\":2,\"name\":3,\"type_id\":4,\"attribute_set_id\":5,\"sku\":6,\"price\":7,\"qty\":8,\"visibility\":9,\"status\":10,\"websites\":11,\"short_description\":12,\"special_price\":13,\"special_from_date\":14,\"special_to_date\":15,\"cost\":16,\"weight\":17,\"manufacturer\":18,\"meta_title\":19,\"meta_keyword\":20,\"meta_description\":21,\"color\":22,\"news_from_date\":23,\"news_to_date\":24,\"custom_design\":25,\"custom_design_from\":26,\"custom_design_to\":27,\"page_layout\":28,\"country_of_manufacture\":29,\"custom_layout\":30,\"url_key\":31,\"msrp\":32,\"gift_message_available\":33,\"tax_class_id\":34,\"size\":35,\"fabric\":36,\"additional_colors\":37,\"country_manufacturer\":38,\"waist\":39,\"length\":40,\"actions\":41},\"displayMode\":\"grid\"},\"label\":\"Default View\",\"value\":\"Default View\"}}}','0000-00-00 00:00:00','0000-00-00 00:00:00'),(30,3,'product_listing','current',0,NULL,'{\"current\":{\"filters\":{\"applied\":{\"placeholder\":true,\"type_id\":\"simple\",\"sku\":\"ts\"}},\"columns\":{\"ids\":{\"visible\":true,\"sorting\":false},\"type_id\":{\"visible\":true,\"sorting\":false},\"attribute_set_id\":{\"visible\":true,\"sorting\":false},\"visibility\":{\"visible\":true,\"sorting\":false},\"status\":{\"visible\":true,\"sorting\":false},\"manufacturer\":{\"visible\":false,\"sorting\":false},\"color\":{\"visible\":false,\"sorting\":false},\"custom_design\":{\"visible\":false,\"sorting\":false},\"page_layout\":{\"visible\":false,\"sorting\":false},\"country_of_manufacture\":{\"visible\":false,\"sorting\":false},\"custom_layout\":{\"visible\":false,\"sorting\":false},\"gift_message_available\":{\"visible\":false,\"sorting\":false},\"tax_class_id\":{\"visible\":false,\"sorting\":false},\"size\":{\"visible\":true,\"sorting\":false},\"waist\":{\"visible\":true,\"sorting\":false},\"length\":{\"visible\":true,\"sorting\":false},\"special_from_date\":{\"visible\":false,\"sorting\":false},\"special_to_date\":{\"visible\":false,\"sorting\":false},\"news_from_date\":{\"visible\":false,\"sorting\":false},\"news_to_date\":{\"visible\":false,\"sorting\":false},\"custom_design_from\":{\"visible\":false,\"sorting\":false},\"custom_design_to\":{\"visible\":false,\"sorting\":false},\"actions\":{\"visible\":true,\"sorting\":false},\"thumbnail\":{\"visible\":true,\"sorting\":false},\"entity_id\":{\"visible\":true,\"sorting\":\"asc\"},\"name\":{\"visible\":true,\"sorting\":false},\"sku\":{\"visible\":true,\"sorting\":false},\"price\":{\"visible\":true,\"sorting\":false},\"websites\":{\"visible\":true,\"sorting\":false},\"qty\":{\"visible\":true,\"sorting\":false},\"short_description\":{\"visible\":false,\"sorting\":false},\"special_price\":{\"visible\":false,\"sorting\":false},\"cost\":{\"visible\":false,\"sorting\":false},\"weight\":{\"visible\":false,\"sorting\":false},\"meta_title\":{\"visible\":false,\"sorting\":false},\"meta_keyword\":{\"visible\":false,\"sorting\":false},\"meta_description\":{\"visible\":false,\"sorting\":false},\"url_key\":{\"visible\":false,\"sorting\":false},\"msrp\":{\"visible\":false,\"sorting\":false},\"fabric\":{\"visible\":true,\"sorting\":false},\"additional_colors\":{\"visible\":true,\"sorting\":false},\"country_manufacturer\":{\"visible\":true,\"sorting\":false}},\"paging\":{\"options\":{\"20\":{\"value\":20,\"label\":20},\"30\":{\"value\":30,\"label\":30},\"50\":{\"value\":50,\"label\":50},\"100\":{\"value\":100,\"label\":100},\"200\":{\"value\":200,\"label\":200}},\"value\":100},\"positions\":{\"ids\":0,\"entity_id\":1,\"thumbnail\":2,\"name\":3,\"type_id\":4,\"attribute_set_id\":5,\"sku\":6,\"price\":7,\"qty\":8,\"visibility\":9,\"status\":10,\"websites\":11,\"short_description\":12,\"special_price\":13,\"special_from_date\":14,\"special_to_date\":15,\"cost\":16,\"weight\":17,\"manufacturer\":18,\"meta_title\":19,\"meta_keyword\":20,\"meta_description\":21,\"color\":22,\"news_from_date\":23,\"news_to_date\":24,\"custom_design\":25,\"custom_design_from\":26,\"custom_design_to\":27,\"page_layout\":28,\"country_of_manufacture\":29,\"custom_layout\":30,\"url_key\":31,\"msrp\":32,\"gift_message_available\":33,\"tax_class_id\":34,\"size\":35,\"fabric\":36,\"additional_colors\":37,\"country_manufacturer\":38,\"waist\":39,\"length\":40,\"actions\":41},\"displayMode\":\"grid\"}}','0000-00-00 00:00:00','0000-00-00 00:00:00'),(31,3,'cms_page_listing','default',1,'Default View','{\"views\":{\"default\":{\"index\":\"default\",\"editable\":false,\"data\":{\"filters\":{\"applied\":{\"placeholder\":true}},\"search\":{\"value\":\"\"},\"columns\":{\"ids\":{\"visible\":true,\"sorting\":false},\"page_layout\":{\"visible\":true,\"sorting\":false},\"is_active\":{\"visible\":true,\"sorting\":false},\"custom_theme\":{\"visible\":false,\"sorting\":false},\"custom_root_template\":{\"visible\":false,\"sorting\":false},\"creation_time\":{\"visible\":true,\"sorting\":false},\"update_time\":{\"visible\":true,\"sorting\":false},\"custom_theme_from\":{\"visible\":false,\"sorting\":false},\"custom_theme_to\":{\"visible\":false,\"sorting\":false},\"actions\":{\"visible\":true,\"sorting\":false},\"page_id\":{\"visible\":true,\"sorting\":\"asc\"},\"title\":{\"visible\":true,\"sorting\":false},\"identifier\":{\"visible\":true,\"sorting\":false},\"store_id\":{\"visible\":true,\"sorting\":false},\"meta_title\":{\"visible\":false,\"sorting\":false},\"meta_keywords\":{\"visible\":false,\"sorting\":false},\"meta_description\":{\"visible\":false,\"sorting\":false}},\"paging\":{\"options\":{\"20\":{\"value\":20,\"label\":20},\"30\":{\"value\":30,\"label\":30},\"50\":{\"value\":50,\"label\":50},\"100\":{\"value\":100,\"label\":100},\"200\":{\"value\":200,\"label\":200}},\"value\":20},\"positions\":{\"ids\":0,\"page_id\":1,\"title\":2,\"identifier\":3,\"page_layout\":4,\"store_id\":5,\"is_active\":6,\"creation_time\":7,\"update_time\":8,\"custom_theme_from\":9,\"custom_theme_to\":10,\"custom_theme\":11,\"custom_root_template\":12,\"meta_title\":13,\"meta_keywords\":14,\"meta_description\":15,\"actions\":16},\"displayMode\":\"grid\"},\"label\":\"Default View\",\"value\":\"Default View\"}}}','0000-00-00 00:00:00','0000-00-00 00:00:00'),(32,3,'cms_page_listing','current',0,NULL,'{\"current\":{\"filters\":{\"applied\":{\"placeholder\":true}},\"search\":{\"value\":\"\"},\"columns\":{\"ids\":{\"visible\":true,\"sorting\":false},\"page_layout\":{\"visible\":true,\"sorting\":false},\"is_active\":{\"visible\":true,\"sorting\":false},\"custom_theme\":{\"visible\":false,\"sorting\":false},\"custom_root_template\":{\"visible\":false,\"sorting\":false},\"creation_time\":{\"visible\":true,\"sorting\":false},\"update_time\":{\"visible\":true,\"sorting\":false},\"custom_theme_from\":{\"visible\":false,\"sorting\":false},\"custom_theme_to\":{\"visible\":false,\"sorting\":false},\"actions\":{\"visible\":true,\"sorting\":false},\"page_id\":{\"visible\":true,\"sorting\":\"asc\"},\"title\":{\"visible\":true,\"sorting\":false},\"identifier\":{\"visible\":true,\"sorting\":false},\"store_id\":{\"visible\":true,\"sorting\":false},\"meta_title\":{\"visible\":false,\"sorting\":false},\"meta_keywords\":{\"visible\":false,\"sorting\":false},\"meta_description\":{\"visible\":false,\"sorting\":false}},\"paging\":{\"options\":{\"20\":{\"value\":20,\"label\":20},\"30\":{\"value\":30,\"label\":30},\"50\":{\"value\":50,\"label\":50},\"100\":{\"value\":100,\"label\":100},\"200\":{\"value\":200,\"label\":200}},\"value\":20},\"positions\":{\"ids\":0,\"page_id\":1,\"title\":2,\"identifier\":3,\"page_layout\":4,\"store_id\":5,\"is_active\":6,\"creation_time\":7,\"update_time\":8,\"custom_theme_from\":9,\"custom_theme_to\":10,\"custom_theme\":11,\"custom_root_template\":12,\"meta_title\":13,\"meta_keywords\":14,\"meta_description\":15,\"actions\":16},\"displayMode\":\"grid\"}}','0000-00-00 00:00:00','0000-00-00 00:00:00'),(33,3,'product_attributes_listing','default',1,'Default View','{\"views\":{\"default\":{\"index\":\"default\",\"editable\":false,\"data\":{\"paging\":{\"options\":{\"20\":{\"value\":20,\"label\":20},\"30\":{\"value\":30,\"label\":30},\"50\":{\"value\":50,\"label\":50},\"100\":{\"value\":100,\"label\":100},\"200\":{\"value\":200,\"label\":200}},\"value\":20},\"columns\":{\"is_filterable\":{\"visible\":true,\"sorting\":false},\"is_required\":{\"visible\":true,\"sorting\":false},\"is_user_defined\":{\"visible\":true,\"sorting\":false},\"is_visible\":{\"visible\":true,\"sorting\":false},\"is_global\":{\"visible\":true,\"sorting\":false},\"is_searchable\":{\"visible\":true,\"sorting\":false},\"is_comparable\":{\"visible\":true,\"sorting\":false},\"ids\":{\"visible\":true,\"sorting\":false},\"attribute_code\":{\"visible\":true,\"sorting\":\"asc\"},\"frontend_label\":{\"visible\":true,\"sorting\":false}},\"positions\":{\"ids\":0,\"is_filterable\":1,\"attribute_code\":2,\"frontend_label\":3,\"is_required\":4,\"is_user_defined\":5,\"is_visible\":6,\"is_global\":7,\"is_searchable\":8,\"is_comparable\":9},\"displayMode\":\"grid\"},\"label\":\"Default View\",\"value\":\"Default View\"}}}','0000-00-00 00:00:00','0000-00-00 00:00:00'),(34,3,'product_attributes_listing','current',0,NULL,'{\"current\":{\"paging\":{\"options\":{\"20\":{\"value\":20,\"label\":20},\"30\":{\"value\":30,\"label\":30},\"50\":{\"value\":50,\"label\":50},\"100\":{\"value\":100,\"label\":100},\"200\":{\"value\":200,\"label\":200}},\"value\":20},\"columns\":{\"is_filterable\":{\"visible\":true,\"sorting\":false},\"is_required\":{\"visible\":true,\"sorting\":false},\"is_user_defined\":{\"visible\":true,\"sorting\":false},\"is_visible\":{\"visible\":true,\"sorting\":false},\"is_global\":{\"visible\":true,\"sorting\":false},\"is_searchable\":{\"visible\":true,\"sorting\":false},\"is_comparable\":{\"visible\":true,\"sorting\":false},\"ids\":{\"visible\":true,\"sorting\":false},\"attribute_code\":{\"visible\":true,\"sorting\":\"asc\"},\"frontend_label\":{\"visible\":true,\"sorting\":false}},\"positions\":{\"ids\":0,\"is_filterable\":1,\"attribute_code\":2,\"frontend_label\":3,\"is_required\":4,\"is_user_defined\":5,\"is_visible\":6,\"is_global\":7,\"is_searchable\":8,\"is_comparable\":9},\"displayMode\":\"grid\"}}','0000-00-00 00:00:00','0000-00-00 00:00:00'),(35,3,'cms_block_listing','default',1,'Default View','{\"views\":{\"default\":{\"index\":\"default\",\"editable\":false,\"data\":{\"search\":{\"value\":\"\"},\"filters\":{\"applied\":{\"placeholder\":true}},\"columns\":{\"block_id\":{\"visible\":true,\"sorting\":\"asc\"},\"title\":{\"visible\":true,\"sorting\":false},\"identifier\":{\"visible\":true,\"sorting\":false},\"store_id\":{\"visible\":true,\"sorting\":false},\"ids\":{\"visible\":true,\"sorting\":false},\"is_active\":{\"visible\":true,\"sorting\":false},\"creation_time\":{\"visible\":true,\"sorting\":false},\"update_time\":{\"visible\":true,\"sorting\":false},\"actions\":{\"visible\":true,\"sorting\":false}},\"displayMode\":\"grid\",\"paging\":{\"options\":{\"20\":{\"value\":20,\"label\":20},\"30\":{\"value\":30,\"label\":30},\"50\":{\"value\":50,\"label\":50},\"100\":{\"value\":100,\"label\":100},\"200\":{\"value\":200,\"label\":200}},\"value\":20},\"positions\":{\"ids\":0,\"block_id\":1,\"title\":2,\"identifier\":3,\"store_id\":4,\"is_active\":5,\"creation_time\":6,\"update_time\":7,\"actions\":8}},\"label\":\"Default View\",\"value\":\"Default View\"}}}','0000-00-00 00:00:00','0000-00-00 00:00:00'),(36,3,'cms_block_listing','current',0,NULL,'{\"current\":{\"search\":{\"value\":\"\"},\"filters\":{\"applied\":{\"placeholder\":true}},\"columns\":{\"block_id\":{\"visible\":true,\"sorting\":\"asc\"},\"title\":{\"visible\":true,\"sorting\":false},\"identifier\":{\"visible\":true,\"sorting\":false},\"store_id\":{\"visible\":true,\"sorting\":false},\"ids\":{\"visible\":true,\"sorting\":false},\"is_active\":{\"visible\":true,\"sorting\":false},\"creation_time\":{\"visible\":true,\"sorting\":false},\"update_time\":{\"visible\":true,\"sorting\":false},\"actions\":{\"visible\":true,\"sorting\":false}},\"displayMode\":\"grid\",\"paging\":{\"options\":{\"20\":{\"value\":20,\"label\":20},\"30\":{\"value\":30,\"label\":30},\"50\":{\"value\":50,\"label\":50},\"100\":{\"value\":100,\"label\":100},\"200\":{\"value\":200,\"label\":200}},\"value\":20},\"positions\":{\"ids\":0,\"block_id\":1,\"title\":2,\"identifier\":3,\"store_id\":4,\"is_active\":5,\"creation_time\":6,\"update_time\":7,\"actions\":8}}}','0000-00-00 00:00:00','0000-00-00 00:00:00'),(37,3,'sales_order_grid','default',1,'Default View','{\"views\":{\"default\":{\"index\":\"default\",\"editable\":false,\"data\":{\"search\":{\"value\":\"\"},\"filters\":{\"applied\":{\"placeholder\":true}},\"columns\":{\"increment_id\":{\"visible\":true,\"sorting\":false},\"store_id\":{\"visible\":true,\"sorting\":false},\"billing_name\":{\"visible\":true,\"sorting\":false},\"shipping_name\":{\"visible\":true,\"sorting\":false},\"base_grand_total\":{\"visible\":true,\"sorting\":false},\"grand_total\":{\"visible\":true,\"sorting\":false},\"billing_address\":{\"visible\":false,\"sorting\":false},\"shipping_address\":{\"visible\":false,\"sorting\":false},\"shipping_information\":{\"visible\":false,\"sorting\":false},\"customer_email\":{\"visible\":false,\"sorting\":false},\"subtotal\":{\"visible\":false,\"sorting\":false},\"shipping_and_handling\":{\"visible\":false,\"sorting\":false},\"customer_name\":{\"visible\":false,\"sorting\":false},\"total_refunded\":{\"visible\":false,\"sorting\":false},\"ids\":{\"visible\":true,\"sorting\":false},\"created_at\":{\"visible\":true,\"sorting\":\"desc\"},\"status\":{\"visible\":true,\"sorting\":false},\"customer_group\":{\"visible\":false,\"sorting\":false},\"payment_method\":{\"visible\":false,\"sorting\":false},\"signifyd_guarantee_status\":{\"visible\":true,\"sorting\":false},\"actions\":{\"visible\":true,\"sorting\":false}},\"displayMode\":\"grid\",\"paging\":{\"options\":{\"20\":{\"value\":20,\"label\":20},\"30\":{\"value\":30,\"label\":30},\"50\":{\"value\":50,\"label\":50},\"100\":{\"value\":100,\"label\":100},\"200\":{\"value\":200,\"label\":200}},\"value\":20},\"positions\":{\"ids\":0,\"increment_id\":1,\"store_id\":2,\"created_at\":3,\"billing_name\":4,\"shipping_name\":5,\"base_grand_total\":6,\"grand_total\":7,\"status\":8,\"billing_address\":9,\"shipping_address\":10,\"shipping_information\":11,\"customer_email\":12,\"customer_group\":13,\"subtotal\":14,\"shipping_and_handling\":15,\"customer_name\":16,\"payment_method\":17,\"total_refunded\":18,\"actions\":19,\"signifyd_guarantee_status\":20}},\"label\":\"Default View\",\"value\":\"Default View\"}}}','0000-00-00 00:00:00','0000-00-00 00:00:00'),(38,3,'sales_order_grid','current',0,NULL,'{\"current\":{\"search\":{\"value\":\"\"},\"filters\":{\"applied\":{\"placeholder\":true}},\"columns\":{\"increment_id\":{\"visible\":true,\"sorting\":false},\"store_id\":{\"visible\":true,\"sorting\":false},\"billing_name\":{\"visible\":true,\"sorting\":false},\"shipping_name\":{\"visible\":true,\"sorting\":false},\"base_grand_total\":{\"visible\":true,\"sorting\":false},\"grand_total\":{\"visible\":true,\"sorting\":false},\"billing_address\":{\"visible\":false,\"sorting\":false},\"shipping_address\":{\"visible\":false,\"sorting\":false},\"shipping_information\":{\"visible\":false,\"sorting\":false},\"customer_email\":{\"visible\":false,\"sorting\":false},\"subtotal\":{\"visible\":false,\"sorting\":false},\"shipping_and_handling\":{\"visible\":false,\"sorting\":false},\"customer_name\":{\"visible\":false,\"sorting\":false},\"total_refunded\":{\"visible\":false,\"sorting\":false},\"ids\":{\"visible\":true,\"sorting\":false},\"created_at\":{\"visible\":true,\"sorting\":\"desc\"},\"status\":{\"visible\":true,\"sorting\":false},\"customer_group\":{\"visible\":false,\"sorting\":false},\"payment_method\":{\"visible\":false,\"sorting\":false},\"signifyd_guarantee_status\":{\"visible\":true,\"sorting\":false},\"actions\":{\"visible\":true,\"sorting\":false}},\"displayMode\":\"grid\",\"paging\":{\"options\":{\"20\":{\"value\":20,\"label\":20},\"30\":{\"value\":30,\"label\":30},\"50\":{\"value\":50,\"label\":50},\"100\":{\"value\":100,\"label\":100},\"200\":{\"value\":200,\"label\":200}},\"value\":20},\"positions\":{\"ids\":0,\"increment_id\":1,\"store_id\":2,\"created_at\":3,\"billing_name\":4,\"shipping_name\":5,\"base_grand_total\":6,\"grand_total\":7,\"status\":8,\"billing_address\":9,\"shipping_address\":10,\"shipping_information\":11,\"customer_email\":12,\"customer_group\":13,\"subtotal\":14,\"shipping_and_handling\":15,\"customer_name\":16,\"payment_method\":17,\"total_refunded\":18,\"actions\":19,\"signifyd_guarantee_status\":20}}}','0000-00-00 00:00:00','0000-00-00 00:00:00'),(39,3,'sales_order_view_invoice_grid','default',1,'Default View','{\"views\":{\"default\":{\"index\":\"default\",\"editable\":false,\"data\":{\"search\":{\"value\":\"\"},\"filters\":{\"applied\":{\"placeholder\":true}},\"columns\":{\"increment_id\":{\"visible\":true,\"sorting\":\"asc\"},\"order_increment_id\":{\"visible\":true,\"sorting\":false},\"billing_name\":{\"visible\":true,\"sorting\":false},\"grand_total\":{\"visible\":true,\"sorting\":false},\"store_id\":{\"visible\":false,\"sorting\":false},\"billing_address\":{\"visible\":false,\"sorting\":false},\"shipping_address\":{\"visible\":false,\"sorting\":false},\"customer_name\":{\"visible\":false,\"sorting\":false},\"customer_email\":{\"visible\":false,\"sorting\":false},\"shipping_information\":{\"visible\":false,\"sorting\":false},\"subtotal\":{\"visible\":false,\"sorting\":false},\"shipping_and_handling\":{\"visible\":false,\"sorting\":false},\"ids\":{\"visible\":true,\"sorting\":false},\"created_at\":{\"visible\":true,\"sorting\":false},\"order_created_at\":{\"visible\":true,\"sorting\":false},\"state\":{\"visible\":true,\"sorting\":false},\"customer_group_id\":{\"visible\":false,\"sorting\":false},\"payment_method\":{\"visible\":false,\"sorting\":false},\"actions\":{\"visible\":true,\"sorting\":false}},\"displayMode\":\"grid\",\"paging\":{\"options\":{\"20\":{\"value\":20,\"label\":20},\"30\":{\"value\":30,\"label\":30},\"50\":{\"value\":50,\"label\":50},\"100\":{\"value\":100,\"label\":100},\"200\":{\"value\":200,\"label\":200}},\"value\":20},\"positions\":{\"ids\":0,\"increment_id\":1,\"created_at\":2,\"order_increment_id\":3,\"order_created_at\":4,\"billing_name\":5,\"state\":6,\"grand_total\":7,\"store_id\":8,\"billing_address\":9,\"shipping_address\":10,\"customer_name\":11,\"customer_email\":12,\"customer_group_id\":13,\"payment_method\":14,\"shipping_information\":15,\"subtotal\":16,\"shipping_and_handling\":17,\"actions\":18}},\"label\":\"Default View\",\"value\":\"Default View\"}}}','0000-00-00 00:00:00','0000-00-00 00:00:00'),(40,3,'sales_order_view_creditmemo_grid','default',1,'Default View','{\"views\":{\"default\":{\"index\":\"default\",\"editable\":false,\"data\":{\"search\":{\"value\":\"\"},\"filters\":{\"applied\":{\"placeholder\":true}},\"columns\":{\"increment_id\":{\"visible\":true,\"sorting\":false},\"order_increment_id\":{\"visible\":true,\"sorting\":false},\"billing_name\":{\"visible\":true,\"sorting\":false},\"base_grand_total\":{\"visible\":true,\"sorting\":false},\"store_id\":{\"visible\":false,\"sorting\":false},\"billing_address\":{\"visible\":false,\"sorting\":false},\"shipping_address\":{\"visible\":false,\"sorting\":false},\"customer_name\":{\"visible\":false,\"sorting\":false},\"customer_email\":{\"visible\":false,\"sorting\":false},\"shipping_information\":{\"visible\":false,\"sorting\":false},\"subtotal\":{\"visible\":false,\"sorting\":false},\"shipping_and_handling\":{\"visible\":false,\"sorting\":false},\"adjustment_positive\":{\"visible\":false,\"sorting\":false},\"adjustment_negative\":{\"visible\":false,\"sorting\":false},\"order_base_grand_total\":{\"visible\":false,\"sorting\":false},\"ids\":{\"visible\":true,\"sorting\":false},\"created_at\":{\"visible\":true,\"sorting\":false},\"order_created_at\":{\"visible\":true,\"sorting\":false},\"state\":{\"visible\":true,\"sorting\":false},\"order_status\":{\"visible\":false,\"sorting\":false},\"customer_group_id\":{\"visible\":false,\"sorting\":false},\"payment_method\":{\"visible\":false,\"sorting\":false},\"actions\":{\"visible\":true,\"sorting\":false}},\"displayMode\":\"grid\",\"paging\":{\"options\":{\"20\":{\"value\":20,\"label\":20},\"30\":{\"value\":30,\"label\":30},\"50\":{\"value\":50,\"label\":50},\"100\":{\"value\":100,\"label\":100},\"200\":{\"value\":200,\"label\":200}},\"value\":20},\"positions\":{\"ids\":0,\"increment_id\":1,\"created_at\":2,\"order_increment_id\":3,\"order_created_at\":4,\"billing_name\":5,\"state\":6,\"base_grand_total\":7,\"order_status\":8,\"store_id\":9,\"billing_address\":10,\"shipping_address\":11,\"customer_name\":12,\"customer_email\":13,\"customer_group_id\":14,\"payment_method\":15,\"shipping_information\":16,\"subtotal\":17,\"shipping_and_handling\":18,\"adjustment_positive\":19,\"adjustment_negative\":20,\"order_base_grand_total\":21,\"actions\":22}},\"label\":\"Default View\",\"value\":\"Default View\"}}}','0000-00-00 00:00:00','0000-00-00 00:00:00'),(41,3,'sales_order_view_shipment_grid','default',1,'Default View','{\"views\":{\"default\":{\"index\":\"default\",\"editable\":false,\"data\":{\"search\":{\"value\":\"\"},\"filters\":{\"applied\":{\"placeholder\":true}},\"columns\":{\"increment_id\":{\"visible\":true,\"sorting\":\"asc\"},\"order_increment_id\":{\"visible\":true,\"sorting\":false},\"shipping_name\":{\"visible\":true,\"sorting\":false},\"total_qty\":{\"visible\":true,\"sorting\":false},\"store_id\":{\"visible\":false,\"sorting\":false},\"customer_name\":{\"visible\":false,\"sorting\":false},\"customer_email\":{\"visible\":false,\"sorting\":false},\"billing_address\":{\"visible\":false,\"sorting\":false},\"shipping_address\":{\"visible\":false,\"sorting\":false},\"shipping_information\":{\"visible\":false,\"sorting\":false},\"ids\":{\"visible\":true,\"sorting\":false},\"created_at\":{\"visible\":true,\"sorting\":false},\"order_created_at\":{\"visible\":true,\"sorting\":false},\"order_status\":{\"visible\":false,\"sorting\":false},\"customer_group_id\":{\"visible\":false,\"sorting\":false},\"payment_method\":{\"visible\":false,\"sorting\":false},\"actions\":{\"visible\":true,\"sorting\":false}},\"displayMode\":\"grid\",\"paging\":{\"options\":{\"20\":{\"value\":20,\"label\":20},\"30\":{\"value\":30,\"label\":30},\"50\":{\"value\":50,\"label\":50},\"100\":{\"value\":100,\"label\":100},\"200\":{\"value\":200,\"label\":200}},\"value\":20},\"positions\":{\"ids\":0,\"increment_id\":1,\"created_at\":2,\"order_increment_id\":3,\"order_created_at\":4,\"shipping_name\":5,\"total_qty\":6,\"order_status\":7,\"store_id\":8,\"customer_name\":9,\"customer_email\":10,\"customer_group_id\":11,\"billing_address\":12,\"shipping_address\":13,\"payment_method\":14,\"shipping_information\":15,\"actions\":16}},\"label\":\"Default View\",\"value\":\"Default View\"}}}','0000-00-00 00:00:00','0000-00-00 00:00:00'),(42,3,'sales_order_view_invoice_grid','current',0,NULL,'{\"current\":{\"search\":{\"value\":\"\"},\"filters\":{\"applied\":{\"placeholder\":true}},\"columns\":{\"increment_id\":{\"visible\":true,\"sorting\":\"asc\"},\"order_increment_id\":{\"visible\":true,\"sorting\":false},\"billing_name\":{\"visible\":true,\"sorting\":false},\"grand_total\":{\"visible\":true,\"sorting\":false},\"store_id\":{\"visible\":false,\"sorting\":false},\"billing_address\":{\"visible\":false,\"sorting\":false},\"shipping_address\":{\"visible\":false,\"sorting\":false},\"customer_name\":{\"visible\":false,\"sorting\":false},\"customer_email\":{\"visible\":false,\"sorting\":false},\"shipping_information\":{\"visible\":false,\"sorting\":false},\"subtotal\":{\"visible\":false,\"sorting\":false},\"shipping_and_handling\":{\"visible\":false,\"sorting\":false},\"ids\":{\"visible\":true,\"sorting\":false},\"created_at\":{\"visible\":true,\"sorting\":false},\"order_created_at\":{\"visible\":true,\"sorting\":false},\"state\":{\"visible\":true,\"sorting\":false},\"customer_group_id\":{\"visible\":false,\"sorting\":false},\"payment_method\":{\"visible\":false,\"sorting\":false},\"actions\":{\"visible\":true,\"sorting\":false}},\"displayMode\":\"grid\",\"paging\":{\"options\":{\"20\":{\"value\":20,\"label\":20},\"30\":{\"value\":30,\"label\":30},\"50\":{\"value\":50,\"label\":50},\"100\":{\"value\":100,\"label\":100},\"200\":{\"value\":200,\"label\":200}},\"value\":20},\"positions\":{\"ids\":0,\"increment_id\":1,\"created_at\":2,\"order_increment_id\":3,\"order_created_at\":4,\"billing_name\":5,\"state\":6,\"grand_total\":7,\"store_id\":8,\"billing_address\":9,\"shipping_address\":10,\"customer_name\":11,\"customer_email\":12,\"customer_group_id\":13,\"payment_method\":14,\"shipping_information\":15,\"subtotal\":16,\"shipping_and_handling\":17,\"actions\":18}}}','0000-00-00 00:00:00','0000-00-00 00:00:00'),(43,3,'sales_order_view_shipment_grid','current',0,NULL,'{\"current\":{\"search\":{\"value\":\"\"},\"filters\":{\"applied\":{\"placeholder\":true}},\"columns\":{\"increment_id\":{\"visible\":true,\"sorting\":\"asc\"},\"order_increment_id\":{\"visible\":true,\"sorting\":false},\"shipping_name\":{\"visible\":true,\"sorting\":false},\"total_qty\":{\"visible\":true,\"sorting\":false},\"store_id\":{\"visible\":false,\"sorting\":false},\"customer_name\":{\"visible\":false,\"sorting\":false},\"customer_email\":{\"visible\":false,\"sorting\":false},\"billing_address\":{\"visible\":false,\"sorting\":false},\"shipping_address\":{\"visible\":false,\"sorting\":false},\"shipping_information\":{\"visible\":false,\"sorting\":false},\"ids\":{\"visible\":true,\"sorting\":false},\"created_at\":{\"visible\":true,\"sorting\":false},\"order_created_at\":{\"visible\":true,\"sorting\":false},\"order_status\":{\"visible\":false,\"sorting\":false},\"customer_group_id\":{\"visible\":false,\"sorting\":false},\"payment_method\":{\"visible\":false,\"sorting\":false},\"actions\":{\"visible\":true,\"sorting\":false}},\"displayMode\":\"grid\",\"paging\":{\"options\":{\"20\":{\"value\":20,\"label\":20},\"30\":{\"value\":30,\"label\":30},\"50\":{\"value\":50,\"label\":50},\"100\":{\"value\":100,\"label\":100},\"200\":{\"value\":200,\"label\":200}},\"value\":20},\"positions\":{\"ids\":0,\"increment_id\":1,\"created_at\":2,\"order_increment_id\":3,\"order_created_at\":4,\"shipping_name\":5,\"total_qty\":6,\"order_status\":7,\"store_id\":8,\"customer_name\":9,\"customer_email\":10,\"customer_group_id\":11,\"billing_address\":12,\"shipping_address\":13,\"payment_method\":14,\"shipping_information\":15,\"actions\":16}}}','0000-00-00 00:00:00','0000-00-00 00:00:00'),(44,3,'sales_order_view_creditmemo_grid','current',0,NULL,'{\"current\":{\"search\":{\"value\":\"\"},\"filters\":{\"applied\":{\"placeholder\":true}},\"columns\":{\"increment_id\":{\"visible\":true,\"sorting\":false},\"order_increment_id\":{\"visible\":true,\"sorting\":false},\"billing_name\":{\"visible\":true,\"sorting\":false},\"base_grand_total\":{\"visible\":true,\"sorting\":false},\"store_id\":{\"visible\":false,\"sorting\":false},\"billing_address\":{\"visible\":false,\"sorting\":false},\"shipping_address\":{\"visible\":false,\"sorting\":false},\"customer_name\":{\"visible\":false,\"sorting\":false},\"customer_email\":{\"visible\":false,\"sorting\":false},\"shipping_information\":{\"visible\":false,\"sorting\":false},\"subtotal\":{\"visible\":false,\"sorting\":false},\"shipping_and_handling\":{\"visible\":false,\"sorting\":false},\"adjustment_positive\":{\"visible\":false,\"sorting\":false},\"adjustment_negative\":{\"visible\":false,\"sorting\":false},\"order_base_grand_total\":{\"visible\":false,\"sorting\":false},\"ids\":{\"visible\":true,\"sorting\":false},\"created_at\":{\"visible\":true,\"sorting\":false},\"order_created_at\":{\"visible\":true,\"sorting\":false},\"state\":{\"visible\":true,\"sorting\":false},\"order_status\":{\"visible\":false,\"sorting\":false},\"customer_group_id\":{\"visible\":false,\"sorting\":false},\"payment_method\":{\"visible\":false,\"sorting\":false},\"actions\":{\"visible\":true,\"sorting\":false}},\"displayMode\":\"grid\",\"paging\":{\"options\":{\"20\":{\"value\":20,\"label\":20},\"30\":{\"value\":30,\"label\":30},\"50\":{\"value\":50,\"label\":50},\"100\":{\"value\":100,\"label\":100},\"200\":{\"value\":200,\"label\":200}},\"value\":20},\"positions\":{\"ids\":0,\"increment_id\":1,\"created_at\":2,\"order_increment_id\":3,\"order_created_at\":4,\"billing_name\":5,\"state\":6,\"base_grand_total\":7,\"order_status\":8,\"store_id\":9,\"billing_address\":10,\"shipping_address\":11,\"customer_name\":12,\"customer_email\":13,\"customer_group_id\":14,\"payment_method\":15,\"shipping_information\":16,\"subtotal\":17,\"shipping_and_handling\":18,\"adjustment_positive\":19,\"adjustment_negative\":20,\"order_base_grand_total\":21,\"actions\":22}}}','0000-00-00 00:00:00','0000-00-00 00:00:00'),(45,2,'design_config_listing','default',1,'Default View','{\"views\":{\"default\":{\"label\":\"Default View\",\"index\":\"default\",\"editable\":false,\"data\":{\"displayMode\":\"grid\",\"filters\":{\"applied\":{\"placeholder\":true}},\"columns\":{\"theme_theme_id\":{\"visible\":true,\"sorting\":false},\"store_website_id\":{\"visible\":true,\"sorting\":false},\"store_group_id\":{\"visible\":true,\"sorting\":false},\"store_id\":{\"visible\":true,\"sorting\":false},\"actions\":{\"visible\":true,\"sorting\":false},\"default\":{\"visible\":true,\"sorting\":false}},\"positions\":{\"default\":0,\"store_website_id\":1,\"store_group_id\":2,\"store_id\":3,\"theme_theme_id\":4,\"actions\":5},\"paging\":{\"options\":{\"20\":{\"value\":20,\"label\":20},\"30\":{\"value\":30,\"label\":30},\"50\":{\"value\":50,\"label\":50},\"100\":{\"value\":100,\"label\":100},\"200\":{\"value\":200,\"label\":200}},\"value\":20}},\"value\":\"Default View\"}}}','0000-00-00 00:00:00','0000-00-00 00:00:00'),(46,2,'design_config_listing','current',0,NULL,'{\"current\":{\"displayMode\":\"grid\",\"filters\":{\"applied\":{\"placeholder\":true}},\"columns\":{\"theme_theme_id\":{\"visible\":true,\"sorting\":false},\"store_website_id\":{\"visible\":true,\"sorting\":false},\"store_group_id\":{\"visible\":true,\"sorting\":false},\"store_id\":{\"visible\":true,\"sorting\":false},\"actions\":{\"visible\":true,\"sorting\":false},\"default\":{\"visible\":true,\"sorting\":false}},\"positions\":{\"default\":0,\"store_website_id\":1,\"store_group_id\":2,\"store_id\":3,\"theme_theme_id\":4,\"actions\":5},\"paging\":{\"options\":{\"20\":{\"value\":20,\"label\":20},\"30\":{\"value\":30,\"label\":30},\"50\":{\"value\":50,\"label\":50},\"100\":{\"value\":100,\"label\":100},\"200\":{\"value\":200,\"label\":200}},\"value\":20}}}','0000-00-00 00:00:00','0000-00-00 00:00:00'),(47,3,'design_config_listing','default',1,'Default View','{\"views\":{\"default\":{\"index\":\"default\",\"editable\":false,\"data\":{\"filters\":{\"applied\":{\"placeholder\":true}},\"columns\":{\"default\":{\"visible\":true,\"sorting\":false},\"theme_theme_id\":{\"visible\":true,\"sorting\":false},\"store_website_id\":{\"visible\":true,\"sorting\":false},\"store_group_id\":{\"visible\":true,\"sorting\":false},\"store_id\":{\"visible\":true,\"sorting\":false},\"actions\":{\"visible\":true,\"sorting\":false}},\"displayMode\":\"grid\",\"positions\":{\"default\":0,\"store_website_id\":1,\"store_group_id\":2,\"store_id\":3,\"theme_theme_id\":4,\"actions\":5},\"paging\":{\"options\":{\"20\":{\"value\":20,\"label\":20},\"30\":{\"value\":30,\"label\":30},\"50\":{\"value\":50,\"label\":50},\"100\":{\"value\":100,\"label\":100},\"200\":{\"value\":200,\"label\":200}},\"value\":20}},\"label\":\"Default View\",\"value\":\"Default View\"}}}','0000-00-00 00:00:00','0000-00-00 00:00:00'),(48,3,'design_config_listing','current',0,NULL,'{\"current\":{\"filters\":{\"applied\":{\"placeholder\":true}},\"columns\":{\"default\":{\"visible\":true,\"sorting\":false},\"theme_theme_id\":{\"visible\":true,\"sorting\":false},\"store_website_id\":{\"visible\":true,\"sorting\":false},\"store_group_id\":{\"visible\":true,\"sorting\":false},\"store_id\":{\"visible\":true,\"sorting\":false},\"actions\":{\"visible\":true,\"sorting\":false}},\"displayMode\":\"grid\",\"positions\":{\"default\":0,\"store_website_id\":1,\"store_group_id\":2,\"store_id\":3,\"theme_theme_id\":4,\"actions\":5},\"paging\":{\"options\":{\"20\":{\"value\":20,\"label\":20},\"30\":{\"value\":30,\"label\":30},\"50\":{\"value\":50,\"label\":50},\"100\":{\"value\":100,\"label\":100},\"200\":{\"value\":200,\"label\":200}},\"value\":20}}}','0000-00-00 00:00:00','0000-00-00 00:00:00');

--
-- Table structure for table `url_rewrite`
--

CREATE TABLE `url_rewrite` (
  `url_rewrite_id` int(10) unsigned NOT NULL AUTO_INCREMENT COMMENT 'Rewrite Id',
  `entity_type` varchar(32) NOT NULL COMMENT 'Entity type code',
  `entity_id` int(10) unsigned NOT NULL COMMENT 'Entity ID',
  `request_path` varchar(255) DEFAULT NULL COMMENT 'Request Path',
  `target_path` varchar(255) DEFAULT NULL COMMENT 'Target Path',
  `redirect_type` smallint(5) unsigned NOT NULL DEFAULT '0' COMMENT 'Redirect Type',
  `store_id` smallint(5) unsigned NOT NULL COMMENT 'Store Id',
  `description` varchar(255) DEFAULT NULL COMMENT 'Description',
  `is_autogenerated` smallint(5) unsigned NOT NULL DEFAULT '0' COMMENT 'Is rewrite generated automatically flag',
  `metadata` varchar(255) DEFAULT NULL COMMENT 'Meta data for url rewrite',
  PRIMARY KEY (`url_rewrite_id`),
  UNIQUE KEY `URL_REWRITE_REQUEST_PATH_STORE_ID` (`request_path`,`store_id`),
  KEY `URL_REWRITE_TARGET_PATH` (`target_path`),
  KEY `URL_REWRITE_STORE_ID_ENTITY_ID` (`store_id`,`entity_id`)
) ENGINE=InnoDB AUTO_INCREMENT=1983 DEFAULT CHARSET=utf8 COMMENT='Url Rewrites';

--
-- Dumping data for table `url_rewrite`
--

INSERT INTO `url_rewrite` VALUES (1,'cms-page',1,'no-route','cms/page/view/page_id/1',0,1,NULL,1,NULL),(2,'cms-page',2,'home','cms/page/view/page_id/2',0,1,NULL,1,NULL),(3,'cms-page',3,'enable-cookies','cms/page/view/page_id/3',0,1,NULL,1,NULL),(5,'cms-page',5,'terms-and-conditions','cms/page/view/page_id/5',0,1,NULL,1,NULL),(6,'cms-page',4,'privacy-policy','cms/page/view/page_id/4',0,1,NULL,1,NULL),(7,'cms-page',6,'about','cms/page/view/page_id/6',0,1,NULL,1,NULL),(8,'category',3,'men.html','catalog/category/view/id/3',0,1,NULL,1,NULL),(9,'category',4,'men/leather-jackets.html','catalog/category/view/id/4',0,1,NULL,1,NULL),(10,'category',5,'women.html','catalog/category/view/id/5',0,1,NULL,1,NULL),(11,'category',6,'women/leather-jackets.html','catalog/category/view/id/6',0,1,NULL,1,NULL),(12,'category',7,'men/sweater.html','catalog/category/view/id/7',0,1,NULL,1,NULL),(13,'category',8,'women/sweater.html','catalog/category/view/id/8',0,1,NULL,1,NULL),(14,'category',9,'men/t-shirt.html','catalog/category/view/id/9',0,1,NULL,1,NULL),(15,'category',10,'women/t-shirt.html','catalog/category/view/id/10',0,1,NULL,1,NULL),(16,'category',11,'men/shirt.html','catalog/category/view/id/11',0,1,NULL,1,NULL),(17,'category',12,'men/jacket.html','catalog/category/view/id/12',0,1,NULL,1,NULL),(19,'category',14,'men/blazer.html','catalog/category/view/id/14',0,1,NULL,1,NULL),(22,'category',17,'women/blazer.html','catalog/category/view/id/17',0,1,NULL,1,NULL),(25,'category',20,'women/jacket.html','catalog/category/view/id/20',0,1,NULL,1,NULL),(585,'cms-page',7,'customer-service','cms/page/view/page_id/7',0,1,NULL,1,NULL),(1250,'category',28,'women/denim.html','catalog/category/view/id/28',0,1,NULL,1,NULL),(1376,'category',29,'men/denim.html','catalog/category/view/id/29',0,1,NULL,1,NULL),(1600,'product',373,'aja17802006000indigom-longape01m.html','catalog/product/view/id/373',0,1,NULL,1,NULL),(1601,'product',374,'aja17802006000indigol-longape01l.html','catalog/product/view/id/374',0,1,NULL,1,NULL),(1602,'product',375,'aja17802006000indigoxl-longape01xl.html','catalog/product/view/id/375',0,1,NULL,1,NULL),(1603,'product',376,'awja17802509900blacks-balancedape01s.html','catalog/product/view/id/376',0,1,NULL,1,NULL),(1604,'product',377,'awja17802509900blackm-balancedape01m.html','catalog/product/view/id/377',0,1,NULL,1,NULL),(1605,'product',378,'awja17802509900blackl-balancedape01l.html','catalog/product/view/id/378',0,1,NULL,1,NULL),(1606,'product',379,'aja17802089900blackm-smokinape01m.html','catalog/product/view/id/379',0,1,NULL,1,NULL),(1607,'product',380,'aja17802089900blackl-smokinape01l.html','catalog/product/view/id/380',0,1,NULL,1,NULL),(1608,'product',381,'aja17802089900blackxl-smokinape01xl.html','catalog/product/view/id/381',0,1,NULL,1,NULL),(1609,'product',382,'awja17802569900blackm-virginape01m.html','catalog/product/view/id/382',0,1,NULL,1,NULL),(1610,'product',383,'awja17802569900blackl-virginape01l.html','catalog/product/view/id/383',0,1,NULL,1,NULL),(1611,'product',384,'awja17802529909copperm-flyingape01m.html','catalog/product/view/id/384',0,1,NULL,1,NULL),(1612,'product',385,'awja17802529909copperl-flyingape01l.html','catalog/product/view/id/385',0,1,NULL,1,NULL),(1613,'product',386,'atr1780001bonobotaperedidg2932-bonobo01tapered2932.html','catalog/product/view/id/386',0,1,NULL,1,NULL),(1614,'product',387,'atr1780001bonobotaperedidg3032-bonobo01tapered3032.html','catalog/product/view/id/387',0,1,NULL,1,NULL),(1615,'product',388,'atr1780001bonobotaperedidg3132-bonobo01tapered3132.html','catalog/product/view/id/388',0,1,NULL,1,NULL),(1616,'product',389,'atr1780001bonobotaperedidg3232-bonobo01tapered3232.html','catalog/product/view/id/389',0,1,NULL,1,NULL),(1617,'product',390,'atr1780001bonobotaperedidg3332-bonobo01tapered3332.html','catalog/product/view/id/390',0,1,NULL,1,NULL),(1618,'product',391,'atr1780001bonobotaperedidg3432-bonobo01tapered3432.html','catalog/product/view/id/391',0,1,NULL,1,NULL),(1619,'product',392,'atr1780001bonobotaperedidg2934-bonobo01tapered2934.html','catalog/product/view/id/392',0,1,NULL,1,NULL),(1620,'product',393,'atr1780001bonobotaperedidg3034-bonobo01tapered3034.html','catalog/product/view/id/393',0,1,NULL,1,NULL),(1621,'product',394,'atr1780001bonobotaperedidg3134-bonobo01tapered3134.html','catalog/product/view/id/394',0,1,NULL,1,NULL),(1622,'product',395,'atr1780001bonobotaperedidg3234-bonobo01tapered3234.html','catalog/product/view/id/395',0,1,NULL,1,NULL),(1623,'product',396,'atr1780001bonobotaperedidg3334-bonobo01tapered3334.html','catalog/product/view/id/396',0,1,NULL,1,NULL),(1624,'product',397,'atr1780001bonobotaperedidg3434-bonobo01tapered3434.html','catalog/product/view/id/397',0,1,NULL,1,NULL),(1625,'product',398,'atr1780001bonobotaperedbbb2932-bonobo01tapered2932.html','catalog/product/view/id/398',0,1,NULL,1,NULL),(1626,'product',399,'atr1780001bonobotaperedbbb3032-bonobo01tapered3032.html','catalog/product/view/id/399',0,1,NULL,1,NULL),(1627,'product',400,'atr1780001bonobotaperedbbb3132-bonobo01tapered3132.html','catalog/product/view/id/400',0,1,NULL,1,NULL),(1628,'product',401,'atr1780001bonobotaperedbbb3232-bonobo01tapered3232.html','catalog/product/view/id/401',0,1,NULL,1,NULL),(1629,'product',402,'atr1780001bonobotaperedbbb3332-bonobo01tapered3332.html','catalog/product/view/id/402',0,1,NULL,1,NULL),(1630,'product',403,'atr1780001bonobotaperedbbb3432-bonobo01tapered3432.html','catalog/product/view/id/403',0,1,NULL,1,NULL),(1631,'product',404,'atr1780001bonobotaperedbbb2934-bonobo01tapered2934.html','catalog/product/view/id/404',0,1,NULL,1,NULL),(1632,'product',405,'atr1780001bonobotaperedbbb3034-bonobo01tapered3034.html','catalog/product/view/id/405',0,1,NULL,1,NULL),(1633,'product',406,'atr1780001bonobotaperedbbb3134-bonobo01tapered3134.html','catalog/product/view/id/406',0,1,NULL,1,NULL),(1634,'product',407,'atr1780001bonobotaperedbbb3234-bonobo01tapered3234.html','catalog/product/view/id/407',0,1,NULL,1,NULL),(1635,'product',408,'atr1780001bonobotaperedbbb3334-bonobo01tapered3334.html','catalog/product/view/id/408',0,1,NULL,1,NULL),(1636,'product',409,'atr1780001bonobotaperedbbb3434-bonobo01tapered3434.html','catalog/product/view/id/409',0,1,NULL,1,NULL),(1637,'product',410,'atr1780002gibbonskinnnysbb2932-gibbon01skinny2932.html','catalog/product/view/id/410',0,1,NULL,1,NULL),(1638,'product',411,'atr1780002gibbonskinnnysbb3032-gibbon01skinny3032.html','catalog/product/view/id/411',0,1,NULL,1,NULL),(1639,'product',412,'atr1780002gibbonskinnnysbb3132-gibbon01skinny3132.html','catalog/product/view/id/412',0,1,NULL,1,NULL),(1640,'product',413,'atr1780002gibbonskinnnysbb3232-gibbon01skinny3232.html','catalog/product/view/id/413',0,1,NULL,1,NULL),(1641,'product',414,'atr1780002gibbonskinnnysbb3332-gibbon01skinny3332.html','catalog/product/view/id/414',0,1,NULL,1,NULL),(1642,'product',415,'atr1780002gibbonskinnnysbb3432-gibbon01skinny3432.html','catalog/product/view/id/415',0,1,NULL,1,NULL),(1643,'product',416,'atr1780002gibbonskinnnysbb2934-gibbon01skinny2934.html','catalog/product/view/id/416',0,1,NULL,1,NULL),(1644,'product',417,'atr1780002gibbonskinnnysbb3034-gibbon01skinny3034.html','catalog/product/view/id/417',0,1,NULL,1,NULL),(1645,'product',418,'atr1780002gibbonskinnnysbb3134-gibbon01skinny3134.html','catalog/product/view/id/418',0,1,NULL,1,NULL),(1646,'product',419,'atr1780002gibbonskinnnysbb3234-gibbon01skinny3234.html','catalog/product/view/id/419',0,1,NULL,1,NULL),(1647,'product',420,'atr1780002gibbonskinnnysbb3334-gibbon01skinny3334.html','catalog/product/view/id/420',0,1,NULL,1,NULL),(1648,'product',421,'atr1780002gibbonskinnnysbb3434-gibbon01skinny3434.html','catalog/product/view/id/421',0,1,NULL,1,NULL),(1649,'product',422,'atr1780002gibbonskinnnyidg2932-gibbon01skinny2932.html','catalog/product/view/id/422',0,1,NULL,1,NULL),(1650,'product',423,'atr1780002gibbonskinnnyidg3032-gibbon01skinny3032.html','catalog/product/view/id/423',0,1,NULL,1,NULL),(1651,'product',424,'atr1780002gibbonskinnnyidg3132-gibbon01skinny3132.html','catalog/product/view/id/424',0,1,NULL,1,NULL),(1652,'product',425,'atr1780002gibbonskinnnyidg3232-gibbon01skinny3232.html','catalog/product/view/id/425',0,1,NULL,1,NULL),(1653,'product',426,'atr1780002gibbonskinnnyidg3332-gibbon01skinny3332.html','catalog/product/view/id/426',0,1,NULL,1,NULL),(1654,'product',427,'atr1780002gibbonskinnnyidg3432-gibbon01skinny3432.html','catalog/product/view/id/427',0,1,NULL,1,NULL),(1655,'product',428,'atr1780002gibbonskinnnyidg2934-gibbon01skinny2934.html','catalog/product/view/id/428',0,1,NULL,1,NULL),(1656,'product',429,'atr1780002gibbonskinnnyidg3034-gibbon01skinny3034.html','catalog/product/view/id/429',0,1,NULL,1,NULL),(1657,'product',430,'atr1780002gibbonskinnnyidg3134-gibbon01skinny3134.html','catalog/product/view/id/430',0,1,NULL,1,NULL),(1658,'product',431,'atr1780002gibbonskinnnyidg3234-gibbon01skinny3234.html','catalog/product/view/id/431',0,1,NULL,1,NULL),(1659,'product',432,'atr1780002gibbonskinnnyidg3334-gibbon01skinny3334.html','catalog/product/view/id/432',0,1,NULL,1,NULL),(1660,'product',433,'atr1780002gibbonskinnnyidg3434-gibbon01skinny3434.html','catalog/product/view/id/433',0,1,NULL,1,NULL),(1661,'product',434,'atr1780003simianstraightbbw2932-simian01straight2932.html','catalog/product/view/id/434',0,1,NULL,1,NULL),(1662,'product',435,'atr1780003simianstraightbbw3032-simian01straight3032.html','catalog/product/view/id/435',0,1,NULL,1,NULL),(1663,'product',436,'atr1780003simianstraightbbw3132-simian01straight3132.html','catalog/product/view/id/436',0,1,NULL,1,NULL),(1664,'product',437,'atr1780003simianstraightbbw3232-simian01straight3232.html','catalog/product/view/id/437',0,1,NULL,1,NULL),(1665,'product',438,'atr1780003simianstraightbbw3332-simian01straight3332.html','catalog/product/view/id/438',0,1,NULL,1,NULL),(1666,'product',439,'atr1780003simianstraightbbw3432-simian01straight3432.html','catalog/product/view/id/439',0,1,NULL,1,NULL),(1667,'product',440,'atr1780003simianstraightbbw2934-simian01straight2934.html','catalog/product/view/id/440',0,1,NULL,1,NULL),(1668,'product',441,'atr1780003simianstraightbbw3034-simian01straight3034.html','catalog/product/view/id/441',0,1,NULL,1,NULL),(1669,'product',442,'atr1780003simianstraightbbw3134-simian01straight3134.html','catalog/product/view/id/442',0,1,NULL,1,NULL),(1670,'product',443,'atr1780003simianstraightbbw3234-simian01straight3234.html','catalog/product/view/id/443',0,1,NULL,1,NULL),(1671,'product',444,'atr1780003simianstraightbbw3334-simian01straight3334.html','catalog/product/view/id/444',0,1,NULL,1,NULL),(1672,'product',445,'atr1780003simianstraightbbw3434-simian01straight3434.html','catalog/product/view/id/445',0,1,NULL,1,NULL),(1673,'product',446,'atr1780050skinnyapebgw2632-skinnyape012632.html','catalog/product/view/id/446',0,1,NULL,1,NULL),(1674,'product',447,'atr1780050skinnyapebgw2732-skinnyape012732.html','catalog/product/view/id/447',0,1,NULL,1,NULL),(1675,'product',448,'atr1780050skinnyapebgw2832-skinnyape012832.html','catalog/product/view/id/448',0,1,NULL,1,NULL),(1676,'product',449,'atr1780050skinnyapebgw2932-skinnyape012932.html','catalog/product/view/id/449',0,1,NULL,1,NULL),(1677,'product',450,'atr1780050skinnyapebgw3032-skinnyape013032.html','catalog/product/view/id/450',0,1,NULL,1,NULL),(1678,'product',451,'atr1780050skinnyapebgw3132-skinnyape013132.html','catalog/product/view/id/451',0,1,NULL,1,NULL),(1679,'product',452,'atr1780050skinnyapebgw3232-skinnyape013232.html','catalog/product/view/id/452',0,1,NULL,1,NULL),(1680,'product',453,'atr1780050skinnyapebgw3332-skinnyape013332.html','catalog/product/view/id/453',0,1,NULL,1,NULL),(1681,'product',454,'atr1780050skinnyapebgw3432-skinnyape013432.html','catalog/product/view/id/454',0,1,NULL,1,NULL),(1682,'product',455,'atr1780050skinnyapebgw2634-skinnyape012634.html','catalog/product/view/id/455',0,1,NULL,1,NULL),(1683,'product',456,'atr1780050skinnyapebgw2734-skinnyape012734.html','catalog/product/view/id/456',0,1,NULL,1,NULL),(1684,'product',457,'atr1780050skinnyapebgw2834-skinnyape012834.html','catalog/product/view/id/457',0,1,NULL,1,NULL),(1685,'product',458,'atr1780050skinnyapebgw2934-skinnyape012934.html','catalog/product/view/id/458',0,1,NULL,1,NULL),(1686,'product',459,'atr1780050skinnyapebgw3034-skinnyape013034.html','catalog/product/view/id/459',0,1,NULL,1,NULL),(1687,'product',460,'atr1780050skinnyapebgw3134-skinnyape013134.html','catalog/product/view/id/460',0,1,NULL,1,NULL),(1688,'product',461,'atr1780050skinnyapebgw3234-skinnyape013234.html','catalog/product/view/id/461',0,1,NULL,1,NULL),(1689,'product',462,'atr1780050skinnyapebgw3334-skinnyape013334.html','catalog/product/view/id/462',0,1,NULL,1,NULL),(1690,'product',463,'atr1780050skinnyapebgw3434-skinnyape013434.html','catalog/product/view/id/463',0,1,NULL,1,NULL),(1691,'product',464,'atr1780050skinnyapeidg2632-skinnyape012632.html','catalog/product/view/id/464',0,1,NULL,1,NULL),(1692,'product',465,'atr1780050skinnyapeidg2732-skinnyape012732.html','catalog/product/view/id/465',0,1,NULL,1,NULL),(1693,'product',466,'atr1780050skinnyapeidg2832-skinnyape012832.html','catalog/product/view/id/466',0,1,NULL,1,NULL),(1694,'product',467,'atr1780050skinnyapeidg2932-skinnyape012932.html','catalog/product/view/id/467',0,1,NULL,1,NULL),(1695,'product',468,'atr1780050skinnyapeidg3032-skinnyape013032.html','catalog/product/view/id/468',0,1,NULL,1,NULL),(1696,'product',469,'atr1780050skinnyapeidg3132-skinnyape013132.html','catalog/product/view/id/469',0,1,NULL,1,NULL),(1697,'product',470,'atr1780050skinnyapeidg3232-skinnyape013232.html','catalog/product/view/id/470',0,1,NULL,1,NULL),(1698,'product',471,'atr1780050skinnyapeidg3332-skinnyape013332.html','catalog/product/view/id/471',0,1,NULL,1,NULL),(1699,'product',472,'atr1780050skinnyapeidg3432-skinnyape013432.html','catalog/product/view/id/472',0,1,NULL,1,NULL),(1700,'product',473,'atr1780050skinnyapeidg2634-skinnyape012634.html','catalog/product/view/id/473',0,1,NULL,1,NULL),(1701,'product',474,'atr1780050skinnyapeidg2734-skinnyape012734.html','catalog/product/view/id/474',0,1,NULL,1,NULL),(1702,'product',475,'atr1780050skinnyapeidg2834-skinnyape012834.html','catalog/product/view/id/475',0,1,NULL,1,NULL),(1703,'product',476,'atr1780050skinnyapeidg2934-skinnyape012934.html','catalog/product/view/id/476',0,1,NULL,1,NULL),(1704,'product',477,'atr1780050skinnyapeidg3034-skinnyape013034.html','catalog/product/view/id/477',0,1,NULL,1,NULL),(1705,'product',478,'atr1780050skinnyapeidg3134-skinnyape013134.html','catalog/product/view/id/478',0,1,NULL,1,NULL),(1706,'product',479,'atr1780050skinnyapeidg3234-skinnyape013234.html','catalog/product/view/id/479',0,1,NULL,1,NULL),(1707,'product',480,'atr1780050skinnyapeidg3334-skinnyape013334.html','catalog/product/view/id/480',0,1,NULL,1,NULL),(1708,'product',481,'atr1780050skinnyapeidg3434-skinnyape013434.html','catalog/product/view/id/481',0,1,NULL,1,NULL),(1709,'product',482,'awtr1780154nimchimskybbi2632-nimchimsky012632.html','catalog/product/view/id/482',0,1,NULL,1,NULL),(1710,'product',483,'awtr1780154nimchimskybbi2732-nimchimsky012732.html','catalog/product/view/id/483',0,1,NULL,1,NULL),(1711,'product',484,'awtr1780154nimchimskybbi2832-nimchimsky012832.html','catalog/product/view/id/484',0,1,NULL,1,NULL),(1712,'product',485,'awtr1780154nimchimskybbi2932-nimchimsky012932.html','catalog/product/view/id/485',0,1,NULL,1,NULL),(1713,'product',486,'awtr1780154nimchimskybbi3032-nimchimsky013032.html','catalog/product/view/id/486',0,1,NULL,1,NULL),(1714,'product',487,'awtr1780154nimchimskybbi3132-nimchimsky013132.html','catalog/product/view/id/487',0,1,NULL,1,NULL),(1715,'product',488,'awtr1780154nimchimskybbi3232-nimchimsky013232.html','catalog/product/view/id/488',0,1,NULL,1,NULL),(1716,'product',489,'awtr1780154nimchimskybbi3332-nimchimsky013332.html','catalog/product/view/id/489',0,1,NULL,1,NULL),(1717,'product',490,'awtr1780154nimchimskybbi3432-nimchimsky013432.html','catalog/product/view/id/490',0,1,NULL,1,NULL),(1718,'product',491,'awtr1780154nimchimskybbi2634-nimchimsky012634.html','catalog/product/view/id/491',0,1,NULL,1,NULL),(1719,'product',492,'awtr1780154nimchimskybbi2734-nimchimsky012734.html','catalog/product/view/id/492',0,1,NULL,1,NULL),(1720,'product',493,'awtr1780154nimchimskybbi2834-nimchimsky012834.html','catalog/product/view/id/493',0,1,NULL,1,NULL),(1721,'product',494,'awtr1780154nimchimskybbi2934-nimchimsky012934.html','catalog/product/view/id/494',0,1,NULL,1,NULL),(1722,'product',495,'awtr1780154nimchimskybbi3034-nimchimsky013034.html','catalog/product/view/id/495',0,1,NULL,1,NULL),(1723,'product',496,'awtr1780154nimchimskybbi3134-nimchimsky013134.html','catalog/product/view/id/496',0,1,NULL,1,NULL),(1724,'product',497,'awtr1780154nimchimskybbi3234-nimchimsky013234.html','catalog/product/view/id/497',0,1,NULL,1,NULL),(1725,'product',498,'awtr1780154nimchimskybbi3334-nimchimsky013334.html','catalog/product/view/id/498',0,1,NULL,1,NULL),(1726,'product',499,'awtr1780154nimchimskybbi3434-nimchimsky013434.html','catalog/product/view/id/499',0,1,NULL,1,NULL),(1765,'product',523,'atr1780001bonobotaperedbbb-bonobo01tapered.html','catalog/product/view/id/523',0,1,NULL,1,NULL),(1770,'product',528,'atr1780050skinnyapeidg-skinnyape01.html','catalog/product/view/id/528',0,1,NULL,1,NULL),(1771,'product',529,'awtr1780154nimchimskybbi-nimchimsky01.html','catalog/product/view/id/529',0,1,NULL,1,NULL),(1780,'product',523,'men/denim/atr1780001bonobotaperedbbb-bonobo01tapered.html','catalog/product/view/id/523/category/29',0,1,NULL,1,'{\"category_id\":\"29\"}'),(1785,'product',528,'women/denim/atr1780050skinnyapeidg-skinnyape01.html','catalog/product/view/id/528/category/28',0,1,NULL,1,'{\"category_id\":\"28\"}'),(1786,'product',529,'women/denim/awtr1780154nimchimskybbi-nimchimsky01.html','catalog/product/view/id/529/category/28',0,1,NULL,1,'{\"category_id\":\"28\"}'),(1787,'product',315,'alj17801009900goatnubuckblackm-perfectape01m.html','catalog/product/view/id/315',0,1,NULL,1,NULL),(1788,'product',316,'alj17801009900goatnubuckblackl-perfectape01l.html','catalog/product/view/id/316',0,1,NULL,1,NULL),(1789,'product',317,'alj17801009900goatnubuckblackxl-perfectape01xl.html','catalog/product/view/id/317',0,1,NULL,1,NULL),(1790,'product',318,'alj17801009900lambddblackm-perfectape01m.html','catalog/product/view/id/318',0,1,NULL,1,NULL),(1791,'product',319,'alj17801009900lambddblackl-perfectape01l.html','catalog/product/view/id/319',0,1,NULL,1,NULL),(1792,'product',320,'alj17801009900lambddblackxl-perfectape01xl.html','catalog/product/view/id/320',0,1,NULL,1,NULL),(1793,'product',321,'alj17801009900blackwhitem-perfectape01m.html','catalog/product/view/id/321',0,1,NULL,1,NULL),(1794,'product',322,'alj17801009900blackwhitel-perfectape01l.html','catalog/product/view/id/322',0,1,NULL,1,NULL),(1795,'product',323,'alj17801009900blackwhitexl-perfectape01xl.html','catalog/product/view/id/323',0,1,NULL,1,NULL),(1796,'product',324,'alj17801029900ruboffblackm-heavyape01m.html','catalog/product/view/id/324',0,1,NULL,1,NULL),(1797,'product',325,'alj17801029900ruboffblackl-heavyape01l.html','catalog/product/view/id/325',0,1,NULL,1,NULL),(1798,'product',326,'alj17801029900ruboffblackxl-heavyape01xl.html','catalog/product/view/id/326',0,1,NULL,1,NULL),(1799,'product',327,'alj17801049900blackstudsm-hiddenape01m.html','catalog/product/view/id/327',0,1,NULL,1,NULL),(1800,'product',328,'alj17801049900blackstudsl-hiddenape01l.html','catalog/product/view/id/328',0,1,NULL,1,NULL),(1801,'product',329,'alj17801049900blackstudsxl-hiddenape01xl.html','catalog/product/view/id/329',0,1,NULL,1,NULL),(1802,'product',330,'awlj17801509900nubuckblacks-perfectiousape01s.html','catalog/product/view/id/330',0,1,NULL,1,NULL),(1803,'product',331,'awlj17801509900nubuckblackm-perfectiousape01m.html','catalog/product/view/id/331',0,1,NULL,1,NULL),(1804,'product',332,'awlj17801509900nubuckblackl-perfectiousape01l.html','catalog/product/view/id/332',0,1,NULL,1,NULL),(1805,'product',333,'awlj17801509000whites-perfectiousape01s.html','catalog/product/view/id/333',0,1,NULL,1,NULL),(1806,'product',334,'awlj17801509000whitem-perfectiousape01m.html','catalog/product/view/id/334',0,1,NULL,1,NULL),(1807,'product',335,'awlj17801509000whitel-perfectiousape01l.html','catalog/product/view/id/335',0,1,NULL,1,NULL),(1808,'product',336,'awlj17801529900ruboffblacks-buffyape01s.html','catalog/product/view/id/336',0,1,NULL,1,NULL),(1809,'product',337,'awlj17801529900ruboffblackm-buffyape01m.html','catalog/product/view/id/337',0,1,NULL,1,NULL),(1810,'product',338,'awlj17801529900ruboffblackl-buffyape01l.html','catalog/product/view/id/338',0,1,NULL,1,NULL),(1811,'product',339,'awlj17801549900blackstudss-glamorousape01s.html','catalog/product/view/id/339',0,1,NULL,1,NULL),(1812,'product',340,'awlj17801549900blackstudsm-glamorousape01m.html','catalog/product/view/id/340',0,1,NULL,1,NULL),(1813,'product',341,'awlj17801549900blackstudsl-glamorousape01l.html','catalog/product/view/id/341',0,1,NULL,1,NULL),(1814,'product',342,'awlj17801549900blacks-glamorousape01s.html','catalog/product/view/id/342',0,1,NULL,1,NULL),(1815,'product',343,'awlj17801549900blackm-glamorousape01m.html','catalog/product/view/id/343',0,1,NULL,1,NULL),(1816,'product',344,'awlj17801549900blackl-glamorousape01l.html','catalog/product/view/id/344',0,1,NULL,1,NULL),(1817,'product',345,'asw17808009900blacks-sweatyape01s.html','catalog/product/view/id/345',0,1,NULL,1,NULL),(1818,'product',346,'asw17808009900blackm-sweatyape01m.html','catalog/product/view/id/346',0,1,NULL,1,NULL),(1819,'product',347,'asw17808009900blackl-sweatyape01l.html','catalog/product/view/id/347',0,1,NULL,1,NULL),(1820,'product',348,'asw17808009900blackxl-sweatyape01xl.html','catalog/product/view/id/348',0,1,NULL,1,NULL),(1821,'product',349,'awsw17808509000whitexs-boltape01xs.html','catalog/product/view/id/349',0,1,NULL,1,NULL),(1822,'product',350,'awsw17808509000whites-boltape01s.html','catalog/product/view/id/350',0,1,NULL,1,NULL),(1823,'product',351,'awsw17808509000whitem-boltape01m.html','catalog/product/view/id/351',0,1,NULL,1,NULL),(1824,'product',352,'awsw17808509000whitel-boltape01l.html','catalog/product/view/id/352',0,1,NULL,1,NULL),(1825,'product',353,'ats17806029900blacks-shyape01s.html','catalog/product/view/id/353',0,1,NULL,1,NULL),(1826,'product',354,'ats17806029900blackm-shyape01m.html','catalog/product/view/id/354',0,1,NULL,1,NULL),(1827,'product',355,'ats17806029900blackl-shyape01l.html','catalog/product/view/id/355',0,1,NULL,1,NULL),(1828,'product',356,'ats17806029900blackxl-shyape01xl.html','catalog/product/view/id/356',0,1,NULL,1,NULL),(1829,'product',357,'awts17806549000whiteblackxs-artyape01xs.html','catalog/product/view/id/357',0,1,NULL,1,NULL),(1830,'product',358,'awts17806549000whiteblacks-artyape01s.html','catalog/product/view/id/358',0,1,NULL,1,NULL),(1831,'product',359,'awts17806549000whiteblackm-artyape01m.html','catalog/product/view/id/359',0,1,NULL,1,NULL),(1832,'product',360,'awts17806549000whiteblackl-artyape01l.html','catalog/product/view/id/360',0,1,NULL,1,NULL),(1833,'product',361,'awts17806549000whitecopperxs-artyape01xs.html','catalog/product/view/id/361',0,1,NULL,1,NULL),(1834,'product',362,'awts17806549000whitecoppers-artyape01s.html','catalog/product/view/id/362',0,1,NULL,1,NULL),(1835,'product',363,'awts17806549000whitecopperm-artyape01m.html','catalog/product/view/id/363',0,1,NULL,1,NULL),(1836,'product',364,'awts17806549000whitecopperl-artyape01l.html','catalog/product/view/id/364',0,1,NULL,1,NULL),(1837,'product',365,'ash17804009900blacks-dressedape01s.html','catalog/product/view/id/365',0,1,NULL,1,NULL),(1838,'product',366,'ash17804009900blackm-dressedape01m.html','catalog/product/view/id/366',0,1,NULL,1,NULL),(1839,'product',367,'ash17804009900blackl-dressedape01l.html','catalog/product/view/id/367',0,1,NULL,1,NULL),(1840,'product',368,'ash17804009900blackxl-dressedape01xl.html','catalog/product/view/id/368',0,1,NULL,1,NULL),(1841,'product',369,'ash17804009000whites-dressedape01s.html','catalog/product/view/id/369',0,1,NULL,1,NULL),(1842,'product',370,'ash17804009000whitem-dressedape01m.html','catalog/product/view/id/370',0,1,NULL,1,NULL),(1843,'product',371,'ash17804009000whitel-dressedape01l.html','catalog/product/view/id/371',0,1,NULL,1,NULL),(1844,'product',372,'ash17804009000whitexl-dressedape01xl.html','catalog/product/view/id/372',0,1,NULL,1,NULL),(1845,'product',530,'aja17802069900brutnubbuckblackm-brutape01m.html','catalog/product/view/id/530',0,1,NULL,1,NULL),(1846,'product',531,'aja17802069900brutnubbuckblackl-brutape01l.html','catalog/product/view/id/531',0,1,NULL,1,NULL),(1847,'product',532,'aja17802069900brutnubbuckblackxl-brutape01xl.html','catalog/product/view/id/532',0,1,NULL,1,NULL),(1893,'product',518,'awja17802509900black-balancedape01.html','catalog/product/view/id/518',0,1,NULL,1,NULL),(1894,'product',518,'women/awja17802509900black-balancedape01.html','catalog/product/view/id/518/category/5',0,1,NULL,1,'{\"category_id\":\"5\"}'),(1895,'product',518,'women/jacket/awja17802509900black-balancedape01.html','catalog/product/view/id/518/category/20',0,1,NULL,1,'{\"category_id\":\"20\"}'),(1896,'product',533,'aja17802069900brutnubbuckblack-brutape01.html','catalog/product/view/id/533',0,1,NULL,1,NULL),(1897,'product',533,'men/jacket/aja17802069900brutnubbuckblack-brutape01.html','catalog/product/view/id/533/category/12',0,1,NULL,1,'{\"category_id\":\"12\"}'),(1898,'product',533,'men/aja17802069900brutnubbuckblack-brutape01.html','catalog/product/view/id/533/category/3',0,1,NULL,1,'{\"category_id\":\"3\"}'),(1899,'product',533,'men/leather-jackets/aja17802069900brutnubbuckblack-brutape01.html','catalog/product/view/id/533/category/4',0,1,NULL,1,'{\"category_id\":\"4\"}'),(1900,'product',506,'awlj17801509000white-perfectiousape01.html','catalog/product/view/id/506',0,1,NULL,1,NULL),(1901,'product',506,'women/leather-jackets/awlj17801509000white-perfectiousape01.html','catalog/product/view/id/506/category/6',0,1,NULL,1,'{\"category_id\":\"6\"}'),(1902,'product',506,'women/awlj17801509000white-perfectiousape01.html','catalog/product/view/id/506/category/5',0,1,NULL,1,'{\"category_id\":\"5\"}'),(1903,'product',501,'alj17801009900lambddblack-perfectape01.html','catalog/product/view/id/501',0,1,NULL,1,NULL),(1904,'product',501,'men/leather-jackets/alj17801009900lambddblack-perfectape01.html','catalog/product/view/id/501/category/4',0,1,NULL,1,'{\"category_id\":\"4\"}'),(1905,'product',501,'men/alj17801009900lambddblack-perfectape01.html','catalog/product/view/id/501/category/3',0,1,NULL,1,'{\"category_id\":\"3\"}'),(1906,'product',504,'alj17801049900blackstuds-hiddenape01.html','catalog/product/view/id/504',0,1,NULL,1,NULL),(1907,'product',504,'men/leather-jackets/alj17801049900blackstuds-hiddenape01.html','catalog/product/view/id/504/category/4',0,1,NULL,1,'{\"category_id\":\"4\"}'),(1908,'product',504,'men/alj17801049900blackstuds-hiddenape01.html','catalog/product/view/id/504/category/3',0,1,NULL,1,'{\"category_id\":\"3\"}'),(1909,'product',516,'ash17804009000white-dressedape01.html','catalog/product/view/id/516',0,1,NULL,1,NULL),(1910,'product',516,'men/shirt/ash17804009000white-dressedape01.html','catalog/product/view/id/516/category/11',0,1,NULL,1,'{\"category_id\":\"11\"}'),(1911,'product',516,'men/ash17804009000white-dressedape01.html','catalog/product/view/id/516/category/3',0,1,NULL,1,'{\"category_id\":\"3\"}'),(1912,'product',515,'ash17804009900black-dressedape01.html','catalog/product/view/id/515',0,1,NULL,1,NULL),(1913,'product',515,'men/shirt/ash17804009900black-dressedape01.html','catalog/product/view/id/515/category/11',0,1,NULL,1,'{\"category_id\":\"11\"}'),(1914,'product',515,'men/ash17804009900black-dressedape01.html','catalog/product/view/id/515/category/3',0,1,NULL,1,'{\"category_id\":\"3\"}'),(1915,'product',505,'awlj17801509900nubuckblack-perfectiousape01.html','catalog/product/view/id/505',0,1,NULL,1,NULL),(1916,'product',505,'women/leather-jackets/awlj17801509900nubuckblack-perfectiousape01.html','catalog/product/view/id/505/category/6',0,1,NULL,1,'{\"category_id\":\"6\"}'),(1917,'product',505,'women/awlj17801509900nubuckblack-perfectiousape01.html','catalog/product/view/id/505/category/5',0,1,NULL,1,'{\"category_id\":\"5\"}'),(1918,'product',500,'alj17801009900goatnubuckblack-perfectape01.html','catalog/product/view/id/500',0,1,NULL,1,NULL),(1919,'product',500,'men/leather-jackets/alj17801009900goatnubuckblack-perfectape01.html','catalog/product/view/id/500/category/4',0,1,NULL,1,'{\"category_id\":\"4\"}'),(1920,'product',500,'men/alj17801009900goatnubuckblack-perfectape01.html','catalog/product/view/id/500/category/3',0,1,NULL,1,'{\"category_id\":\"3\"}'),(1921,'product',502,'alj17801009900blackwhite-perfectape01.html','catalog/product/view/id/502',0,1,NULL,1,NULL),(1922,'product',502,'men/leather-jackets/alj17801009900blackwhite-perfectape01.html','catalog/product/view/id/502/category/4',0,1,NULL,1,'{\"category_id\":\"4\"}'),(1923,'product',502,'men/alj17801009900blackwhite-perfectape01.html','catalog/product/view/id/502/category/3',0,1,NULL,1,'{\"category_id\":\"3\"}'),(1924,'product',503,'alj17801029900ruboffblack-heavyape01.html','catalog/product/view/id/503',0,1,NULL,1,NULL),(1925,'product',503,'men/leather-jackets/alj17801029900ruboffblack-heavyape01.html','catalog/product/view/id/503/category/4',0,1,NULL,1,'{\"category_id\":\"4\"}'),(1926,'product',503,'men/alj17801029900ruboffblack-heavyape01.html','catalog/product/view/id/503/category/3',0,1,NULL,1,'{\"category_id\":\"3\"}'),(1927,'product',507,'awlj17801529900ruboffblack-buffyape01.html','catalog/product/view/id/507',0,1,NULL,1,NULL),(1928,'product',507,'women/leather-jackets/awlj17801529900ruboffblack-buffyape01.html','catalog/product/view/id/507/category/6',0,1,NULL,1,'{\"category_id\":\"6\"}'),(1929,'product',507,'women/awlj17801529900ruboffblack-buffyape01.html','catalog/product/view/id/507/category/5',0,1,NULL,1,'{\"category_id\":\"5\"}'),(1930,'product',508,'awlj17801549900blackstuds-glamorousape01.html','catalog/product/view/id/508',0,1,NULL,1,NULL),(1931,'product',508,'women/leather-jackets/awlj17801549900blackstuds-glamorousape01.html','catalog/product/view/id/508/category/6',0,1,NULL,1,'{\"category_id\":\"6\"}'),(1932,'product',508,'women/awlj17801549900blackstuds-glamorousape01.html','catalog/product/view/id/508/category/5',0,1,NULL,1,'{\"category_id\":\"5\"}'),(1933,'product',509,'awlj17801549900black-glamorousape01.html','catalog/product/view/id/509',0,1,NULL,1,NULL),(1934,'product',509,'women/leather-jackets/awlj17801549900black-glamorousape01.html','catalog/product/view/id/509/category/6',0,1,NULL,1,'{\"category_id\":\"6\"}'),(1935,'product',509,'women/awlj17801549900black-glamorousape01.html','catalog/product/view/id/509/category/5',0,1,NULL,1,'{\"category_id\":\"5\"}'),(1936,'product',510,'asw17808009900black-sweatyape01.html','catalog/product/view/id/510',0,1,NULL,1,NULL),(1937,'product',510,'men/sweater/asw17808009900black-sweatyape01.html','catalog/product/view/id/510/category/7',0,1,NULL,1,'{\"category_id\":\"7\"}'),(1938,'product',510,'men/asw17808009900black-sweatyape01.html','catalog/product/view/id/510/category/3',0,1,NULL,1,'{\"category_id\":\"3\"}'),(1939,'product',512,'ats17806029900black-shyape01.html','catalog/product/view/id/512',0,1,NULL,1,NULL),(1940,'product',512,'men/t-shirt/ats17806029900black-shyape01.html','catalog/product/view/id/512/category/9',0,1,NULL,1,'{\"category_id\":\"9\"}'),(1941,'product',512,'men/ats17806029900black-shyape01.html','catalog/product/view/id/512/category/3',0,1,NULL,1,'{\"category_id\":\"3\"}'),(1942,'product',511,'awsw17808509000white-boltape01.html','catalog/product/view/id/511',0,1,NULL,1,NULL),(1943,'product',511,'women/sweater/awsw17808509000white-boltape01.html','catalog/product/view/id/511/category/8',0,1,NULL,1,'{\"category_id\":\"8\"}'),(1944,'product',511,'women/awsw17808509000white-boltape01.html','catalog/product/view/id/511/category/5',0,1,NULL,1,'{\"category_id\":\"5\"}'),(1945,'product',513,'awts17806549000whiteblack-artyape01.html','catalog/product/view/id/513',0,1,NULL,1,NULL),(1946,'product',513,'women/t-shirt/awts17806549000whiteblack-artyape01.html','catalog/product/view/id/513/category/10',0,1,NULL,1,'{\"category_id\":\"10\"}'),(1947,'product',513,'women/awts17806549000whiteblack-artyape01.html','catalog/product/view/id/513/category/5',0,1,NULL,1,'{\"category_id\":\"5\"}'),(1948,'product',514,'awts17806549000whitecopper-artyape01.html','catalog/product/view/id/514',0,1,NULL,1,NULL),(1949,'product',514,'women/t-shirt/awts17806549000whitecopper-artyape01.html','catalog/product/view/id/514/category/10',0,1,NULL,1,'{\"category_id\":\"10\"}'),(1950,'product',514,'women/awts17806549000whitecopper-artyape01.html','catalog/product/view/id/514/category/5',0,1,NULL,1,'{\"category_id\":\"5\"}'),(1951,'product',519,'aja17802089900black-smokinape01.html','catalog/product/view/id/519',0,1,NULL,1,NULL),(1952,'product',519,'men/blazer/aja17802089900black-smokinape01.html','catalog/product/view/id/519/category/14',0,1,NULL,1,'{\"category_id\":\"14\"}'),(1953,'product',519,'men/aja17802089900black-smokinape01.html','catalog/product/view/id/519/category/3',0,1,NULL,1,'{\"category_id\":\"3\"}'),(1954,'product',520,'awja17802569900black-virginape01.html','catalog/product/view/id/520',0,1,NULL,1,NULL),(1955,'product',520,'women/blazer/awja17802569900black-virginape01.html','catalog/product/view/id/520/category/17',0,1,NULL,1,'{\"category_id\":\"17\"}'),(1956,'product',520,'women/awja17802569900black-virginape01.html','catalog/product/view/id/520/category/5',0,1,NULL,1,'{\"category_id\":\"5\"}'),(1957,'product',521,'awja17802529909copper-flyingape01.html','catalog/product/view/id/521',0,1,NULL,1,NULL),(1958,'product',521,'women/jacket/awja17802529909copper-flyingape01.html','catalog/product/view/id/521/category/20',0,1,NULL,1,'{\"category_id\":\"20\"}'),(1959,'product',521,'women/awja17802529909copper-flyingape01.html','catalog/product/view/id/521/category/5',0,1,NULL,1,'{\"category_id\":\"5\"}'),(1960,'product',522,'atr1780001bonobotaperedidg-bonobo01tapered.html','catalog/product/view/id/522',0,1,NULL,1,NULL),(1961,'product',522,'men/denim/atr1780001bonobotaperedidg-bonobo01tapered.html','catalog/product/view/id/522/category/29',0,1,NULL,1,'{\"category_id\":\"29\"}'),(1962,'product',522,'men/atr1780001bonobotaperedidg-bonobo01tapered.html','catalog/product/view/id/522/category/3',0,1,NULL,1,'{\"category_id\":\"3\"}'),(1963,'product',524,'atr1780002gibbonskinnnysbb-gibbon01skinny.html','catalog/product/view/id/524',0,1,NULL,1,NULL),(1964,'product',524,'men/denim/atr1780002gibbonskinnnysbb-gibbon01skinny.html','catalog/product/view/id/524/category/29',0,1,NULL,1,'{\"category_id\":\"29\"}'),(1965,'product',524,'men/atr1780002gibbonskinnnysbb-gibbon01skinny.html','catalog/product/view/id/524/category/3',0,1,NULL,1,'{\"category_id\":\"3\"}'),(1966,'product',525,'atr1780002gibbonskinnnyidg-gibbon01skinny.html','catalog/product/view/id/525',0,1,NULL,1,NULL),(1967,'product',525,'men/denim/atr1780002gibbonskinnnyidg-gibbon01skinny.html','catalog/product/view/id/525/category/29',0,1,NULL,1,'{\"category_id\":\"29\"}'),(1968,'product',525,'men/atr1780002gibbonskinnnyidg-gibbon01skinny.html','catalog/product/view/id/525/category/3',0,1,NULL,1,'{\"category_id\":\"3\"}'),(1969,'product',526,'atr1780003simianstraightbbw-simian01straight.html','catalog/product/view/id/526',0,1,NULL,1,NULL),(1970,'product',526,'men/denim/atr1780003simianstraightbbw-simian01straight.html','catalog/product/view/id/526/category/29',0,1,NULL,1,'{\"category_id\":\"29\"}'),(1971,'product',526,'men/atr1780003simianstraightbbw-simian01straight.html','catalog/product/view/id/526/category/3',0,1,NULL,1,'{\"category_id\":\"3\"}'),(1972,'product',527,'atr1780050skinnyapebgw-skinnyape01.html','catalog/product/view/id/527',0,1,NULL,1,NULL),(1973,'product',527,'women/denim/atr1780050skinnyapebgw-skinnyape01.html','catalog/product/view/id/527/category/28',0,1,NULL,1,'{\"category_id\":\"28\"}'),(1974,'product',527,'women/atr1780050skinnyapebgw-skinnyape01.html','catalog/product/view/id/527/category/5',0,1,NULL,1,'{\"category_id\":\"5\"}'),(1975,'product',517,'aja17802006000indigo-longape01.html','catalog/product/view/id/517',0,1,NULL,1,NULL),(1976,'product',517,'men/jacket/aja17802006000indigo-longape01.html','catalog/product/view/id/517/category/12',0,1,NULL,1,'{\"category_id\":\"12\"}'),(1977,'product',517,'men/aja17802006000indigo-longape01.html','catalog/product/view/id/517/category/3',0,1,NULL,1,'{\"category_id\":\"3\"}'),(1979,'cms-page',8,'the-brand','cms/page/view/page_id/8',0,1,NULL,1,NULL);

--
-- Table structure for table `variable`
--

CREATE TABLE `variable` (
  `variable_id` int(10) unsigned NOT NULL AUTO_INCREMENT COMMENT 'Variable Id',
  `code` varchar(255) DEFAULT NULL COMMENT 'Variable Code',
  `name` varchar(255) DEFAULT NULL COMMENT 'Variable Name',
  PRIMARY KEY (`variable_id`),
  UNIQUE KEY `VARIABLE_CODE` (`code`)
) ENGINE=InnoDB DEFAULT CHARSET=utf8 COMMENT='Variables';

--
-- Dumping data for table `variable`
--


--
-- Table structure for table `variable_value`
--

CREATE TABLE `variable_value` (
  `value_id` int(10) unsigned NOT NULL AUTO_INCREMENT COMMENT 'Variable Value Id',
  `variable_id` int(10) unsigned NOT NULL DEFAULT '0' COMMENT 'Variable Id',
  `store_id` smallint(5) unsigned NOT NULL DEFAULT '0' COMMENT 'Store Id',
  `plain_value` text COMMENT 'Plain Text Value',
  `html_value` text COMMENT 'Html Value',
  PRIMARY KEY (`value_id`),
  UNIQUE KEY `VARIABLE_VALUE_VARIABLE_ID_STORE_ID` (`variable_id`,`store_id`),
  KEY `VARIABLE_VALUE_STORE_ID` (`store_id`),
  CONSTRAINT `VARIABLE_VALUE_STORE_ID_STORE_STORE_ID` FOREIGN KEY (`store_id`) REFERENCES `store` (`store_id`) ON DELETE CASCADE,
  CONSTRAINT `VARIABLE_VALUE_VARIABLE_ID_VARIABLE_VARIABLE_ID` FOREIGN KEY (`variable_id`) REFERENCES `variable` (`variable_id`) ON DELETE CASCADE
) ENGINE=InnoDB DEFAULT CHARSET=utf8 COMMENT='Variable Value';

--
-- Dumping data for table `variable_value`
--


--
-- Table structure for table `vault_payment_token`
--

CREATE TABLE `vault_payment_token` (
  `entity_id` int(10) unsigned NOT NULL AUTO_INCREMENT COMMENT 'Entity Id',
  `customer_id` int(10) unsigned DEFAULT NULL COMMENT 'Customer Id',
  `public_hash` varchar(128) NOT NULL COMMENT 'Hash code for using on frontend',
  `payment_method_code` varchar(128) NOT NULL COMMENT 'Payment method code',
  `type` varchar(128) NOT NULL COMMENT 'Type',
  `created_at` timestamp NOT NULL DEFAULT CURRENT_TIMESTAMP COMMENT 'Created At',
  `expires_at` timestamp NULL DEFAULT NULL COMMENT 'Expires At',
  `gateway_token` varchar(255) NOT NULL COMMENT 'Gateway Token',
  `details` text COMMENT 'Details',
  `is_active` tinyint(1) NOT NULL COMMENT 'Is active flag',
  `is_visible` tinyint(1) NOT NULL COMMENT 'Is visible flag',
  PRIMARY KEY (`entity_id`),
  UNIQUE KEY `VAULT_PAYMENT_TOKEN_HASH_UNIQUE_INDEX_PUBLIC_HASH` (`public_hash`),
  UNIQUE KEY `UNQ_54DCE14AEAEA03B587F9EF723EB10A10` (`payment_method_code`,`customer_id`,`gateway_token`),
  KEY `VAULT_PAYMENT_TOKEN_CUSTOMER_ID_CUSTOMER_ENTITY_ENTITY_ID` (`customer_id`),
  CONSTRAINT `VAULT_PAYMENT_TOKEN_CUSTOMER_ID_CUSTOMER_ENTITY_ENTITY_ID` FOREIGN KEY (`customer_id`) REFERENCES `customer_entity` (`entity_id`) ON DELETE CASCADE
) ENGINE=InnoDB DEFAULT CHARSET=utf8 COMMENT='Vault tokens of payment';

--
-- Dumping data for table `vault_payment_token`
--


--
-- Table structure for table `vault_payment_token_order_payment_link`
--

CREATE TABLE `vault_payment_token_order_payment_link` (
  `order_payment_id` int(10) unsigned NOT NULL COMMENT 'Order payment Id',
  `payment_token_id` int(10) unsigned NOT NULL COMMENT 'Payment token Id',
  PRIMARY KEY (`order_payment_id`,`payment_token_id`),
  KEY `FK_4ED894655446D385894580BECA993862` (`payment_token_id`),
  CONSTRAINT `FK_4ED894655446D385894580BECA993862` FOREIGN KEY (`payment_token_id`) REFERENCES `vault_payment_token` (`entity_id`) ON DELETE CASCADE,
  CONSTRAINT `FK_CF37B9D854256534BE23C818F6291CA2` FOREIGN KEY (`order_payment_id`) REFERENCES `sales_order_payment` (`entity_id`) ON DELETE CASCADE
) ENGINE=InnoDB DEFAULT CHARSET=utf8 COMMENT='Order payments to vault token';

--
-- Dumping data for table `vault_payment_token_order_payment_link`
--


--
-- Table structure for table `weee_tax`
--

CREATE TABLE `weee_tax` (
  `value_id` int(11) NOT NULL AUTO_INCREMENT COMMENT 'Value Id',
  `website_id` smallint(5) unsigned NOT NULL DEFAULT '0' COMMENT 'Website Id',
  `entity_id` int(10) unsigned NOT NULL DEFAULT '0' COMMENT 'Entity Id',
  `country` varchar(2) DEFAULT NULL COMMENT 'Country',
  `value` decimal(12,4) NOT NULL DEFAULT '0.0000' COMMENT 'Value',
  `state` int(11) NOT NULL DEFAULT '0' COMMENT 'State',
  `attribute_id` smallint(5) unsigned NOT NULL COMMENT 'Attribute Id',
  PRIMARY KEY (`value_id`),
  KEY `WEEE_TAX_WEBSITE_ID` (`website_id`),
  KEY `WEEE_TAX_ENTITY_ID` (`entity_id`),
  KEY `WEEE_TAX_COUNTRY` (`country`),
  KEY `WEEE_TAX_ATTRIBUTE_ID` (`attribute_id`),
  CONSTRAINT `WEEE_TAX_ATTRIBUTE_ID_EAV_ATTRIBUTE_ATTRIBUTE_ID` FOREIGN KEY (`attribute_id`) REFERENCES `eav_attribute` (`attribute_id`) ON DELETE CASCADE,
  CONSTRAINT `WEEE_TAX_COUNTRY_DIRECTORY_COUNTRY_COUNTRY_ID` FOREIGN KEY (`country`) REFERENCES `directory_country` (`country_id`) ON DELETE CASCADE,
  CONSTRAINT `WEEE_TAX_ENTITY_ID_CATALOG_PRODUCT_ENTITY_ENTITY_ID` FOREIGN KEY (`entity_id`) REFERENCES `catalog_product_entity` (`entity_id`) ON DELETE CASCADE,
  CONSTRAINT `WEEE_TAX_WEBSITE_ID_STORE_WEBSITE_WEBSITE_ID` FOREIGN KEY (`website_id`) REFERENCES `store_website` (`website_id`) ON DELETE CASCADE
) ENGINE=InnoDB DEFAULT CHARSET=utf8 COMMENT='Weee Tax';

--
-- Dumping data for table `weee_tax`
--


--
-- Table structure for table `widget`
--

CREATE TABLE `widget` (
  `widget_id` int(10) unsigned NOT NULL AUTO_INCREMENT COMMENT 'Widget Id',
  `widget_code` varchar(255) DEFAULT NULL COMMENT 'Widget code for template directive',
  `widget_type` varchar(255) DEFAULT NULL COMMENT 'Widget Type',
  `parameters` text COMMENT 'Parameters',
  PRIMARY KEY (`widget_id`),
  KEY `WIDGET_WIDGET_CODE` (`widget_code`)
) ENGINE=InnoDB DEFAULT CHARSET=utf8 COMMENT='Preconfigured Widgets';

--
-- Dumping data for table `widget`
--


--
-- Table structure for table `widget_instance`
--

CREATE TABLE `widget_instance` (
  `instance_id` int(10) unsigned NOT NULL AUTO_INCREMENT COMMENT 'Instance Id',
  `instance_type` varchar(255) DEFAULT NULL COMMENT 'Instance Type',
  `theme_id` int(10) unsigned NOT NULL COMMENT 'Theme id',
  `title` varchar(255) DEFAULT NULL COMMENT 'Widget Title',
  `store_ids` varchar(255) NOT NULL DEFAULT '0' COMMENT 'Store ids',
  `widget_parameters` text COMMENT 'Widget parameters',
  `sort_order` smallint(5) unsigned NOT NULL DEFAULT '0' COMMENT 'Sort order',
  PRIMARY KEY (`instance_id`),
  KEY `WIDGET_INSTANCE_THEME_ID_THEME_THEME_ID` (`theme_id`),
  CONSTRAINT `WIDGET_INSTANCE_THEME_ID_THEME_THEME_ID` FOREIGN KEY (`theme_id`) REFERENCES `theme` (`theme_id`) ON DELETE CASCADE
) ENGINE=InnoDB DEFAULT CHARSET=utf8 COMMENT='Instances of Widget for Package Theme';

--
-- Dumping data for table `widget_instance`
--


--
-- Table structure for table `widget_instance_page`
--

CREATE TABLE `widget_instance_page` (
  `page_id` int(10) unsigned NOT NULL AUTO_INCREMENT COMMENT 'Page Id',
  `instance_id` int(10) unsigned NOT NULL DEFAULT '0' COMMENT 'Instance Id',
  `page_group` varchar(25) DEFAULT NULL COMMENT 'Block Group Type',
  `layout_handle` varchar(255) DEFAULT NULL COMMENT 'Layout Handle',
  `block_reference` varchar(255) DEFAULT NULL COMMENT 'Container',
  `page_for` varchar(25) DEFAULT NULL COMMENT 'For instance entities',
  `entities` text COMMENT 'Catalog entities (comma separated)',
  `page_template` varchar(255) DEFAULT NULL COMMENT 'Path to widget template',
  PRIMARY KEY (`page_id`),
  KEY `WIDGET_INSTANCE_PAGE_INSTANCE_ID` (`instance_id`),
  CONSTRAINT `WIDGET_INSTANCE_PAGE_INSTANCE_ID_WIDGET_INSTANCE_INSTANCE_ID` FOREIGN KEY (`instance_id`) REFERENCES `widget_instance` (`instance_id`) ON DELETE CASCADE
) ENGINE=InnoDB DEFAULT CHARSET=utf8 COMMENT='Instance of Widget on Page';

--
-- Dumping data for table `widget_instance_page`
--


--
-- Table structure for table `widget_instance_page_layout`
--

CREATE TABLE `widget_instance_page_layout` (
  `page_id` int(10) unsigned NOT NULL DEFAULT '0' COMMENT 'Page Id',
  `layout_update_id` int(10) unsigned NOT NULL DEFAULT '0' COMMENT 'Layout Update Id',
  UNIQUE KEY `WIDGET_INSTANCE_PAGE_LAYOUT_LAYOUT_UPDATE_ID_PAGE_ID` (`layout_update_id`,`page_id`),
  KEY `WIDGET_INSTANCE_PAGE_LAYOUT_PAGE_ID` (`page_id`),
  CONSTRAINT `WIDGET_INSTANCE_PAGE_LAYOUT_PAGE_ID_WIDGET_INSTANCE_PAGE_PAGE_ID` FOREIGN KEY (`page_id`) REFERENCES `widget_instance_page` (`page_id`) ON DELETE CASCADE,
  CONSTRAINT `WIDGET_INSTANCE_PAGE_LYT_LYT_UPDATE_ID_LYT_UPDATE_LYT_UPDATE_ID` FOREIGN KEY (`layout_update_id`) REFERENCES `layout_update` (`layout_update_id`) ON DELETE CASCADE
) ENGINE=InnoDB DEFAULT CHARSET=utf8 COMMENT='Layout updates';

--
-- Dumping data for table `widget_instance_page_layout`
--


--
-- Table structure for table `wishlist`
--

CREATE TABLE `wishlist` (
  `wishlist_id` int(10) unsigned NOT NULL AUTO_INCREMENT COMMENT 'Wishlist ID',
  `customer_id` int(10) unsigned NOT NULL DEFAULT '0' COMMENT 'Customer ID',
  `shared` smallint(5) unsigned NOT NULL DEFAULT '0' COMMENT 'Sharing flag (0 or 1)',
  `sharing_code` varchar(32) DEFAULT NULL COMMENT 'Sharing encrypted code',
  `updated_at` timestamp NULL DEFAULT NULL COMMENT 'Last updated date',
  PRIMARY KEY (`wishlist_id`),
  UNIQUE KEY `WISHLIST_CUSTOMER_ID` (`customer_id`),
  KEY `WISHLIST_SHARED` (`shared`),
  CONSTRAINT `WISHLIST_CUSTOMER_ID_CUSTOMER_ENTITY_ENTITY_ID` FOREIGN KEY (`customer_id`) REFERENCES `customer_entity` (`entity_id`) ON DELETE CASCADE
) ENGINE=InnoDB AUTO_INCREMENT=6 DEFAULT CHARSET=utf8 COMMENT='Wishlist main Table';

--
-- Dumping data for table `wishlist`
--

INSERT INTO `wishlist` VALUES (1,1,0,'ad7b72ed0d181068315ef78424683261','2018-03-13 20:43:27'),(2,2,0,'8822b5e184accb004c13ea5b7f9eb686','2018-03-21 08:36:33'),(3,3,0,'3e02474b7308edcfcf67264a6289f408','2018-03-21 13:35:15'),(4,4,0,'a2c205ddd08d6ae2cd88b0ef81d13159','2018-03-23 18:13:14'),(5,5,0,'18ddf457e08f84263175bf1c59949a99','2018-03-26 13:21:45');

--
-- Table structure for table `wishlist_item`
--

CREATE TABLE `wishlist_item` (
  `wishlist_item_id` int(10) unsigned NOT NULL AUTO_INCREMENT COMMENT 'Wishlist item ID',
  `wishlist_id` int(10) unsigned NOT NULL DEFAULT '0' COMMENT 'Wishlist ID',
  `product_id` int(10) unsigned NOT NULL DEFAULT '0' COMMENT 'Product ID',
  `store_id` smallint(5) unsigned DEFAULT NULL COMMENT 'Store ID',
  `added_at` timestamp NULL DEFAULT NULL COMMENT 'Add date and time',
  `description` text COMMENT 'Short description of wish list item',
  `qty` decimal(12,4) NOT NULL COMMENT 'Qty',
  PRIMARY KEY (`wishlist_item_id`),
  KEY `WISHLIST_ITEM_WISHLIST_ID` (`wishlist_id`),
  KEY `WISHLIST_ITEM_PRODUCT_ID` (`product_id`),
  KEY `WISHLIST_ITEM_STORE_ID` (`store_id`),
  CONSTRAINT `WISHLIST_ITEM_PRODUCT_ID_CATALOG_PRODUCT_ENTITY_ENTITY_ID` FOREIGN KEY (`product_id`) REFERENCES `catalog_product_entity` (`entity_id`) ON DELETE CASCADE,
  CONSTRAINT `WISHLIST_ITEM_STORE_ID_STORE_STORE_ID` FOREIGN KEY (`store_id`) REFERENCES `store` (`store_id`) ON DELETE SET NULL,
  CONSTRAINT `WISHLIST_ITEM_WISHLIST_ID_WISHLIST_WISHLIST_ID` FOREIGN KEY (`wishlist_id`) REFERENCES `wishlist` (`wishlist_id`) ON DELETE CASCADE
) ENGINE=InnoDB DEFAULT CHARSET=utf8 COMMENT='Wishlist items';

--
-- Dumping data for table `wishlist_item`
--


--
-- Table structure for table `wishlist_item_option`
--

CREATE TABLE `wishlist_item_option` (
  `option_id` int(10) unsigned NOT NULL AUTO_INCREMENT COMMENT 'Option Id',
  `wishlist_item_id` int(10) unsigned NOT NULL COMMENT 'Wishlist Item Id',
  `product_id` int(10) unsigned NOT NULL COMMENT 'Product Id',
  `code` varchar(255) NOT NULL COMMENT 'Code',
  `value` text COMMENT 'Value',
  PRIMARY KEY (`option_id`),
  KEY `FK_A014B30B04B72DD0EAB3EECD779728D6` (`wishlist_item_id`),
  CONSTRAINT `FK_A014B30B04B72DD0EAB3EECD779728D6` FOREIGN KEY (`wishlist_item_id`) REFERENCES `wishlist_item` (`wishlist_item_id`) ON DELETE CASCADE
) ENGINE=InnoDB DEFAULT CHARSET=utf8 COMMENT='Wishlist Item Option Table';

--
-- Dumping data for table `wishlist_item_option`
--



